123.235.40.243 - - [28/Jun/2009:00:07:12 +0800] "GET /newscenter/2009-06/23/content_16884564.htm HTTP/1.0" 404 310 "-" "Mozilla/4.0+(compatible;+MSIE+7.0;+Windows+NT+5.1;+.NET+CLR+2.0.50727)"
119.147.104.181 - - [28/Jun/2009:00:07:12 +0800] "GET /main/jujiao/erz/erz.htm HTTP/1.0" 304 - "-" "Baiduspider+(+http://www.baidu.com/search/spider.htm)"
119.147.104.181 - - [28/Jun/2009:00:07:13 +0800] "GET / HTTP/1.0" 304 - "http://www.xinhuanet.com/" "Mozilla/5.0(compatible;MSIE/6.0+http://www.myspace.com)"
221.192.149.81 - - [28/Jun/2009:00:07:13 +0800] "GET /cc2y/index.htm HTTP/1.0" 304 - "http://www.jl.xinhuanet.com/cc2y/index.htm" "Mozilla/4.0 (compatible; MSIE 6.0; Windows NT 5.0)"
67.195.37.110 - - [28/Jun/2009:00:07:14 +0800] "GET /robots.txt HTTP/1.0" 404 275 "-" "Mozilla/5.0 (compatible; Yahoo! Slurp; http://help.yahoo.com/help/us/ysearch/slurp)"
123.235.40.243 - - [28/Jun/2009:00:07:14 +0800] "GET /qcfy/hyjd/index1.htm HTTP/1.0" 304 - "-" "Mozilla/4.0+(compatible;+MSIE+7.0;+Windows+NT+5.1;+.NET+CLR+2.0.50727)"
221.192.149.81 - - [28/Jun/2009:00:07:14 +0800] "GET /2006shangye/zcjy.htm HTTP/1.0" 304 - "http://www.jl.xinhuanet.com/2006shangye/zcjy.htm" "Mozilla/4.0 (compatible; MSIE 6.0; Windows NT 5.0)"
117.23.204.247 - - [28/Jun/2009:00:07:15 +0800] "GET /shangye/jiaoyu/undefined HTTP/1.0" 404 292 "http://www.jl.xinhuanet.com/shangye/jiaoyu/index.htm" "Mozilla/4.0 (compatible; MSIE 6.0; Windows NT 5.1; SV1)"
67.195.37.110 - - [28/Jun/2009:00:07:14 +0800] "GET / HTTP/1.0" 200 146325 "-" "Mozilla/5.0 (compatible; Yahoo! DE Slurp; http://help.yahoo.com/help/us/ysearch/slurp)"
58.205.216.10 - - [28/Jun/2009:00:07:16 +0800] "GET / HTTP/1.1" 200 146325 "-" "-"
58.205.216.10 - - [28/Jun/2009:00:07:16 +0800] "GET / HTTP/1.1" 200 146325 "-" "-"
58.205.216.10 - - [28/Jun/2009:00:07:16 +0800] "GET / HTTP/1.1" 200 146325 "-" "-"
58.205.216.10 - - [28/Jun/2009:00:07:16 +0800] "GET / HTTP/1.1" 200 146325 "-" "-"
67.195.37.157 - - [28/Jun/2009:00:07:16 +0800] "GET /2008jl/images/shihua1.swf HTTP/1.0" 304 - "-" "Mozilla/5.0 (compatible; Yahoo! DE Slurp; http://help.yahoo.com/help/us/ysearch/slurp)"
58.215.110.209 - - [28/Jun/2009:00:07:16 +0800] "GET / HTTP/1.0" 304 - "-" "Mozilla/4.0 (compatible; MSIE 6.0; Windows NT 5.0)"
67.195.37.157 - - [28/Jun/2009:00:07:17 +0800] "GET /2008/mb/images/images/gsyy.swf HTTP/1.0" 304 - "-" "Mozilla/5.0 (compatible; Yahoo! DE Slurp; http://help.yahoo.com/help/us/ysearch/slurp)"
221.192.149.81 - - [28/Jun/2009:00:07:17 +0800] "GET /fangchan/zuixin.htm HTTP/1.0" 304 - "http://www.jl.xinhuanet.com/fangchan/zuixin.htm" "Mozilla/4.0 (compatible; MSIE 6.0; Windows NT 5.0)"
221.192.149.81 - - [28/Jun/2009:00:07:17 +0800] "GET /newscenter/daodu/index.htm HTTP/1.0" 304 - "http://www.jl.xinhuanet.com/newscenter/daodu/index.htm" "Mozilla/4.0 (compatible; MSIE 6.0; Windows NT 5.0)"
221.192.149.81 - - [28/Jun/2009:00:07:17 +0800] "GET /newscenter/tupian/index.htm HTTP/1.0" 304 - "http://www.jl.xinhuanet.com/newscenter/tupian/index.htm" "Mozilla/4.0 (compatible; MSIE 6.0; Windows NT 5.0)"
59.175.131.253 - - [28/Jun/2009:00:07:17 +0800] "GET /yingshi/2008-07/21/xin_561103131513781270202.jpg HTTP/1.0" 304 - "http://image.baidu.com/i?ct=503316480&z=0&tn=baiduimagedetail&word=%C1%F5%BC%CE%C1%E1%B2%BB%D1%C5%D5%D5%C6%D8%B9%E2&in=17145&cl=2&cm=1&sc=0&lm=-1&pn=0&rn=1&di=2758480560&ln=518&fr=" "Mozilla/4.0 (compatible; MSIE 6.0; Windows NT 5.1; SV1; Goyoo; GTB6; .NET CLR 2.0.50727; .NET CLR 3.0.04506.30; Goyoo)"
203.208.60.137 - - [28/Jun/2009:00:07:17 +0800] "GET /jujiao/more.htm HTTP/1.1" 304 - "-" "Mozilla/5.0 (compatible; Googlebot/2.1; +http://www.google.com/bot.html)"
67.195.37.157 - - [28/Jun/2009:00:07:18 +0800] "GET /2008/mb/images/images/shouji.swf HTTP/1.0" 304 - "-" "Mozilla/5.0 (compatible; Yahoo! DE Slurp; http://help.yahoo.com/help/us/ysearch/slurp)"
202.108.251.39 - - [28/Jun/2009:00:07:18 +0800] "GET /newscenter/2006-12/14/content_8779259.htm HTTP/1.0" 304 - "http://www.baidu.com/s?tn=zhaohui2008_cb&ie=gb2312&bs=%C1%F9%BA%CF%B2%CA&sr=&z=&cl=3&f=8&wd=%C1%F9%BA%CF%B2%CA&ct=0" "Mozilla/4.0 (compatible; MSIE 6.0; Windows NT 5.1; SV1; GTB6)"
202.108.251.39 - - [28/Jun/2009:00:07:18 +0800] "GET /home/images/style.css HTTP/1.0" 304 - "http://www.jl.xinhuanet.com/newscenter/2006-12/14/content_8779259.htm" "Mozilla/4.0 (compatible; MSIE 6.0; Windows NT 5.1; SV1; GTB6)"
203.208.60.16 - - [28/Jun/2009:00:07:18 +0800] "GET / HTTP/1.1" 304 - "-" "Mozilla/5.0 (compatible; Googlebot/2.1; +http://www.google.com/bot.html)"
202.108.251.39 - - [28/Jun/2009:00:07:18 +0800] "GET /mod2006/top.htm HTTP/1.0" 304 - "http://www.jl.xinhuanet.com/newscenter/2006-12/14/content_8779259.htm" "Mozilla/4.0 (compatible; MSIE 6.0; Windows NT 5.1; SV1; GTB6)"
202.108.251.39 - - [28/Jun/2009:00:07:18 +0800] "GET /mod2006/images/css.css HTTP/1.0" 304 - "http://www.jl.xinhuanet.com/mod2006/top.htm" "Mozilla/4.0 (compatible; MSIE 6.0; Windows NT 5.1; SV1; GTB6)"
202.108.251.39 - - [28/Jun/2009:00:07:18 +0800] "GET /newscenter/link-news/index.htm HTTP/1.0" 304 - "http://www.jl.xinhuanet.com/newscenter/2006-12/14/content_8779259.htm" "Mozilla/4.0 (compatible; MSIE 6.0; Windows NT 5.1; SV1; GTB6)"
202.108.251.39 - - [28/Jun/2009:00:07:18 +0800] "GET /home/bottom.htm HTTP/1.0" 304 - "http://www.jl.xinhuanet.com/newscenter/2006-12/14/content_8779259.htm" "Mozilla/4.0 (compatible; MSIE 6.0; Windows NT 5.1; SV1; GTB6)"
67.195.37.157 - - [28/Jun/2009:00:07:18 +0800] "GET /2008jl/images/sc.swf HTTP/1.0" 304 - "-" "Mozilla/5.0 (compatible; Yahoo! DE Slurp; http://help.yahoo.com/help/us/ysearch/slurp)"
221.192.149.81 - - [28/Jun/2009:00:07:19 +0800] "GET /xhsjzkjl/index.htm HTTP/1.0" 304 - "http://www.jl.xinhuanet.com/xhsjzkjl/index.htm" "Mozilla/4.0 (compatible; MSIE 6.0; Windows NT 5.0)"
202.108.251.39 - - [28/Jun/2009:00:07:19 +0800] "GET /shangye/2007-12/25/xin_45312042510515002246628.JPG HTTP/1.0" 200 81682 "http://image.baidu.com/i?ct=503316480&z=0&tn=baiduimagedetail&word=08%B1%F9%D1%A9%CC%EC%CA%B9&in=5467&cl=2&cm=1&sc=0&lm=-1&pn=57&rn=1&di=517988848&ln=61&fr=" "Mozilla/4.0 (compatible; MSIE 6.0; Windows NT 5.1; SV1; QQDownload 538; .NET CLR 2.0.50727)"
202.108.251.39 - - [28/Jun/2009:00:07:19 +0800] "GET / HTTP/1.0" 304 - "-" "Mozilla/5.0 (compatible; YodaoBot-News/1.0; http://www.youdao.com/help/webmaster/spider/; )"
221.192.149.81 - - [28/Jun/2009:00:07:19 +0800] "GET /newscenter/jiceng/index.htm HTTP/1.0" 304 - "http://www.jl.xinhuanet.com/newscenter/jiceng/index.htm" "Mozilla/4.0 (compatible; MSIE 6.0; Windows NT 5.0)"
117.23.204.247 - - [28/Jun/2009:00:07:20 +0800] "GET /shangye/jiaoyu/undefined HTTP/1.0" 404 292 "http://www.jl.xinhuanet.com/shangye/jiaoyu/index.htm" "Mozilla/4.0 (compatible; MSIE 6.0; Windows NT 5.1; SV1)"
221.192.149.81 - - [28/Jun/2009:00:07:20 +0800] "GET /leaders/index.htm HTTP/1.0" 304 - "http://www.jl.xinhuanet.com/leaders/index.htm" "Mozilla/4.0 (compatible; MSIE 6.0; Windows NT 5.0)"
203.192.6.90 - - [28/Jun/2009:00:07:21 +0800] "GET /news/wenti/wenti.htm HTTP/1.1" 304 - "-" "Mozilla/5.0 (compatible; Googlebot/2.1; +http://www.google.com/bot.html)"
221.192.149.81 - - [28/Jun/2009:00:07:21 +0800] "GET /2006shangye/dssh.htm HTTP/1.0" 304 - "http://www.jl.xinhuanet.com/2006shangye/dssh.htm" "Mozilla/4.0 (compatible; MSIE 6.0; Windows NT 5.0)"
72.30.79.39 - - [28/Jun/2009:00:07:21 +0800] "GET /main/news/03/20010313-03.htm HTTP/1.0" 200 18099 "-" "Mozilla/5.0 (compatible; Yahoo! Slurp/3.0; http://help.yahoo.com/help/us/ysearch/slurp)"
221.192.149.81 - - [28/Jun/2009:00:07:21 +0800] "GET /2006shangye/shzx.htm HTTP/1.0" 304 - "http://www.jl.xinhuanet.com/2006shangye/shzx.htm" "Mozilla/4.0 (compatible; MSIE 6.0; Windows NT 5.0)"
74.6.18.229 - - [28/Jun/2009:00:07:21 +0800] "GET /fangchan/2008-04/29/content_13114261.htm HTTP/1.0" 200 28303 "-" "Mozilla/5.0 (compatible; Yahoo! Slurp/3.0; http://help.yahoo.com/help/us/ysearch/slurp)"
202.108.59.143 - - [28/Jun/2009:00:07:21 +0800] "GET /jlzw/2007-06/23/content_10381485.htm HTTP/1.1" 404 301 "-" "Mozilla/4.0 (compatible;MSIE 6.0; MSIE 7.0; Windows NT 5.2; .NET CLR 1.1.4322; .NET CLR 2.0.50727; InfoPath.1) Web-Sniffer/1.0.24"
221.192.149.81 - - [28/Jun/2009:00:07:22 +0800] "GET /yingshi/index.htm HTTP/1.0" 304 - "http://www.jl.xinhuanet.com/yingshi/index.htm" "Mozilla/4.0 (compatible; MSIE 6.0; Windows NT 5.0)"
221.192.149.81 - - [28/Jun/2009:00:07:22 +0800] "GET /newscenter/jksh.htm HTTP/1.0" 304 - "http://www.jl.xinhuanet.com/newscenter/jksh.htm" "Mozilla/4.0 (compatible; MSIE 6.0; Windows NT 5.0)"
221.192.149.81 - - [28/Jun/2009:00:07:22 +0800] "GET /2006shangye/kjww.htm HTTP/1.0" 304 - "http://www.jl.xinhuanet.com/2006shangye/kjww.htm" "Mozilla/4.0 (compatible; MSIE 6.0; Windows NT 5.0)"
221.192.149.81 - - [28/Jun/2009:00:07:22 +0800] "GET /qcfy/qcfy.htm HTTP/1.0" 304 - "http://www.jl.xinhuanet.com/qcfy/qcfy.htm" "Mozilla/4.0 (compatible; MSIE 6.0; Windows NT 5.0)"
221.192.149.81 - - [28/Jun/2009:00:07:22 +0800] "GET /newscenter/smpc.htm HTTP/1.0" 304 - "http://www.jl.xinhuanet.com/newscenter/smpc.htm" "Mozilla/4.0 (compatible; MSIE 6.0; Windows NT 5.0)"
221.192.149.81 - - [28/Jun/2009:00:07:22 +0800] "GET /jujiao/more.htm HTTP/1.0" 304 - "http://www.jl.xinhuanet.com/jujiao/more.htm" "Mozilla/4.0 (compatible; MSIE 6.0; Windows NT 5.0)"
65.55.106.241 - - [28/Jun/2009:00:07:22 +0800] "GET /shangye/2005-05/18/content_4257823.htm HTTP/1.1" 304 - "-" "msnbot/2.0b (+http://search.msn.com/msnbot.htm)"
65.55.106.241 - - [28/Jun/2009:00:07:22 +0800] "GET /newscenter/2007-09/19/content_11199482_1.htm HTTP/1.1" 304 - "-" "msnbot/2.0b (+http://search.msn.com/msnbot.htm)"
65.55.106.241 - - [28/Jun/2009:00:07:22 +0800] "GET /shangye/2004-08/16/content_7756172.htm HTTP/1.1" 304 - "-" "msnbot/2.0b (+http://search.msn.com/msnbot.htm)"
58.215.110.209 - - [28/Jun/2009:00:07:24 +0800] "GET /newscenter/yaowen/index.htm HTTP/1.0" 304 - "-" "Mozilla/4.0 (compatible; MSIE 6.0; Windows NT 5.1; SV1; .NET CLR 1.1.4322)"
202.108.251.39 - - [28/Jun/2009:00:07:25 +0800] "GET /shangye/2007-12/20/xin_25312042014244842486121.jpg HTTP/1.0" 200 66128 "http://image.baidu.com/i?ct=503316480&z=0&tn=baiduimagedetail&word=08%B1%F9%D1%A9%CC%EC%CA%B9&in=8576&cl=2&cm=1&sc=0&lm=-1&pn=60&rn=1&di=459343728&ln=61&fr=" "Mozilla/4.0 (compatible; MSIE 6.0; Windows NT 5.1; SV1; QQDownload 538; .NET CLR 2.0.50727)"
59.147.184.101 - - [28/Jun/2009:00:07:24 +0800] "GET /newscenter/2009-01/11/xin_2430106111245281157837.jpg HTTP/1.1" 200 101689 "http://www.e0436.net.cn/gb/new/2009-2/1/0941817511924655_645.html" "Mozilla/4.0 (compatible; MSIE 7.0; Windows NT 6.0; GTB6; SLCC1; .NET CLR 2.0.50727; Media Center PC 5.0; .NET CLR 3.0.04506; OfficeLiveConnector.1.3; OfficeLivePatch.0.0; InfoPath.1)"
123.235.40.242 - - [28/Jun/2009:00:07:26 +0800] "GET /xhsjzkjl/2003/2004-08/18/content_2704183.htm HTTP/1.0" 304 - "-" "Mozilla/5.0 (compatible; Yahoo! Slurp China; http://misc.yahoo.com.cn/help.html)"
58.215.110.209 - - [28/Jun/2009:00:07:26 +0800] "GET /xhsjzkjl/index.htm HTTP/1.0" 304 - "-" "Mozilla/4.0 (compatible; MSIE 6.0; Windows NT 5.1; SV1; .NET CLR 1.1.4322)"
58.215.110.209 - - [28/Jun/2009:00:07:28 +0800] "GET /newscenter/jiceng/index.htm HTTP/1.0" 304 - "-" "Mozilla/4.0 (compatible; MSIE 6.0; Windows NT 5.1; SV1; .NET CLR 1.1.4322)"
202.180.34.186 - - [28/Jun/2009:00:07:28 +0800] "GET /newscenter/2009-01/14/content_15451937.htm HTTP/1.1" 200 17795 "-" "ICC-Crawler/2.0 (Mozilla-compatible; ; http://kc.nict.go.jp/project1/crawl.html)"
61.135.220.20 - - [28/Jun/2009:00:07:29 +0800] "GET /jlzw/2007-08/16/mp3files/2002-12-16_GilFronsdal_TheMoonsAlwaysFull.m3u HTTP/1.1" 404 335 "" "Mozilla/5.0 (compatible; YodaoBot/1.0; http://www.youdao.com/help/webmaster/spider/; )"
117.23.204.247 - - [28/Jun/2009:00:07:30 +0800] "GET /shangye/jiaoyu/undefined HTTP/1.0" 404 292 "http://www.jl.xinhuanet.com/shangye/jiaoyu/index.htm" "Mozilla/4.0 (compatible; MSIE 6.0; Windows NT 5.1; SV1)"
203.208.60.43 - - [28/Jun/2009:00:07:30 +0800] "GET /main/2001010/shipin23.htm HTTP/1.1" 200 16576 "-" "Mozilla/5.0 (compatible; Googlebot/2.1; +http://www.google.com/bot.html)"
202.108.251.39 - - [28/Jun/2009:00:07:30 +0800] "GET /2006shangye/2009-06/25/content_16908864.htm HTTP/1.0" 404 311 "-" "Mozilla/4.0+(compatible;+MSIE+7.0;+Windows+NT+5.1;+.NET+CLR+2.0.50727)"
58.215.110.209 - - [28/Jun/2009:00:07:30 +0800] "GET /jujiao/more.htm HTTP/1.0" 304 - "-" "Mozilla/4.0 (compatible; MSIE 6.0; Windows NT 5.1; SV1; .NET CLR 1.1.4322)"
203.208.60.41 - - [28/Jun/2009:00:07:31 +0800] "GET /shangye/jkq/zsyz.htm HTTP/1.1" 304 - "-" "Mozilla/5.0 (compatible; Googlebot/2.1; +http://www.google.com/bot.html)"
117.23.204.247 - - [28/Jun/2009:00:07:35 +0800] "GET /shangye/jiaoyu/undefined HTTP/1.0" 404 292 "http://www.jl.xinhuanet.com/shangye/jiaoyu/index.htm" "Mozilla/4.0 (compatible; MSIE 6.0; Windows NT 5.1; SV1)"
123.235.40.243 - - [28/Jun/2009:00:07:35 +0800] "GET /jlzw/2007-04/29/ HTTP/1.0" 403 288 "-" "Mozilla/5.0 (compatible; Yahoo! Slurp China; http://misc.yahoo.com.cn/help.html)"
222.141.52.126 - - [28/Jun/2009:00:07:36 +0800] "GET /newscenter/2008-11/26/xin_583110526083229610051.jpg HTTP/1.0" 304 - "http://image.baidu.com/i?ct=503316480&z=0&tn=baiduimagedetail&word=%CD%A8%BB%AF&in=10360&cl=2&cm=1&sc=0&lm=-1&pn=40&rn=1&di=90755125&ln=2000&fr=" "Mozilla/4.0 (compatible; MSIE 6.0; Windows NT 5.1; SV1)"
123.235.40.243 - - [28/Jun/2009:00:07:36 +0800] "GET /newscenter/2009-05/31/content_16663934.htm HTTP/1.0" 304 - "-" "Mozilla/5.0 (compatible; Yahoo! Slurp China; http://misc.yahoo.com.cn/help.html)"
119.147.104.181 - - [28/Jun/2009:00:07:36 +0800] "GET /2006shangye/2009-06/16/content_16819236.htm HTTP/1.0" 304 - "http://www.baidu.com/s?ie=gb2312&bs=09%B8%DF%BF%BC%B7%D6%CA%FD%CF%DF&sr=&z=&cl=3&f=3&tn=baidu&wd=%CC%EE%B1%A8%D6%BE%D4%B8%BC%BC%C7%C9&ct=0&oq=%CC%EE%B1%A8&rsp=6" "Mozilla/4.0 (compatible; MSIE 6.0; Windows NT 5.1; SV1; MAXTHON 2.0)"
119.147.104.181 - - [28/Jun/2009:00:07:36 +0800] "GET /favicon.ico HTTP/1.0" 404 279 "-" "Mozilla/4.0 (compatible; MSIE 6.0; Windows NT 5.1; SV1; MAXTHON 2.0)"
127.0.0.1 - - [28/Jun/2009:00:07:36 +0800] "GET / HTTP/1.0" 200 146325 "-" "Apache (internal dummy connection)"
119.147.104.181 - - [28/Jun/2009:00:07:37 +0800] "GET /mod2006/top.htm HTTP/1.0" 304 - "http://www.jl.xinhuanet.com/2006shangye/2009-06/16/content_16819236.htm" "Mozilla/4.0 (compatible; MSIE 6.0; Windows NT 5.1; SV1; MAXTHON 2.0)"
119.147.104.181 - - [28/Jun/2009:00:07:37 +0800] "GET /mod2006/images/css.css HTTP/1.0" 304 - "http://www.jl.xinhuanet.com/mod2006/top.htm" "Mozilla/4.0 (compatible; MSIE 6.0; Windows NT 5.1; SV1; MAXTHON 2.0)"
118.40.116.114 - - [28/Jun/2009:00:07:36 +0800] "GET /newscenter/2009-01/11/xin_2430106111245281157837.jpg HTTP/1.0" 200 101689 "http://www.e0335.net.cn/gb/adv/2009-1/6/094317393725014_10.html" "Mozilla/4.0 (compatible; MSIE 6.0; Windows NT 5.1; SV1; .NET CLR 1.1.4322; .NET CLR 2.0.50727)"
119.147.104.181 - - [28/Jun/2009:00:07:37 +0800] "GET /newscenter/link-news/index.htm HTTP/1.0" 304 - "http://www.jl.xinhuanet.com/2006shangye/2009-06/16/content_16819236.htm" "Mozilla/4.0 (compatible; MSIE 6.0; Windows NT 5.1; SV1; MAXTHON 2.0)"
119.147.104.181 - - [28/Jun/2009:00:07:37 +0800] "GET /home/bottom.htm HTTP/1.0" 304 - "http://www.jl.xinhuanet.com/2006shangye/2009-06/16/content_16819236.htm" "Mozilla/4.0 (compatible; MSIE 6.0; Windows NT 5.1; SV1; MAXTHON 2.0)"
202.108.251.39 - - [28/Jun/2009:00:07:38 +0800] "GET /cchwgs/index.htm HTTP/1.0" 304 - "http://www.jl.xinhuanet.com/cchwgs/index.htm" "Mozilla/4.0 (compatible; MSIE 6.0; Windows NT 5.0)"
202.108.251.39 - - [28/Jun/2009:00:07:38 +0800] "GET /fangchan/index.htm HTTP/1.0" 304 - "http://www.jl.xinhuanet.com/fangchan/index.htm" "Mozilla/4.0 (compatible; MSIE 6.0; Windows NT 5.0)"
202.108.251.39 - - [28/Jun/2009:00:07:38 +0800] "GET /dfgl/index.htm HTTP/1.0" 304 - "http://www.jl.xinhuanet.com/dfgl/index.htm" "Mozilla/4.0 (compatible; MSIE 6.0; Windows NT 5.0)"
202.108.251.39 - - [28/Jun/2009:00:07:39 +0800] "GET /dfld/index.htm HTTP/1.0" 304 - "http://www.jl.xinhuanet.com/dfld/index.htm" "Mozilla/4.0 (compatible; MSIE 6.0; Windows NT 5.0)"
202.108.251.39 - - [28/Jun/2009:00:07:39 +0800] "GET /shengqing/index.htm HTTP/1.0" 304 - "http://www.jl.xinhuanet.com/shengqing/index.htm" "Mozilla/4.0 (compatible; MSIE 6.0; Windows NT 5.0)"
202.108.251.39 - - [28/Jun/2009:00:07:39 +0800] "GET /tese/index.htm HTTP/1.0" 304 - "http://www.jl.xinhuanet.com/tese/index.htm" "Mozilla/4.0 (compatible; MSIE 6.0; Windows NT 5.0)"
202.108.251.39 - - [28/Jun/2009:00:07:39 +0800] "GET /dfwq/index.htm HTTP/1.0" 304 - "http://www.jl.xinhuanet.com/dfwq/index.htm" "Mozilla/4.0 (compatible; MSIE 6.0; Windows NT 5.0)"
202.108.251.39 - - [28/Jun/2009:00:07:39 +0800] "GET /zhengyao/index.htm HTTP/1.0" 304 - "http://www.jl.xinhuanet.com/zhengyao/index.htm" "Mozilla/4.0 (compatible; MSIE 6.0; Windows NT 5.0)"
202.108.251.39 - - [28/Jun/2009:00:07:40 +0800] "GET /yingshi/2006-11/27/xin_3211032711042161588926.jpg HTTP/1.0" 304 - "http://image.baidu.com/i?ct=503316480&z=0&tn=baiduimagedetail&word=%B4%A9%B0%EF%BE%B5%CD%B7&in=15074&cl=2&cm=1&sc=0&lm=-1&pn=0&rn=1&di=952524136&ln=2000&fr=" "Mozilla/4.0 (compatible; MSIE 6.0; Windows NT 5.1; SV1; .NET CLR 2.0.50727; .NET CLR 1.1.4322)"
58.215.110.209 - - [28/Jun/2009:00:07:41 +0800] "GET /fangchan/2008-12/23/xin_5831205230917125104396.gif HTTP/1.0" 304 - "http://www.e0436.net.cn/gb/new/2008-12/26/0941817525933576_917.html" "Mozilla/4.0 (compatible; MSIE 6.0; Windows NT 5.1; SV1)"
123.235.40.242 - - [28/Jun/2009:00:07:42 +0800] "GET /misc/2008-11/11/xin_20311051115271712008221.JPG HTTP/1.0" 304 - "http://image.baidu.com/i?ct=503316480&z=0&tn=baiduimagedetail&word=%BC%A4%C7%E9&in=27627&cl=2&cm=1&sc=0&lm=-1&pn=6&rn=1&di=630735448&ln=2000&fr=" "Mozilla/4.0 (compatible; MSIE 6.0; Windows NT 5.1; SV1)"
117.23.204.247 - - [28/Jun/2009:00:07:42 +0800] "GET /newscenter/2007-03/28/xin_210304280923865298364.jpg HTTP/1.0" 304 - "http://image.baidu.com/i?ct=503316480&z=0&tn=baiduimagedetail&word=%CB%EF%D2%D5%D5%E4%D5%FB%C8%DD%C7%B0%BA%F3&in=4372&cl=2&cm=1&sc=0&lm=-1&pn=7&rn=1&di=134222368&ln=71&fr=" "Mozilla/4.0 (compatible; MSIE 7.0; Windows NT 6.0; QQDownload 1.7; SLCC1; .NET CLR 2.0.50727; .NET CLR 3.0.04506)"
123.235.40.243 - - [28/Jun/2009:00:07:43 +0800] "GET /newscenter/2007-08/14/xin_220804141125171190976.jpg HTTP/1.0" 304 - "http://image.baidu.com/i?ct=503316480&z=0&tn=baiduimagedetail&word=%D0%A3%BB%A8&in=27347&cl=2&cm=1&sc=0&lm=-1&pn=79&rn=1&di=2271778004&ln=2000&fr=" "Mozilla/4.0 (compatible; MSIE 6.0; Windows NT 5.1; SV1; QQDownload 1.7)"
119.147.104.181 - - [28/Jun/2009:00:07:44 +0800] "GET /main/dbyjjlt/006-08.htm HTTP/1.0" 304 - "-" "Baiduspider+(+http://www.baidu.com/search/spider.htm)"
58.215.110.209 - - [28/Jun/2009:00:07:44 +0800] "GET /newscenter/2009-01/11/xin_2430106111245281157837.jpg HTTP/1.0" 304 - "http://www.e0436.net.cn/gb/new/2009-2/4/0941817260048582_983.html" "Mozilla/4.0 (compatible; MSIE 6.0; Windows NT 5.1; SV1; .NET CLR 2.0.50727; CIBA)"
117.23.204.247 - - [28/Jun/2009:00:07:45 +0800] "GET /shangye/jiaoyu/undefined HTTP/1.0" 404 292 "http://www.jl.xinhuanet.com/shangye/jiaoyu/index.htm" "Mozilla/4.0 (compatible; MSIE 6.0; Windows NT 5.1; SV1)"
58.114.228.66 - - [28/Jun/2009:00:07:42 +0800] "GET /newscenter/2009-01/11/xin_2430106111245281157837.jpg HTTP/1.1" 200 101689 "http://www.e0436.net.cn/gb/new/2008-1/21/0941817314865854_361.html" "Mozilla/4.0 (compatible; MSIE 7.0; Windows NT 6.0; Trident/4.0; Foxy/1; GTB5; SLCC1; .NET CLR 2.0.50727; Media Center PC 5.0; .NET CLR 3.0.04506)"
219.153.74.114 - - [28/Jun/2009:00:07:45 +0800] "GET /newscenter/2009-06/04/content_16708608.htm HTTP/1.0" 304 - "-" "Mozilla/4.0 (compatible; MSIE 5.01; Windows NT 5.0)"
117.23.204.247 - - [28/Jun/2009:00:07:45 +0800] "GET /shangye/yiyao/index.htm HTTP/1.0" 304 - "http://www.jl.xinhuanet.com/shangye/yiyao/index.htm" "Sosonewsspider+(+http://help.soso.com/soso-news-spider.htm)"
219.153.74.114 - - [28/Jun/2009:00:07:45 +0800] "GET /newscenter/2009-06/04/content_16708609.htm HTTP/1.0" 304 - "-" "Mozilla/4.0 (compatible; MSIE 5.01; Windows NT 5.0)"
203.208.60.39 - - [28/Jun/2009:00:07:45 +0800] "GET /jlzw/wjfg.htm HTTP/1.1" 304 - "-" "Mozilla/5.0 (compatible; Googlebot/2.1; +http://www.google.com/bot.html)"
219.153.74.114 - - [28/Jun/2009:00:07:46 +0800] "GET /newscenter/2009-06/04/content_16708610.htm HTTP/1.0" 304 - "-" "Mozilla/4.0 (compatible; MSIE 5.01; Windows NT 5.0)"
203.208.60.42 - - [28/Jun/2009:00:07:46 +0800] "GET /jlzw/xwfb.htm HTTP/1.1" 304 - "-" "Mozilla/5.0 (compatible; Googlebot/2.1; +http://www.google.com/bot.html)"
59.175.131.253 - - [28/Jun/2009:00:07:46 +0800] "GET /khygnopass.asp HTTP/1.0" 404 282 "-" "Mozilla/4.0"
219.153.74.114 - - [28/Jun/2009:00:07:46 +0800] "GET /newscenter/2009-06/04/content_16708611.htm HTTP/1.0" 304 - "-" "Mozilla/4.0 (compatible; MSIE 5.01; Windows NT 5.0)"
59.175.131.253 - - [28/Jun/2009:00:07:46 +0800] "GET /nopass.asp HTTP/1.0" 404 278 "-" "Mozilla/4.0"
121.14.234.178 - - [28/Jun/2009:00:07:46 +0800] "GET /xhsjzkjl/2003/2003-07/22/xin_fedd3ccdeca647faab656b6ef1cf0d27_DSC_0108.JPG HTTP/1.0" 304 - "http://images.google.cn/imglanding?imgurl=http://www.ce.cn/kjwh/ylmb/ylzl/200707/20/W020070720247280997773.jpg&imgrefurl=http://www.ce.cn/kjwh/ylmb/ylzl/200707/20/t20070720_12236443.shtml&usg=__J_5Poj5N8MQn1q2ojlc_-Mj_iCc%3D&h=500&w=357&sz=30&hl=zh-CN&um=1&tbnid=wyCFlxgAWCUHkM:&tbnh=130&tbnw=93&prev=/images%3Fq%3D%25E6%25B1%25BD%25E8%25BD%25A6%25E5%258D%259A%25E8%25A7%2588%25E4%25BC%259A%2B%25E4%25BA%25BA%25E4%25BD%2593%25E5%25BD%25A9%25E7%25BB%2598%26hl%3Dzh-CN%26inlang%3Dzh-CN%26client%3Dpub-0786758448562656%26sa%3DG%26um%3D1%26newwindow%3D1%26oe%3DGB2312&q=%E6%B1%BD%E8%BD%A6%E5%8D%9A%E8%A7%88%E4%BC%9A+%E4%BA%BA%E4%BD%93%E5%BD%A9%E7%BB%98&inlang=zh-CN&client=pub-0786758448562656&sa=G&um=1&newwindow=1&oe=GB2312&start=5" "Mozilla/4.0 (compatible; MSIE 6.0; Windows NT 5.1)"
219.153.74.114 - - [28/Jun/2009:00:07:46 +0800] "GET /newscenter/2009-06/04/content_16708612.htm HTTP/1.0" 304 - "-" "Mozilla/4.0 (compatible; MSIE 5.01; Windows NT 5.0)"
121.14.234.178 - - [28/Jun/2009:00:07:46 +0800] "GET /fangchan/2009-03/03/content_15839114.htm HTTP/1.0" 200 27782 "-" "Baiduspider+(+http://www.baidu.com/search/spider.htm)"
59.175.131.253 - - [28/Jun/2009:00:07:47 +0800] "GET /nopass.asp HTTP/1.0" 404 278 "-" "Mozilla/4.0"
219.153.74.114 - - [28/Jun/2009:00:07:47 +0800] "GET /newscenter/2009-06/04/content_16708604.htm HTTP/1.0" 304 - "-" "Mozilla/4.0 (compatible; MSIE 5.01; Windows NT 5.0)"
123.235.40.242 - - [28/Jun/2009:00:07:47 +0800] "GET /xhsjzkjl/2003/2003-07/20/content_726284.htm HTTP/1.0" 304 - "-" "Mozilla/5.0 (compatible; Yahoo! Slurp China; http://misc.yahoo.com.cn/help.html)"
219.153.74.114 - - [28/Jun/2009:00:07:47 +0800] "GET /newscenter/2009-06/04/content_16708607.htm HTTP/1.0" 304 - "-" "Mozilla/4.0 (compatible; MSIE 5.01; Windows NT 5.0)"
219.153.74.114 - - [28/Jun/2009:00:07:47 +0800] "GET /newscenter/2009-06/04/content_16708605.htm HTTP/1.0" 304 - "-" "Mozilla/4.0 (compatible; MSIE 5.01; Windows NT 5.0)"
219.153.74.114 - - [28/Jun/2009:00:07:48 +0800] "GET /newscenter/2009-06/04/content_16714660.htm HTTP/1.0" 304 - "-" "Mozilla/4.0 (compatible; MSIE 5.01; Windows NT 5.0)"
219.153.74.114 - - [28/Jun/2009:00:07:48 +0800] "GET /newscenter/2009-06/05/content_16720528.htm HTTP/1.0" 304 - "-" "Mozilla/4.0 (compatible; MSIE 5.01; Windows NT 5.0)"
117.23.204.247 - - [28/Jun/2009:00:07:48 +0800] "GET /newscenter/2007-10/2009-06/26/content_16922058.htm HTTP/1.0" 404 318 "http://www.jl.xinhuanet.com/newscenter/2007-10/2009-06/26/content_16922058.htm" "Sosospider+(+http://help.soso.com/webspider.htm)"
202.108.251.39 - - [28/Jun/2009:00:07:48 +0800] "GET /newscenter/daodu/index.htm HTTP/1.0" 304 - "http://www.jl.xinhuanet.com/newscenter/daodu/index.htm" "Mozilla/4.0 (compatible; MSIE 6.0; Windows NT 5.0)"
202.108.251.39 - - [28/Jun/2009:00:07:48 +0800] "GET /newscenter/tupian/index.htm HTTP/1.0" 304 - "http://www.jl.xinhuanet.com/newscenter/tupian/index.htm" "Mozilla/4.0 (compatible; MSIE 6.0; Windows NT 5.0)"
123.235.40.242 - - [28/Jun/2009:00:07:48 +0800] "GET /newscenter/2006-12/14/content_8779259.htm HTTP/1.0" 304 - "http://www.baidu.com/s?word=%C1%F9%BA%CF%B2%CA&tn=sitehao123" "Mozilla/4.0 (compatible; MSIE 7.0; Windows NT 5.1; TencentTraveler 4.0; .NET CLR 2.0.50727)"
123.235.40.242 - - [28/Jun/2009:00:07:48 +0800] "GET /favicon.ico HTTP/1.0" 404 279 "-" "Mozilla/4.0 (compatible; MSIE 7.0; Windows NT 5.1; TencentTraveler 4.0; .NET CLR 2.0.50727)"
121.14.234.178 - - [28/Jun/2009:00:07:50 +0800] "GET /xhsjzkjl/2003/2003-07/22/xin_f9354fed42da42a8ac2aa14024eda67c_1.jpg HTTP/1.0" 304 - "http://images.google.cn/imglanding?imgurl=http://www.ce.cn/kjwh/ylmb/ylzl/200707/20/W020070720247280997773.jpg&imgrefurl=http://www.ce.cn/kjwh/ylmb/ylzl/200707/20/t20070720_12236443.shtml&usg=__J_5Poj5N8MQn1q2ojlc_-Mj_iCc%3D&h=500&w=357&sz=30&hl=zh-CN&um=1&tbnid=wyCFlxgAWCUHkM:&tbnh=130&tbnw=93&prev=/images%3Fq%3D%25E6%25B1%25BD%25E8%25BD%25A6%25E5%258D%259A%25E8%25A7%2588%25E4%25BC%259A%2B%25E4%25BA%25BA%25E4%25BD%2593%25E5%25BD%25A9%25E7%25BB%2598%26hl%3Dzh-CN%26inlang%3Dzh-CN%26client%3Dpub-0786758448562656%26sa%3DG%26um%3D1%26newwindow%3D1%26oe%3DGB2312&q=%E6%B1%BD%E8%BD%A6%E5%8D%9A%E8%A7%88%E4%BC%9A+%E4%BA%BA%E4%BD%93%E5%BD%A9%E7%BB%98&inlang=zh-CN&client=pub-0786758448562656&sa=G&um=1&newwindow=1&oe=GB2312&start=5" "Mozilla/4.0 (compatible; MSIE 6.0; Windows NT 5.1)"
117.23.204.247 - - [28/Jun/2009:00:07:50 +0800] "GET /shangye/jiaoyu/undefined HTTP/1.0" 404 292 "http://www.jl.xinhuanet.com/shangye/jiaoyu/index.htm" "Mozilla/4.0 (compatible; MSIE 6.0; Windows NT 5.1; SV1)"
202.160.181.224 - - [28/Jun/2009:00:07:51 +0800] "GET /tese/20030421.htm HTTP/1.0" 200 23963 "-" "Mozilla/5.0 (compatible; Yahoo! Slurp China; http://misc.yahoo.com.cn/help.html)"
222.141.52.126 - - [28/Jun/2009:00:07:52 +0800] "GET /2007ztzb/aiwozhonghua/images/jh.mp3 HTTP/1.0" 304 - "www.jl.xinhuanet.com" "Mozilla/4.0 (compatible; MSIE 6.0; Windows NT 5.0)"
72.30.79.39 - - [28/Jun/2009:00:07:54 +0800] "GET /newscenter/2005-12/28/content_5917573.htm HTTP/1.0" 304 - "-" "Mozilla/5.0 (compatible; Yahoo! Slurp/3.0; http://help.yahoo.com/help/us/ysearch/slurp)"
123.235.40.242 - - [28/Jun/2009:00:07:55 +0800] "GET /shangye/hzsc/index.htm HTTP/1.0" 304 - "-" "Mozilla/5.0 (compatible; Yahoo! Slurp China; http://misc.yahoo.com.cn/help.html)"
41.222.205.22 - - [28/Jun/2009:00:07:50 +0800] "GET /xhsjzkjl/2003/2005-08/18/xin_560802090904359258303.jpg HTTP/1.1" 200 51700 "http://image.baidu.com/i?ct=503316480&z=0&tn=baiduimagedetail&word=%D6%D0%B9%FA%B3%B5%C4%A3&in=19848&cl=2&cm=1&sc=0&lm=-1&pn=1870&rn=1&di=459350008&ln=2000&fr=" "Mozilla/5.0 (Windows; U; Windows NT 5.1; en-US) AppleWebKit/525.13 (KHTML, like Gecko) Chrome/0.2.149.27 Safari/525.13"
202.160.181.133 - - [28/Jun/2009:00:07:56 +0800] "GET /yingshi/2005-09/29/content_8501281.htm HTTP/1.0" 200 21518 "-" "Mozilla/5.0 (compatible; Yahoo! Slurp China; http://misc.yahoo.com.cn/help.html)"
72.30.79.39 - - [28/Jun/2009:00:07:55 +0800] "GET /jlzw/2007-11/28/content_11785652.htm HTTP/1.0" 200 30672 "-" "Mozilla/5.0 (compatible; Yahoo! Slurp/3.0; http://help.yahoo.com/help/us/ysearch/slurp)"
38.99.13.118 - - [28/Jun/2009:00:07:56 +0800] "GET /2006shangye/2007-09/19/content_11191801.htm HTTP/1.0" 200 883 "-" "Mozilla/5.0 (Twiceler-0.9 http://www.cuil.com/twiceler/robot.html)"
72.30.79.39 - - [28/Jun/2009:00:07:57 +0800] "GET /xhsjzkjl/2003-06/24/content_638440.htm HTTP/1.0" 200 9936 "-" "Mozilla/5.0 (compatible; Yahoo! Slurp/3.0; http://help.yahoo.com/help/us/ysearch/slurp)"
59.175.131.253 - - [28/Jun/2009:00:07:58 +0800] "GET /yingshi/2008-07/21/xin_111103131339921135542.jpg HTTP/1.0" 304 - "http://image.baidu.com/i?ct=503316480&z=0&tn=baiduimagedetail&word=%C1%F5%BC%CE%C1%E1%B2%BB%D1%C5%D5%D5%C6%D8%B9%E2&in=17145&cl=2&cm=1&sc=0&lm=-1&pn=0&rn=1&di=2758480560&ln=518&fr=" "Mozilla/4.0 (compatible; MSIE 6.0; Windows NT 5.1; SV1; Goyoo; GTB6; .NET CLR 2.0.50727; .NET CLR 3.0.04506.30; Goyoo)"
123.235.40.242 - - [28/Jun/2009:00:07:59 +0800] "GET /newscenter/2009-06/24/content_16897245.htm HTTP/1.0" 304 - "-" "Mozilla/5.0 (compatible; Yahoo! Slurp China; http://misc.yahoo.com.cn/help.html)"
124.115.4.226 - - [28/Jun/2009:00:07:59 +0800] "GET /newscenter/zhoukan/2006/01/images/N1_r15_c4.gif HTTP/1.1" 200 53740 "http://image.soso.com" "Sosoimagespider+(+http://help.soso.com/soso-image-spider.htm)"
219.153.74.114 - - [28/Jun/2009:00:07:59 +0800] "GET /shangye/2005-11/25/xin_341102251102608238426.jpg HTTP/1.0" 200 31812 "http://image.baidu.com/i?ct=503316480&z=0&tn=baiduimagedetail&word=%C5%CB%BA%E7&in=18681&cl=2&cm=1&sc=0&lm=-1&pn=209&rn=1&di=1575636800&ln=2000&fr=" "Mozilla/4.0 (compatible; MSIE 6.0; Windows NT 5.1; SV1; GTB6)"
117.23.204.247 - - [28/Jun/2009:00:08:00 +0800] "GET /shangye/jiaoyu/undefined HTTP/1.0" 404 292 "http://www.jl.xinhuanet.com/shangye/jiaoyu/index.htm" "Mozilla/4.0 (compatible; MSIE 6.0; Windows NT 5.1; SV1)"
123.235.40.243 - - [28/Jun/2009:00:08:00 +0800] "GET / HTTP/1.1" 200 146325 "-" "-"
123.235.40.243 - - [28/Jun/2009:00:08:00 +0800] "GET / HTTP/1.1" 200 146325 "-" "-"
123.235.40.243 - - [28/Jun/2009:00:08:00 +0800] "GET / HTTP/1.1" 200 146325 "-" "-"
123.235.40.243 - - [28/Jun/2009:00:08:00 +0800] "GET / HTTP/1.1" 200 146325 "-" "-"
117.23.204.247 - - [28/Jun/2009:00:08:00 +0800] "GET / HTTP/1.1" 200 146325 "-" "-"
117.23.204.247 - - [28/Jun/2009:00:08:00 +0800] "GET / HTTP/1.1" 200 146325 "-" "-"
117.23.204.247 - - [28/Jun/2009:00:08:00 +0800] "GET / HTTP/1.1" 200 146325 "-" "-"
117.23.204.247 - - [28/Jun/2009:00:08:00 +0800] "GET / HTTP/1.1" 200 146325 "-" "-"
202.108.251.39 - - [28/Jun/2009:00:08:00 +0800] "GET / HTTP/1.1" 200 146325 "-" "-"
202.108.251.39 - - [28/Jun/2009:00:08:00 +0800] "GET / HTTP/1.1" 200 146325 "-" "-"
202.108.251.39 - - [28/Jun/2009:00:08:00 +0800] "GET / HTTP/1.1" 200 146325 "-" "-"
202.108.251.39 - - [28/Jun/2009:00:08:00 +0800] "GET / HTTP/1.1" 200 146325 "-" "-"
123.235.40.243 - - [28/Jun/2009:00:08:00 +0800] "GET /xhsjzkjl/2009-06/25/content_16909577.htm HTTP/1.0" 304 - "-" "Mozilla/5.0 (compatible; Yahoo! Slurp China; http://misc.yahoo.com.cn/help.html)"
72.14.199.8 - - [28/Jun/2009:00:08:00 +0800] "GET /newscenter/2009-05/17/content_16547005.htm HTTP/1.1" 304 - "-" "Feedfetcher-Google; (+http://www.google.com/feedfetcher.html; feed-id=11354398882476996629)"
218.213.69.115 - - [28/Jun/2009:00:08:00 +0800] "GET / HTTP/1.1" 200 146325 "-" "-"
219.153.74.114 - - [28/Jun/2009:00:08:01 +0800] "GET / HTTP/1.1" 200 146325 "-" "-"
218.213.69.115 - - [28/Jun/2009:00:08:01 +0800] "GET / HTTP/1.1" 200 146325 "-" "-"
121.14.234.178 - - [28/Jun/2009:00:08:01 +0800] "GET / HTTP/1.1" 200 146325 "-" "-"
123.235.40.242 - - [28/Jun/2009:00:08:01 +0800] "GET / HTTP/1.1" 200 146325 "-" "-"
218.213.69.115 - - [28/Jun/2009:00:08:01 +0800] "GET / HTTP/1.1" 200 146325 "-" "-"
123.235.40.242 - - [28/Jun/2009:00:08:01 +0800] "GET / HTTP/1.1" 200 146325 "-" "-"
123.235.40.242 - - [28/Jun/2009:00:08:01 +0800] "GET / HTTP/1.1" 200 146325 "-" "-"
121.14.234.178 - - [28/Jun/2009:00:08:01 +0800] "GET / HTTP/1.1" 200 146325 "-" "-"
121.14.234.178 - - [28/Jun/2009:00:08:01 +0800] "GET / HTTP/1.1" 200 146325 "-" "-"
59.175.131.253 - - [28/Jun/2009:00:08:01 +0800] "GET / HTTP/1.1" 200 146325 "-" "-"
123.235.40.242 - - [28/Jun/2009:00:08:01 +0800] "GET / HTTP/1.1" 200 146325 "-" "-"
218.213.69.115 - - [28/Jun/2009:00:08:01 +0800] "GET / HTTP/1.1" 200 146325 "-" "-"
121.14.234.178 - - [28/Jun/2009:00:08:01 +0800] "GET / HTTP/1.1" 200 146325 "-" "-"
219.153.74.114 - - [28/Jun/2009:00:08:01 +0800] "GET / HTTP/1.1" 200 146325 "-" "-"
59.175.131.253 - - [28/Jun/2009:00:08:01 +0800] "GET / HTTP/1.1" 200 146325 "-" "-"
59.175.131.253 - - [28/Jun/2009:00:08:01 +0800] "GET / HTTP/1.1" 200 146325 "-" "-"
59.175.131.253 - - [28/Jun/2009:00:08:01 +0800] "GET / HTTP/1.1" 200 146325 "-" "-"
58.215.110.209 - - [28/Jun/2009:00:08:01 +0800] "GET / HTTP/1.1" 200 146325 "-" "-"
222.141.52.126 - - [28/Jun/2009:00:08:01 +0800] "GET / HTTP/1.1" 200 146325 "-" "-"
219.153.74.114 - - [28/Jun/2009:00:08:01 +0800] "GET / HTTP/1.1" 200 146325 "-" "-"
58.215.110.209 - - [28/Jun/2009:00:08:01 +0800] "GET / HTTP/1.1" 200 146325 "-" "-"
58.215.110.209 - - [28/Jun/2009:00:08:01 +0800] "GET / HTTP/1.1" 200 146325 "-" "-"
61.164.61.68 - - [28/Jun/2009:00:08:01 +0800] "GET / HTTP/1.1" 200 146325 "-" "-"
58.215.110.209 - - [28/Jun/2009:00:08:01 +0800] "GET / HTTP/1.1" 200 146325 "-" "-"
61.164.61.68 - - [28/Jun/2009:00:08:01 +0800] "GET / HTTP/1.1" 200 146325 "-" "-"
221.192.149.81 - - [28/Jun/2009:00:08:01 +0800] "GET / HTTP/1.1" 200 146325 "-" "-"
61.164.61.68 - - [28/Jun/2009:00:08:01 +0800] "GET / HTTP/1.1" 200 146325 "-" "-"
222.141.52.126 - - [28/Jun/2009:00:08:01 +0800] "GET / HTTP/1.1" 200 146325 "-" "-"
219.153.74.114 - - [28/Jun/2009:00:08:01 +0800] "GET / HTTP/1.1" 200 146325 "-" "-"
119.147.104.181 - - [28/Jun/2009:00:08:01 +0800] "GET / HTTP/1.1" 200 146325 "-" "-"
61.164.61.68 - - [28/Jun/2009:00:08:01 +0800] "GET / HTTP/1.1" 200 146325 "-" "-"
221.192.149.81 - - [28/Jun/2009:00:08:01 +0800] "GET / HTTP/1.1" 200 146325 "-" "-"
123.235.40.242 - - [28/Jun/2009:00:08:01 +0800] "GET /shangye/2009-03/11/content_15916939.htm HTTP/1.0" 304 - "-" "Mozilla/5.0 (compatible; Yahoo! Slurp China; http://misc.yahoo.com.cn/help.html)"
119.147.104.181 - - [28/Jun/2009:00:08:01 +0800] "GET / HTTP/1.1" 200 146325 "-" "-"
221.192.149.81 - - [28/Jun/2009:00:08:01 +0800] "GET / HTTP/1.1" 200 146325 "-" "-"
221.192.149.81 - - [28/Jun/2009:00:08:01 +0800] "GET / HTTP/1.1" 200 146325 "-" "-"
222.141.52.126 - - [28/Jun/2009:00:08:01 +0800] "GET / HTTP/1.1" 200 146325 "-" "-"
119.147.104.181 - - [28/Jun/2009:00:08:01 +0800] "GET / HTTP/1.1" 200 146325 "-" "-"
222.141.52.126 - - [28/Jun/2009:00:08:01 +0800] "GET / HTTP/1.1" 200 146325 "-" "-"
119.147.104.181 - - [28/Jun/2009:00:08:01 +0800] "GET / HTTP/1.1" 200 146325 "-" "-"
117.23.204.247 - - [28/Jun/2009:00:08:03 +0800] "GET /xhsjzkjl/2009-04/2009-06/22/content_16872838.htm HTTP/1.0" 404 316 "http://www.jl.xinhuanet.com/xhsjzkjl/2009-04/2009-06/22/content_16872838.htm" "Sosospider+(+http://help.soso.com/webspider.htm)"
203.200.179.41 - - [28/Jun/2009:00:07:57 +0800] "GET /newscenter/2009-01/11/xin_2430106111245281157837.jpg HTTP/1.0" 200 101689 "http://www.e0335.net.cn/gb/adv/2008-11/24/094318465332366_58.html" "Mozilla/4.0 (compatible; MSIE 6.0; Windows NT 5.1; SV1; GTB6)"
117.23.204.247 - - [28/Jun/2009:00:08:05 +0800] "GET /shangye/jiaoyu/undefined HTTP/1.0" 404 292 "http://www.jl.xinhuanet.com/shangye/jiaoyu/index.htm" "Mozilla/4.0 (compatible; MSIE 6.0; Windows NT 5.1; SV1)"
123.235.40.243 - - [28/Jun/2009:00:08:05 +0800] "GET /newscenter/2007-06/19/content_10340738.htm HTTP/1.0" 200 17898 "-" "Mozilla/5.0 (compatible; Yahoo! Slurp China; http://misc.yahoo.com.cn/help.html)"
61.135.249.220 - - [28/Jun/2009:00:08:06 +0800] "GET /home/shequ/caibian/xjj.htm HTTP/1.1" 200 10094 "-" "Mozilla/5.0 (compatible; YoudaoBot/1.0; http://www.youdao.com/help/webmaster/spider/; )"
203.208.60.43 - - [28/Jun/2009:00:08:06 +0800] "GET /jlzw/news.htm HTTP/1.1" 304 - "-" "Mozilla/5.0 (compatible; Googlebot/2.1; +http://www.google.com/bot.html)"
119.147.104.181 - - [28/Jun/2009:00:08:07 +0800] "GET /newscenter/2006-12/14/content_8779259.htm HTTP/1.0" 304 - "http://www.baidu.com/s?tn=tt98com_1_pg&cl=3&word=%C1%F9%BA%CF%B2%CA" "Mozilla/4.0 (compatible; MSIE 6.0; Windows NT 5.1; SV1)"
203.192.6.86 - - [28/Jun/2009:00:08:07 +0800] "GET /news/shehui/shehui.htm HTTP/1.1" 304 - "-" "Mozilla/5.0 (compatible; Googlebot/2.1; +http://www.google.com/bot.html)"
119.147.104.181 - - [28/Jun/2009:00:08:07 +0800] "GET /shangye/2006-07/06/content_7443694.htm HTTP/1.0" 304 - "http://www.baidu.com/s?word=%CA%A7%C3%DF%BA%C8%B2%E8&tn=sitehao123" "Mozilla/4.0 (compatible; MSIE 6.0; Windows NT 5.1; SV1)"
123.235.40.243 - - [28/Jun/2009:00:08:09 +0800] "GET /2006shangye/2007-03/07/content_9442821.htm HTTP/1.0" 200 883 "-" "Mozilla/5.0 (compatible; Yahoo! Slurp China; http://misc.yahoo.com.cn/help.html)"
65.55.230.241 - - [28/Jun/2009:00:08:08 +0800] "GET /jujiao/yanbian/yanbian.htm HTTP/1.1" 200 44570 "-" "msnbot-media/1.1 (+http://search.msn.com/msnbot.htm)"
119.147.104.181 - - [28/Jun/2009:00:08:10 +0800] "GET /shangye/food_new/css/css.css HTTP/1.0" 304 - "http://www.jl.xinhuanet.com/shangye/2006-07/06/content_7443694.htm" "Mozilla/4.0 (compatible; MSIE 6.0; Windows NT 5.1; SV1)"
119.147.104.181 - - [28/Jun/2009:00:08:11 +0800] "GET /AdPreview/adv_display.js HTTP/1.0" 304 - "http://www.jl.xinhuanet.com/shangye/2006-07/06/content_7443694.htm" "Mozilla/4.0 (compatible; MSIE 6.0; Windows NT 5.1; SV1)"
203.208.60.144 - - [28/Jun/2009:00:08:11 +0800] "GET /2006shangye/2007-03/08/content_9453087_2.htm HTTP/1.1" 200 20149 "-" "Mozilla/5.0 (compatible; Googlebot/2.1; +http://www.google.com/bot.html)"
119.147.104.181 - - [28/Jun/2009:00:08:12 +0800] "GET /home/top.htm HTTP/1.0" 304 - "http://www.jl.xinhuanet.com/shangye/2006-07/06/content_7443694.htm" "Mozilla/4.0 (compatible; MSIE 6.0; Windows NT 5.1; SV1)"
119.147.104.181 - - [28/Jun/2009:00:08:12 +0800] "GET /shangye/food_new/pic/toptype.jpg HTTP/1.0" 304 - "http://www.jl.xinhuanet.com/shangye/2006-07/06/content_7443694.htm" "Mozilla/4.0 (compatible; MSIE 6.0; Windows NT 5.1; SV1)"
119.147.104.181 - - [28/Jun/2009:00:08:12 +0800] "GET /shangye/food_new/pic/00_58_2.gif HTTP/1.0" 304 - "http://www.jl.xinhuanet.com/shangye/2006-07/06/content_7443694.htm" "Mozilla/4.0 (compatible; MSIE 6.0; Windows NT 5.1; SV1)"
119.147.104.181 - - [28/Jun/2009:00:08:12 +0800] "GET /shangye/food_new/pic/toptype1.jpg HTTP/1.0" 304 - "http://www.jl.xinhuanet.com/shangye/2006-07/06/content_7443694.htm" "Mozilla/4.0 (compatible; MSIE 6.0; Windows NT 5.1; SV1)"
119.147.104.181 - - [28/Jun/2009:00:08:12 +0800] "GET /AdPreview/ad_17_57668.xml HTTP/1.0" 404 293 "http://www.jl.xinhuanet.com/shangye/2006-07/06/content_7443694.htm" "Mozilla/4.0 (compatible; MSIE 6.0; Windows NT 5.1; SV1)"
119.147.104.181 - - [28/Jun/2009:00:08:12 +0800] "GET /shangye/food_new/pic/in_r1_c1.jpg HTTP/1.0" 304 - "http://www.jl.xinhuanet.com/shangye/2006-07/06/content_7443694.htm" "Mozilla/4.0 (compatible; MSIE 6.0; Windows NT 5.1; SV1)"
119.147.104.181 - - [28/Jun/2009:00:08:12 +0800] "GET /shangye/food_new/pic/in_r2_c1.jpg HTTP/1.0" 304 - "http://www.jl.xinhuanet.com/shangye/2006-07/06/content_7443694.htm" "Mozilla/4.0 (compatible; MSIE 6.0; Windows NT 5.1; SV1)"
203.208.60.14 - - [28/Jun/2009:00:08:12 +0800] "GET /xhsjzkjl/2003/2003-07/10/content_694170.htm HTTP/1.1" 200 10256 "-" "Mozilla/5.0 (compatible; Googlebot/2.1; +http://www.google.com/bot.html)"
119.147.104.181 - - [28/Jun/2009:00:08:12 +0800] "GET /shangye/food_new/pic/444.jpg HTTP/1.0" 304 - "http://www.jl.xinhuanet.com/shangye/2006-07/06/content_7443694.htm" "Mozilla/4.0 (compatible; MSIE 6.0; Windows NT 5.1; SV1)"
119.147.104.181 - - [28/Jun/2009:00:08:12 +0800] "GET /shangye/food_new/pic/in_r4_c1.jpg HTTP/1.0" 304 - "http://www.jl.xinhuanet.com/shangye/2006-07/06/content_7443694.htm" "Mozilla/4.0 (compatible; MSIE 6.0; Windows NT 5.1; SV1)"
119.147.104.181 - - [28/Jun/2009:00:08:12 +0800] "GET /shangye/food_new/pic/555.jpg HTTP/1.0" 304 - "http://www.jl.xinhuanet.com/shangye/2006-07/06/content_7443694.htm" "Mozilla/4.0 (compatible; MSIE 6.0; Windows NT 5.1; SV1)"
203.208.60.132 - - [28/Jun/2009:00:08:12 +0800] "GET /xhsjzkjl/2003/2003-08/28/content_876631.htm HTTP/1.1" 200 12271 "-" "Mozilla/5.0 (compatible; Googlebot/2.1; +http://www.google.com/bot.html)"
119.147.104.181 - - [28/Jun/2009:00:08:12 +0800] "GET /shangye/food_new/pic/666.jpg HTTP/1.0" 304 - "http://www.jl.xinhuanet.com/shangye/2006-07/06/content_7443694.htm" "Mozilla/4.0 (compatible; MSIE 6.0; Windows NT 5.1; SV1)"
119.147.104.181 - - [28/Jun/2009:00:08:12 +0800] "GET /shangye/food_new/pic/777.jpg HTTP/1.0" 304 - "http://www.jl.xinhuanet.com/shangye/2006-07/06/content_7443694.htm" "Mozilla/4.0 (compatible; MSIE 6.0; Windows NT 5.1; SV1)"
202.159.118.58 - - [28/Jun/2009:00:08:06 +0800] "GET /newscenter/2009-01/11/xin_2430106111245281157837.jpg HTTP/1.0" 200 101689 "http://www.e0436.net.cn/gb/new/2008-11/4/0941817490438427_194.html" "Mozilla/4.0 (compatible; MSIE 6.0; Windows NT 5.2; SV1; .NET CLR 1.1.4322; .NET CLR 2.0.50727)"
119.147.104.181 - - [28/Jun/2009:00:08:13 +0800] "GET /shangye/food_new/pic/00_59.gif HTTP/1.0" 304 - "http://www.jl.xinhuanet.com/shangye/2006-07/06/content_7443694.htm" "Mozilla/4.0 (compatible; MSIE 6.0; Windows NT 5.1; SV1)"
119.147.104.181 - - [28/Jun/2009:00:08:13 +0800] "GET /shangye/2006-07/06/xin_3208021610326372468332.jpg HTTP/1.0" 304 - "http://www.jl.xinhuanet.com/shangye/2006-07/06/content_7443694.htm" "Mozilla/4.0 (compatible; MSIE 6.0; Windows NT 5.1; SV1)"
203.208.60.109 - - [28/Jun/2009:00:08:13 +0800] "GET /xhsjzkjl/2003/2003-08/28/content_872344.htm HTTP/1.1" 200 12808 "-" "Mozilla/5.0 (compatible; Googlebot/2.1; +http://www.google.com/bot.html)"
119.147.104.181 - - [28/Jun/2009:00:08:13 +0800] "GET /shangye/food_new/pic/00_15.gif HTTP/1.0" 304 - "http://www.jl.xinhuanet.com/shangye/2006-07/06/content_7443694.htm" "Mozilla/4.0 (compatible; MSIE 6.0; Windows NT 5.1; SV1)"
119.147.104.181 - - [28/Jun/2009:00:08:13 +0800] "GET /shangye/food_new/pic/00_17.gif HTTP/1.0" 304 - "http://www.jl.xinhuanet.com/shangye/2006-07/06/content_7443694.htm" "Mozilla/4.0 (compatible; MSIE 6.0; Windows NT 5.1; SV1)"
119.147.104.181 - - [28/Jun/2009:00:08:13 +0800] "GET /shangye/2006-07/06/%E9%9F%B3%E4%B9%90%E9%A2%91%E9%81%93%E9%A6%96%E9%A1%B5-%E6%90%9C%E7%8B%90%E7%BD%91%E7%AB%99.files/ccc.gif HTTP/1.0" 404 332 "http://www.jl.xinhuanet.com/shangye/2006-07/06/content_7443694.htm" "Mozilla/4.0 (compatible; MSIE 6.0; Windows NT 5.1; SV1)"
119.147.104.181 - - [28/Jun/2009:00:08:13 +0800] "GET /shangye/food_new/pic/hyxx.jpg HTTP/1.0" 304 - "http://www.jl.xinhuanet.com/shangye/2006-07/06/content_7443694.htm" "Mozilla/4.0 (compatible; MSIE 6.0; Windows NT 5.1; SV1)"
123.235.40.243 - - [28/Jun/2009:00:08:14 +0800] "GET /jlzw/2006-12/25/content_8869692.htm HTTP/1.0" 304 - "-" "Mozilla/5.0 (compatible; Yahoo! Slurp China; http://misc.yahoo.com.cn/help.html)"
61.164.61.68 - - [28/Jun/2009:00:08:14 +0800] "GET / HTTP/1.0" 304 - "-" "Mozilla/4.0 (compatible; MSIE 6.0; Windows NT 5.1; SV1; GTB6)"
123.235.40.243 - - [28/Jun/2009:00:08:15 +0800] "GET /qcfy/yiqi/index1.htm HTTP/1.0" 304 - "-" "Mozilla/4.0+(compatible;+MSIE+7.0;+Windows+NT+5.1;+.NET+CLR+2.0.50727)"
117.23.204.247 - - [28/Jun/2009:00:08:15 +0800] "GET /shangye/jiaoyu/undefined HTTP/1.0" 404 292 "http://www.jl.xinhuanet.com/shangye/jiaoyu/index.htm" "Mozilla/4.0 (compatible; MSIE 6.0; Windows NT 5.1; SV1)"
119.147.104.181 - - [28/Jun/2009:00:08:15 +0800] "GET /shangye/2005-12/06/content_5751115.htm HTTP/1.0" 200 24565 "-" "Baiduspider+(+http://www.baidu.com/search/spider.htm)"
61.164.61.68 - - [28/Jun/2009:00:08:15 +0800] "GET /2008/mb/images/images/other_02.jpg HTTP/1.0" 304 - "http://www.jl.xinhuanet.com/" "Mozilla/4.0 (compatible; MSIE 6.0; Windows NT 5.1; SV1; GTB6)"
61.164.61.68 - - [28/Jun/2009:00:08:15 +0800] "GET /2008/mb/images/images/logo.gif HTTP/1.0" 304 - "http://www.jl.xinhuanet.com/" "Mozilla/4.0 (compatible; MSIE 6.0; Windows NT 5.1; SV1; GTB6)"
61.164.61.68 - - [28/Jun/2009:00:08:15 +0800] "GET /2008/mb/images/images/other_04.jpg HTTP/1.0" 304 - "http://www.jl.xinhuanet.com/" "Mozilla/4.0 (compatible; MSIE 6.0; Windows NT 5.1; SV1; GTB6)"
61.164.61.68 - - [28/Jun/2009:00:08:15 +0800] "GET /2008/mb/images/images/other_03.jpg HTTP/1.0" 304 - "http://www.jl.xinhuanet.com/" "Mozilla/4.0 (compatible; MSIE 6.0; Windows NT 5.1; SV1; GTB6)"
61.164.61.68 - - [28/Jun/2009:00:08:15 +0800] "GET /2008/mb/images/images/logo130.jpg HTTP/1.0" 304 - "http://www.jl.xinhuanet.com/" "Mozilla/4.0 (compatible; MSIE 6.0; Windows NT 5.1; SV1; GTB6)"
61.164.61.68 - - [28/Jun/2009:00:08:15 +0800] "GET /2008/mb/images/images/titou_04.jpg HTTP/1.0" 304 - "http://www.jl.xinhuanet.com/" "Mozilla/4.0 (compatible; MSIE 6.0; Windows NT 5.1; SV1; GTB6)"
61.164.61.68 - - [28/Jun/2009:00:08:15 +0800] "GET /2008jl/images/shihua1.swf HTTP/1.0" 304 - "http://www.jl.xinhuanet.com/" "Mozilla/4.0 (compatible; MSIE 6.0; Windows NT 5.1; SV1; GTB6)"
61.164.61.68 - - [28/Jun/2009:00:08:15 +0800] "GET /images_new/images_2006/09_bk_05.jpg HTTP/1.0" 404 303 "http://www.jl.xinhuanet.com/" "Mozilla/4.0 (compatible; MSIE 6.0; Windows NT 5.1; SV1; GTB6)"
61.164.61.68 - - [28/Jun/2009:00:08:15 +0800] "GET /xin_5230606270923109775118.gif HTTP/1.0" 304 - "http://www.jl.xinhuanet.com/" "Mozilla/4.0 (compatible; MSIE 6.0; Windows NT 5.1; SV1; GTB6)"
61.164.61.68 - - [28/Jun/2009:00:08:15 +0800] "GET /2008/mb/images/images/gclt.jpg HTTP/1.0" 304 - "http://www.jl.xinhuanet.com/" "Mozilla/4.0 (compatible; MSIE 6.0; Windows NT 5.1; SV1; GTB6)"
61.164.61.68 - - [28/Jun/2009:00:08:15 +0800] "GET /pv.swf HTTP/1.0" 304 - "http://www.jl.xinhuanet.com/" "Mozilla/4.0 (compatible; MSIE 6.0; Windows NT 5.1; SV1; GTB6)"
61.164.61.68 - - [28/Jun/2009:00:08:15 +0800] "GET /2008/mb/images/images/ws1.jpg HTTP/1.0" 304 - "http://www.jl.xinhuanet.com/" "Mozilla/4.0 (compatible; MSIE 6.0; Windows NT 5.1; SV1; GTB6)"
61.164.61.68 - - [28/Jun/2009:00:08:15 +0800] "GET /2008/mb/images/images/09_bn_stop.jpg HTTP/1.0" 304 - "http://www.jl.xinhuanet.com/" "Mozilla/4.0 (compatible; MSIE 6.0; Windows NT 5.1; SV1; GTB6)"
61.164.61.68 - - [28/Jun/2009:00:08:15 +0800] "GET /2008/mb/images/images/09_bn_player.jpg HTTP/1.0" 304 - "http://www.jl.xinhuanet.com/" "Mozilla/4.0 (compatible; MSIE 6.0; Windows NT 5.1; SV1; GTB6)"
61.164.61.68 - - [28/Jun/2009:00:08:15 +0800] "GET /2008/mb/images/images/09_bn_pause.jpg HTTP/1.0" 304 - "http://www.jl.xinhuanet.com/" "Mozilla/4.0 (compatible; MSIE 6.0; Windows NT 5.1; SV1; GTB6)"
61.164.61.68 - - [28/Jun/2009:00:08:15 +0800] "GET /2008/mb/images/images/01_09.jpg HTTP/1.0" 304 - "http://www.jl.xinhuanet.com/" "Mozilla/4.0 (compatible; MSIE 6.0; Windows NT 5.1; SV1; GTB6)"
61.164.61.68 - - [28/Jun/2009:00:08:15 +0800] "GET /2008/mb/images/images/icon_02.gif HTTP/1.0" 304 - "http://www.jl.xinhuanet.com/" "Mozilla/4.0 (compatible; MSIE 6.0; Windows NT 5.1; SV1; GTB6)"
61.164.61.68 - - [28/Jun/2009:00:08:15 +0800] "GET /2008/mb/images/images/icon_09.gif HTTP/1.0" 304 - "http://www.jl.xinhuanet.com/" "Mozilla/4.0 (compatible; MSIE 6.0; Windows NT 5.1; SV1; GTB6)"
61.164.61.68 - - [28/Jun/2009:00:08:15 +0800] "GET /2008/mb/images/images/icon_03.gif HTTP/1.0" 304 - "http://www.jl.xinhuanet.com/" "Mozilla/4.0 (compatible; MSIE 6.0; Windows NT 5.1; SV1; GTB6)"
61.164.61.68 - - [28/Jun/2009:00:08:15 +0800] "GET /2008/mb/images/images/icon_01.gif HTTP/1.0" 304 - "http://www.jl.xinhuanet.com/" "Mozilla/4.0 (compatible; MSIE 6.0; Windows NT 5.1; SV1; GTB6)"
61.164.61.68 - - [28/Jun/2009:00:08:15 +0800] "GET /2008/mb/images/images/icon_04.gif HTTP/1.0" 304 - "http://www.jl.xinhuanet.com/" "Mozilla/4.0 (compatible; MSIE 6.0; Windows NT 5.1; SV1; GTB6)"
61.164.61.68 - - [28/Jun/2009:00:08:16 +0800] "GET /2008/mb/images/images/icon_06.gif HTTP/1.0" 304 - "http://www.jl.xinhuanet.com/" "Mozilla/4.0 (compatible; MSIE 6.0; Windows NT 5.1; SV1; GTB6)"
61.164.61.68 - - [28/Jun/2009:00:08:16 +0800] "GET /2008/mb/images/images/icon_05.gif HTTP/1.0" 304 - "http://www.jl.xinhuanet.com/" "Mozilla/4.0 (compatible; MSIE 6.0; Windows NT 5.1; SV1; GTB6)"
61.164.61.68 - - [28/Jun/2009:00:08:16 +0800] "GET /2008/mb/images/images/icon_07.gif HTTP/1.0" 304 - "http://www.jl.xinhuanet.com/" "Mozilla/4.0 (compatible; MSIE 6.0; Windows NT 5.1; SV1; GTB6)"
61.164.61.68 - - [28/Jun/2009:00:08:16 +0800] "GET /2008/mb/images/images/icon_10.gif HTTP/1.0" 304 - "http://www.jl.xinhuanet.com/" "Mozilla/4.0 (compatible; MSIE 6.0; Windows NT 5.1; SV1; GTB6)"
58.205.216.10 - - [28/Jun/2009:00:08:16 +0800] "GET / HTTP/1.1" 200 146325 "-" "-"
61.164.61.68 - - [28/Jun/2009:00:08:16 +0800] "GET /2008/mb/images/images/icon_08.gif HTTP/1.0" 304 - "http://www.jl.xinhuanet.com/" "Mozilla/4.0 (compatible; MSIE 6.0; Windows NT 5.1; SV1; GTB6)"
61.164.61.68 - - [28/Jun/2009:00:08:16 +0800] "GET /2008/mb/images/images/01_05.jpg HTTP/1.0" 304 - "http://www.jl.xinhuanet.com/" "Mozilla/4.0 (compatible; MSIE 6.0; Windows NT 5.1; SV1; GTB6)"
58.205.216.10 - - [28/Jun/2009:00:08:16 +0800] "GET / HTTP/1.1" 200 146325 "-" "-"
58.205.216.10 - - [28/Jun/2009:00:08:16 +0800] "GET / HTTP/1.1" 200 146325 "-" "-"
61.164.61.68 - - [28/Jun/2009:00:08:16 +0800] "GET /2008/mb/images/images/01_08a.jpg HTTP/1.0" 304 - "http://www.jl.xinhuanet.com/" "Mozilla/4.0 (compatible; MSIE 6.0; Windows NT 5.1; SV1; GTB6)"
58.205.216.10 - - [28/Jun/2009:00:08:16 +0800] "GET / HTTP/1.1" 200 146325 "-" "-"
61.164.61.68 - - [28/Jun/2009:00:08:16 +0800] "GET /2008/mb/images/images/02_01.jpg HTTP/1.0" 304 - "http://www.jl.xinhuanet.com/" "Mozilla/4.0 (compatible; MSIE 6.0; Windows NT 5.1; SV1; GTB6)"
61.164.61.68 - - [28/Jun/2009:00:08:16 +0800] "GET /2008/mb/images/images/ybfq.jpg HTTP/1.0" 304 - "http://www.jl.xinhuanet.com/" "Mozilla/4.0 (compatible; MSIE 6.0; Windows NT 5.1; SV1; GTB6)"
61.164.61.68 - - [28/Jun/2009:00:08:16 +0800] "GET /2008/mb/images/images/02_02.jpg HTTP/1.0" 304 - "http://www.jl.xinhuanet.com/" "Mozilla/4.0 (compatible; MSIE 6.0; Windows NT 5.1; SV1; GTB6)"
61.164.61.68 - - [28/Jun/2009:00:08:16 +0800] "GET /2008/mb/images/images/ybfq1.jpg HTTP/1.0" 304 - "http://www.jl.xinhuanet.com/" "Mozilla/4.0 (compatible; MSIE 6.0; Windows NT 5.1; SV1; GTB6)"
61.164.61.68 - - [28/Jun/2009:00:08:16 +0800] "GET /2008/mb/images/images/02_04.jpg HTTP/1.0" 304 - "http://www.jl.xinhuanet.com/" "Mozilla/4.0 (compatible; MSIE 6.0; Windows NT 5.1; SV1; GTB6)"
61.164.61.68 - - [28/Jun/2009:00:08:16 +0800] "GET /2008/mb/images/images/02_08.jpg HTTP/1.0" 304 - "http://www.jl.xinhuanet.com/" "Mozilla/4.0 (compatible; MSIE 6.0; Windows NT 5.1; SV1; GTB6)"
