123.235.40.242 - - [22/Nov/2009:00:02:45 +0800] "GET /newscenter/2009-11/09/xin_223110609150465658585.jpg HTTP/1.1" 304 - "http://www.cc126.net/" "Mozilla/4.0 (compatible; MSIE 6.0; Windows NT 5.1; SV1; .NET CLR 2.0.50727; TheWorld)"
117.23.204.247 - - [22/Nov/2009:00:02:48 +0800] "HEAD /newscenter/yaowen/index.htm HTTP/1.1" 304 - "http://www.jl.xinhuanet.com/newscenter/yaowen/index.htm" "Sosonewsspider+(+http://help.soso.com/soso-news-spider.htm)"
117.23.204.247 - - [22/Nov/2009:00:02:48 +0800] "GET /newscenter/yaowen/index.htm HTTP/1.1" 304 - "http://www.jl.xinhuanet.com/newscenter/yaowen/index.htm" "Sosonewsspider+(+http://help.soso.com/soso-news-spider.htm)"
123.235.40.242 - - [22/Nov/2009:00:02:50 +0800] "GET /newscenter/2006-05/26/content_7100493.htm HTTP/1.1" 304 - "http://image.baidu.com/i?tn=baiduimage&ct=201326592&lm=-1&cl=2&fm=ps&word=%D5%BE%BD%D6%C5%AE&rn=21&pn=32&ln=2000" "Mozilla/4.0 (compatible; MSIE 6.0; Windows NT 5.1; SV1)"
123.235.40.243 - - [22/Nov/2009:00:02:51 +0800] "GET /newscenter/2009-09/15/content_17696544.htm HTTP/1.1" 304 - "-" "Mozilla/5.0 (compatible; Yahoo! Slurp China; http://misc.yahoo.com.cn/help.html)"
123.235.40.242 - - [22/Nov/2009:00:02:52 +0800] "GET /newscenter/2006-05/26/xin_38050326112371823831.jpg HTTP/1.1" 304 - "http://www.jl.xinhuanet.com/newscenter/2006-05/26/content_7100493.htm" "Mozilla/4.0 (compatible; MSIE 6.0; Windows NT 5.1; SV1)"
123.235.40.242 - - [22/Nov/2009:00:02:52 +0800] "GET /newscenter/2006-05/26/xin_530503261123687245952.jpg HTTP/1.1" 304 - "http://www.jl.xinhuanet.com/newscenter/2006-05/26/content_7100493.htm" "Mozilla/4.0 (compatible; MSIE 6.0; Windows NT 5.1; SV1)"
123.235.40.242 - - [22/Nov/2009:00:02:52 +0800] "GET /AdPreview/ad_17_57298.xml HTTP/1.1" 404 293 "http://www.jl.xinhuanet.com/newscenter/2006-05/26/content_7100493.htm" "Mozilla/4.0 (compatible; MSIE 6.0; Windows NT 5.1; SV1)"
123.235.40.242 - - [22/Nov/2009:00:02:52 +0800] "GET /newscenter/2006-05/26/xin_54050326112314026573.jpg HTTP/1.1" 304 - "http://www.jl.xinhuanet.com/newscenter/2006-05/26/content_7100493.htm" "Mozilla/4.0 (compatible; MSIE 6.0; Windows NT 5.1; SV1)"
67.195.114.227 - - [22/Nov/2009:00:02:52 +0800] "GET /news/2003-07/01/content_661288.htm HTTP/1.0" 200 15183 "-" "Mozilla/5.0 (compatible; Yahoo! Slurp/3.0; http://help.yahoo.com/help/us/ysearch/slurp)"
117.23.204.247 - - [22/Nov/2009:00:02:53 +0800] "GET /newscenter/2009-09/06/content_17613591.htm HTTP/1.1" 304 - "-" "Sosospider+(+http://help.soso.com/webspider.htm)"
117.23.204.247 - - [22/Nov/2009:00:02:53 +0800] "GET /2007ztzb/aiwozhonghua/images/jh.mp3 HTTP/1.1" 304 - "-" "NSPlayer/11.0.5721.5145 WMFSDK/11.0"
202.160.178.193 - - [22/Nov/2009:00:02:54 +0800] "GET /newscenter/2009-01/23/content_15532855.htm HTTP/1.0" 200 17115 "-" "Mozilla/5.0 (compatible; Yahoo! Slurp China; http://misc.yahoo.com.cn/help.html)"
114.241.145.251 - - [22/Nov/2009:00:02:45 +0800] "GET /2006shangye/2009-02/02/xin_48302060209495782388815.jpg HTTP/1.1" 200 47642 "http://www.cc126.net/" "Mozilla/4.0 (compatible; MSIE 6.0; Windows NT 5.1; SV1; .NET CLR 2.0.50727; TheWorld)"
65.55.207.98 - - [22/Nov/2009:00:02:55 +0800] "GET /shengqing/2007-12/06/content_11861037.htm HTTP/1.1" 304 - "-" "msnbot/2.0b (+http://search.msn.com/msnbot.htm)"
124.115.0.140 - - [22/Nov/2009:00:02:56 +0800] "GET /shangye/mingpai/qywq/index.htm HTTP/1.1" 200 7115 "-" "Sosospider+(+http://help.soso.com/webspider.htm)"
123.235.40.243 - - [22/Nov/2009:00:02:56 +0800] "GET /newscenter/2009-11/16/xin_323110616142345315171.gif HTTP/1.1" 404 319 "-" "-"
117.23.204.247 - - [22/Nov/2009:00:02:57 +0800] "GET /newscenter/2008-08/13/content_14106396.htm HTTP/1.1" 304 - "-" "Sosospider+(+http://help.soso.com/webspider.htm)"
222.141.52.242 - - [22/Nov/2009:00:02:57 +0800] "GET /shangye/shuma/ HTTP/1.0" 304 - "-" "Baiduspider+(+http://www.baidu.com/search/spider.htm)"
65.55.207.94 - - [22/Nov/2009:00:02:57 +0800] "GET /xhsjzkjl/2003/2005-08/09/content_4838228.htm HTTP/1.1" 304 - "-" "msnbot/2.0b (+http://search.msn.com/msnbot.htm)"
121.194.1.104 - - [22/Nov/2009:00:02:58 +0800] "GET / HTTP/1.1" 200 145583 "-" "-"
121.194.1.104 - - [22/Nov/2009:00:02:58 +0800] "GET / HTTP/1.1" 200 145583 "-" "-"
121.194.1.104 - - [22/Nov/2009:00:02:58 +0800] "GET / HTTP/1.1" 200 145583 "-" "-"
121.194.1.104 - - [22/Nov/2009:00:02:58 +0800] "GET / HTTP/1.1" 200 145583 "-" "-"
222.141.52.126 - - [22/Nov/2009:00:03:00 +0800] "GET /xhsjzkjl/2003/2005-10/10/xin_28100210093851529384.jpg HTTP/1.1" 200 80863 "http://image.baidu.com/i?ct=503316480&z=0&tn=baiduimagedetail&word=%B3%A4%B4%BA%B3%AF%D1%F4%B9%AB%D4%B0&in=8997&cl=2&cm=1&sc=0&lm=-1&pn=1&rn=1&di=8992068384&ln=681&fr=&ic=0&s=0" "Mozilla/4.0 (compatible; MSIE 6.0; Windows NT 5.1; SV1)"
202.108.251.39 - - [22/Nov/2009:00:03:00 +0800] "GET / HTTP/1.1" 200 145583 "-" "-"
202.108.251.39 - - [22/Nov/2009:00:03:00 +0800] "GET / HTTP/1.1" 200 145583 "-" "-"
202.108.251.39 - - [22/Nov/2009:00:03:00 +0800] "GET / HTTP/1.1" 200 145583 "-" "-"
202.108.251.39 - - [22/Nov/2009:00:03:00 +0800] "GET / HTTP/1.1" 200 145583 "-" "-"
59.175.131.253 - - [22/Nov/2009:00:03:00 +0800] "GET / HTTP/1.1" 200 145583 "-" "-"
59.175.131.253 - - [22/Nov/2009:00:03:00 +0800] "GET / HTTP/1.1" 200 145583 "-" "-"
123.235.40.243 - - [22/Nov/2009:00:03:00 +0800] "GET / HTTP/1.1" 200 145583 "-" "-"
59.175.131.253 - - [22/Nov/2009:00:03:00 +0800] "GET / HTTP/1.1" 200 145583 "-" "-"
123.235.40.243 - - [22/Nov/2009:00:03:00 +0800] "GET / HTTP/1.1" 200 145583 "-" "-"
123.235.40.242 - - [22/Nov/2009:00:03:00 +0800] "GET / HTTP/1.1" 200 145583 "-" "-"
123.235.40.243 - - [22/Nov/2009:00:03:00 +0800] "GET / HTTP/1.1" 200 145583 "-" "-"
123.235.40.243 - - [22/Nov/2009:00:03:00 +0800] "GET / HTTP/1.1" 200 145583 "-" "-"
59.175.131.253 - - [22/Nov/2009:00:03:00 +0800] "GET / HTTP/1.1" 200 145583 "-" "-"
123.235.40.242 - - [22/Nov/2009:00:03:00 +0800] "GET / HTTP/1.1" 200 145583 "-" "-"
61.129.34.183 - - [22/Nov/2009:00:03:00 +0800] "GET / HTTP/1.1" 200 145583 "-" "-"
61.129.34.183 - - [22/Nov/2009:00:03:00 +0800] "GET / HTTP/1.1" 200 145583 "-" "-"
123.235.40.242 - - [22/Nov/2009:00:03:00 +0800] "GET / HTTP/1.1" 200 145583 "-" "-"
123.235.40.242 - - [22/Nov/2009:00:03:00 +0800] "GET / HTTP/1.1" 200 145583 "-" "-"
61.129.34.183 - - [22/Nov/2009:00:03:00 +0800] "GET / HTTP/1.1" 200 145583 "-" "-"
61.129.34.183 - - [22/Nov/2009:00:03:00 +0800] "GET / HTTP/1.1" 200 145583 "-" "-"
61.164.61.68 - - [22/Nov/2009:00:03:00 +0800] "GET / HTTP/1.1" 200 145583 "-" "-"
61.164.61.68 - - [22/Nov/2009:00:03:00 +0800] "GET / HTTP/1.1" 200 145583 "-" "-"
61.164.61.68 - - [22/Nov/2009:00:03:00 +0800] "GET / HTTP/1.1" 200 145583 "-" "-"
61.164.61.68 - - [22/Nov/2009:00:03:00 +0800] "GET / HTTP/1.1" 200 145583 "-" "-"
117.23.204.247 - - [22/Nov/2009:00:03:00 +0800] "GET / HTTP/1.1" 200 145583 "-" "-"
58.215.110.209 - - [22/Nov/2009:00:03:00 +0800] "GET / HTTP/1.1" 200 145583 "-" "-"
58.215.110.209 - - [22/Nov/2009:00:03:00 +0800] "GET / HTTP/1.1" 200 145583 "-" "-"
117.23.204.247 - - [22/Nov/2009:00:03:00 +0800] "GET / HTTP/1.1" 200 145583 "-" "-"
58.215.110.209 - - [22/Nov/2009:00:03:00 +0800] "GET / HTTP/1.1" 200 145583 "-" "-"
58.215.110.209 - - [22/Nov/2009:00:03:01 +0800] "GET / HTTP/1.1" 200 145583 "-" "-"
117.23.204.247 - - [22/Nov/2009:00:03:00 +0800] "GET / HTTP/1.1" 200 145583 "-" "-"
117.23.204.247 - - [22/Nov/2009:00:03:01 +0800] "GET / HTTP/1.1" 200 145583 "-" "-"
221.192.149.81 - - [22/Nov/2009:00:03:01 +0800] "GET / HTTP/1.1" 200 145583 "-" "-"
119.147.105.245 - - [22/Nov/2009:00:03:01 +0800] "GET / HTTP/1.1" 200 145583 "-" "-"
221.192.149.81 - - [22/Nov/2009:00:03:01 +0800] "GET / HTTP/1.1" 200 145583 "-" "-"
119.147.105.245 - - [22/Nov/2009:00:03:01 +0800] "GET / HTTP/1.1" 200 145583 "-" "-"
221.192.149.81 - - [22/Nov/2009:00:03:01 +0800] "GET / HTTP/1.1" 200 145583 "-" "-"
121.14.234.178 - - [22/Nov/2009:00:03:01 +0800] "GET / HTTP/1.1" 200 145583 "-" "-"
222.141.52.126 - - [22/Nov/2009:00:03:01 +0800] "GET / HTTP/1.1" 200 145583 "-" "-"
121.14.234.178 - - [22/Nov/2009:00:03:01 +0800] "GET / HTTP/1.1" 200 145583 "-" "-"
119.147.105.245 - - [22/Nov/2009:00:03:01 +0800] "GET / HTTP/1.1" 200 145583 "-" "-"
222.141.52.126 - - [22/Nov/2009:00:03:01 +0800] "GET / HTTP/1.1" 200 145583 "-" "-"
221.192.149.81 - - [22/Nov/2009:00:03:01 +0800] "GET / HTTP/1.1" 200 145583 "-" "-"
121.14.234.178 - - [22/Nov/2009:00:03:01 +0800] "GET / HTTP/1.1" 200 145583 "-" "-"
119.147.105.245 - - [22/Nov/2009:00:03:01 +0800] "GET / HTTP/1.1" 200 145583 "-" "-"
121.14.234.178 - - [22/Nov/2009:00:03:01 +0800] "GET / HTTP/1.1" 200 145583 "-" "-"
222.141.52.126 - - [22/Nov/2009:00:03:01 +0800] "GET / HTTP/1.1" 200 145583 "-" "-"
222.141.52.126 - - [22/Nov/2009:00:03:01 +0800] "GET / HTTP/1.1" 200 145583 "-" "-"
222.141.52.126 - - [22/Nov/2009:00:03:01 +0800] "GET /newscenter/2005-10/10/xin_25100210093801500871.jpg HTTP/1.1" 200 114293 "http://image.baidu.com/i?ct=503316480&z=0&tn=baiduimagedetail&word=%B3%A4%B4%BA%B3%AF%D1%F4%B9%AB%D4%B0&in=8997&cl=2&cm=1&sc=0&lm=-1&pn=1&rn=1&di=8992068384&ln=681&fr=&ic=0&s=0" "Mozilla/4.0 (compatible; MSIE 6.0; Windows NT 5.1; SV1)"
218.213.69.115 - - [22/Nov/2009:00:03:01 +0800] "GET / HTTP/1.1" 200 145583 "-" "-"
67.195.111.244 - - [22/Nov/2009:00:03:01 +0800] "GET /newscenter/2009-11/21/content_18293416.htm HTTP/1.0" 200 18429 "-" "Mozilla/5.0 (compatible; Yahoo! Slurp/3.0; http://help.yahoo.com/help/us/ysearch/slurp)"
123.235.40.243 - - [22/Nov/2009:00:03:02 +0800] "GET /newscenter/2009-11/16/xin_2731106161446484270832.gif HTTP/1.1" 404 320 "-" "-"
218.213.69.115 - - [22/Nov/2009:00:03:02 +0800] "GET / HTTP/1.1" 200 145583 "-" "-"
119.147.105.245 - - [22/Nov/2009:00:03:02 +0800] "GET /mod2006/images/title.gif HTTP/1.1" 304 - "-" "Mozilla/4.0 (compatible; MSIE 7.0; Windows NT 5.1; .NET CLR 2.0.50727; .NET CLR 3.0.04506.648; .NET CLR 3.5.21022; .NET CLR 1.1.4322)"
119.147.105.245 - - [22/Nov/2009:00:03:02 +0800] "GET /home/images/li_9.gif HTTP/1.1" 304 - "-" "Mozilla/4.0 (compatible; MSIE 7.0; Windows NT 5.1; .NET CLR 2.0.50727; .NET CLR 3.0.04506.648; .NET CLR 3.5.21022; .NET CLR 1.1.4322)"
119.147.105.245 - - [22/Nov/2009:00:03:02 +0800] "GET /home/images/print.gif HTTP/1.1" 304 - "-" "Mozilla/4.0 (compatible; MSIE 7.0; Windows NT 5.1; .NET CLR 2.0.50727; .NET CLR 3.0.04506.648; .NET CLR 3.5.21022; .NET CLR 1.1.4322)"
119.147.105.245 - - [22/Nov/2009:00:03:03 +0800] "GET /home/images/forum.gif HTTP/1.1" 304 - "-" "Mozilla/4.0 (compatible; MSIE 7.0; Windows NT 5.1; .NET CLR 2.0.50727; .NET CLR 3.0.04506.648; .NET CLR 3.5.21022; .NET CLR 1.1.4322)"
119.147.105.245 - - [22/Nov/2009:00:03:03 +0800] "GET /home/images/email.gif HTTP/1.1" 304 - "-" "Mozilla/4.0 (compatible; MSIE 7.0; Windows NT 5.1; .NET CLR 2.0.50727; .NET CLR 3.0.04506.648; .NET CLR 3.5.21022; .NET CLR 1.1.4322)"
119.147.105.245 - - [22/Nov/2009:00:03:03 +0800] "GET /home/images/close_c.gif HTTP/1.1" 304 - "-" "Mozilla/4.0 (compatible; MSIE 7.0; Windows NT 5.1; .NET CLR 2.0.50727; .NET CLR 3.0.04506.648; .NET CLR 3.5.21022; .NET CLR 1.1.4322)"
121.14.234.178 - - [22/Nov/2009:00:03:02 +0800] "GET /newscenter/2006-06/15/content_7266011.htm HTTP/1.1" 200 17470 "http://www.baidu.com/s?wd=%D2%BD%C9%FA%B9%A4%D7%CA%C3%F7%CF%B8%B1%ED&word=%D2%BD%C9%FA%B9%A4%D7%CA%C3%F7%CF%B8%B1%ED&tn=sitehao123&oq=1&rsp=1&f=3" "Mozilla/4.0 (compatible; MSIE 6.0; Windows NT 5.1; SV1; GTB6; .NET CLR 1.1.4322)"
218.213.69.115 - - [22/Nov/2009:00:03:01 +0800] "GET / HTTP/1.1" 200 145583 "-" "-"
121.14.234.178 - - [22/Nov/2009:00:03:03 +0800] "GET /home/images/style.css HTTP/1.1" 304 - "http://www.jl.xinhuanet.com/newscenter/2006-06/15/content_7266011.htm" "Mozilla/4.0 (compatible; MSIE 6.0; Windows NT 5.1; SV1; GTB6; .NET CLR 1.1.4322)"
218.213.69.115 - - [22/Nov/2009:00:03:03 +0800] "GET / HTTP/1.1" 200 145583 "-" "-"
121.14.234.178 - - [22/Nov/2009:00:03:03 +0800] "GET /AdPreview/adv_display.js HTTP/1.1" 304 - "http://www.jl.xinhuanet.com/newscenter/2006-06/15/content_7266011.htm" "Mozilla/4.0 (compatible; MSIE 6.0; Windows NT 5.1; SV1; GTB6; .NET CLR 1.1.4322)"
121.14.234.178 - - [22/Nov/2009:00:03:03 +0800] "GET /AdPreview/ad_17_74589.xml HTTP/1.1" 404 293 "http://www.jl.xinhuanet.com/newscenter/2006-06/15/content_7266011.htm" "Mozilla/4.0 (compatible; MSIE 6.0; Windows NT 5.1; SV1; GTB6; .NET CLR 1.1.4322)"
121.14.234.178 - - [22/Nov/2009:00:03:03 +0800] "GET /home/top.htm HTTP/1.1" 304 - "http://www.jl.xinhuanet.com/newscenter/2006-06/15/content_7266011.htm" "Mozilla/4.0 (compatible; MSIE 6.0; Windows NT 5.1; SV1; GTB6; .NET CLR 1.1.4322)"
121.14.234.178 - - [22/Nov/2009:00:03:04 +0800] "GET /mod2006/images/css.css HTTP/1.1" 304 - "http://www.jl.xinhuanet.com/home/top.htm" "Mozilla/4.0 (compatible; MSIE 6.0; Windows NT 5.1; SV1; GTB6; .NET CLR 1.1.4322)"
123.235.40.243 - - [22/Nov/2009:00:03:04 +0800] "GET /shangye/2007-03/26/content_9612632.htm HTTP/1.1" 304 - "-" "Mozilla/5.0 (compatible; Yahoo! Slurp China; http://misc.yahoo.com.cn/help.html)"
222.141.52.126 - - [22/Nov/2009:00:03:05 +0800] "GET /xhsjzkjl/2003/2005-10/10/xin_25100210093892151052.jpg HTTP/1.1" 200 80200 "http://image.baidu.com/i?ct=503316480&z=0&tn=baiduimagedetail&word=%B3%A4%B4%BA%B3%AF%D1%F4%B9%AB%D4%B0&in=8997&cl=2&cm=1&sc=0&lm=-1&pn=1&rn=1&di=8992068384&ln=681&fr=&ic=0&s=0" "Mozilla/4.0 (compatible; MSIE 6.0; Windows NT 5.1; SV1)"
117.23.204.247 - - [22/Nov/2009:00:03:06 +0800] "GET /1.htm HTTP/1.1" 304 - "http://www.jl.xinhuanet.com/1.htm" "Mozilla/4.0 (compatible; MSIE 6.0; Windows NT 5.1)"
203.208.60.164 - - [22/Nov/2009:00:03:06 +0800] "GET /2008/2009alb/pic/xhwb/lr.jpg HTTP/1.1" 200 10517 "-" "Googlebot-Image/1.0"
121.14.234.178 - - [22/Nov/2009:00:03:06 +0800] "GET /newscenter/link-news/index.htm HTTP/1.1" 304 - "http://www.jl.xinhuanet.com/newscenter/2006-06/15/content_7266011.htm" "Mozilla/4.0 (compatible; MSIE 6.0; Windows NT 5.1; SV1; GTB6; .NET CLR 1.1.4322)"
121.14.234.178 - - [22/Nov/2009:00:03:06 +0800] "GET /home/bottom.htm HTTP/1.1" 304 - "http://www.jl.xinhuanet.com/newscenter/2006-06/15/content_7266011.htm" "Mozilla/4.0 (compatible; MSIE 6.0; Windows NT 5.1; SV1; GTB6; .NET CLR 1.1.4322)"
123.235.40.243 - - [22/Nov/2009:00:03:07 +0800] "GET /shangye/zhuanti/10th/hs.htm HTTP/1.1" 200 103460 "-" "Baiduspider+(+http://www.baidu.com/search/spider.htm)"
202.108.251.39 - - [22/Nov/2009:00:03:07 +0800] "GET /newscenter/2006-11/26/content_8616861.htm HTTP/1.1" 304 - "-" "Mozilla/5.0 (compatible; Yahoo! Slurp China; http://misc.yahoo.com.cn/help.html)"
222.141.52.126 - - [22/Nov/2009:00:03:07 +0800] "GET /xhsjzkjl/2003/2005-10/10/xin_271002100938453270563.jpg HTTP/1.1" 200 86830 "http://image.baidu.com/i?ct=503316480&z=0&tn=baiduimagedetail&word=%B3%A4%B4%BA%B3%AF%D1%F4%B9%AB%D4%B0&in=8997&cl=2&cm=1&sc=0&lm=-1&pn=1&rn=1&di=8992068384&ln=681&fr=&ic=0&s=0" "Mozilla/4.0 (compatible; MSIE 6.0; Windows NT 5.1; SV1)"
121.14.234.178 - - [22/Nov/2009:00:03:07 +0800] "GET /newscenter/wzsx/index.htm HTTP/1.1" 304 - "-" "Mozilla/4.0 (compatible; MSIE 6.0; Windows NT 5.2; TencentTraveler ; .NET CLR 1.1.4322; .NET CLR 2.0.50215)"
123.235.40.242 - - [22/Nov/2009:00:03:10 +0800] "GET / HTTP/1.1" 304 - "-" "Mozilla/5.0 (compatible; YodaoBot-News/1.0; http://www.youdao.com/help/webmaster/spider/; )"
222.141.52.126 - - [22/Nov/2009:00:03:11 +0800] "GET / HTTP/1.1" 304 - "-" "Mozilla/5.0 (compatible; YodaoBot-News/1.0; http://www.youdao.com/help/webmaster/spider/; )"
121.14.234.178 - - [22/Nov/2009:00:03:11 +0800] "GET /newscenter/fzsh/index.htm HTTP/1.1" 304 - "-" "Mozilla/4.0 (compatible; MSIE 6.0; Windows NT 5.2; TencentTraveler ; .NET CLR 1.1.4322; .NET CLR 2.0.50215)"
123.235.40.242 - - [22/Nov/2009:00:03:12 +0800] "GET /newscenter/2009-11/18/content_18265348.htm HTTP/1.1" 304 - "http://www.baidu.com/s?tn=max2_cb&bs=%BD%BB%CD%A8%D2%F8%D0%D0%B9%C9%B7%DD%D3%D0%CF%DE%B9%AB%CB%BE%B3%A4%B4%BA%B7%D6%D0%D0&f=8&wd=%BC%AA%C1%D6%CA%A1%BD%BB%CD%A8%D2%F8%D0%D0" "Mozilla/4.0 (compatible; MSIE 7.0; Windows NT 5.1; Trident/4.0; MAXTHON 2.0)"
123.235.40.242 - - [22/Nov/2009:00:03:12 +0800] "GET /newscenter/2009-11/18/xin_3031106181421687311373.jpg HTTP/1.1" 304 - "http://www.jl.xinhuanet.com/newscenter/2009-11/18/content_18265348.htm" "Mozilla/4.0 (compatible; MSIE 7.0; Windows NT 5.1; Trident/4.0; MAXTHON 2.0)"
123.235.40.242 - - [22/Nov/2009:00:03:12 +0800] "GET /newscenter/2009-11/18/xin_303110618142123400242.jpg HTTP/1.1" 304 - "http://www.jl.xinhuanet.com/newscenter/2009-11/18/content_18265348.htm" "Mozilla/4.0 (compatible; MSIE 7.0; Windows NT 5.1; Trident/4.0; MAXTHON 2.0)"
123.235.40.242 - - [22/Nov/2009:00:03:12 +0800] "GET /newscenter/2009-11/18/xin_293110618142185928431.jpg HTTP/1.1" 304 - "http://www.jl.xinhuanet.com/newscenter/2009-11/18/content_18265348.htm" "Mozilla/4.0 (compatible; MSIE 7.0; Windows NT 5.1; Trident/4.0; MAXTHON 2.0)"
61.129.34.183 - - [22/Nov/2009:00:03:13 +0800] "GET /newscenter/2007-07/17/xin_02070417090982800872.jpg HTTP/1.1" 200 111359 "http://image.baidu.com/i?ct=503316480&z=0&tn=baiduimagedetail&word=%BD%E2%B7%C5j6&in=31827&cl=2&cm=1&sc=0&lm=-1&pn=10&rn=1&di=6408611408&ln=1721&fr=&ic=0&s=0" "Mozilla/4.0 (compatible; MSIE 6.0; Windows NT 5.1; SV1)"
123.235.40.242 - - [22/Nov/2009:00:03:15 +0800] "GET /mod2006/top.htm HTTP/1.1" 304 - "http://www.jl.xinhuanet.com/newscenter/2009-11/18/content_18265348.htm" "Mozilla/4.0 (compatible; MSIE 7.0; Windows NT 5.1; Trident/4.0; MAXTHON 2.0)"
121.14.234.178 - - [22/Nov/2009:00:03:15 +0800] "GET /jlzw/index.htm HTTP/1.1" 304 - "-" "Mozilla/4.0 (compatible; MSIE 6.0; Windows NT 5.2; TencentTraveler ; .NET CLR 1.1.4322; .NET CLR 2.0.50215)"
221.192.149.81 - - [22/Nov/2009:00:03:16 +0800] "GET /newscenter/2008-12/12/content_15166748.htm HTTP/1.1" 200 18836 "http://www.baidu.com/s?wd=%B3%A4%B4%BA+%B0%AE%D0%C4%B3%B5%B6%D3" "Mozilla/4.0 (compatible; MSIE 8.0; Windows NT 5.1; Trident/4.0; .NET CLR 2.0.50727; .NET CLR 1.1.4322; .NET CLR 3.0.4506.2152; .NET CLR 3.5.30729; InfoPath.2)"
123.235.40.243 - - [22/Nov/2009:00:03:17 +0800] "GET /shengqing/errenzhuan/ HTTP/1.1" 304 - "http://www.baidu.com/s?tn=91858_1_pg&bs=baidu&f=8&wd=%B6%FE%C8%CB%D7%AA" "Mozilla/4.0 (compatible; MSIE 6.0; Windows NT 5.1; SV1)"
203.208.60.164 - - [22/Nov/2009:00:03:17 +0800] "GET /news/kejiao/kejiao.htm HTTP/1.1" 304 - "-" "Mozilla/5.0 (compatible; Googlebot/2.1; +http://www.google.com/bot.html)"
67.195.114.244 - - [22/Nov/2009:00:03:17 +0800] "GET /leaders/wangmin/index.htm HTTP/1.0" 200 17927 "-" "Mozilla/5.0 (compatible; Yahoo! Slurp/3.0; http://help.yahoo.com/help/us/ysearch/slurp)"
67.195.114.244 - - [22/Nov/2009:00:03:18 +0800] "GET /leaders/images/css.css HTTP/1.0" 200 1318 "http://www.jl.xinhuanet.com/leaders/wangmin/index.htm" "Mozilla/5.0 (compatible; Yahoo! Slurp/3.0; http://help.yahoo.com/help/us/ysearch/slurp)"
117.23.204.247 - - [22/Nov/2009:00:03:20 +0800] "GET /news/2004-01/13/content_1494865.htm HTTP/1.1" 200 14572 "-" "Sosospider+(+http://help.soso.com/webspider.htm)"
203.208.60.219 - - [22/Nov/2009:00:03:21 +0800] "GET /xhsjzkjl/index.htm HTTP/1.1" 304 - "-" "Mozilla/5.0 (compatible; Googlebot/2.1; +http://www.google.com/bot.html)"
67.195.114.244 - - [22/Nov/2009:00:03:21 +0800] "GET /news/2003-06/05/content_573123.htm HTTP/1.0" 200 14431 "-" "Mozilla/5.0 (compatible; Yahoo! Slurp/3.0; http://help.yahoo.com/help/us/ysearch/slurp)"
123.235.40.243 - - [22/Nov/2009:00:03:23 +0800] "GET /images_new/images_2006/09_bk_05.jpg HTTP/1.1" 404 303 "http://www.jl.xinhuanet.com/" "Mozilla/4.0 (compatible; MSIE 6.0; Windows NT 5.1; SV1; TencentTraveler 4.0; GTB6; QQDownload 1.7; User-agent: Mozilla/4.0 (compatible; MSIE 6.0; Windows NT 5.1; SV1; http://bsalsa.com) )"
123.235.40.243 - - [22/Nov/2009:00:03:24 +0800] "GET /newscenter/photo_news.htm HTTP/1.1" 304 - "http://www.jl.xinhuanet.com/" "Mozilla/4.0 (compatible; MSIE 6.0; Windows NT 5.1; SV1; TencentTraveler 4.0; GTB6; QQDownload 1.7; User-agent: Mozilla/4.0 (compatible; MSIE 6.0; Windows NT 5.1; SV1; http://bsalsa.com) )"
117.23.204.247 - - [22/Nov/2009:00:03:24 +0800] "GET /news/2004-10/15/content_3039020.htm HTTP/1.1" 304 - "-" "Sosospider+(+http://help.soso.com/webspider.htm)"
117.23.204.247 - - [22/Nov/2009:00:03:25 +0800] "HEAD /shangye/yiyao/index.htm HTTP/1.1" 304 - "http://www.jl.xinhuanet.com/shangye/yiyao/index.htm" "Sosonewsspider+(+http://help.soso.com/soso-news-spider.htm)"
117.23.204.247 - - [22/Nov/2009:00:03:25 +0800] "GET /shangye/yiyao/index.htm HTTP/1.1" 304 - "http://www.jl.xinhuanet.com/shangye/yiyao/index.htm" "Sosonewsspider+(+http://help.soso.com/soso-news-spider.htm)"
65.55.106.204 - - [22/Nov/2009:00:03:26 +0800] "GET /jlzw/2006-12/26/content_8890355.htm HTTP/1.1" 304 - "-" "msnbot/2.0b (+http://search.msn.com/msnbot.htm)"
67.195.111.244 - - [22/Nov/2009:00:03:26 +0800] "GET /shangye/2009-06/01/content_16679294.htm HTTP/1.0" 200 8154 "-" "Mozilla/5.0 (compatible; Yahoo! Slurp/3.0; http://help.yahoo.com/help/us/ysearch/slurp)"
121.14.234.178 - - [22/Nov/2009:00:03:28 +0800] "GET /jujiao/more.htm HTTP/1.1" 304 - "-" "Mozilla/4.0 (compatible; MSIE 6.0; Windows NT 5.2; TencentTraveler ; .NET CLR 1.1.4322; .NET CLR 2.0.50215)"
119.147.105.245 - - [22/Nov/2009:00:03:28 +0800] "GET /jujiao/jj001.css HTTP/1.1" 304 - "-" "Mozilla/4.0 (compatible; MSIE 7.0; Windows NT 5.1; .NET CLR 2.0.50727; .NET CLR 3.0.04506.648; .NET CLR 3.5.21022; .NET CLR 1.1.4322)"
221.192.149.81 - - [22/Nov/2009:00:03:29 +0800] "GET /1.htm HTTP/1.1" 304 - "http://mw.0437.gov.cn/bar.asp?id=1104&url=http://mw.0437.gov.cn/show/1104.html" "Mozilla/4.0 (compatible; MSIE 6.0; Windows NT 5.1; SV1)"
202.108.251.39 - - [22/Nov/2009:00:03:30 +0800] "GET / HTTP/1.1" 304 - "-" "MSIE 6.0"
74.6.22.124 - - [22/Nov/2009:00:03:33 +0800] "GET /newscenter/2009-11/21/content_18293412.htm HTTP/1.0" 200 17871 "-" "Mozilla/5.0 (compatible; Yahoo! Slurp/3.0; http://help.yahoo.com/help/us/ysearch/slurp)"
123.180.146.109 - - [22/Nov/2009:00:03:34 +0800] "GET /yingshi/2008-12/18/xin_17312051809178431583310.jpg HTTP/1.1" 200 115894 "http://pic.sogou.com/d?query=%CA%E6%E4%BF%BB%C6%C9%AB%D3%B0%C6%AC%B5%E7%D3%B0&mood=0&mode=1&di=2&p=40230500&dp=1&w=05002600&dr=1&page=8&did=141" "Mozilla/4.0 (compatible; MSIE 7.0; Windows NT 6.0; Trident/4.0; SLCC1; .NET CLR 2.0.50727; .NET CLR 3.5.30729; .NET CLR 3.0.30729)"
123.235.40.243 - - [22/Nov/2009:00:03:36 +0800] "GET /fangchan/2009-11/09/content_18178309.htm HTTP/1.1" 304 - "-" "Mozilla/5.0 (compatible; Yahoo! Slurp China; http://misc.yahoo.com.cn/help.html)"
121.14.234.178 - - [22/Nov/2009:00:03:36 +0800] "GET /tese/index.htm HTTP/1.1" 304 - "-" "Mozilla/4.0 (compatible; MSIE 6.0; Windows NT 5.2; TencentTraveler ; .NET CLR 1.1.4322; .NET CLR 2.0.50215)"
117.23.204.247 - - [22/Nov/2009:00:03:36 +0800] "HEAD /newscenter/kjww/index.htm HTTP/1.1" 304 - "http://www.jl.xinhuanet.com/newscenter/kjww/index.htm" "Sosonewsspider+(+http://help.soso.com/soso-news-spider.htm)"
117.23.204.247 - - [22/Nov/2009:00:03:36 +0800] "GET /newscenter/kjww/index.htm HTTP/1.1" 304 - "http://www.jl.xinhuanet.com/newscenter/kjww/index.htm" "Sosonewsspider+(+http://help.soso.com/soso-news-spider.htm)"
67.195.114.244 - - [22/Nov/2009:00:03:40 +0800] "GET /newscenter/2007-06/20/content_10346149_1.htm HTTP/1.0" 200 17023 "-" "Mozilla/5.0 (compatible; Yahoo! Slurp/3.0; http://help.yahoo.com/help/us/ysearch/slurp)"
117.23.204.247 - - [22/Nov/2009:00:03:41 +0800] "GET /xhsjl/news/meiti/2002/09/20020904-04.htm HTTP/1.1" 200 20146 "-" "Sosospider+(+http://help.soso.com/webspider.htm)"
121.14.234.178 - - [22/Nov/2009:00:03:44 +0800] "GET /newscenter/jiceng/index.htm HTTP/1.1" 304 - "-" "Mozilla/4.0 (compatible; MSIE 6.0; Windows NT 5.2; TencentTraveler ; .NET CLR 1.1.4322; .NET CLR 2.0.50215)"
123.235.40.243 - - [22/Nov/2009:00:03:45 +0800] "GET /main/news/2001/people/11/20011109-02.htm HTTP/1.1" 304 - "-" "Mozilla/5.0 (compatible; Yahoo! Slurp China; http://misc.yahoo.com.cn/help.html)"
121.14.234.178 - - [22/Nov/2009:00:03:49 +0800] "GET /fangchan/index.htm HTTP/1.1" 304 - "-" "Mozilla/4.0 (compatible; MSIE 6.0; Windows NT 5.2; TencentTraveler ; .NET CLR 1.1.4322; .NET CLR 2.0.50215)"
61.164.61.68 - - [22/Nov/2009:00:03:49 +0800] "GET /shangye/2006-03/03/xin_1003030311278123059922.jpg HTTP/1.1" 200 42614 "http://image.baidu.com/i?ct=503316480&z=0&tn=baiduimagedetail&word=%C1%D6%CE%F5%C0%D9%B9%F9%B8%BB%B3%C7%C9%BE%C6%AC%B6%CE&in=15553&cl=2&cm=1&sc=0&lm=-1&pn=129&rn=1&di=9809162512&ln=2000&fr=&ic=0&s=0" "Mozilla/4.0 (compatible; MSIE 7.0; Windows NT 5.1; Mozilla/4.0(Compatible Mozilla/4.0EmbeddedWB- 14.59 from: http://bsalsa.com/ )"
221.192.149.81 - - [22/Nov/2009:00:03:49 +0800] "GET /shangye/2005-11/17/xin_3911021711260462191610.gif HTTP/1.1" 304 - "http://image.baidu.com/i?ct=503316480&z=0&tn=baiduimagedetail&word=%B3%C2%BD%A8%B1%F3&in=23345&cl=2&cm=1&sc=0&lm=-1&pn=141&rn=1&di=2383319248&ln=2000&fr=&ic=0&s=0" "Mozilla/4.0 (compatible; MSIE 6.0; Windows NT 5.1; QQDownload 1.7)"
203.208.60.243 - - [22/Nov/2009:00:03:50 +0800] "GET /newscenter/rdwp/index.htm HTTP/1.1" 304 - "-" "Mozilla/5.0 (compatible; Googlebot/2.1; +http://www.google.com/bot.html)"
119.147.105.245 - - [22/Nov/2009:00:03:50 +0800] "GET /fangchan/images/images/title_banner.swf HTTP/1.1" 304 - "about:blank" "Mozilla/4.0 (compatible; MSIE 7.0; Windows NT 5.1; .NET CLR 2.0.50727; .NET CLR 3.0.04506.648; .NET CLR 3.5.21022; .NET CLR 1.1.4322)"
119.147.105.245 - - [22/Nov/2009:00:03:50 +0800] "GET /fangchan/images/images/navigation_bg.gif HTTP/1.1" 304 - "-" "Mozilla/4.0 (compatible; MSIE 7.0; Windows NT 5.1; .NET CLR 2.0.50727; .NET CLR 3.0.04506.648; .NET CLR 3.5.21022; .NET CLR 1.1.4322)"
119.147.105.245 - - [22/Nov/2009:00:03:50 +0800] "GET /fangchan/images/images/navigation_sign.gif HTTP/1.1" 304 - "-" "Mozilla/4.0 (compatible; MSIE 7.0; Windows NT 5.1; .NET CLR 2.0.50727; .NET CLR 3.0.04506.648; .NET CLR 3.5.21022; .NET CLR 1.1.4322)"
119.147.105.245 - - [22/Nov/2009:00:03:50 +0800] "GET /fangchan/images/images/news_pic.swf HTTP/1.1" 304 - "about:blank" "Mozilla/4.0 (compatible; MSIE 7.0; Windows NT 5.1; .NET CLR 2.0.50727; .NET CLR 3.0.04506.648; .NET CLR 3.5.21022; .NET CLR 1.1.4322)"
119.147.105.245 - - [22/Nov/2009:00:03:50 +0800] "GET /fangchan/images/images/news_bg.gif HTTP/1.1" 304 - "-" "Mozilla/4.0 (compatible; MSIE 7.0; Windows NT 5.1; .NET CLR 2.0.50727; .NET CLR 3.0.04506.648; .NET CLR 3.5.21022; .NET CLR 1.1.4322)"
119.147.105.245 - - [22/Nov/2009:00:03:50 +0800] "GET /fangchan/images/images/news_sign.gif HTTP/1.1" 304 - "-" "Mozilla/4.0 (compatible; MSIE 7.0; Windows NT 5.1; .NET CLR 2.0.50727; .NET CLR 3.0.04506.648; .NET CLR 3.5.21022; .NET CLR 1.1.4322)"
119.147.105.245 - - [22/Nov/2009:00:03:50 +0800] "GET /fangchan/images/images/house_focus_bg.gif HTTP/1.1" 304 - "-" "Mozilla/4.0 (compatible; MSIE 7.0; Windows NT 5.1; .NET CLR 2.0.50727; .NET CLR 3.0.04506.648; .NET CLR 3.5.21022; .NET CLR 1.1.4322)"
119.147.105.245 - - [22/Nov/2009:00:03:50 +0800] "GET /fangchan/images/images/house_focus_sign.gif HTTP/1.1" 304 - "-" "Mozilla/4.0 (compatible; MSIE 7.0; Windows NT 5.1; .NET CLR 2.0.50727; .NET CLR 3.0.04506.648; .NET CLR 3.5.21022; .NET CLR 1.1.4322)"
119.147.105.245 - - [22/Nov/2009:00:03:51 +0800] "GET /fangchan/images/images/house_focus_title.gif HTTP/1.1" 304 - "-" "Mozilla/4.0 (compatible; MSIE 7.0; Windows NT 5.1; .NET CLR 2.0.50727; .NET CLR 3.0.04506.648; .NET CLR 3.5.21022; .NET CLR 1.1.4322)"
119.147.105.245 - - [22/Nov/2009:00:03:51 +0800] "GET /fangchan/images/images/house_show.gif HTTP/1.1" 304 - "-" "Mozilla/4.0 (compatible; MSIE 7.0; Windows NT 5.1; .NET CLR 2.0.50727; .NET CLR 3.0.04506.648; .NET CLR 3.5.21022; .NET CLR 1.1.4322)"
119.147.105.245 - - [22/Nov/2009:00:03:51 +0800] "GET /fangchan/images/images/fz_information_title.gif HTTP/1.1" 304 - "-" "Mozilla/4.0 (compatible; MSIE 7.0; Windows NT 5.1; .NET CLR 2.0.50727; .NET CLR 3.0.04506.648; .NET CLR 3.5.21022; .NET CLR 1.1.4322)"
119.147.105.245 - - [22/Nov/2009:00:03:51 +0800] "GET /fangchan/images/images/gfzy_sign1.gif HTTP/1.1" 304 - "-" "Mozilla/4.0 (compatible; MSIE 7.0; Windows NT 5.1; .NET CLR 2.0.50727; .NET CLR 3.0.04506.648; .NET CLR 3.5.21022; .NET CLR 1.1.4322)"
119.147.105.245 - - [22/Nov/2009:00:03:51 +0800] "GET /fangchan/images/images/001.jpg HTTP/1.1" 304 - "-" "Mozilla/4.0 (compatible; MSIE 7.0; Windows NT 5.1; .NET CLR 2.0.50727; .NET CLR 3.0.04506.648; .NET CLR 3.5.21022; .NET CLR 1.1.4322)"
119.147.105.245 - - [22/Nov/2009:00:03:51 +0800] "GET /fangchan/images/images/003.jpg HTTP/1.1" 304 - "-" "Mozilla/4.0 (compatible; MSIE 7.0; Windows NT 5.1; .NET CLR 2.0.50727; .NET CLR 3.0.04506.648; .NET CLR 3.5.21022; .NET CLR 1.1.4322)"
119.147.105.245 - - [22/Nov/2009:00:03:52 +0800] "GET /fangchan/images/images/004.jpg HTTP/1.1" 304 - "-" "Mozilla/4.0 (compatible; MSIE 7.0; Windows NT 5.1; .NET CLR 2.0.50727; .NET CLR 3.0.04506.648; .NET CLR 3.5.21022; .NET CLR 1.1.4322)"
119.147.105.245 - - [22/Nov/2009:00:03:52 +0800] "GET /fangchan/images/images/002.jpg HTTP/1.1" 304 - "-" "Mozilla/4.0 (compatible; MSIE 7.0; Windows NT 5.1; .NET CLR 2.0.50727; .NET CLR 3.0.04506.648; .NET CLR 3.5.21022; .NET CLR 1.1.4322)"
119.147.105.245 - - [22/Nov/2009:00:03:53 +0800] "GET /fangchan/images/images/006.JPG HTTP/1.1" 304 - "-" "Mozilla/4.0 (compatible; MSIE 7.0; Windows NT 5.1; .NET CLR 2.0.50727; .NET CLR 3.0.04506.648; .NET CLR 3.5.21022; .NET CLR 1.1.4322)"
117.23.204.247 - - [22/Nov/2009:00:03:53 +0800] "GET /yingshi/2009-02/11/content_15663566.htm HTTP/1.1" 304 - "-" "Sosospider+(+http://help.soso.com/webspider.htm)"
119.147.105.245 - - [22/Nov/2009:00:03:53 +0800] "GET /fangchan/inc/style.css HTTP/1.1" 304 - "-" "Mozilla/4.0 (compatible; MSIE 7.0; Windows NT 5.1; .NET CLR 2.0.50727; .NET CLR 3.0.04506.648; .NET CLR 3.5.21022; .NET CLR 1.1.4322)"
119.147.105.245 - - [22/Nov/2009:00:03:53 +0800] "GET /fangchan/images/images/015.jpg HTTP/1.1" 304 - "-" "Mozilla/4.0 (compatible; MSIE 7.0; Windows NT 5.1; .NET CLR 2.0.50727; .NET CLR 3.0.04506.648; .NET CLR 3.5.21022; .NET CLR 1.1.4322)"
119.147.105.245 - - [22/Nov/2009:00:03:53 +0800] "GET /fangchan/images/images/house_property.gif HTTP/1.1" 304 - "-" "Mozilla/4.0 (compatible; MSIE 7.0; Windows NT 5.1; .NET CLR 2.0.50727; .NET CLR 3.0.04506.648; .NET CLR 3.5.21022; .NET CLR 1.1.4322)"
119.147.105.245 - - [22/Nov/2009:00:03:53 +0800] "GET /fangchan/images/images/logo.gif HTTP/1.1" 304 - "-" "Mozilla/4.0 (compatible; MSIE 7.0; Windows NT 5.1; .NET CLR 2.0.50727; .NET CLR 3.0.04506.648; .NET CLR 3.5.21022; .NET CLR 1.1.4322)"
119.147.105.245 - - [22/Nov/2009:00:03:53 +0800] "GET /fangchan/images/images/008.JPG HTTP/1.1" 304 - "-" "Mozilla/4.0 (compatible; MSIE 7.0; Windows NT 5.1; .NET CLR 2.0.50727; .NET CLR 3.0.04506.648; .NET CLR 3.5.21022; .NET CLR 1.1.4322)"
119.147.105.245 - - [22/Nov/2009:00:03:53 +0800] "GET /fangchan/images/images/010.jpg HTTP/1.1" 304 - "-" "Mozilla/4.0 (compatible; MSIE 7.0; Windows NT 5.1; .NET CLR 2.0.50727; .NET CLR 3.0.04506.648; .NET CLR 3.5.21022; .NET CLR 1.1.4322)"
119.147.105.245 - - [22/Nov/2009:00:03:53 +0800] "GET /fangchan/images/images/011.JPG HTTP/1.1" 304 - "-" "Mozilla/4.0 (compatible; MSIE 7.0; Windows NT 5.1; .NET CLR 2.0.50727; .NET CLR 3.0.04506.648; .NET CLR 3.5.21022; .NET CLR 1.1.4322)"
119.147.105.245 - - [22/Nov/2009:00:03:53 +0800] "GET /fangchan/images/images/012.JPG HTTP/1.1" 304 - "-" "Mozilla/4.0 (compatible; MSIE 7.0; Windows NT 5.1; .NET CLR 2.0.50727; .NET CLR 3.0.04506.648; .NET CLR 3.5.21022; .NET CLR 1.1.4322)"
119.147.105.245 - - [22/Nov/2009:00:03:54 +0800] "GET /fangchan/images/images/gfzy_sign.gif HTTP/1.1" 304 - "-" "Mozilla/4.0 (compatible; MSIE 7.0; Windows NT 5.1; .NET CLR 2.0.50727; .NET CLR 3.0.04506.648; .NET CLR 3.5.21022; .NET CLR 1.1.4322)"
119.147.105.245 - - [22/Nov/2009:00:03:54 +0800] "GET /fangchan/images/images/banner_bg.gif HTTP/1.1" 304 - "-" "Mozilla/4.0 (compatible; MSIE 7.0; Windows NT 5.1; .NET CLR 2.0.50727; .NET CLR 3.0.04506.648; .NET CLR 3.5.21022; .NET CLR 1.1.4322)"
119.147.105.245 - - [22/Nov/2009:00:03:54 +0800] "GET /fangchan/images/images/017.JPG HTTP/1.1" 304 - "-" "Mozilla/4.0 (compatible; MSIE 7.0; Windows NT 5.1; .NET CLR 2.0.50727; .NET CLR 3.0.04506.648; .NET CLR 3.5.21022; .NET CLR 1.1.4322)"
119.147.105.245 - - [22/Nov/2009:00:03:54 +0800] "GET /fangchan/images/images/specialties_bg.gif HTTP/1.1" 304 - "-" "Mozilla/4.0 (compatible; MSIE 7.0; Windows NT 5.1; .NET CLR 2.0.50727; .NET CLR 3.0.04506.648; .NET CLR 3.5.21022; .NET CLR 1.1.4322)"
119.147.105.245 - - [22/Nov/2009:00:03:54 +0800] "GET /fangchan/images/images/specialties_care.gif HTTP/1.1" 304 - "-" "Mozilla/4.0 (compatible; MSIE 7.0; Windows NT 5.1; .NET CLR 2.0.50727; .NET CLR 3.0.04506.648; .NET CLR 3.5.21022; .NET CLR 1.1.4322)"
119.147.105.245 - - [22/Nov/2009:00:03:54 +0800] "GET /fangchan/images/images/links_02.gif HTTP/1.1" 304 - "-" "Mozilla/4.0 (compatible; MSIE 7.0; Windows NT 5.1; .NET CLR 2.0.50727; .NET CLR 3.0.04506.648; .NET CLR 3.5.21022; .NET CLR 1.1.4322)"
119.147.105.245 - - [22/Nov/2009:00:03:55 +0800] "GET /fangchan/images/images/commend_pic.gif HTTP/1.1" 304 - "-" "Mozilla/4.0 (compatible; MSIE 7.0; Windows NT 5.1; .NET CLR 2.0.50727; .NET CLR 3.0.04506.648; .NET CLR 3.5.21022; .NET CLR 1.1.4322)"
119.147.105.245 - - [22/Nov/2009:00:03:55 +0800] "GET /fangchan/images/images/commend_line.gif HTTP/1.1" 304 - "-" "Mozilla/4.0 (compatible; MSIE 7.0; Windows NT 5.1; .NET CLR 2.0.50727; .NET CLR 3.0.04506.648; .NET CLR 3.5.21022; .NET CLR 1.1.4322)"
119.147.105.245 - - [22/Nov/2009:00:03:55 +0800] "GET /fangchan/images/images/commend_bg.gif HTTP/1.1" 304 - "-" "Mozilla/4.0 (compatible; MSIE 7.0; Windows NT 5.1; .NET CLR 2.0.50727; .NET CLR 3.0.04506.648; .NET CLR 3.5.21022; .NET CLR 1.1.4322)"
119.147.105.245 - - [22/Nov/2009:00:03:55 +0800] "GET /fangchan/images/images/refinement_pic.gif HTTP/1.1" 304 - "-" "Mozilla/4.0 (compatible; MSIE 7.0; Windows NT 5.1; .NET CLR 2.0.50727; .NET CLR 3.0.04506.648; .NET CLR 3.5.21022; .NET CLR 1.1.4322)"
119.147.105.245 - - [22/Nov/2009:00:03:55 +0800] "GET /fangchan/images/images/refinement_sign01.gif HTTP/1.1" 304 - "-" "Mozilla/4.0 (compatible; MSIE 7.0; Windows NT 5.1; .NET CLR 2.0.50727; .NET CLR 3.0.04506.648; .NET CLR 3.5.21022; .NET CLR 1.1.4322)"
65.55.207.72 - - [22/Nov/2009:00:03:55 +0800] "GET /jlzw/2007-04/06/content_9718522.htm HTTP/1.1" 304 - "-" "msnbot/2.0b (+http://search.msn.com/msnbot.htm)"
123.235.40.243 - - [22/Nov/2009:00:03:55 +0800] "GET /jlzw/2007-02/01/ HTTP/1.1" 403 288 "-" "Mozilla/5.0 (compatible; Yahoo! Slurp China; http://misc.yahoo.com.cn/help.html)"
121.14.234.178 - - [22/Nov/2009:00:03:56 +0800] "GET /leaders/index.htm HTTP/1.1" 304 - "-" "Mozilla/4.0 (compatible; MSIE 6.0; Windows NT 5.2; TencentTraveler ; .NET CLR 1.1.4322; .NET CLR 2.0.50215)"
119.147.105.245 - - [22/Nov/2009:00:03:57 +0800] "GET /fangchan/images/images/016.JPG HTTP/1.1" 304 - "-" "Mozilla/4.0 (compatible; MSIE 7.0; Windows NT 5.1; .NET CLR 2.0.50727; .NET CLR 3.0.04506.648; .NET CLR 3.5.21022; .NET CLR 1.1.4322)"
119.147.105.245 - - [22/Nov/2009:00:03:57 +0800] "GET /fangchan/images/images/014.JPG HTTP/1.1" 304 - "-" "Mozilla/4.0 (compatible; MSIE 7.0; Windows NT 5.1; .NET CLR 2.0.50727; .NET CLR 3.0.04506.648; .NET CLR 3.5.21022; .NET CLR 1.1.4322)"
119.147.105.245 - - [22/Nov/2009:00:03:57 +0800] "GET /fangchan/images/images/links_03.gif HTTP/1.1" 304 - "-" "Mozilla/4.0 (compatible; MSIE 7.0; Windows NT 5.1; .NET CLR 2.0.50727; .NET CLR 3.0.04506.648; .NET CLR 3.5.21022; .NET CLR 1.1.4322)"
119.147.105.245 - - [22/Nov/2009:00:03:58 +0800] "GET /fangchan/images/images/commend_lp_title.gif HTTP/1.1" 304 - "-" "Mozilla/4.0 (compatible; MSIE 7.0; Windows NT 5.1; .NET CLR 2.0.50727; .NET CLR 3.0.04506.648; .NET CLR 3.5.21022; .NET CLR 1.1.4322)"
121.194.1.104 - - [22/Nov/2009:00:03:58 +0800] "GET / HTTP/1.1" 200 145583 "-" "-"
121.194.1.104 - - [22/Nov/2009:00:03:58 +0800] "GET / HTTP/1.1" 200 145583 "-" "-"
121.194.1.104 - - [22/Nov/2009:00:03:58 +0800] "GET / HTTP/1.1" 200 145583 "-" "-"
119.147.105.245 - - [22/Nov/2009:00:03:58 +0800] "GET /fangchan/images/images/refinement_title.gif HTTP/1.1" 304 - "-" "Mozilla/4.0 (compatible; MSIE 7.0; Windows NT 5.1; .NET CLR 2.0.50727; .NET CLR 3.0.04506.648; .NET CLR 3.5.21022; .NET CLR 1.1.4322)"
121.194.1.104 - - [22/Nov/2009:00:03:58 +0800] "GET / HTTP/1.1" 200 145583 "-" "-"
202.108.251.39 - - [22/Nov/2009:00:04:00 +0800] "GET / HTTP/1.1" 200 145583 "-" "-"
123.235.40.242 - - [22/Nov/2009:00:04:00 +0800] "GET / HTTP/1.1" 200 145583 "-" "-"
202.108.251.39 - - [22/Nov/2009:00:04:00 +0800] "GET / HTTP/1.1" 200 145583 "-" "-"
123.235.40.242 - - [22/Nov/2009:00:04:00 +0800] "GET / HTTP/1.1" 200 145583 "-" "-"
202.108.251.39 - - [22/Nov/2009:00:04:00 +0800] "GET / HTTP/1.1" 200 145583 "-" "-"
202.108.251.39 - - [22/Nov/2009:00:04:00 +0800] "GET / HTTP/1.1" 200 145583 "-" "-"
123.235.40.242 - - [22/Nov/2009:00:04:00 +0800] "GET / HTTP/1.1" 200 145583 "-" "-"
123.235.40.242 - - [22/Nov/2009:00:04:00 +0800] "GET / HTTP/1.1" 200 145583 "-" "-"
221.192.149.81 - - [22/Nov/2009:00:04:00 +0800] "GET / HTTP/1.1" 200 145583 "-" "-"
221.192.149.81 - - [22/Nov/2009:00:04:00 +0800] "GET / HTTP/1.1" 200 145583 "-" "-"
221.192.149.81 - - [22/Nov/2009:00:04:00 +0800] "GET / HTTP/1.1" 200 145583 "-" "-"
221.192.149.81 - - [22/Nov/2009:00:04:00 +0800] "GET / HTTP/1.1" 200 145583 "-" "-"
61.129.34.183 - - [22/Nov/2009:00:04:00 +0800] "GET / HTTP/1.1" 200 145583 "-" "-"
61.129.34.183 - - [22/Nov/2009:00:04:00 +0800] "GET / HTTP/1.1" 200 145583 "-" "-"
61.129.34.183 - - [22/Nov/2009:00:04:00 +0800] "GET / HTTP/1.1" 200 145583 "-" "-"
61.129.34.183 - - [22/Nov/2009:00:04:00 +0800] "GET / HTTP/1.1" 200 145583 "-" "-"
123.235.40.243 - - [22/Nov/2009:00:04:00 +0800] "GET / HTTP/1.1" 200 145583 "-" "-"
61.164.61.68 - - [22/Nov/2009:00:04:00 +0800] "GET / HTTP/1.1" 200 145583 "-" "-"
61.164.61.68 - - [22/Nov/2009:00:04:00 +0800] "GET / HTTP/1.1" 200 145583 "-" "-"
123.235.40.243 - - [22/Nov/2009:00:04:00 +0800] "GET / HTTP/1.1" 200 145583 "-" "-"
123.235.40.243 - - [22/Nov/2009:00:04:00 +0800] "GET / HTTP/1.1" 200 145583 "-" "-"
123.235.40.243 - - [22/Nov/2009:00:04:00 +0800] "GET / HTTP/1.1" 200 145583 "-" "-"
61.164.61.68 - - [22/Nov/2009:00:04:00 +0800] "GET / HTTP/1.1" 200 145583 "-" "-"
61.164.61.68 - - [22/Nov/2009:00:04:00 +0800] "GET / HTTP/1.1" 200 145583 "-" "-"
117.23.204.247 - - [22/Nov/2009:00:04:00 +0800] "GET / HTTP/1.1" 200 145583 "-" "-"
59.175.131.253 - - [22/Nov/2009:00:04:01 +0800] "GET / HTTP/1.1" 200 145583 "-" "-"
117.23.204.247 - - [22/Nov/2009:00:04:01 +0800] "GET / HTTP/1.1" 200 145583 "-" "-"
59.175.131.253 - - [22/Nov/2009:00:04:01 +0800] "GET / HTTP/1.1" 200 145583 "-" "-"
117.23.204.247 - - [22/Nov/2009:00:04:01 +0800] "GET / HTTP/1.1" 200 145583 "-" "-"
59.175.131.253 - - [22/Nov/2009:00:04:01 +0800] "GET / HTTP/1.1" 200 145583 "-" "-"
59.175.131.253 - - [22/Nov/2009:00:04:01 +0800] "GET / HTTP/1.1" 200 145583 "-" "-"
117.23.204.247 - - [22/Nov/2009:00:04:01 +0800] "GET / HTTP/1.1" 200 145583 "-" "-"
58.215.110.209 - - [22/Nov/2009:00:04:01 +0800] "GET / HTTP/1.1" 200 145583 "-" "-"
58.215.110.209 - - [22/Nov/2009:00:04:01 +0800] "GET / HTTP/1.1" 200 145583 "-" "-"
58.215.110.209 - - [22/Nov/2009:00:04:01 +0800] "GET / HTTP/1.1" 200 145583 "-" "-"
58.215.110.209 - - [22/Nov/2009:00:04:01 +0800] "GET / HTTP/1.1" 200 145583 "-" "-"
222.141.52.126 - - [22/Nov/2009:00:04:01 +0800] "GET / HTTP/1.1" 200 145583 "-" "-"
222.141.52.126 - - [22/Nov/2009:00:04:01 +0800] "GET / HTTP/1.1" 200 145583 "-" "-"
222.141.52.126 - - [22/Nov/2009:00:04:01 +0800] "GET / HTTP/1.1" 200 145583 "-" "-"
222.141.52.126 - - [22/Nov/2009:00:04:01 +0800] "GET / HTTP/1.1" 200 145583 "-" "-"
67.195.111.244 - - [22/Nov/2009:00:03:59 +0800] "GET / HTTP/1.0" 200 145583 "-" "Mozilla/5.0 (compatible; Yahoo! Slurp/3.0; http://help.yahoo.com/help/us/ysearch/slurp)"
121.14.234.178 - - [22/Nov/2009:00:04:01 +0800] "GET / HTTP/1.1" 200 145583 "-" "-"
119.147.105.245 - - [22/Nov/2009:00:04:01 +0800] "GET /newscenter/2009-11/18/content_18265324.htm HTTP/1.1" 304 - "-" "Mozilla/5.0 (Windows; U; Windows NT 5.1; zh-CN; rv:1.8.1.14) Gecko/20080404 (FoxPlus) Firefox/2.0.0.14"
121.14.234.178 - - [22/Nov/2009:00:04:01 +0800] "GET / HTTP/1.1" 200 145583 "-" "-"
121.14.234.178 - - [22/Nov/2009:00:04:02 +0800] "GET /2006shangye/dssh.htm HTTP/1.1" 304 - "-" "Mozilla/4.0 (compatible; MSIE 6.0; Windows NT 5.2; TencentTraveler ; .NET CLR 1.1.4322; .NET CLR 2.0.50215)"
218.213.69.115 - - [22/Nov/2009:00:04:01 +0800] "GET / HTTP/1.1" 200 145583 "-" "-"
218.213.69.115 - - [22/Nov/2009:00:04:01 +0800] "GET / HTTP/1.1" 200 145583 "-" "-"
218.213.69.115 - - [22/Nov/2009:00:04:02 +0800] "GET / HTTP/1.1" 200 145583 "-" "-"
119.147.105.245 - - [22/Nov/2009:00:04:02 +0800] "GET / HTTP/1.1" 200 145583 "-" "-"
218.213.69.115 - - [22/Nov/2009:00:04:02 +0800] "GET / HTTP/1.1" 200 145583 "-" "-"
119.147.105.245 - - [22/Nov/2009:00:04:02 +0800] "GET / HTTP/1.1" 200 145583 "-" "-"
67.195.111.244 - - [22/Nov/2009:00:04:02 +0800] "GET /newscenter/photo_news.htm HTTP/1.0" 200 9068 "http://www.jl.xinhuanet.com/" "Mozilla/5.0 (compatible; Yahoo! Slurp/3.0; http://help.yahoo.com/help/us/ysearch/slurp)"
119.147.105.245 - - [22/Nov/2009:00:04:02 +0800] "GET / HTTP/1.1" 200 145583 "-" "-"
117.23.204.247 - - [22/Nov/2009:00:04:05 +0800] "GET /main/news/2001/topic/12/20011221-01.htm HTTP/1.1" 200 22192 "-" "Sosospider+(+http://help.soso.com/webspider.htm)"
202.108.251.39 - - [22/Nov/2009:00:04:05 +0800] "GET / HTTP/1.1" 304 - "-" "MSIE 6.0"
121.14.234.178 - - [22/Nov/2009:00:04:08 +0800] "GET /yingshi/index.htm HTTP/1.1" 304 - "-" "Mozilla/4.0 (compatible; MSIE 6.0; Windows NT 5.2; TencentTraveler ; .NET CLR 1.1.4322; .NET CLR 2.0.50215)"
124.115.0.142 - - [22/Nov/2009:00:04:09 +0800] "GET /xhsjzkjl/2003/2003-07/14/content_704869.htm HTTP/1.1" 200 11012 "-" "Sosospider+(+http://help.soso.com/webspider.htm)"
119.147.105.245 - - [22/Nov/2009:00:04:10 +0800] "GET /ysyl/pic/jlb1.css HTTP/1.1" 304 - "-" "Mozilla/4.0 (compatible; MSIE 7.0; Windows NT 5.1; .NET CLR 2.0.50727; .NET CLR 3.0.04506.648; .NET CLR 3.5.21022; .NET CLR 1.1.4322)"
202.108.251.39 - - [22/Nov/2009:00:04:10 +0800] "GET /yingshi/2008-06/02/content_13425856.htm HTTP/1.1" 200 21824 "-" "Mozilla/5.0 (compatible; Yahoo! Slurp China; http://misc.yahoo.com.cn/help.html)"
221.192.149.81 - - [22/Nov/2009:00:04:12 +0800] "GET /shangye/2009-09/17/xin_2530906171003171083812.jpg HTTP/1.1" 404 317 "-" "-"
121.14.234.178 - - [22/Nov/2009:00:04:12 +0800] "GET /2007ztzb/aiwozhonghua/images/jh.mp3 HTTP/1.1" 304 - "www.jl.xinhuanet.com" "Mozilla/4.0 (compatible; MSIE 6.0; Windows NT 5.0)"
121.14.234.178 - - [22/Nov/2009:00:04:16 +0800] "GET /shangye/lxqg/index.htm HTTP/1.1" 304 - "-" "Mozilla/4.0 (compatible; MSIE 6.0; Windows NT 5.2; TencentTraveler ; .NET CLR 1.1.4322; .NET CLR 2.0.50215)"
202.108.251.39 - - [22/Nov/2009:00:04:17 +0800] "GET /cbs/2005-12/09/content_5777981.htm HTTP/1.1" 200 16874 "-" "Mozilla/5.0 (compatible; Yahoo! Slurp China; http://misc.yahoo.com.cn/help.html)"
202.108.251.39 - - [22/Nov/2009:00:04:19 +0800] "GET /news/2003-06/02/content_560094.htm HTTP/1.1" 304 - "-" "Mozilla/5.0 (compatible; Yahoo! Slurp China; http://misc.yahoo.com.cn/help.html)"
121.14.234.178 - - [22/Nov/2009:00:04:20 +0800] "GET /2006shangye/shzx.htm HTTP/1.1" 304 - "-" "Mozilla/4.0 (compatible; MSIE 6.0; Windows NT 5.2; TencentTraveler ; .NET CLR 1.1.4322; .NET CLR 2.0.50215)"
121.14.234.178 - - [22/Nov/2009:00:04:20 +0800] "GET / HTTP/1.1" 304 - "http://www.xinhuanet.com/" "Mozilla/4.0 (compatible; MSIE 7.0; Windows NT 5.1; GTB6)"
124.115.0.142 - - [22/Nov/2009:00:04:20 +0800] "GET /AdPreview/adv_display.js HTTP/1.1" 200 3984 "http://www.jilin.xinhua.org/xhsjzkjl/2003/2003-07/14/content_704869.htm" "Sosospider+(+http://help.soso.com/webspider.htm)"
117.23.204.247 - - [22/Nov/2009:00:04:20 +0800] "GET /fangchan/2004-04/27/content_2047950.htm HTTP/1.1" 200 11404 "-" "Sosospider+(+http://help.soso.com/webspider.htm)"
121.14.234.178 - - [22/Nov/2009:00:04:20 +0800] "GET /images_new/images_2006/09_bk_05.jpg HTTP/1.1" 404 303 "http://www.jl.xinhuanet.com/" "Mozilla/4.0 (compatible; MSIE 7.0; Windows NT 5.1; GTB6)"
74.6.22.124 - - [22/Nov/2009:00:04:21 +0800] "GET /index.htm HTTP/1.0" 304 - "-" "Mozilla/5.0 (compatible; Yahoo! Slurp/3.0; http://help.yahoo.com/help/us/ysearch/slurp)"
67.195.114.227 - - [22/Nov/2009:00:04:22 +0800] "GET /xhsjzkjl/2003/2003-07/20/content_726684.htm HTTP/1.0" 200 6920 "-" "Mozilla/5.0 (compatible; Yahoo! Slurp/3.0; http://help.yahoo.com/help/us/ysearch/slurp)"
123.235.40.243 - - [22/Nov/2009:00:04:22 +0800] "GET / HTTP/1.1" 304 - "-" "Mozilla/4.0 (compatible; MSIE 7.0; Windows NT 5.1; QQDownload 551; TencentTraveler 4.0; .NET CLR 2.0.50727)"
203.208.60.164 - - [22/Nov/2009:00:04:23 +0800] "GET /2008/2009alb/pic/xhwb/wq.jpg HTTP/1.1" 200 9814 "-" "Googlebot-Image/1.0"
121.14.234.178 - - [22/Nov/2009:00:04:23 +0800] "GET /news/2004-12/20/content_3423058.htm HTTP/1.1" 304 - "-" "Mozilla/5.0 (Windows; U; Windows NT 5.1; zh-CN; rv:1.8.1.14) Gecko/20080404 (FoxPlus) Firefox/2.0.0.14"
65.55.115.140 - - [22/Nov/2009:00:04:21 +0800] "GET / HTTP/1.1" 200 145583 "-" "msnbot-NewsBlogs/1.1 (+http://search.msn.com/msnbot.htm)"
74.6.22.124 - - [22/Nov/2009:00:04:24 +0800] "GET /newscenter/photo_news.htm HTTP/1.0" 304 - "http://www.jl.xinhuanet.com/index.htm" "Mozilla/5.0 (compatible; Yahoo! Slurp/3.0; http://help.yahoo.com/help/us/ysearch/slurp)"
67.195.111.244 - - [22/Nov/2009:00:04:23 +0800] "GET /xhsjzkjl/2003/2007-10/15/content_11405327.htm HTTP/1.0" 200 13599 "-" "Mozilla/5.0 (compatible; Yahoo! Slurp/3.0; http://help.yahoo.com/help/us/ysearch/slurp)"
117.23.204.247 - - [22/Nov/2009:00:04:24 +0800] "GET /news/2004-05/26/content_2195420.htm HTTP/1.1" 304 - "-" "Sosospider+(+http://help.soso.com/webspider.htm)"
123.235.40.243 - - [22/Nov/2009:00:04:25 +0800] "GET /xhsjl/news/zongheng/2002/09/20020919-05.htm HTTP/1.1" 200 20858 "-" "Mozilla/5.0 (compatible; Yahoo! Slurp China; http://misc.yahoo.com.cn/help.html)"
65.55.107.182 - - [22/Nov/2009:00:04:25 +0800] "GET /jujiao/2007-08/10/content_10825411.htm HTTP/1.1" 304 - "-" "msnbot/2.0b (+http://search.msn.com/msnbot.htm)"
121.14.234.178 - - [22/Nov/2009:00:04:25 +0800] "GET /newscenter/yljd/index.htm HTTP/1.1" 304 - "-" "Mozilla/4.0 (compatible; MSIE 6.0; Windows NT 5.2; TencentTraveler ; .NET CLR 1.1.4322; .NET CLR 2.0.50215)"
69.191.211.202 - - [22/Nov/2009:00:04:27 +0800] "GET / HTTP/1.1" 200 145583 "-" "BLP_bbot/0.1"
203.208.60.181 - - [22/Nov/2009:00:04:29 +0800] "GET /newscenter/tupian/index.htm HTTP/1.1" 304 - "-" "Mozilla/5.0 (compatible; Googlebot/2.1; +http://www.google.com/bot.html)"
202.108.251.39 - - [22/Nov/2009:00:04:35 +0800] "GET /xhsjl/news/kejiao/2002/09/20020903-05.htm HTTP/1.1" 304 - "-" "Mozilla/5.0 (compatible; Yahoo! Slurp China; http://misc.yahoo.com.cn/help.html)"
67.218.116.164 - - [22/Nov/2009:00:04:35 +0800] "GET /newscenter/2009-11/17/content_18248076.htm HTTP/1.0" 200 17283 "-" "Mozilla/5.0 (Twiceler-0.9 http://www.cuil.com/twiceler/robot.html)"
124.115.0.171 - - [22/Nov/2009:00:04:37 +0800] "GET /main/2001005/kaifaqu/xqy.htm HTTP/1.1" 200 48614 "-" "Sosospider+(+http://help.soso.com/webspider.htm)"
123.235.40.243 - - [22/Nov/2009:00:04:38 +0800] "GET /news/2004-12/13/content_3377479.htm HTTP/1.1" 200 14496 "-" "Mozilla/5.0 (compatible; Yahoo! Slurp China; http://misc.yahoo.com.cn/help.html)"
203.208.60.83 - - [22/Nov/2009:00:04:39 +0800] "GET /2008/dyrmyy/index.htm HTTP/1.1" 200 108907 "-" "Mozilla/5.0 (compatible; Googlebot/2.1; +http://www.google.com/bot.html)"
117.23.204.247 - - [22/Nov/2009:00:04:40 +0800] "GET /fangchan/2004-04/20/content_3972936.htm HTTP/1.1" 304 - "-" "Sosospider+(+http://help.soso.com/webspider.htm)"
202.108.251.39 - - [22/Nov/2009:00:04:40 +0800] "GET /2006shangye/dbh/wggk.htm HTTP/1.1" 200 23262 "-" "Mozilla/5.0 (compatible; Yahoo! Slurp China; http://misc.yahoo.com.cn/help.html)"
117.23.204.247 - - [22/Nov/2009:00:04:41 +0800] "GET /shangye/2009-11/05/content_18143242.htm HTTP/1.1" 304 - "-" "Sosospider+(+http://help.soso.com/webspider.htm)"
123.235.40.243 - - [22/Nov/2009:00:04:42 +0800] "GET /htd/2005-03/23/content_3926238.htm HTTP/1.1" 200 23782 "-" "Mozilla/5.0 (compatible; Yahoo! Slurp China; http://misc.yahoo.com.cn/help.html)"
117.23.204.247 - - [22/Nov/2009:00:04:42 +0800] "GET /fangchan/2004-04/20/content_2005244.htm HTTP/1.1" 304 - "-" "Sosospider+(+http://help.soso.com/webspider.htm)"
61.164.61.68 - - [22/Nov/2009:00:04:43 +0800] "GET /xhsjzkjl/2003/2005-06/21/content_4482917.htm HTTP/1.1" 304 - "-" "Mozilla/4.0 (compatible; MSIE 6.0; Windows NT 5.2; SV1; .NET CLR 1.1.4322)"
203.208.60.215 - - [22/Nov/2009:00:04:44 +0800] "GET /newscenter/fzsh/index.htm HTTP/1.1" 304 - "-" "Mozilla/5.0 (compatible; Googlebot/2.1; +http://www.google.com/bot.html)"
123.235.40.243 - - [22/Nov/2009:00:04:45 +0800] "GET /shangye/2006-04/24/content_6822149.htm HTTP/1.1" 200 5195 "-" "Mozilla/5.0 (compatible; Yahoo! Slurp China; http://misc.yahoo.com.cn/help.html)"
121.14.234.178 - - [22/Nov/2009:00:04:45 +0800] "GET /xcbb/auto/xin_35fad145bdd64a19bd073c84c20b40a8_162.jpg HTTP/1.1" 304 - "http://pic.gougou.com/pic_detail?search=%c4%a3%cc%d8&mode=1&mood=0&height=0&width=0&dim=0&page=3&id=10000000" "Mozilla/4.0 (compatible; MSIE 6.0; Windows NT 5.1; SV1; .NET CLR 2.0.50727; .NET CLR 1.1.4322)"
123.235.40.243 - - [22/Nov/2009:00:04:46 +0800] "GET /newscenter/jiceng/index.htm HTTP/1.1" 304 - "-" "Mozilla/4.0 (compatible; MSIE 5.5; Windows NT)"
202.160.189.250 - - [22/Nov/2009:00:04:48 +0800] "GET /newscenter/2009-08/10/content_17347586.htm HTTP/1.0" 200 17476 "-" "Mozilla/5.0 (compatible; Yahoo! Slurp China; http://misc.yahoo.com.cn/help.html)"
124.115.0.171 - - [22/Nov/2009:00:04:48 +0800] "GET /main/2001005/kaifaqu/jjjj.files/text.css HTTP/1.1" 404 323 "http://www.jl.xinhuanet.cnc.chinacache.net/main/2001005/kaifaqu/xqy.htm" "Sosospider+(+http://help.soso.com/webspider.htm)"
58.49.135.25 - - [22/Nov/2009:00:04:48 +0800] "GET /shangye/shulan/gb.htm HTTP/1.1" 404 286 "-" "Mozilla/3.0 (compatible; Indy Library)"
