203.208.60.101 - - [28/Jun/2009:00:06:02 +0800] "GET /newscenter/2009-04/19/content_16294510.htm HTTP/1.1" 200 18755 "-" "Mozilla/5.0 (compatible; Googlebot/2.1; +http://www.google.com/bot.html)"
123.235.40.242 - - [28/Jun/2009:00:06:02 +0800] "GET /mod2006/top.htm HTTP/1.0" 304 - "http://www.jl.xinhuanet.com/2006shangye/2009-04/20/content_16297310.htm" "Mozilla/4.0 (compatible; MSIE 7.0; Windows NT 5.1; QQDownload 1.7; GTB6; InfoPath.2; .NET CLR 2.0.50727)"
123.235.40.242 - - [28/Jun/2009:00:06:02 +0800] "GET /2008/mb/images/images/04_14.jpg HTTP/1.0" 304 - "http://www.jl.xinhuanet.com/" "Mozilla/4.0 (compatible; MSIE 7.0; Windows NT 5.1; Trident/4.0; QQDownload 538; .NET CLR 2.0.50727; MAXTHON 2.0)"
123.235.40.242 - - [28/Jun/2009:00:06:02 +0800] "GET /2008/mb/images/images/qc1.jpg HTTP/1.0" 304 - "http://www.jl.xinhuanet.com/" "Mozilla/4.0 (compatible; MSIE 7.0; Windows NT 5.1; Trident/4.0; QQDownload 538; .NET CLR 2.0.50727; MAXTHON 2.0)"
123.235.40.243 - - [28/Jun/2009:00:06:02 +0800] "GET /xhsjzkjl/2003/2005-08/18/content_4913218.htm HTTP/1.0" 304 - "-" "Mozilla/5.0 (compatible; Yahoo! Slurp China; http://misc.yahoo.com.cn/help.html)"
123.235.40.242 - - [28/Jun/2009:00:06:02 +0800] "GET /2008/mb/images/images/04_09.jpg HTTP/1.0" 304 - "http://www.jl.xinhuanet.com/" "Mozilla/4.0 (compatible; MSIE 7.0; Windows NT 5.1; Trident/4.0; QQDownload 538; .NET CLR 2.0.50727; MAXTHON 2.0)"
123.235.40.243 - - [28/Jun/2009:00:06:02 +0800] "GET /tese/2006-08/01/content_7667955_5.htm HTTP/1.0" 304 - "http://www.jl.xinhuanet.com/tese/2006-08/01/content_7667955_4.htm" "Mozilla/4.0 (compatible; MSIE 6.0; Windows NT 5.1; SV1; Mozilla/4.0 (compatible; MSIE 6.0; Windows NT 5.1; SV1) )"
123.235.40.242 - - [28/Jun/2009:00:06:02 +0800] "GET /2008/mb/images/images/04_11.jpg HTTP/1.0" 304 - "http://www.jl.xinhuanet.com/" "Mozilla/4.0 (compatible; MSIE 7.0; Windows NT 5.1; Trident/4.0; QQDownload 538; .NET CLR 2.0.50727; MAXTHON 2.0)"
123.235.40.243 - - [28/Jun/2009:00:06:03 +0800] "GET /tese/2006-08/01/xin_310803011634734394716.JPG HTTP/1.0" 200 134038 "http://www.jl.xinhuanet.com/tese/2006-08/01/content_7667955_5.htm" "Mozilla/4.0 (compatible; MSIE 6.0; Windows NT 5.1; SV1; Mozilla/4.0 (compatible; MSIE 6.0; Windows NT 5.1; SV1) )"
123.235.40.243 - - [28/Jun/2009:00:06:03 +0800] "GET /tese/2006-08/01/xin_320803011634546202817.JPG HTTP/1.0" 200 104652 "http://www.jl.xinhuanet.com/tese/2006-08/01/content_7667955_5.htm" "Mozilla/4.0 (compatible; MSIE 6.0; Windows NT 5.1; SV1; Mozilla/4.0 (compatible; MSIE 6.0; Windows NT 5.1; SV1) )"
202.108.251.39 - - [28/Jun/2009:00:06:03 +0800] "GET /shangye/jian/images/ly012.gif HTTP/1.0" 304 - "http://image.youdao.com/imagesa?q=youdao&ue=utf8&thumbpos=7#pos=12&stid=509e418f9b33f9f3" "Mozilla/5.0 (compatible;YodaoBot-Image/1.0;http://www.youdao.com/help/webmaster/spider/;)"
123.235.40.243 - - [28/Jun/2009:00:06:03 +0800] "GET /tese/2006-08/01/xin_3308030116343902194818.JPG HTTP/1.0" 200 190711 "http://www.jl.xinhuanet.com/tese/2006-08/01/content_7667955_5.htm" "Mozilla/4.0 (compatible; MSIE 6.0; Windows NT 5.1; SV1; Mozilla/4.0 (compatible; MSIE 6.0; Windows NT 5.1; SV1) )"
123.235.40.242 - - [28/Jun/2009:00:06:03 +0800] "GET /2008/mb/images/images/yl1.jpg HTTP/1.0" 304 - "http://www.jl.xinhuanet.com/" "Mozilla/4.0 (compatible; MSIE 7.0; Windows NT 5.1; Trident/4.0; QQDownload 538; .NET CLR 2.0.50727; MAXTHON 2.0)"
123.235.40.242 - - [28/Jun/2009:00:06:03 +0800] "GET /2008/mb/images/images/zx.jpg HTTP/1.0" 304 - "http://www.jl.xinhuanet.com/" "Mozilla/4.0 (compatible; MSIE 7.0; Windows NT 5.1; Trident/4.0; QQDownload 538; .NET CLR 2.0.50727; MAXTHON 2.0)"
123.235.40.242 - - [28/Jun/2009:00:06:04 +0800] "GET /2008/mb/images/images/04_12.jpg HTTP/1.0" 304 - "http://www.jl.xinhuanet.com/" "Mozilla/4.0 (compatible; MSIE 7.0; Windows NT 5.1; Trident/4.0; QQDownload 538; .NET CLR 2.0.50727; MAXTHON 2.0)"
117.23.204.247 - - [28/Jun/2009:00:06:05 +0800] "GET /shangye/jiaoyu/undefined HTTP/1.0" 404 292 "http://www.jl.xinhuanet.com/shangye/jiaoyu/index.htm" "Mozilla/4.0 (compatible; MSIE 6.0; Windows NT 5.1; SV1)"
202.108.251.39 - - [28/Jun/2009:00:06:05 +0800] "GET /newscenter/2005-10/08/xin_11100208142682800467.jpg HTTP/1.0" 304 - "http://image.youdao.com/imagesa?q=youdao&ue=utf8&thumbpos=7#pos=12&stid=509e418f9b33f9f3" "Mozilla/5.0 (compatible;YodaoBot-Image/1.0;http://www.youdao.com/help/webmaster/spider/;)"
123.235.40.242 - - [28/Jun/2009:00:06:05 +0800] "GET /2008/mb/images/images/04_13.jpg HTTP/1.0" 304 - "http://www.jl.xinhuanet.com/" "Mozilla/4.0 (compatible; MSIE 7.0; Windows NT 5.1; Trident/4.0; QQDownload 538; .NET CLR 2.0.50727; MAXTHON 2.0)"
123.235.40.242 - - [28/Jun/2009:00:06:05 +0800] "GET /2008/mb/images/images/jk1.jpg HTTP/1.0" 304 - "http://www.jl.xinhuanet.com/" "Mozilla/4.0 (compatible; MSIE 7.0; Windows NT 5.1; Trident/4.0; QQDownload 538; .NET CLR 2.0.50727; MAXTHON 2.0)"
219.153.74.114 - - [28/Jun/2009:00:06:05 +0800] "GET /newscenter/2009-06/02/content_16683895.htm HTTP/1.0" 304 - "-" "Mozilla/4.0 (compatible; MSIE 5.01; Windows NT 5.0)"
202.108.251.39 - - [28/Jun/2009:00:06:05 +0800] "HEAD /newscenter/2008-07/16/xin_4930705161704609152143.JPG HTTP/1.0" 304 - "http://image.youdao.com/imagesa?q=youdao&ue=utf8&thumbpos=7#pos=12&stid=509e418f9b33f9f3" "Mozilla/5.0 (compatible;YodaoBot-Image/1.0;http://www.youdao.com/help/webmaster/spider/;)"
219.153.74.114 - - [28/Jun/2009:00:06:06 +0800] "GET /newscenter/2009-06/02/content_16683896.htm HTTP/1.0" 304 - "-" "Mozilla/4.0 (compatible; MSIE 5.01; Windows NT 5.0)"
202.108.251.39 - - [28/Jun/2009:00:06:06 +0800] "GET /shangye/2007-12/25/xin_27312042510394531257619.JPG HTTP/1.0" 200 82166 "http://image.baidu.com/i?ct=503316480&z=0&tn=baiduimagedetail&word=08%B1%F9%D1%A9%CC%EC%CA%B9&in=21771&cl=2&cm=1&sc=0&lm=-1&pn=43&rn=1&di=298929448&ln=61&fr=" "Mozilla/4.0 (compatible; MSIE 6.0; Windows NT 5.1; SV1; QQDownload 538; .NET CLR 2.0.50727)"
123.235.40.242 - - [28/Jun/2009:00:06:06 +0800] "GET /2008/mb/images/images/04_11a.jpg HTTP/1.0" 304 - "http://www.jl.xinhuanet.com/" "Mozilla/4.0 (compatible; MSIE 7.0; Windows NT 5.1; Trident/4.0; QQDownload 538; .NET CLR 2.0.50727; MAXTHON 2.0)"
123.235.40.242 - - [28/Jun/2009:00:06:06 +0800] "GET /2008/mb/images/images/fc1.jpg HTTP/1.0" 304 - "http://www.jl.xinhuanet.com/" "Mozilla/4.0 (compatible; MSIE 7.0; Windows NT 5.1; Trident/4.0; QQDownload 538; .NET CLR 2.0.50727; MAXTHON 2.0)"
123.235.40.242 - - [28/Jun/2009:00:06:06 +0800] "GET /newscenter/2005-06/27/content_4520111_1.htm HTTP/1.0" 200 18149 "-" "Mozilla/5.0 (compatible; Yahoo! Slurp China; http://misc.yahoo.com.cn/help.html)"
219.153.74.114 - - [28/Jun/2009:00:06:07 +0800] "GET /smarter/autumn.wma HTTP/1.0" 304 - "-" "contype"
123.235.40.242 - - [28/Jun/2009:00:06:07 +0800] "GET /2008/mb/images/images/other_01.jpg HTTP/1.0" 304 - "http://www.jl.xinhuanet.com/" "Mozilla/4.0 (compatible; MSIE 7.0; Windows NT 5.1; Trident/4.0; QQDownload 538; .NET CLR 2.0.50727; MAXTHON 2.0)"
123.235.40.242 - - [28/Jun/2009:00:06:07 +0800] "GET /2008/mb/images/images/qg1.jpg HTTP/1.0" 304 - "http://www.jl.xinhuanet.com/" "Mozilla/4.0 (compatible; MSIE 7.0; Windows NT 5.1; Trident/4.0; QQDownload 538; .NET CLR 2.0.50727; MAXTHON 2.0)"
203.208.60.13 - - [28/Jun/2009:00:06:07 +0800] "GET /newscenter/yaowen/index.htm HTTP/1.1" 304 - "-" "Mozilla/5.0 (compatible; Googlebot/2.1; +http://www.google.com/bot.html)"
123.235.40.242 - - [28/Jun/2009:00:06:08 +0800] "GET /2008/mb/images/images/cc.jpg HTTP/1.0" 304 - "http://www.jl.xinhuanet.com/" "Mozilla/4.0 (compatible; MSIE 7.0; Windows NT 5.1; Trident/4.0; QQDownload 538; .NET CLR 2.0.50727; MAXTHON 2.0)"
123.235.40.242 - - [28/Jun/2009:00:06:08 +0800] "GET /2008/mb/images/images/cg.jpg HTTP/1.0" 304 - "http://www.jl.xinhuanet.com/" "Mozilla/4.0 (compatible; MSIE 7.0; Windows NT 5.1; Trident/4.0; QQDownload 538; .NET CLR 2.0.50727; MAXTHON 2.0)"
123.235.40.242 - - [28/Jun/2009:00:06:08 +0800] "GET /2008/mb/images/images/rmyy_logo.jpg HTTP/1.0" 304 - "http://www.jl.xinhuanet.com/" "Mozilla/4.0 (compatible; MSIE 7.0; Windows NT 5.1; Trident/4.0; QQDownload 538; .NET CLR 2.0.50727; MAXTHON 2.0)"
219.153.74.114 - - [28/Jun/2009:00:06:09 +0800] "GET /newscenter/2009-06/02/content_16683897.htm HTTP/1.0" 304 - "-" "Mozilla/4.0 (compatible; MSIE 5.01; Windows NT 5.0)"
119.147.104.181 - - [28/Jun/2009:00:06:09 +0800] "GET /main/news/2001/enconmy/07/20010731-02.htm HTTP/1.0" 304 - "-" "Baiduspider+(+http://www.baidu.com/search/spider.htm)"
219.153.74.114 - - [28/Jun/2009:00:06:09 +0800] "GET /newscenter/2009-06/02/content_16683891.htm HTTP/1.0" 304 - "-" "Mozilla/4.0 (compatible; MSIE 5.01; Windows NT 5.0)"
219.153.74.114 - - [28/Jun/2009:00:06:10 +0800] "GET /newscenter/2009-06/02/content_16683892.htm HTTP/1.0" 304 - "-" "Mozilla/4.0 (compatible; MSIE 5.01; Windows NT 5.0)"
123.235.40.242 - - [28/Jun/2009:00:06:10 +0800] "GET /2008/mb/images/images/qy.jpg HTTP/1.0" 304 - "http://www.jl.xinhuanet.com/" "Mozilla/4.0 (compatible; MSIE 7.0; Windows NT 5.1; Trident/4.0; QQDownload 538; .NET CLR 2.0.50727; MAXTHON 2.0)"
123.235.40.242 - - [28/Jun/2009:00:06:10 +0800] "GET /2008/mb/images/images/logo125.jpg HTTP/1.0" 304 - "http://www.jl.xinhuanet.com/" "Mozilla/4.0 (compatible; MSIE 7.0; Windows NT 5.1; Trident/4.0; QQDownload 538; .NET CLR 2.0.50727; MAXTHON 2.0)"
123.235.40.242 - - [28/Jun/2009:00:06:11 +0800] "GET /2008/mb/images/images/cxyj.jpg HTTP/1.0" 304 - "http://www.jl.xinhuanet.com/" "Mozilla/4.0 (compatible; MSIE 7.0; Windows NT 5.1; Trident/4.0; QQDownload 538; .NET CLR 2.0.50727; MAXTHON 2.0)"
123.235.40.242 - - [28/Jun/2009:00:06:11 +0800] "GET /2008/mb/images/images/qbh.jpg HTTP/1.0" 304 - "http://www.jl.xinhuanet.com/" "Mozilla/4.0 (compatible; MSIE 7.0; Windows NT 5.1; Trident/4.0; QQDownload 538; .NET CLR 2.0.50727; MAXTHON 2.0)"
123.235.40.242 - - [28/Jun/2009:00:06:12 +0800] "GET /2008/mb/images/images/hpdxy-logo.jpg HTTP/1.0" 304 - "http://www.jl.xinhuanet.com/" "Mozilla/4.0 (compatible; MSIE 7.0; Windows NT 5.1; Trident/4.0; QQDownload 538; .NET CLR 2.0.50727; MAXTHON 2.0)"
219.153.74.114 - - [28/Jun/2009:00:06:13 +0800] "GET /newscenter/2009-06/02/content_16692839.htm HTTP/1.0" 304 - "-" "Mozilla/4.0 (compatible; MSIE 5.01; Windows NT 5.0)"
123.235.40.243 - - [28/Jun/2009:00:06:13 +0800] "GET /news/2003-08/22/content_850507.htm HTTP/1.0" 304 - "-" "Mozilla/5.0 (compatible; Yahoo! Slurp China; http://misc.yahoo.com.cn/help.html)"
219.153.74.114 - - [28/Jun/2009:00:06:13 +0800] "GET /newscenter/2009-06/02/content_16692762.htm HTTP/1.0" 304 - "-" "Mozilla/4.0 (compatible; MSIE 5.01; Windows NT 5.0)"
219.153.74.114 - - [28/Jun/2009:00:06:13 +0800] "GET /newscenter/2009-06/02/content_16693515.htm HTTP/1.0" 304 - "-" "Mozilla/4.0 (compatible; MSIE 5.01; Windows NT 5.0)"
123.235.40.242 - - [28/Jun/2009:00:06:14 +0800] "GET /2008/mb/images/images/logo121.jpg HTTP/1.0" 304 - "http://www.jl.xinhuanet.com/" "Mozilla/4.0 (compatible; MSIE 7.0; Windows NT 5.1; Trident/4.0; QQDownload 538; .NET CLR 2.0.50727; MAXTHON 2.0)"
58.22.135.5 - - [28/Jun/2009:00:06:13 +0800] "GET /tese/2007-07/07/xin_3007040712018591703618.JPG HTTP/1.1" 200 49344 "http://images.google.cn/imglanding?imgurl=http://img.blshe.com/resserver.php%3FblogId%3D308%26resource%3D249366-4.jpg%26mode%3Dmedium&imgrefurl=http://zhoulin.blshe.com/post/308/91453&usg=__ftW0g5eky3kztjmRVe-SOSba8EQ%3D&h=666&w=500&sz=83&hl=zh-CN&tbnid=Z5x6Ai-TZwNUDM:&tbnh=138&tbnw=104&prev=/images%3Fq%3D%25E6%25AD%25AA%25E6%258A%258A%25E5%25AD%2590%25E6%259C%25BA%25E6%259E%25AA%26gbv%3D2%26ndsp%3D21%26hl%3Dzh-CN%26sa%3DN%26start%3D252%26newwindow%3D1&q=%E6%AD%AA%E6%8A%8A%E5%AD%90%E6%9C%BA%E6%9E%AA&gbv=2&ndsp=21&sa=N&start=268&newwindow=1" "Mozilla/4.0 (compatible; MSIE 6.0; Windows NT 5.1; SV1; GTB6; CIBA)"
219.153.74.114 - - [28/Jun/2009:00:06:14 +0800] "GET /newscenter/2009-06/03/content_16695443.htm HTTP/1.0" 304 - "-" "Mozilla/4.0 (compatible; MSIE 5.01; Windows NT 5.0)"
219.153.74.114 - - [28/Jun/2009:00:06:14 +0800] "GET /newscenter/2009-06/03/content_16695500.htm HTTP/1.0" 304 - "-" "Mozilla/4.0 (compatible; MSIE 5.01; Windows NT 5.0)"
117.23.204.247 - - [28/Jun/2009:00:06:15 +0800] "GET /shangye/jiaoyu/undefined HTTP/1.0" 404 292 "http://www.jl.xinhuanet.com/shangye/jiaoyu/index.htm" "Mozilla/4.0 (compatible; MSIE 6.0; Windows NT 5.1; SV1)"
123.235.40.242 - - [28/Jun/2009:00:06:15 +0800] "GET /2008/mb/images/images/ybnews.jpg HTTP/1.0" 304 - "http://www.jl.xinhuanet.com/" "Mozilla/4.0 (compatible; MSIE 7.0; Windows NT 5.1; Trident/4.0; QQDownload 538; .NET CLR 2.0.50727; MAXTHON 2.0)"
38.99.13.116 - - [28/Jun/2009:00:06:15 +0800] "GET /jlzw/2006-10/27/ HTTP/1.0" 403 288 "-" "Mozilla/5.0 (Twiceler-0.9 http://www.cuil.com/twiceler/robot.html)"
202.108.251.39 - - [28/Jun/2009:00:06:15 +0800] "GET /jujiao/ylbx/image/7.jpg HTTP/1.0" 304 - "http://image.youdao.com/imagesa?q=youdao&ue=utf8&thumbpos=7#pos=12&stid=509e418f9b33f9f3" "Mozilla/5.0 (compatible;YodaoBot-Image/1.0;http://www.youdao.com/help/webmaster/spider/;)"
123.235.40.242 - - [28/Jun/2009:00:06:16 +0800] "GET /2008/mb/images/images/ningjiang.jpg HTTP/1.0" 304 - "http://www.jl.xinhuanet.com/" "Mozilla/4.0 (compatible; MSIE 7.0; Windows NT 5.1; Trident/4.0; QQDownload 538; .NET CLR 2.0.50727; MAXTHON 2.0)"
123.235.40.242 - - [28/Jun/2009:00:06:16 +0800] "GET /newscenter/2009-06/27/content_16931160.htm HTTP/1.0" 304 - "-" "Mozilla/5.0 (compatible; Yahoo! Slurp China; http://misc.yahoo.com.cn/help.html)"
58.205.216.10 - - [28/Jun/2009:00:06:16 +0800] "GET / HTTP/1.1" 200 146325 "-" "-"
58.205.216.10 - - [28/Jun/2009:00:06:16 +0800] "GET / HTTP/1.1" 200 146325 "-" "-"
59.175.131.253 - - [28/Jun/2009:00:06:16 +0800] "GET /newscenter/2008-07/21/xin_48307052110179842029827.jpg HTTP/1.0" 304 - "http://image.baidu.com/i?ct=503316480&z=0&tn=baiduimagedetail&word=%C1%F5%BC%CE%C1%E1%B2%BB%D1%C5%D5%D5%C6%D8%B9%E2&in=17145&cl=2&cm=1&sc=0&lm=-1&pn=0&rn=1&di=2758480560&ln=518&fr=" "Mozilla/4.0 (compatible; MSIE 6.0; Windows NT 5.1; SV1; Goyoo; GTB6; .NET CLR 2.0.50727; .NET CLR 3.0.04506.30; Goyoo)"
123.235.40.242 - - [28/Jun/2009:00:06:16 +0800] "GET /home/shequ/caibian/cys.htm HTTP/1.0" 200 7123 "-" "Mozilla/5.0 (compatible; Yahoo! Slurp China; http://misc.yahoo.com.cn/help.html)"
58.205.216.10 - - [28/Jun/2009:00:06:16 +0800] "GET / HTTP/1.1" 200 146325 "-" "-"
58.205.216.10 - - [28/Jun/2009:00:06:16 +0800] "GET / HTTP/1.1" 200 146325 "-" "-"
123.235.40.242 - - [28/Jun/2009:00:06:16 +0800] "GET /2008/mb/images/images/ybxxg.jpg HTTP/1.0" 304 - "http://www.jl.xinhuanet.com/" "Mozilla/4.0 (compatible; MSIE 7.0; Windows NT 5.1; Trident/4.0; QQDownload 538; .NET CLR 2.0.50727; MAXTHON 2.0)"
123.235.40.242 - - [28/Jun/2009:00:06:16 +0800] "GET /2008/mb/images/images/tyx.jpg HTTP/1.0" 304 - "http://www.jl.xinhuanet.com/" "Mozilla/4.0 (compatible; MSIE 7.0; Windows NT 5.1; Trident/4.0; QQDownload 538; .NET CLR 2.0.50727; MAXTHON 2.0)"
123.235.40.242 - - [28/Jun/2009:00:06:16 +0800] "GET /2008/mb/images/images/gzlsw.jpg HTTP/1.0" 304 - "http://www.jl.xinhuanet.com/" "Mozilla/4.0 (compatible; MSIE 7.0; Windows NT 5.1; Trident/4.0; QQDownload 538; .NET CLR 2.0.50727; MAXTHON 2.0)"
202.108.251.39 - - [28/Jun/2009:00:06:16 +0800] "GET /tese/2006-05/09/xin_4405030911122961048117.jpg HTTP/1.0" 304 - "http://image.youdao.com/imagesa?q=youdao&ue=utf8&thumbpos=7#pos=12&stid=509e418f9b33f9f3" "Mozilla/5.0 (compatible;YodaoBot-Image/1.0;http://www.youdao.com/help/webmaster/spider/;)"
123.235.40.243 - - [28/Jun/2009:00:06:17 +0800] "GET /tese/2006-08/01/xin_3408030116344372777719.JPG HTTP/1.0" 200 101395 "http://www.jl.xinhuanet.com/tese/2006-08/01/content_7667955_5.htm" "Mozilla/4.0 (compatible; MSIE 6.0; Windows NT 5.1; SV1; Mozilla/4.0 (compatible; MSIE 6.0; Windows NT 5.1; SV1) )"
61.164.61.68 - - [28/Jun/2009:00:06:18 +0800] "GET /shangye/2005-06/08/xin_17060208111164047297.jpg HTTP/1.0" 304 - "http://image.baidu.com/i?ct=503316480&z=0&tn=baiduimagedetail&word=%B7%C9%CC%EC%CD%BC&in=6911&cl=2&cm=1&sc=0&lm=-1&pn=17&rn=1&di=491979128&ln=194&fr=" "Mozilla/4.0 (compatible; MSIE 6.0; Windows NT 5.1; SV1; cafe8; icafe8)"
123.235.40.242 - - [28/Jun/2009:00:06:18 +0800] "GET /2008/mb/images/images/thxcw.jpg HTTP/1.0" 304 - "http://www.jl.xinhuanet.com/" "Mozilla/4.0 (compatible; MSIE 7.0; Windows NT 5.1; Trident/4.0; QQDownload 538; .NET CLR 2.0.50727; MAXTHON 2.0)"
202.108.251.39 - - [28/Jun/2009:00:06:18 +0800] "GET / HTTP/1.0" 304 - "-" "Mozilla/5.0 (compatible; YodaoBot-News/1.0; http://www.youdao.com/help/webmaster/spider/; )"
123.235.40.242 - - [28/Jun/2009:00:06:19 +0800] "GET /2008/mb/images/images/cbsxww.jpg HTTP/1.0" 304 - "http://www.jl.xinhuanet.com/" "Mozilla/4.0 (compatible; MSIE 7.0; Windows NT 5.1; Trident/4.0; QQDownload 538; .NET CLR 2.0.50727; MAXTHON 2.0)"
123.235.40.242 - - [28/Jun/2009:00:06:19 +0800] "GET /2008/mb/images/images/jlly.jpg HTTP/1.0" 304 - "http://www.jl.xinhuanet.com/" "Mozilla/4.0 (compatible; MSIE 7.0; Windows NT 5.1; Trident/4.0; QQDownload 538; .NET CLR 2.0.50727; MAXTHON 2.0)"
117.23.204.247 - - [28/Jun/2009:00:06:20 +0800] "GET /shangye/jiaoyu/undefined HTTP/1.0" 404 292 "http://www.jl.xinhuanet.com/shangye/jiaoyu/index.htm" "Mozilla/4.0 (compatible; MSIE 6.0; Windows NT 5.1; SV1)"
59.147.184.101 - - [28/Jun/2009:00:06:18 +0800] "GET /newscenter/2009-01/11/xin_2430106111245281157837.jpg HTTP/1.1" 200 101689 "http://www.e0436.net.cn/gb/new/2009-1/25/0941817521823964_615.html" "Mozilla/4.0 (compatible; MSIE 7.0; Windows NT 6.0; GTB6; SLCC1; .NET CLR 2.0.50727; Media Center PC 5.0; .NET CLR 3.0.04506; OfficeLiveConnector.1.3; OfficeLivePatch.0.0; InfoPath.1)"
74.6.18.229 - - [28/Jun/2009:00:06:21 +0800] "GET /cc2y/kstjzx.htm HTTP/1.0" 200 2845 "-" "Mozilla/5.0 (compatible; Yahoo! Slurp/3.0; http://help.yahoo.com/help/us/ysearch/slurp)"
123.235.40.242 - - [28/Jun/2009:00:06:21 +0800] "GET /2008/mb/images/images/cbszc.jpg HTTP/1.0" 304 - "http://www.jl.xinhuanet.com/" "Mozilla/4.0 (compatible; MSIE 7.0; Windows NT 5.1; Trident/4.0; QQDownload 538; .NET CLR 2.0.50727; MAXTHON 2.0)"
202.108.59.143 - - [28/Jun/2009:00:06:21 +0800] "GET /jlzw/2007-06/23/content_10381485.htm HTTP/1.1" 404 301 "-" "Mozilla/4.0 (compatible;MSIE 6.0; MSIE 7.0; Windows NT 5.2; .NET CLR 1.1.4322; .NET CLR 2.0.50727; InfoPath.1) Web-Sniffer/1.0.24"
123.235.40.242 - - [28/Jun/2009:00:06:21 +0800] "GET /xin_18306062708397961799817.jpg HTTP/1.0" 304 - "http://www.jl.xinhuanet.com/pv.swf" "Mozilla/4.0 (compatible; MSIE 7.0; Windows NT 5.1; Trident/4.0; QQDownload 538; .NET CLR 2.0.50727; MAXTHON 2.0)"
203.208.60.114 - - [28/Jun/2009:00:06:21 +0800] "GET /jlzw/rsrm.htm HTTP/1.1" 304 - "-" "Mozilla/5.0 (compatible; Googlebot/2.1; +http://www.google.com/bot.html)"
86.108.136.123 - - [28/Jun/2009:00:06:19 +0800] "GET / HTTP/1.1" 200 146325 "http://www.sx.xinhuanet.com/" "Mozilla/4.0 (compatible; MSIE 6.0; Windows NT 5.0)"
72.30.79.39 - - [28/Jun/2009:00:06:22 +0800] "GET /newscenter/2009-01/13/content_15439792.htm HTTP/1.0" 200 17714 "-" "Mozilla/5.0 (compatible; Yahoo! Slurp/3.0; http://help.yahoo.com/help/us/ysearch/slurp)"
123.235.40.242 - - [28/Jun/2009:00:06:22 +0800] "GET /xin_04306062708360151910014.jpg HTTP/1.0" 304 - "http://www.jl.xinhuanet.com/pv.swf" "Mozilla/4.0 (compatible; MSIE 7.0; Windows NT 5.1; Trident/4.0; QQDownload 538; .NET CLR 2.0.50727; MAXTHON 2.0)"
216.129.119.10 - - [28/Jun/2009:00:06:23 +0800] "GET /xhsjzkjl/2003/2003-09/28/content_1000884.htm HTTP/1.0" 200 5821 "-" "Mozilla/5.0 (Twiceler-0.9 http://www.cuil.com/twiceler/robot.html)"
123.235.40.242 - - [28/Jun/2009:00:06:23 +0800] "GET /xin_4030606260913375608422.jpg HTTP/1.0" 304 - "http://www.jl.xinhuanet.com/pv.swf" "Mozilla/4.0 (compatible; MSIE 7.0; Windows NT 5.1; Trident/4.0; QQDownload 538; .NET CLR 2.0.50727; MAXTHON 2.0)"
123.235.40.243 - - [28/Jun/2009:00:06:24 +0800] "GET /qcfy/2005-02/18/xin_55020218145245377192.jpg HTTP/1.0" 304 - "http://qbar.qq.com/parking/31527-75.htm" "Mozilla/4.0 (compatible; MSIE 6.0; Windows NT 5.1; SV1; TheWorld)"
219.153.74.114 - - [28/Jun/2009:00:06:24 +0800] "GET /newscenter/2006-11/17/xin_11110317122564021281.jpg HTTP/1.0" 304 - "http://image.baidu.com/i?ct=503316480&z=0&tn=baiduimagedetail&word=%B9%AB%C5%D0%B4%F3%BB%E1&in=24752&cl=2&cm=1&sc=0&lm=-1&pn=5&rn=1&di=219902361&ln=705&fr=" "Mozilla/4.0 (compatible; MSIE 6.0; Windows NT 5.1; SV1; TheWorld)"
123.235.40.243 - - [28/Jun/2009:00:06:25 +0800] "GET /qcfy/2005-02/18/content_3737886.htm HTTP/1.0" 304 - "http://qbar.qq.com/parking/31527-75.htm" "Mozilla/4.0 (compatible; MSIE 6.0; Windows NT 5.1; SV1; TheWorld)"
123.235.40.243 - - [28/Jun/2009:00:06:25 +0800] "GET /tese/2006-08/01/xin_2708030116340782800910.JPG HTTP/1.0" 304 - "http://www.jl.xinhuanet.com/tese/2006-08/01/content_7667955_3.htm" "Mozilla/4.0 (compatible; MSIE 6.0; Windows NT 5.1; SV1; Mozilla/4.0 (compatible; MSIE 6.0; Windows NT 5.1; SV1) )"
123.235.40.242 - - [28/Jun/2009:00:06:26 +0800] "GET /xin_51306062508385461829111.jpg HTTP/1.0" 304 - "http://www.jl.xinhuanet.com/pv.swf" "Mozilla/4.0 (compatible; MSIE 7.0; Windows NT 5.1; Trident/4.0; QQDownload 538; .NET CLR 2.0.50727; MAXTHON 2.0)"
58.215.110.209 - - [28/Jun/2009:00:06:28 +0800] "GET /news/2004-06/25/xin_35060125081798432511.jpg HTTP/1.0" 304 - "http://image.baidu.com/i?ct=503316480&z=0&tn=baiduimagedetail&word=%C2%A9%B5%E3&in=7231&cl=2&cm=1&sc=0&lm=-1&pn=13&rn=1&di=1522779368&ln=63&fr=" "Mozilla/4.0 (compatible; MSIE 7.0; Windows NT 6.0; Trident/4.0; SLCC1; .NET CLR 2.0.50727; .NET CLR 3.0.30618; .NET CLR 3.5.30729; MAXTHON 2.0)"
58.215.110.209 - - [28/Jun/2009:00:06:28 +0800] "GET /news/2004-06/25/xin_36060125081746800872.jpg HTTP/1.0" 304 - "http://image.baidu.com/i?ct=503316480&z=0&tn=baiduimagedetail&word=%C2%A9%B5%E3&in=7231&cl=2&cm=1&sc=0&lm=-1&pn=13&rn=1&di=1522779368&ln=63&fr=" "Mozilla/4.0 (compatible; MSIE 7.0; Windows NT 6.0; Trident/4.0; SLCC1; .NET CLR 2.0.50727; .NET CLR 3.0.30618; .NET CLR 3.5.30729; MAXTHON 2.0)"
74.6.18.229 - - [28/Jun/2009:00:06:28 +0800] "GET /main/news/2001/recent/12/20011210-01.htm HTTP/1.0" 200 21969 "-" "Mozilla/5.0 (compatible; Yahoo! Slurp/3.0; http://help.yahoo.com/help/us/ysearch/slurp)"
121.14.234.178 - - [28/Jun/2009:00:06:28 +0800] "GET /htd/2006-07/25/content_7599585.htm HTTP/1.0" 200 22108 "-" "Baiduspider+(+http://www.baidu.com/search/spider.htm)"
58.215.110.209 - - [28/Jun/2009:00:06:28 +0800] "GET /news/2004-06/25/xin_36060125081770331673.jpg HTTP/1.0" 304 - "http://image.baidu.com/i?ct=503316480&z=0&tn=baiduimagedetail&word=%C2%A9%B5%E3&in=7231&cl=2&cm=1&sc=0&lm=-1&pn=13&rn=1&di=1522779368&ln=63&fr=" "Mozilla/4.0 (compatible; MSIE 7.0; Windows NT 6.0; Trident/4.0; SLCC1; .NET CLR 2.0.50727; .NET CLR 3.0.30618; .NET CLR 3.5.30729; MAXTHON 2.0)"
117.23.204.247 - - [28/Jun/2009:00:06:30 +0800] "GET /shangye/jiaoyu/undefined HTTP/1.0" 404 292 "http://www.jl.xinhuanet.com/shangye/jiaoyu/index.htm" "Mozilla/4.0 (compatible; MSIE 6.0; Windows NT 5.1; SV1)"
202.180.34.186 - - [28/Jun/2009:00:06:30 +0800] "GET /robots.txt HTTP/1.1" 404 278 "-" "ICC-Crawler/2.0 (Mozilla-compatible; ; http://kc.nict.go.jp/project1/crawl.html)"
61.135.220.20 - - [28/Jun/2009:00:06:31 +0800] "GET /2006shangye/zxdb/zykt/zzyh/zzyh5.asf HTTP/1.1" 404 296 "" "Mozilla/5.0 (compatible; YodaoBot/1.0; http://www.youdao.com/help/webmaster/spider/; )"
123.235.40.243 - - [28/Jun/2009:00:06:32 +0800] "GET /tese/2006-08/01/content_7667955_2.htm HTTP/1.0" 304 - "http://www.jl.xinhuanet.com/tese/2006-08/01/content_7667955_3.htm" "Mozilla/4.0 (compatible; MSIE 6.0; Windows NT 5.1; SV1; Mozilla/4.0 (compatible; MSIE 6.0; Windows NT 5.1; SV1) )"
203.208.60.101 - - [28/Jun/2009:00:06:32 +0800] "GET /news/jiceng/jiceng.htm HTTP/1.1" 304 - "-" "Mozilla/5.0 (compatible; Googlebot/2.1; +http://www.google.com/bot.html)"
123.235.40.243 - - [28/Jun/2009:00:06:32 +0800] "GET /tese/2006-08/01/xin_260803011634156265729.JPG HTTP/1.0" 200 123457 "http://www.jl.xinhuanet.com/tese/2006-08/01/content_7667955_2.htm" "Mozilla/4.0 (compatible; MSIE 6.0; Windows NT 5.1; SV1; Mozilla/4.0 (compatible; MSIE 6.0; Windows NT 5.1; SV1) )"
203.192.6.90 - - [28/Jun/2009:00:06:33 +0800] "GET /newscenter/2009-01/17/content_15484576.htm HTTP/1.1" 200 17370 "-" "Mozilla/5.0 (compatible; Googlebot/2.1; +http://www.google.com/bot.html)"
123.235.40.242 - - [28/Jun/2009:00:06:34 +0800] "GET /newscenter/2008-11/22/content_14988339.htm HTTP/1.0" 200 17252 "http://news.baidu.com/ns?cl=2&rn=20&tn=news&word=%BC%AA%C1%D6%B9%A4%B3%CC%BC%BC%CA%F5%CA%A6%B7%B6%D1%A7%D4%BA" "Mozilla/5.0 (Windows; U; Windows NT 6.0; zh-CN; rv:1.9.0.11) Gecko/2009060215 Firefox/3.0.11 (.NET CLR 3.5.30729)"
123.235.40.242 - - [28/Jun/2009:00:06:35 +0800] "GET /newscenter/2008-11/22/xin_563110522085589029441.jpg HTTP/1.0" 200 67274 "http://www.jl.xinhuanet.com/newscenter/2008-11/22/content_14988339.htm" "Mozilla/5.0 (Windows; U; Windows NT 6.0; zh-CN; rv:1.9.0.11) Gecko/2009060215 Firefox/3.0.11 (.NET CLR 3.5.30729)"
202.108.251.39 - - [28/Jun/2009:00:06:35 +0800] "GET /shangye/2007-12/25/xin_2331204251050687483325.JPG HTTP/1.0" 200 83131 "http://image.baidu.com/i?ct=503316480&z=0&tn=baiduimagedetail&word=08%B1%F9%D1%A9%CC%EC%CA%B9&in=21771&cl=2&cm=1&sc=0&lm=-1&pn=45&rn=1&di=332227328&ln=61&fr=" "Mozilla/4.0 (compatible; MSIE 6.0; Windows NT 5.1; SV1; QQDownload 538; .NET CLR 2.0.50727)"
117.23.204.247 - - [28/Jun/2009:00:06:35 +0800] "GET /shangye/jiaoyu/undefined HTTP/1.0" 404 292 "http://www.jl.xinhuanet.com/shangye/jiaoyu/index.htm" "Mozilla/4.0 (compatible; MSIE 6.0; Windows NT 5.1; SV1)"
65.55.51.112 - - [28/Jun/2009:00:06:35 +0800] "GET /robots.txt HTTP/1.1" 404 275 "-" "msnbot/2.0b (+http://search.msn.com/msnbot.htm)"
123.235.40.242 - - [28/Jun/2009:00:06:35 +0800] "GET /favicon.ico HTTP/1.0" 404 279 "-" "Mozilla/5.0 (Windows; U; Windows NT 6.0; zh-CN; rv:1.9.0.11) Gecko/2009060215 Firefox/3.0.11 (.NET CLR 3.5.30729)"
202.86.165.29 - - [28/Jun/2009:00:06:34 +0800] "GET /newscenter/2009-01/11/xin_2430106111245281157837.jpg HTTP/1.1" 200 101689 "http://www.e0436.net.cn/gb/new/2009-3/30/094181759077699_408.html" "Mozilla/4.0 (compatible; MSIE 7.0; Windows NT 6.1; Trident/4.0; GTB6; SLCC2; .NET CLR 2.0.50727; .NET CLR 3.5.30729; .NET CLR 3.0.30729; Media Center PC 6.0; Tablet PC 2.0)"
78.109.177.229 - - [28/Jun/2009:00:06:36 +0800] "GET /1.htm HTTP/1.1" 200 309 "http://mw.0437.gov.cn/bar.asp?id=500&url=http://mw.0437.gov.cn/show/500.html" "Mozilla/4.0 (compatible; MSIE 7.0; Windows NT 6.0; WOW64; Trident/4.0; QQDownload 1.7; SLCC1; .NET CLR 2.0.50727; Media Center PC 5.0; .NET CLR 1.1.4322; InfoPath.2; .NET CLR 3.5.30729; .NET CLR 3.0.30618; 360SE)"
202.108.251.39 - - [28/Jun/2009:00:06:36 +0800] "GET /2006shangye/2009-06/03/content_16703176.htm HTTP/1.0" 200 17488 "-" "Baiduspider+(+http://www.baidu.com/search/spider.htm)"
123.235.40.242 - - [28/Jun/2009:00:06:38 +0800] "GET /favicon.ico HTTP/1.0" 404 279 "-" "Mozilla/5.0 (Windows; U; Windows NT 6.0; zh-CN; rv:1.9.0.11) Gecko/2009060215 Firefox/3.0.11 (.NET CLR 3.5.30729)"
121.14.234.178 - - [28/Jun/2009:00:06:38 +0800] "GET /favicon.ico HTTP/1.0" 404 279 "-" "Mozilla/5.0 (windows; U; Windows NT 5.1; zh-CN; rv:1.7.12) Gecko/20050919 Firefox/1.0.7"
72.30.79.39 - - [28/Jun/2009:00:06:37 +0800] "GET /yingshi/2009-01/04/content_15349337.htm HTTP/1.0" 200 22632 "-" "Mozilla/5.0 (compatible; Yahoo! Slurp/3.0; http://help.yahoo.com/help/us/ysearch/slurp)"
119.147.104.181 - - [28/Jun/2009:00:06:39 +0800] "GET /main/news/01/20010131-01.htm HTTP/1.0" 304 - "-" "Baiduspider+(+http://www.baidu.com/search/spider.htm)"
123.235.40.243 - - [28/Jun/2009:00:06:41 +0800] "GET /tese/2006-08/01/content_7667955_1.htm HTTP/1.0" 200 4047 "http://www.jl.xinhuanet.com/tese/2006-08/01/content_7667955_2.htm" "Mozilla/4.0 (compatible; MSIE 6.0; Windows NT 5.1; SV1; Mozilla/4.0 (compatible; MSIE 6.0; Windows NT 5.1; SV1) )"
123.235.40.243 - - [28/Jun/2009:00:06:41 +0800] "GET /tese/2006-08/01/xin_21080301163421819974.JPG HTTP/1.0" 200 114646 "http://www.jl.xinhuanet.com/tese/2006-08/01/content_7667955_1.htm" "Mozilla/4.0 (compatible; MSIE 6.0; Windows NT 5.1; SV1; Mozilla/4.0 (compatible; MSIE 6.0; Windows NT 5.1; SV1) )"
123.235.40.243 - - [28/Jun/2009:00:06:41 +0800] "GET /tese/2006-08/01/xin_220803011634437238145.JPG HTTP/1.0" 200 122538 "http://www.jl.xinhuanet.com/tese/2006-08/01/content_7667955_1.htm" "Mozilla/4.0 (compatible; MSIE 6.0; Windows NT 5.1; SV1; Mozilla/4.0 (compatible; MSIE 6.0; Windows NT 5.1; SV1) )"
123.235.40.243 - - [28/Jun/2009:00:06:41 +0800] "GET /tese/2006-08/01/xin_23080301163426517686.JPG HTTP/1.0" 200 140057 "http://www.jl.xinhuanet.com/tese/2006-08/01/content_7667955_1.htm" "Mozilla/4.0 (compatible; MSIE 6.0; Windows NT 5.1; SV1; Mozilla/4.0 (compatible; MSIE 6.0; Windows NT 5.1; SV1) )"
123.235.40.242 - - [28/Jun/2009:00:06:41 +0800] "GET /newscenter/2009-05/26/content_16627892.htm HTTP/1.0" 304 - "-" "Mozilla/5.0 (compatible; Yahoo! Slurp China; http://misc.yahoo.com.cn/help.html)"
219.71.218.77 - - [28/Jun/2009:00:06:42 +0800] "GET /1.htm HTTP/1.1" 304 - "http://mw.0437.gov.cn/bar.asp?id=500&url=http://mw.0437.gov.cn/show/500.html" "Mozilla/4.0 (compatible; MSIE 6.0; Windows NT 5.1; SV1; GTB6; Foxy/1; InfoPath.1; .NET CLR 1.1.4322; .NET CLR 2.0.50727)"
117.23.204.247 - - [28/Jun/2009:00:06:45 +0800] "GET /shangye/jiaoyu/undefined HTTP/1.0" 404 292 "http://www.jl.xinhuanet.com/shangye/jiaoyu/index.htm" "Mozilla/4.0 (compatible; MSIE 6.0; Windows NT 5.1; SV1)"
221.192.149.81 - - [28/Jun/2009:00:06:45 +0800] "GET / HTTP/1.0" 304 - "http://www.jl.xinhuanet.com/" "Mozilla/4.0 (compatible; MSIE 6.0; Windows NT 5.0)"
190.16.55.104 - - [28/Jun/2009:00:06:40 +0800] "GET /newscenter/2009-01/11/xin_2430106111245281157837.jpg HTTP/1.1" 200 101689 "http://www.e0436.net.cn/gb/new/2008-5/5/0941817402438026_855.html" "Mozilla/4.0 (compatible; MSIE 7.0; Windows NT 5.1; QQDownload 534; GTB6; Mozilla/4.0 (compatible; MSIE 6.0; Windows NT 5.1; SV1) ; CIBA)"
123.235.40.242 - - [28/Jun/2009:00:06:46 +0800] "GET /newscenter/2009-04/22/content_16319438.htm HTTP/1.0" 304 - "-" "Mozilla/5.0 (compatible; Yahoo! Slurp China; http://misc.yahoo.com.cn/help.html)"
72.30.79.39 - - [28/Jun/2009:00:06:47 +0800] "GET /main/fuwuyewu.htm HTTP/1.0" 200 5011 "-" "Mozilla/5.0 (compatible; Yahoo! Slurp/3.0; http://help.yahoo.com/help/us/ysearch/slurp)"
202.160.180.6 - - [28/Jun/2009:00:06:49 +0800] "GET /newscenter/2005-01/19/content_3590262.htm HTTP/1.0" 200 16796 "-" "Mozilla/5.0 (compatible; Yahoo! Slurp China; http://misc.yahoo.com.cn/help.html)"
123.235.40.243 - - [28/Jun/2009:00:06:49 +0800] "GET /tese/2006-08/01/content_7667955.htm HTTP/1.0" 200 3942 "http://www.jl.xinhuanet.com/tese/2006-08/01/content_7667955_1.htm" "Mozilla/4.0 (compatible; MSIE 6.0; Windows NT 5.1; SV1; Mozilla/4.0 (compatible; MSIE 6.0; Windows NT 5.1; SV1) )"
123.235.40.243 - - [28/Jun/2009:00:06:49 +0800] "GET /tese/2006-08/01/xin_19080301163423454192.JPG HTTP/1.0" 200 103198 "http://www.jl.xinhuanet.com/tese/2006-08/01/content_7667955.htm" "Mozilla/4.0 (compatible; MSIE 6.0; Windows NT 5.1; SV1; Mozilla/4.0 (compatible; MSIE 6.0; Windows NT 5.1; SV1) )"
123.235.40.243 - - [28/Jun/2009:00:06:49 +0800] "GET /tese/2006-08/01/xin_15080301163464021281.JPG HTTP/1.0" 200 99427 "http://www.jl.xinhuanet.com/tese/2006-08/01/content_7667955.htm" "Mozilla/4.0 (compatible; MSIE 6.0; Windows NT 5.1; SV1; Mozilla/4.0 (compatible; MSIE 6.0; Windows NT 5.1; SV1) )"
123.235.40.243 - - [28/Jun/2009:00:06:50 +0800] "GET /newscenter/2006-12/14/content_8779259.htm HTTP/1.0" 304 - "http://www.baidu.com/s?tn=scmj_pg&wd=%C1%F9%BA%CF%B2%CA&submit=%CB%D1%CB%F7" "Mozilla/4.0 (compatible; MSIE 6.0; Windows NT 5.1; SV1)"
117.23.204.247 - - [28/Jun/2009:00:06:50 +0800] "GET /shangye/jiaoyu/undefined HTTP/1.0" 404 292 "http://www.jl.xinhuanet.com/shangye/jiaoyu/index.htm" "Mozilla/4.0 (compatible; MSIE 6.0; Windows NT 5.1; SV1)"
202.180.34.186 - - [28/Jun/2009:00:06:50 +0800] "GET /newscenter/2009-04/10/content_16219374.htm HTTP/1.1" 200 21873 "-" "ICC-Crawler/2.0 (Mozilla-compatible; ; http://kc.nict.go.jp/project1/crawl.html)"
123.235.40.243 - - [28/Jun/2009:00:06:49 +0800] "GET /tese/2006-08/01/xin_200803011634000182763.JPG HTTP/1.0" 200 243192 "http://www.jl.xinhuanet.com/tese/2006-08/01/content_7667955.htm" "Mozilla/4.0 (compatible; MSIE 6.0; Windows NT 5.1; SV1; Mozilla/4.0 (compatible; MSIE 6.0; Windows NT 5.1; SV1) )"
202.108.251.39 - - [28/Jun/2009:00:06:51 +0800] "GET /yingshi/2006-12/04/xin_1212030414319602249115.jpg HTTP/1.0" 304 - "http://image.baidu.com/i?ct=503316480&z=0&tn=baiduimagedetail&word=%DE%CF%DE%CE%CA%B1%BF%CC&in=20835&cl=2&cm=1&sc=0&lm=-1&pn=1&rn=1&di=1108981696&ln=1547&fr=" "Mozilla/4.0 (compatible; MSIE 6.0; Windows NT 5.1; SV1; QQDownload 1.7; MaxIE Web Browser; GTB6)"
222.141.52.126 - - [28/Jun/2009:00:06:51 +0800] "GET /newscenter/2006-12/14/content_8779259.htm HTTP/1.0" 304 - "http://www.baidu.com/s?wd=%C1%F9%BA%CF%B2%CA" "Mozilla/4.0 (compatible; MSIE 6.0; Windows NT 5.1; SV1)"
222.141.52.126 - - [28/Jun/2009:00:06:51 +0800] "GET /home/images/style.css HTTP/1.0" 304 - "http://www.jl.xinhuanet.com/newscenter/2006-12/14/content_8779259.htm" "Mozilla/4.0 (compatible; MSIE 6.0; Windows NT 5.1; SV1)"
222.141.52.126 - - [28/Jun/2009:00:06:52 +0800] "GET /mod2006/top.htm HTTP/1.0" 304 - "http://www.jl.xinhuanet.com/newscenter/2006-12/14/content_8779259.htm" "Mozilla/4.0 (compatible; MSIE 6.0; Windows NT 5.1; SV1)"
202.108.251.39 - - [28/Jun/2009:00:06:52 +0800] "GET /newscenter/2009-06/22/xin_2030606220817437177808.gif HTTP/1.0" 404 320 "-" "-"
222.141.52.126 - - [28/Jun/2009:00:06:52 +0800] "GET /mod2006/images/css.css HTTP/1.0" 304 - "http://www.jl.xinhuanet.com/mod2006/top.htm" "Mozilla/4.0 (compatible; MSIE 6.0; Windows NT 5.1; SV1)"
123.235.40.243 - - [28/Jun/2009:00:06:52 +0800] "GET /newscenter/link-news/index.htm HTTP/1.0" 304 - "http://www.jl.xinhuanet.com/newscenter/2006-12/14/content_8779259.htm" "Mozilla/4.0 (compatible; MSIE 6.0; Windows NT 5.1; SV1)"
222.141.52.126 - - [28/Jun/2009:00:06:52 +0800] "GET /mod2006/images/xhszb.gif HTTP/1.0" 304 - "http://www.jl.xinhuanet.com/mod2006/top.htm" "Mozilla/4.0 (compatible; MSIE 6.0; Windows NT 5.1; SV1)"
222.141.52.126 - - [28/Jun/2009:00:06:52 +0800] "GET /mod2006/images/xhwss01.gif HTTP/1.0" 304 - "http://www.jl.xinhuanet.com/mod2006/top.htm" "Mozilla/4.0 (compatible; MSIE 6.0; Windows NT 5.1; SV1)"
222.141.52.126 - - [28/Jun/2009:00:06:52 +0800] "GET /mod2006/images/logo.gif HTTP/1.0" 304 - "http://www.jl.xinhuanet.com/mod2006/top.htm" "Mozilla/4.0 (compatible; MSIE 6.0; Windows NT 5.1; SV1)"
222.141.52.126 - - [28/Jun/2009:00:06:52 +0800] "GET /mod2006/images/banner.swf HTTP/1.0" 304 - "http://www.jl.xinhuanet.com/mod2006/top.htm" "Mozilla/4.0 (compatible; MSIE 6.0; Windows NT 5.1; SV1)"
222.141.52.126 - - [28/Jun/2009:00:06:53 +0800] "GET /newscenter/link-news/index.htm HTTP/1.0" 304 - "http://www.jl.xinhuanet.com/newscenter/2006-12/14/content_8779259.htm" "Mozilla/4.0 (compatible; MSIE 6.0; Windows NT 5.1; SV1)"
222.141.52.126 - - [28/Jun/2009:00:06:53 +0800] "GET /home/bottom.htm HTTP/1.0" 304 - "http://www.jl.xinhuanet.com/newscenter/2006-12/14/content_8779259.htm" "Mozilla/4.0 (compatible; MSIE 6.0; Windows NT 5.1; SV1)"
222.141.52.126 - - [28/Jun/2009:00:06:54 +0800] "GET /newscenter/link-news/xin_18306062708397961799817.jpg HTTP/1.0" 304 - "http://www.jl.xinhuanet.com/newscenter/link-news/index.htm" "Mozilla/4.0 (compatible; MSIE 6.0; Windows NT 5.1; SV1)"
222.141.52.126 - - [28/Jun/2009:00:06:54 +0800] "GET /newscenter/link-news/xin_04306062708360151910014.jpg HTTP/1.0" 304 - "http://www.jl.xinhuanet.com/newscenter/link-news/index.htm" "Mozilla/4.0 (compatible; MSIE 6.0; Windows NT 5.1; SV1)"
202.108.251.39 - - [28/Jun/2009:00:06:54 +0800] "GET /shangye/2007-12/25/xin_10312042510529211848929.JPG HTTP/1.0" 200 78275 "http://image.baidu.com/i?ct=503316480&z=0&tn=baiduimagedetail&word=08%B1%F9%D1%A9%CC%EC%CA%B9&in=5467&cl=2&cm=1&sc=0&lm=-1&pn=49&rn=1&di=358785128&ln=61&fr=" "Mozilla/4.0 (compatible; MSIE 6.0; Windows NT 5.1; SV1; QQDownload 538; .NET CLR 2.0.50727)"
219.153.74.114 - - [28/Jun/2009:00:06:54 +0800] "GET /newscenter/2009-06/03/content_16700005.htm HTTP/1.0" 304 - "-" "Mozilla/4.0 (compatible; MSIE 5.01; Windows NT 5.0)"
219.153.74.114 - - [28/Jun/2009:00:06:55 +0800] "GET /newscenter/2009-06/03/content_16700004.htm HTTP/1.0" 304 - "-" "Mozilla/4.0 (compatible; MSIE 5.01; Windows NT 5.0)"
219.153.74.114 - - [28/Jun/2009:00:06:55 +0800] "GET /newscenter/2009-06/03/content_16700006.htm HTTP/1.0" 304 - "-" "Mozilla/4.0 (compatible; MSIE 5.01; Windows NT 5.0)"
219.153.74.114 - - [28/Jun/2009:00:06:55 +0800] "GET /newscenter/2009-06/03/content_16700000.htm HTTP/1.0" 304 - "-" "Mozilla/4.0 (compatible; MSIE 5.01; Windows NT 5.0)"
124.131.224.205 - - [28/Jun/2009:00:06:50 +0800] "GET /newscenter/2009-03/30/xin_0830306301254562311496.JPG HTTP/1.1" 200 198727 "http://www.e0436.net.cn/gb/new/2009-3/30/0941818203019139_576.html" "Mozilla/4.0 (compatible; MSIE 6.0; Windows NT 5.1; SV1)"
219.153.74.114 - - [28/Jun/2009:00:06:56 +0800] "GET /newscenter/2009-06/03/content_16700002.htm HTTP/1.0" 304 - "-" "Mozilla/4.0 (compatible; MSIE 5.01; Windows NT 5.0)"
124.131.224.205 - - [28/Jun/2009:00:06:50 +0800] "GET /newscenter/2009-03/30/xin_073030630125431236095.JPG HTTP/1.1" 200 207688 "http://www.e0436.net.cn/gb/new/2009-3/30/0941818203019139_576.html" "Mozilla/4.0 (compatible; MSIE 6.0; Windows NT 5.1; SV1)"
219.153.74.114 - - [28/Jun/2009:00:06:56 +0800] "GET /newscenter/2009-06/03/content_16700003.htm HTTP/1.0" 304 - "-" "Mozilla/4.0 (compatible; MSIE 5.01; Windows NT 5.0)"
219.153.74.114 - - [28/Jun/2009:00:06:56 +0800] "GET /newscenter/2009-06/03/content_16700001.htm HTTP/1.0" 304 - "-" "Mozilla/4.0 (compatible; MSIE 5.01; Windows NT 5.0)"
124.131.224.205 - - [28/Jun/2009:00:06:50 +0800] "GET /newscenter/2009-03/30/xin_0930306301254765143577.JPG HTTP/1.1" 200 211644 "http://www.e0436.net.cn/gb/new/2009-3/30/0941818203019139_576.html" "Mozilla/4.0 (compatible; MSIE 6.0; Windows NT 5.1; SV1)"
114.143.20.166 - - [28/Jun/2009:00:06:55 +0800] "GET /newscenter/2009-01/11/xin_2430106111245281157837.jpg HTTP/1.0" 200 101689 "http://www.e0436.net.cn/gb/new/2009-3/30/094181759077699_408.html" "Mozilla/4.0 (compatible; MSIE 6.0; Windows NT 5.2; .NET CLR 1.1.4322)"
219.153.74.114 - - [28/Jun/2009:00:06:56 +0800] "GET /newscenter/2009-06/03/content_16705276.htm HTTP/1.0" 304 - "-" "Mozilla/4.0 (compatible; MSIE 5.01; Windows NT 5.0)"
219.153.74.114 - - [28/Jun/2009:00:06:57 +0800] "GET /newscenter/2009-06/04/content_16707569.htm HTTP/1.0" 304 - "-" "Mozilla/4.0 (compatible; MSIE 5.01; Windows NT 5.0)"
219.153.74.114 - - [28/Jun/2009:00:06:57 +0800] "GET /newscenter/2009-06/04/content_16708606.htm HTTP/1.0" 304 - "-" "Mozilla/4.0 (compatible; MSIE 5.01; Windows NT 5.0)"
59.174.99.149 - - [28/Jun/2009:00:06:56 +0800] "GET /shangye/nbh/xin_050803180956421112810.JPG HTTP/1.1" 200 144688 "http://pic.sogou.com/d?query=%B0%D9%BA%CF&mood=0&dheight=768&dwidth=1024&mode=2&di=2&p=40040501&dp=1&w=05009900&dr=1&page=7&did=121" "Mozilla/4.0 (compatible; MSIE 6.0; Windows NT 5.1; SV1; icafe8)"
203.208.60.18 - - [28/Jun/2009:00:06:57 +0800] "GET /jlzw/gzdt.htm HTTP/1.1" 304 - "-" "Mozilla/5.0 (compatible; Googlebot/2.1; +http://www.google.com/bot.html)"
203.208.60.144 - - [28/Jun/2009:00:06:58 +0800] "GET /jlzw/jjjs.htm HTTP/1.1" 304 - "-" "Mozilla/5.0 (compatible; Googlebot/2.1; +http://www.google.com/bot.html)"
123.235.40.243 - - [28/Jun/2009:00:06:58 +0800] "GET /newscenter/2009-06/24/content_16901306.htm HTTP/1.0" 304 - "-" "Mozilla/5.0 (compatible; Yahoo! Slurp China; http://misc.yahoo.com.cn/help.html)"
202.108.251.39 - - [28/Jun/2009:00:06:59 +0800] "GET /shangye/2007-12/25/xin_23312042510519682445427.JPG HTTP/1.0" 200 71705 "http://image.baidu.com/i?ct=503316480&z=0&tn=baiduimagedetail&word=08%B1%F9%D1%A9%CC%EC%CA%B9&in=5467&cl=2&cm=1&sc=0&lm=-1&pn=51&rn=1&di=398971208&ln=61&fr=" "Mozilla/4.0 (compatible; MSIE 6.0; Windows NT 5.1; SV1; QQDownload 538; .NET CLR 2.0.50727)"
117.23.204.247 - - [28/Jun/2009:00:07:00 +0800] "GET /shangye/jiaoyu/undefined HTTP/1.0" 404 292 "http://www.jl.xinhuanet.com/shangye/jiaoyu/index.htm" "Mozilla/4.0 (compatible; MSIE 6.0; Windows NT 5.1; SV1)"
67.195.37.157 - - [28/Jun/2009:00:07:00 +0800] "GET /cbs/wh_17.htm HTTP/1.0" 200 10842 "-" "Mozilla/5.0 (YahooYSMcm/3.0.0; http://help.yahoo.com)"
123.235.40.243 - - [28/Jun/2009:00:07:00 +0800] "GET / HTTP/1.1" 200 146325 "-" "-"
123.235.40.243 - - [28/Jun/2009:00:07:00 +0800] "GET / HTTP/1.1" 200 146325 "-" "-"
123.235.40.243 - - [28/Jun/2009:00:07:00 +0800] "GET / HTTP/1.1" 200 146325 "-" "-"
123.235.40.243 - - [28/Jun/2009:00:07:00 +0800] "GET / HTTP/1.1" 200 146325 "-" "-"
222.141.52.126 - - [28/Jun/2009:00:07:01 +0800] "GET / HTTP/1.1" 200 146325 "-" "-"
222.141.52.126 - - [28/Jun/2009:00:07:01 +0800] "GET / HTTP/1.1" 200 146325 "-" "-"
222.141.52.126 - - [28/Jun/2009:00:07:01 +0800] "GET / HTTP/1.1" 200 146325 "-" "-"
219.153.74.114 - - [28/Jun/2009:00:07:01 +0800] "GET / HTTP/1.1" 200 146325 "-" "-"
222.141.52.126 - - [28/Jun/2009:00:07:01 +0800] "GET / HTTP/1.1" 200 146325 "-" "-"
219.153.74.114 - - [28/Jun/2009:00:07:01 +0800] "GET / HTTP/1.1" 200 146325 "-" "-"
219.153.74.114 - - [28/Jun/2009:00:07:01 +0800] "GET / HTTP/1.1" 200 146325 "-" "-"
121.14.234.178 - - [28/Jun/2009:00:07:01 +0800] "GET / HTTP/1.1" 200 146325 "-" "-"
219.153.74.114 - - [28/Jun/2009:00:07:01 +0800] "GET / HTTP/1.1" 200 146325 "-" "-"
121.14.234.178 - - [28/Jun/2009:00:07:02 +0800] "GET / HTTP/1.1" 200 146325 "-" "-"
121.14.234.178 - - [28/Jun/2009:00:07:02 +0800] "GET / HTTP/1.1" 200 146325 "-" "-"
121.14.234.178 - - [28/Jun/2009:00:07:02 +0800] "GET / HTTP/1.1" 200 146325 "-" "-"
117.23.204.247 - - [28/Jun/2009:00:07:02 +0800] "GET / HTTP/1.1" 200 146325 "-" "-"
119.147.104.181 - - [28/Jun/2009:00:07:02 +0800] "GET /robots.txt HTTP/1.0" 404 278 "http://www.jl.xinhuanet.com/" "Mozilla/5.0(compatible;MSIE/6.0+http://www.myspace.com)"
117.23.204.247 - - [28/Jun/2009:00:07:02 +0800] "GET / HTTP/1.1" 200 146325 "-" "-"
59.175.131.253 - - [28/Jun/2009:00:07:02 +0800] "GET / HTTP/1.1" 200 146325 "-" "-"
59.175.131.253 - - [28/Jun/2009:00:07:02 +0800] "GET / HTTP/1.1" 200 146325 "-" "-"
117.23.204.247 - - [28/Jun/2009:00:07:02 +0800] "GET / HTTP/1.1" 200 146325 "-" "-"
59.175.131.253 - - [28/Jun/2009:00:07:02 +0800] "GET / HTTP/1.1" 200 146325 "-" "-"
117.23.204.247 - - [28/Jun/2009:00:07:02 +0800] "GET / HTTP/1.1" 200 146325 "-" "-"
59.175.131.253 - - [28/Jun/2009:00:07:02 +0800] "GET / HTTP/1.1" 200 146325 "-" "-"
218.213.69.115 - - [28/Jun/2009:00:07:02 +0800] "GET / HTTP/1.1" 200 146325 "-" "-"
61.164.61.68 - - [28/Jun/2009:00:07:02 +0800] "GET / HTTP/1.1" 200 146325 "-" "-"
202.108.251.39 - - [28/Jun/2009:00:07:02 +0800] "GET / HTTP/1.1" 200 146325 "-" "-"
202.108.251.39 - - [28/Jun/2009:00:07:02 +0800] "GET / HTTP/1.1" 200 146325 "-" "-"
202.108.251.39 - - [28/Jun/2009:00:07:02 +0800] "GET / HTTP/1.1" 200 146325 "-" "-"
202.108.251.39 - - [28/Jun/2009:00:07:02 +0800] "GET / HTTP/1.1" 200 146325 "-" "-"
61.164.61.68 - - [28/Jun/2009:00:07:02 +0800] "GET / HTTP/1.1" 200 146325 "-" "-"
61.164.61.68 - - [28/Jun/2009:00:07:02 +0800] "GET / HTTP/1.1" 200 146325 "-" "-"
123.235.40.242 - - [28/Jun/2009:00:07:02 +0800] "GET / HTTP/1.1" 200 146325 "-" "-"
61.164.61.68 - - [28/Jun/2009:00:07:02 +0800] "GET / HTTP/1.1" 200 146325 "-" "-"
58.215.110.209 - - [28/Jun/2009:00:07:02 +0800] "GET / HTTP/1.1" 200 146325 "-" "-"
58.215.110.209 - - [28/Jun/2009:00:07:02 +0800] "GET / HTTP/1.1" 200 146325 "-" "-"
123.235.40.242 - - [28/Jun/2009:00:07:02 +0800] "GET / HTTP/1.1" 200 146325 "-" "-"
123.235.40.242 - - [28/Jun/2009:00:07:02 +0800] "GET / HTTP/1.1" 200 146325 "-" "-"
123.235.40.242 - - [28/Jun/2009:00:07:02 +0800] "GET / HTTP/1.1" 200 146325 "-" "-"
58.215.110.209 - - [28/Jun/2009:00:07:02 +0800] "GET / HTTP/1.1" 200 146325 "-" "-"
58.215.110.209 - - [28/Jun/2009:00:07:02 +0800] "GET / HTTP/1.1" 200 146325 "-" "-"
218.213.69.115 - - [28/Jun/2009:00:07:02 +0800] "GET / HTTP/1.1" 200 146325 "-" "-"
221.192.149.81 - - [28/Jun/2009:00:07:02 +0800] "GET / HTTP/1.1" 200 146325 "-" "-"
218.213.69.115 - - [28/Jun/2009:00:07:02 +0800] "GET / HTTP/1.1" 200 146325 "-" "-"
119.147.104.181 - - [28/Jun/2009:00:07:02 +0800] "GET / HTTP/1.1" 200 146325 "-" "-"
221.192.149.81 - - [28/Jun/2009:00:07:02 +0800] "GET / HTTP/1.1" 200 146325 "-" "-"
221.192.149.81 - - [28/Jun/2009:00:07:02 +0800] "GET / HTTP/1.1" 200 146325 "-" "-"
119.147.104.181 - - [28/Jun/2009:00:07:02 +0800] "GET / HTTP/1.1" 200 146325 "-" "-"
221.192.149.81 - - [28/Jun/2009:00:07:02 +0800] "GET / HTTP/1.1" 200 146325 "-" "-"
119.147.104.181 - - [28/Jun/2009:00:07:02 +0800] "GET / HTTP/1.1" 200 146325 "-" "-"
218.213.69.115 - - [28/Jun/2009:00:07:02 +0800] "GET / HTTP/1.1" 200 146325 "-" "-"
119.147.104.181 - - [28/Jun/2009:00:07:02 +0800] "GET / HTTP/1.1" 200 146325 "-" "-"
127.0.0.1 - - [28/Jun/2009:00:07:03 +0800] "GET / HTTP/1.0" 200 146325 "-" "Apache (internal dummy connection)"
117.23.204.247 - - [28/Jun/2009:00:07:05 +0800] "GET /shangye/jiaoyu/undefined HTTP/1.0" 404 292 "http://www.jl.xinhuanet.com/shangye/jiaoyu/index.htm" "Mozilla/4.0 (compatible; MSIE 6.0; Windows NT 5.1; SV1)"
202.86.165.29 - - [28/Jun/2009:00:07:04 +0800] "GET /newscenter/2009-01/11/xin_2430106111245281157837.jpg HTTP/1.1" 200 101689 "http://www.e0436.net.cn/gb/new/2008-1/23/0941817550171723_245.html" "Mozilla/4.0 (compatible; MSIE 7.0; Windows NT 6.1; Trident/4.0; GTB6; SLCC2; .NET CLR 2.0.50727; .NET CLR 3.5.30729; .NET CLR 3.0.30729; Media Center PC 6.0; Tablet PC 2.0)"
123.235.40.243 - - [28/Jun/2009:00:07:05 +0800] "GET /shangye/2009-06/17/content_16832641.htm HTTP/1.0" 304 - "-" "Mozilla/5.0 (compatible; Yahoo! Slurp China; http://misc.yahoo.com.cn/help.html)"
123.235.40.242 - - [28/Jun/2009:00:07:06 +0800] "GET /shangye/2006-04/03/content_6633258.htm HTTP/1.0" 200 5802 "-" "Mozilla/5.0 (compatible; Yahoo! Slurp China; http://misc.yahoo.com.cn/help.html)"
121.14.234.178 - - [28/Jun/2009:00:07:06 +0800] "GET /htd/2005-07/15/content_4645397.htm HTTP/1.0" 304 - "-" "Baiduspider+(+http://www.baidu.com/search/spider.htm)"
202.180.34.186 - - [28/Jun/2009:00:07:06 +0800] "GET /newscenter/2009-03/13/content_15939734.htm HTTP/1.1" 200 18531 "-" "ICC-Crawler/2.0 (Mozilla-compatible; ; http://kc.nict.go.jp/project1/crawl.html)"
121.12.224.206 - - [28/Jun/2009:00:07:08 +0800] "GET /favicon.ico HTTP/1.1" 404 276 "-" "Mozilla/4.0 (compatible; MSIE 7.0; Windows NT 5.1)"
124.115.0.142 - - [28/Jun/2009:00:07:08 +0800] "HEAD /2006shangye/2009-02/25/content_15791267.htm HTTP/1.1" 200 - "http://www.jl.xinhua.org/2006shangye/2009-02/25/content_15791267.htm" "Sosospider+(+http://help.soso.com/webspider.htm)"
58.215.110.209 - - [28/Jun/2009:00:07:08 +0800] "GET /newscenter/2009-06/11/content_16782968.htm HTTP/1.0" 200 23092 "http://www.jl.xinhuanet.com/" "Mozilla/4.0 (compatible; MSIE 7.0; Windows NT 5.1; SV1; GTB6; CIBA; 360SE)"
121.12.224.206 - - [28/Jun/2009:00:07:08 +0800] "GET /2006shangye/2009-03/13/content_15940661.htm HTTP/1.1" 200 17812 "http://cn.bing.com/search?srch=105&FORM=IE7RE&q=%e5%ad%a6%e7%94%9f%e7%94%a8%e7%ac%94%e8%ae%b0%e6%9c%ac%e7%94%b5%e8%84%91" "Mozilla/4.0 (compatible; MSIE 7.0; Windows NT 5.1)"
58.215.110.209 - - [28/Jun/2009:00:07:09 +0800] "GET /home/images/style.css HTTP/1.0" 304 - "http://www.jl.xinhuanet.com/newscenter/2009-06/11/content_16782968.htm" "Mozilla/4.0 (compatible; MSIE 7.0; Windows NT 5.1; SV1; GTB6; CIBA; 360SE)"
58.215.110.209 - - [28/Jun/2009:00:07:09 +0800] "GET /mod2006/top.htm HTTP/1.0" 304 - "http://www.jl.xinhuanet.com/newscenter/2009-06/11/content_16782968.htm" "Mozilla/4.0 (compatible; MSIE 7.0; Windows NT 5.1; SV1; GTB6; CIBA; 360SE)"
58.215.110.209 - - [28/Jun/2009:00:07:09 +0800] "GET /mod2006/images/css.css HTTP/1.0" 304 - "http://www.jl.xinhuanet.com/mod2006/top.htm" "Mozilla/4.0 (compatible; MSIE 7.0; Windows NT 5.1; SV1; GTB6; CIBA; 360SE)"
58.215.110.209 - - [28/Jun/2009:00:07:09 +0800] "GET /newscenter/link-news/index.htm HTTP/1.0" 304 - "http://www.jl.xinhuanet.com/newscenter/2009-06/11/content_16782968.htm" "Mozilla/4.0 (compatible; MSIE 7.0; Windows NT 5.1; SV1; GTB6; CIBA; 360SE)"
202.108.251.39 - - [28/Jun/2009:00:07:09 +0800] "GET /shangye/2007-12/25/xin_4531204251048921000221.JPG HTTP/1.0" 200 79642 "http://image.baidu.com/i?ct=503316480&z=0&tn=baiduimagedetail&word=08%B1%F9%D1%A9%CC%EC%CA%B9&in=21771&cl=2&cm=1&sc=0&lm=-1&pn=55&rn=1&di=465927288&ln=61&fr=" "Mozilla/4.0 (compatible; MSIE 6.0; Windows NT 5.1; SV1; QQDownload 538; .NET CLR 2.0.50727)"
58.215.110.209 - - [28/Jun/2009:00:07:09 +0800] "GET /home/bottom.htm HTTP/1.0" 304 - "http://www.jl.xinhuanet.com/newscenter/2009-06/11/content_16782968.htm" "Mozilla/4.0 (compatible; MSIE 7.0; Windows NT 5.1; SV1; GTB6; CIBA; 360SE)"
121.14.234.178 - - [28/Jun/2009:00:07:10 +0800] "GET /mod2006/images/css.css HTTP/1.0" 304 - "http://www.jl.xinhuanet.com/mod2006/top.htm" "Mozilla/4.0 (compatible; MSIE 6.0; Windows NT 5.1; SV1; Mozilla/4.0 (compatible; MSIE 6.0; Windows NT 5.1; SV1) ; .NET CLR 2.0.50727)"
72.30.79.39 - - [28/Jun/2009:00:07:09 +0800] "GET /xhsjl/news/meiti/2002/07/20020705-07.htm HTTP/1.0" 200 17916 "-" "Mozilla/5.0 (compatible; Yahoo! Slurp/3.0; http://help.yahoo.com/help/us/ysearch/slurp)"
203.208.60.101 - - [28/Jun/2009:00:07:10 +0800] "GET /newscenter/2009-06/12/content_16791117.htm HTTP/1.1" 304 - "-" "Mozilla/5.0 (compatible; Googlebot/2.1; +http://www.google.com/bot.html)"
119.147.104.181 - - [28/Jun/2009:00:07:12 +0800] "GET /newscenter/2006-12/04/xin_121203041431118367913.jpg HTTP/1.0" 304 - "http://image.baidu.com/i?ct=503316480&z=0&tn=baiduimagedetail&word=%DE%CF%DE%CE%CA%B1%BF%CC&in=13132&cl=2&cm=1&sc=0&lm=-1&pn=0&rn=1&di=546988840&ln=1537&fr=" "Mozilla/4.0 (compatible; MSIE 7.0; Windows NT 5.1; Mozilla/4.0 (compatible; MSIE 6.0; Windows NT 5.1; SV1) )"
