222.141.52.126 - - [28/Jun/2009:00:09:52 +0800] "GET / HTTP/1.0" 304 - "http://www.sx.xinhuanet.com/" "Mozilla/4.0 (compatible; MSIE 6.0; Windows NT 5.1; SV1; .NET CLR 1.1.4322)"
216.129.119.10 - - [28/Jun/2009:00:09:53 +0800] "GET /cysh/mxp/010.htm HTTP/1.0" 200 15561 "-" "Mozilla/5.0 (Twiceler-0.9 http://www.cuil.com/twiceler/robot.html)"
67.195.114.249 - - [28/Jun/2009:00:09:53 +0800] "GET /shangye/jkq/video.htm HTTP/1.0" 304 - "-" "Mozilla/5.0 (compatible; Yahoo! Slurp/3.0; http://help.yahoo.com/help/us/ysearch/slurp)"
203.192.6.86 - - [28/Jun/2009:00:09:54 +0800] "GET /news/yaowen/yaowen.htm HTTP/1.1" 304 - "-" "Mozilla/5.0 (compatible; Googlebot/2.1; +http://www.google.com/bot.html)"
61.135.220.20 - - [28/Jun/2009:00:09:57 +0800] "GET /media/Discovering_the_New_Chart_Module_Galmes_Milcke/video.ogg.m3u HTTP/1.1" 404 331 "" "Mozilla/5.0 (compatible; YodaoBot/1.0; http://www.youdao.com/help/webmaster/spider/; )"
65.55.106.173 - - [28/Jun/2009:00:09:57 +0800] "GET /newscenter/2009-03/03/content_15875742.htm HTTP/1.1" 304 - "-" "msnbot/2.0b (+http://search.msn.com/msnbot.htm)"
41.222.205.22 - - [28/Jun/2009:00:09:57 +0800] "GET /xhsjzkjl/2003/2005-08/18/content_4972917.htm HTTP/1.1" 200 10454 "http://image.baidu.com/i?ct=503316480&z=0&tn=baiduimagedetail&word=%D6%D0%B9%FA%B3%B5%C4%A3&in=19848&cl=2&cm=1&sc=0&lm=-1&pn=1870&rn=1&di=459350008&ln=2000&fr=" "Mozilla/5.0 (Windows; U; Windows NT 5.1; en-US) AppleWebKit/525.13 (KHTML, like Gecko) Chrome/0.2.149.27 Safari/525.13"
65.55.106.173 - - [28/Jun/2009:00:09:57 +0800] "GET /newscenter/2009-02/17/content_15709638.htm HTTP/1.1" 304 - "-" "msnbot/2.0b (+http://search.msn.com/msnbot.htm)"
61.164.61.68 - - [28/Jun/2009:00:09:57 +0800] "GET /x.php HTTP/1.0" 404 273 "-" "-"
61.164.61.68 - - [28/Jun/2009:00:09:57 +0800] "GET /2008.php HTTP/1.0" 404 276 "-" "-"
61.164.61.68 - - [28/Jun/2009:00:09:58 +0800] "GET /system.php HTTP/1.0" 404 278 "-" "-"
61.164.61.68 - - [28/Jun/2009:00:09:58 +0800] "GET /diy.asp HTTP/1.0" 404 275 "-" "-"
219.153.74.114 - - [28/Jun/2009:00:09:58 +0800] "GET /newscenter/2007-10/22/xin_35310042210547342053715.jpg HTTP/1.0" 304 - "http://image.baidu.com/i?ct=503316480&z=0&tn=baiduimagedetail&word=%CD%F8%C2%E7%C3%C0%C5%AE&in=30008&cl=2&cm=1&sc=0&lm=-1&pn=0&rn=1&di=213606740&ln=919&fr=" "Mozilla/4.0 (compatible; MSIE 6.0; Windows NT 5.1; SV1; QQDownload 1.7; TencentTraveler 4.0)"
61.164.61.68 - - [28/Jun/2009:00:09:58 +0800] "GET /z.php HTTP/1.0" 404 273 "-" "-"
61.164.61.68 - - [28/Jun/2009:00:09:58 +0800] "GET /k.asp HTTP/1.0" 404 273 "-" "-"
61.164.61.68 - - [28/Jun/2009:00:09:58 +0800] "GET /database/%23GBooK.ASP HTTP/1.0" 404 287 "-" "-"
41.222.205.22 - - [28/Jun/2009:00:09:58 +0800] "GET /shangye/3mbh/pic/adv_display.js HTTP/1.1" 200 3821 "http://www.jl.xinhuanet.com/xhsjzkjl/2003/2005-08/18/content_4972917.htm" "Mozilla/5.0 (Windows; U; Windows NT 5.1; en-US) AppleWebKit/525.13 (KHTML, like Gecko) Chrome/0.2.149.27 Safari/525.13"
123.235.40.243 - - [28/Jun/2009:00:09:59 +0800] "GET /shangye/shulan/images/logo_jl.gif HTTP/1.0" 404 301 "http://www.jlcst.org.cn/" "Mozilla/4.0 (compatible; MSIE 6.0; Windows NT 5.1; SV1)"
117.23.204.247 - - [28/Jun/2009:00:10:00 +0800] "GET /shangye/jiaoyu/undefined HTTP/1.0" 404 292 "http://www.jl.xinhuanet.com/shangye/jiaoyu/index.htm" "Mozilla/4.0 (compatible; MSIE 6.0; Windows NT 5.1; SV1)"
123.235.40.243 - - [28/Jun/2009:00:10:00 +0800] "GET / HTTP/1.1" 200 146325 "-" "-"
202.108.251.39 - - [28/Jun/2009:00:10:00 +0800] "GET / HTTP/1.1" 200 146325 "-" "-"
123.235.40.243 - - [28/Jun/2009:00:10:00 +0800] "GET / HTTP/1.1" 200 146325 "-" "-"
123.235.40.243 - - [28/Jun/2009:00:10:00 +0800] "GET / HTTP/1.1" 200 146325 "-" "-"
123.235.40.243 - - [28/Jun/2009:00:10:00 +0800] "GET / HTTP/1.1" 200 146325 "-" "-"
202.108.251.39 - - [28/Jun/2009:00:10:00 +0800] "GET / HTTP/1.1" 200 146325 "-" "-"
202.108.251.39 - - [28/Jun/2009:00:10:00 +0800] "GET / HTTP/1.1" 200 146325 "-" "-"
202.108.251.39 - - [28/Jun/2009:00:10:00 +0800] "GET / HTTP/1.1" 200 146325 "-" "-"
123.235.40.242 - - [28/Jun/2009:00:10:00 +0800] "GET /1.htm HTTP/1.0" 304 - "http://mw.0437.gov.cn/bar.asp?id=500&url=http://mw.0437.gov.cn/show/500.html" "Mozilla/4.0 (compatible; MSIE 7.0; Windows NT 5.1; Trident/4.0; GTB6; TencentTraveler 4.0; .NET CLR 2.0.50727)"
41.222.205.22 - - [28/Jun/2009:00:10:00 +0800] "GET /shangye/3mbh/pic/css.css HTTP/1.1" 200 682 "http://www.jl.xinhuanet.com/xhsjzkjl/2003/2005-08/18/content_4972917.htm" "Mozilla/5.0 (Windows; U; Windows NT 5.1; en-US) AppleWebKit/525.13 (KHTML, like Gecko) Chrome/0.2.149.27 Safari/525.13"
61.164.61.68 - - [28/Jun/2009:00:10:00 +0800] "GET / HTTP/1.1" 200 146325 "-" "-"
221.192.149.81 - - [28/Jun/2009:00:10:00 +0800] "GET / HTTP/1.1" 200 146325 "-" "-"
61.164.61.68 - - [28/Jun/2009:00:10:00 +0800] "GET / HTTP/1.1" 200 146325 "-" "-"
61.164.61.68 - - [28/Jun/2009:00:10:00 +0800] "GET / HTTP/1.1" 200 146325 "-" "-"
221.192.149.81 - - [28/Jun/2009:00:10:00 +0800] "GET / HTTP/1.1" 200 146325 "-" "-"
61.164.61.68 - - [28/Jun/2009:00:10:00 +0800] "GET / HTTP/1.1" 200 146325 "-" "-"
58.215.110.209 - - [28/Jun/2009:00:10:00 +0800] "GET / HTTP/1.1" 200 146325 "-" "-"
219.153.74.114 - - [28/Jun/2009:00:10:00 +0800] "GET / HTTP/1.1" 200 146325 "-" "-"
221.192.149.81 - - [28/Jun/2009:00:10:00 +0800] "GET / HTTP/1.1" 200 146325 "-" "-"
221.192.149.81 - - [28/Jun/2009:00:10:00 +0800] "GET / HTTP/1.1" 200 146325 "-" "-"
119.147.104.181 - - [28/Jun/2009:00:10:00 +0800] "GET / HTTP/1.1" 200 146325 "-" "-"
58.215.110.209 - - [28/Jun/2009:00:10:00 +0800] "GET / HTTP/1.1" 200 146325 "-" "-"
58.215.110.209 - - [28/Jun/2009:00:10:00 +0800] "GET / HTTP/1.1" 200 146325 "-" "-"
119.147.104.181 - - [28/Jun/2009:00:10:00 +0800] "GET / HTTP/1.1" 200 146325 "-" "-"
219.153.74.114 - - [28/Jun/2009:00:10:00 +0800] "GET / HTTP/1.1" 200 146325 "-" "-"
58.215.110.209 - - [28/Jun/2009:00:10:00 +0800] "GET / HTTP/1.1" 200 146325 "-" "-"
119.147.104.181 - - [28/Jun/2009:00:10:00 +0800] "GET / HTTP/1.1" 200 146325 "-" "-"
219.153.74.114 - - [28/Jun/2009:00:10:00 +0800] "GET / HTTP/1.1" 200 146325 "-" "-"
119.147.104.181 - - [28/Jun/2009:00:10:00 +0800] "GET / HTTP/1.1" 200 146325 "-" "-"
219.153.74.114 - - [28/Jun/2009:00:10:00 +0800] "GET / HTTP/1.1" 200 146325 "-" "-"
117.23.204.247 - - [28/Jun/2009:00:10:00 +0800] "GET / HTTP/1.1" 200 146325 "-" "-"
117.23.204.247 - - [28/Jun/2009:00:10:01 +0800] "GET / HTTP/1.1" 200 146325 "-" "-"
123.235.40.242 - - [28/Jun/2009:00:10:01 +0800] "GET / HTTP/1.1" 200 146325 "-" "-"
123.235.40.242 - - [28/Jun/2009:00:10:01 +0800] "GET / HTTP/1.1" 200 146325 "-" "-"
123.235.40.242 - - [28/Jun/2009:00:10:01 +0800] "GET / HTTP/1.1" 200 146325 "-" "-"
123.235.40.242 - - [28/Jun/2009:00:10:01 +0800] "GET / HTTP/1.1" 200 146325 "-" "-"
117.23.204.247 - - [28/Jun/2009:00:10:01 +0800] "GET / HTTP/1.1" 200 146325 "-" "-"
218.213.69.115 - - [28/Jun/2009:00:10:01 +0800] "GET / HTTP/1.1" 200 146325 "-" "-"
222.141.52.126 - - [28/Jun/2009:00:10:01 +0800] "GET / HTTP/1.1" 200 146325 "-" "-"
117.23.204.247 - - [28/Jun/2009:00:10:01 +0800] "GET / HTTP/1.1" 200 146325 "-" "-"
218.213.69.115 - - [28/Jun/2009:00:10:01 +0800] "GET / HTTP/1.1" 200 146325 "-" "-"
222.141.52.126 - - [28/Jun/2009:00:10:01 +0800] "GET / HTTP/1.1" 200 146325 "-" "-"
218.213.69.115 - - [28/Jun/2009:00:10:01 +0800] "GET / HTTP/1.1" 200 146325 "-" "-"
119.147.104.181 - - [28/Jun/2009:00:10:01 +0800] "GET /favicon.ico HTTP/1.0" 404 279 "-" "Mozilla/4.0 (compatible; MSIE 7.0; Windows NT 6.0; SLCC1; .NET CLR 2.0.50727; Media Center PC 5.0; .NET CLR 3.0.04506)"
121.14.234.178 - - [28/Jun/2009:00:10:01 +0800] "GET /fangchan/2005-05/18/content_4258101.htm HTTP/1.0" 304 - "-" "Baiduspider+(+http://www.baidu.com/search/spider.htm)"
222.141.52.126 - - [28/Jun/2009:00:10:01 +0800] "GET / HTTP/1.1" 200 146325 "-" "-"
218.213.69.115 - - [28/Jun/2009:00:10:01 +0800] "GET / HTTP/1.1" 200 146325 "-" "-"
121.14.234.178 - - [28/Jun/2009:00:10:01 +0800] "GET / HTTP/1.1" 200 146325 "-" "-"
222.141.52.126 - - [28/Jun/2009:00:10:01 +0800] "GET / HTTP/1.1" 200 146325 "-" "-"
41.222.205.22 - - [28/Jun/2009:00:10:01 +0800] "GET /shangye/3mbh/pic/minsu0311.gif HTTP/1.1" 200 1343 "http://www.jl.xinhuanet.com/xhsjzkjl/2003/2005-08/18/content_4972917.htm" "Mozilla/5.0 (Windows; U; Windows NT 5.1; en-US) AppleWebKit/525.13 (KHTML, like Gecko) Chrome/0.2.149.27 Safari/525.13"
41.222.205.22 - - [28/Jun/2009:00:10:01 +0800] "GET /shangye/3mbh/pic/minsu044.gif HTTP/1.1" 200 1335 "http://www.jl.xinhuanet.com/xhsjzkjl/2003/2005-08/18/content_4972917.htm" "Mozilla/5.0 (Windows; U; Windows NT 5.1; en-US) AppleWebKit/525.13 (KHTML, like Gecko) Chrome/0.2.149.27 Safari/525.13"
59.175.131.253 - - [28/Jun/2009:00:10:01 +0800] "GET / HTTP/1.1" 200 146325 "-" "-"
41.222.205.22 - - [28/Jun/2009:00:10:01 +0800] "GET /shangye/3mbh/pic/xl5.gif HTTP/1.1" 200 459 "http://www.jl.xinhuanet.com/xhsjzkjl/2003/2005-08/18/content_4972917.htm" "Mozilla/5.0 (Windows; U; Windows NT 5.1; en-US) AppleWebKit/525.13 (KHTML, like Gecko) Chrome/0.2.149.27 Safari/525.13"
59.175.131.253 - - [28/Jun/2009:00:10:01 +0800] "GET / HTTP/1.1" 200 146325 "-" "-"
121.14.234.178 - - [28/Jun/2009:00:10:01 +0800] "GET / HTTP/1.1" 200 146325 "-" "-"
41.222.205.22 - - [28/Jun/2009:00:10:01 +0800] "GET /shangye/3mbh/pic/d.gif HTTP/1.1" 200 68 "http://www.jl.xinhuanet.com/xhsjzkjl/2003/2005-08/18/content_4972917.htm" "Mozilla/5.0 (Windows; U; Windows NT 5.1; en-US) AppleWebKit/525.13 (KHTML, like Gecko) Chrome/0.2.149.27 Safari/525.13"
59.175.131.253 - - [28/Jun/2009:00:10:01 +0800] "GET / HTTP/1.1" 200 146325 "-" "-"
121.14.234.178 - - [28/Jun/2009:00:10:01 +0800] "GET / HTTP/1.1" 200 146325 "-" "-"
113.66.99.223 - - [28/Jun/2009:00:10:01 +0800] "GET /1.htm HTTP/1.1" 304 - "http://mw.0437.gov.cn/bar.asp?id=500&url=http://mw.0437.gov.cn/show/500.html" "Mozilla/4.0 (compatible; MSIE 7.0; Windows NT 5.1; InfoPath.2; .NET CLR 2.0.50727; MAXTHON 2.0)"
59.175.131.253 - - [28/Jun/2009:00:10:01 +0800] "GET / HTTP/1.1" 200 146325 "-" "-"
121.14.234.178 - - [28/Jun/2009:00:10:01 +0800] "GET / HTTP/1.1" 200 146325 "-" "-"
72.30.79.39 - - [28/Jun/2009:00:10:01 +0800] "GET /yingshi/2009-02/03/content_15586740.htm HTTP/1.0" 200 23747 "-" "Mozilla/5.0 (compatible; Yahoo! Slurp/3.0; http://help.yahoo.com/help/us/ysearch/slurp)"
123.235.40.242 - - [28/Jun/2009:00:10:01 +0800] "GET /2006shangye/2008-05/07/content_13182632.htm HTTP/1.0" 200 20209 "-" "Mozilla/5.0 (compatible; Yahoo! Slurp China; http://misc.yahoo.com.cn/help.html)"
41.222.205.22 - - [28/Jun/2009:00:10:02 +0800] "GET /shangye/3mbh/pic/xl4.gif HTTP/1.1" 200 338 "http://www.jl.xinhuanet.com/xhsjzkjl/2003/2005-08/18/content_4972917.htm" "Mozilla/5.0 (Windows; U; Windows NT 5.1; en-US) AppleWebKit/525.13 (KHTML, like Gecko) Chrome/0.2.149.27 Safari/525.13"
41.222.205.22 - - [28/Jun/2009:00:10:02 +0800] "GET /home/bottom.htm HTTP/1.1" 200 1363 "http://www.jl.xinhuanet.com/xhsjzkjl/2003/2005-08/18/content_4972917.htm" "Mozilla/5.0 (Windows; U; Windows NT 5.1; en-US) AppleWebKit/525.13 (KHTML, like Gecko) Chrome/0.2.149.27 Safari/525.13"
41.222.205.22 - - [28/Jun/2009:00:10:02 +0800] "GET /shangye/3mbh/pic/bottom15.gif HTTP/1.1" 200 194 "http://www.jl.xinhuanet.com/xhsjzkjl/2003/2005-08/18/content_4972917.htm" "Mozilla/5.0 (Windows; U; Windows NT 5.1; en-US) AppleWebKit/525.13 (KHTML, like Gecko) Chrome/0.2.149.27 Safari/525.13"
41.222.205.22 - - [28/Jun/2009:00:10:03 +0800] "GET /shangye/3mbh/pic/xl3.gif HTTP/1.1" 200 149 "http://www.jl.xinhuanet.com/xhsjzkjl/2003/2005-08/18/content_4972917.htm" "Mozilla/5.0 (Windows; U; Windows NT 5.1; en-US) AppleWebKit/525.13 (KHTML, like Gecko) Chrome/0.2.149.27 Safari/525.13"
41.222.205.22 - - [28/Jun/2009:00:10:03 +0800] "GET /shangye/3mbh/pic/top15.gif HTTP/1.1" 200 217 "http://www.jl.xinhuanet.com/xhsjzkjl/2003/2005-08/18/content_4972917.htm" "Mozilla/5.0 (Windows; U; Windows NT 5.1; en-US) AppleWebKit/525.13 (KHTML, like Gecko) Chrome/0.2.149.27 Safari/525.13"
41.222.205.22 - - [28/Jun/2009:00:10:02 +0800] "GET /shangye/3mbh/pic/111.jpg HTTP/1.1" 200 15291 "http://www.jl.xinhuanet.com/xhsjzkjl/2003/2005-08/18/content_4972917.htm" "Mozilla/5.0 (Windows; U; Windows NT 5.1; en-US) AppleWebKit/525.13 (KHTML, like Gecko) Chrome/0.2.149.27 Safari/525.13"
41.222.205.22 - - [28/Jun/2009:00:10:04 +0800] "GET /home/images/style.css HTTP/1.1" 200 2675 "http://www.jl.xinhuanet.com/home/bottom.htm" "Mozilla/5.0 (Windows; U; Windows NT 5.1; en-US) AppleWebKit/525.13 (KHTML, like Gecko) Chrome/0.2.149.27 Safari/525.13"
41.222.205.22 - - [28/Jun/2009:00:10:04 +0800] "GET /home/images/jlpdemail.gif HTTP/1.1" 200 171 "http://www.jl.xinhuanet.com/home/bottom.htm" "Mozilla/5.0 (Windows; U; Windows NT 5.1; en-US) AppleWebKit/525.13 (KHTML, like Gecko) Chrome/0.2.149.27 Safari/525.13"
117.23.204.247 - - [28/Jun/2009:00:10:05 +0800] "GET /shangye/jiaoyu/undefined HTTP/1.0" 404 292 "http://www.jl.xinhuanet.com/shangye/jiaoyu/index.htm" "Mozilla/4.0 (compatible; MSIE 6.0; Windows NT 5.1; SV1)"
203.208.60.13 - - [28/Jun/2009:00:10:05 +0800] "GET /newscenter/yaowen/index.htm HTTP/1.1" 304 - "-" "Mozilla/5.0 (compatible; Googlebot/2.1; +http://www.google.com/bot.html)"
203.208.60.11 - - [28/Jun/2009:00:10:06 +0800] "GET /newscenter/tupian/index.htm HTTP/1.1" 304 - "-" "Mozilla/5.0 (compatible; Googlebot/2.1; +http://www.google.com/bot.html)"
221.192.149.81 - - [28/Jun/2009:00:10:06 +0800] "GET /yingshi/2006-12/04/xin_1212030414319602249115.jpg HTTP/1.0" 304 - "http://image.baidu.com/i?ct=503316480&z=0&tn=baiduimagedetail&word=%DE%CF%DE%CE%CA%B1%BF%CC&in=20835&cl=2&cm=1&sc=0&lm=-1&pn=1&rn=1&di=1108981696&ln=1547&fr=" "Mozilla/4.0 (compatible; MSIE 6.0; Windows NT 5.1; SV1; GTB5)"
123.235.40.243 - - [28/Jun/2009:00:10:07 +0800] "GET /1.htm HTTP/1.0" 304 - "http://mw.0437.gov.cn/bar.asp?id=500&url=http://mw.0437.gov.cn/show/500.html" "Mozilla/4.0 (compatible; MSIE 6.0; Windows NT 5.1; SV1; iCafeMedia; icafe8; Sicent; .NET CLR 2.0.50727)"
202.108.251.39 - - [28/Jun/2009:00:10:08 +0800] "GET /shangye/2007-12/20/xin_5431204201425453959623.jpg HTTP/1.0" 200 167380 "http://image.baidu.com/i?ct=503316480&z=0&tn=baiduimagedetail&word=2008%B3%A4%B4%BA%BE%BB%D4%C2%CC%B6%CD%DF%C8%F8%B9%FA%BC%CA%B1%F9%D1%A9%CC%EC%CA%B9&in=5467&cl=2&cm=1&sc=0&lm=-1&pn=18&rn=1&di=517988848&ln=26&fr=" "Mozilla/4.0 (compatible; MSIE 6.0; Windows NT 5.1; SV1; QQDownload 538; .NET CLR 2.0.50727)"
124.115.4.202 - - [28/Jun/2009:00:10:09 +0800] "HEAD /xhsjl/news/wenti/2002/08/20020820-04.htm HTTP/1.1" 200 - "http://www.jl.xinhua.org/xhsjl/news/wenti/2002/08/20020820-04.htm" "Sosospider+(+http://help.soso.com/webspider.htm)"
38.99.13.116 - - [28/Jun/2009:00:10:10 +0800] "GET /newscenter/2009-03/04/content_15851490.htm HTTP/1.0" 200 17337 "-" "Mozilla/5.0 (Twiceler-0.9 http://www.cuil.com/twiceler/robot.html)"
127.0.0.1 - - [28/Jun/2009:00:10:11 +0800] "GET / HTTP/1.0" 200 146325 "-" "Apache (internal dummy connection)"
202.108.251.39 - - [28/Jun/2009:00:10:12 +0800] "GET /shangye/2007-12/20/xin_1331204201446109599031.jpg HTTP/1.0" 200 63373 "http://image.baidu.com/i?ct=503316480&z=0&tn=baiduimagedetail&word=2008%B3%A4%B4%BA%BE%BB%D4%C2%CC%B6%CD%DF%C8%F8%B9%FA%BC%CA%B1%F9%D1%A9%CC%EC%CA%B9&in=5467&cl=2&cm=1&sc=0&lm=-1&pn=18&rn=1&di=517988848&ln=26&fr=" "Mozilla/4.0 (compatible; MSIE 6.0; Windows NT 5.1; SV1; QQDownload 538; .NET CLR 2.0.50727)"
124.115.10.25 - - [28/Jun/2009:00:10:12 +0800] "HEAD /newscenter/ HTTP/1.1" 200 - "http://www.jl.xinhua.org/newscenter/" "Sosonewsspider+(+http://help.soso.com/soso-news-spider.htm)"
124.115.10.25 - - [28/Jun/2009:00:10:12 +0800] "GET /newscenter/ HTTP/1.1" 200 99327 "http://www.jl.xinhua.org/newscenter/" "Sosonewsspider+(+http://help.soso.com/soso-news-spider.htm)"
127.0.0.1 - - [28/Jun/2009:00:10:12 +0800] "GET / HTTP/1.0" 200 146325 "-" "Apache (internal dummy connection)"
202.108.251.39 - - [28/Jun/2009:00:10:13 +0800] "GET /cysh/2004-12/22/xin_3112012220432331389433.jpg HTTP/1.0" 304 - "http://www.tianya.cn/publicforum/Content/filmTV/1/86085.shtml" "Mozilla/4.0 (compatible; MSIE 6.0; Windows NT 5.1; SV1; .NET CLR 2.0.50727)"
202.108.251.39 - - [28/Jun/2009:00:10:13 +0800] "GET /cysh/2004-12/22/xin_3012012220438422039632.jpg HTTP/1.0" 304 - "http://www.tianya.cn/publicforum/Content/filmTV/1/86085.shtml" "Mozilla/4.0 (compatible; MSIE 6.0; Windows NT 5.1; SV1; .NET CLR 2.0.50727)"
127.0.0.1 - - [28/Jun/2009:00:10:13 +0800] "GET / HTTP/1.0" 200 146325 "-" "Apache (internal dummy connection)"
113.66.99.223 - - [28/Jun/2009:00:10:14 +0800] "GET /1.htm HTTP/1.1" 200 309 "http://mw.0437.gov.cn/bar.asp?id=500&url=http://mw.0437.gov.cn/show/500.html" "Mozilla/4.0 (compatible; MSIE 6.0; Windows NT 5.1; SV1; Mozilla/4.0 (compatible; MSIE 6.0; Windows NT 5.1; SV1) )"
202.108.251.39 - - [28/Jun/2009:00:10:14 +0800] "GET /newscenter/2009-06/19/content_16854958.htm HTTP/1.0" 304 - "http://www.google.cn/search?hl=zh-CN&rlz=1G1GGLQ_ZH-CNCN325&newwindow=1&q=%E7%99%BD%E5%B1%B1%E5%B8%82%E6%9C%80%E5%A5%BD%E9%85%92%E5%BA%97" "Mozilla/4.0 (compatible; MSIE 6.0; Windows NT 5.1; SV1; CNCDialer; .NET CLR 1.1.4322; 360SE)"
117.23.204.247 - - [28/Jun/2009:00:10:15 +0800] "GET /shangye/jiaoyu/undefined HTTP/1.0" 404 292 "http://www.jl.xinhuanet.com/shangye/jiaoyu/index.htm" "Mozilla/4.0 (compatible; MSIE 6.0; Windows NT 5.1; SV1)"
117.23.204.247 - - [28/Jun/2009:00:10:15 +0800] "GET /1.htm HTTP/1.0" 304 - "http://mw.0437.gov.cn/bar.asp?id=400&url=http://mw.0437.gov.cn/show/400.html" "Mozilla/4.0 (compatible; MSIE 8.0; Windows NT 6.0; Trident/4.0; SLCC1; .NET CLR 2.0.50727; .NET CLR 3.5.30729; .NET CLR 3.0.30618)"
41.222.205.22 - - [28/Jun/2009:00:10:03 +0800] "GET /shangye/3mbh/pic/b02.gif HTTP/1.1" 200 56460 "http://www.jl.xinhuanet.com/xhsjzkjl/2003/2005-08/18/content_4972917.htm" "Mozilla/5.0 (Windows; U; Windows NT 5.1; en-US) AppleWebKit/525.13 (KHTML, like Gecko) Chrome/0.2.149.27 Safari/525.13"
119.147.104.181 - - [28/Jun/2009:00:10:15 +0800] "GET /newscenter/jiceng/index.htm HTTP/1.0" 304 - "-" "Mozilla/4.0 (compatible; MSIE 6.0; Windows NT 5.1; SV1; .NET CLR 1.1.4322)"
202.108.251.39 - - [28/Jun/2009:00:10:15 +0800] "GET /favicon.ico HTTP/1.0" 404 279 "-" "Mozilla/4.0 (compatible; MSIE 6.0; Windows NT 5.1; SV1; CNCDialer; .NET CLR 1.1.4322; 360SE; 360SE)"
117.23.204.247 - - [28/Jun/2009:00:10:15 +0800] "GET /xhsjzkjl/2003/2003-07/14/xin_3571f1e5d07e4d13bbad04205e03c557_52.jpg HTTP/1.0" 200 52899 "http://image.soso.com" "Sosoimagespider+(+http://help.soso.com/soso-image-spider.htm)"
58.205.216.10 - - [28/Jun/2009:00:10:16 +0800] "GET / HTTP/1.1" 200 146325 "-" "-"
58.205.216.10 - - [28/Jun/2009:00:10:16 +0800] "GET / HTTP/1.1" 200 146325 "-" "-"
58.205.216.10 - - [28/Jun/2009:00:10:16 +0800] "GET / HTTP/1.1" 200 146325 "-" "-"
58.205.216.10 - - [28/Jun/2009:00:10:16 +0800] "GET / HTTP/1.1" 200 146325 "-" "-"
41.222.205.22 - - [28/Jun/2009:00:10:01 +0800] "GET /xhsjzkjl/2003/2005-08/18/xin_4108020909235003250033.jpg HTTP/1.1" 200 61633 "http://www.jl.xinhuanet.com/xhsjzkjl/2003/2005-08/18/content_4972917.htm" "Mozilla/5.0 (Windows; U; Windows NT 5.1; en-US) AppleWebKit/525.13 (KHTML, like Gecko) Chrome/0.2.149.27 Safari/525.13"
123.235.40.243 - - [28/Jun/2009:00:10:16 +0800] "GET /jujiao/zhuanti/2002-09/ HTTP/1.0" 403 295 "-" "Mozilla/5.0 (compatible; Yahoo! Slurp China; http://misc.yahoo.com.cn/help.html)"
219.153.74.114 - - [28/Jun/2009:00:10:17 +0800] "GET /newscenter/2009-06/08/content_16737649.htm HTTP/1.0" 304 - "-" "Mozilla/4.0 (compatible; MSIE 5.01; Windows NT 5.0)"
189.60.76.9 - - [28/Jun/2009:00:10:14 +0800] "GET /newscenter/2009-01/11/xin_2430106111245281157837.jpg HTTP/1.0" 200 101689 "http://www.e0436.net.cn/gb/new/2008-3/27/09418172517835_72.html" "Mozilla/4.0 (compatible; MSIE 7.0; Windows NT 5.1; GTB6; .NET CLR 2.0.50727)"
219.153.74.114 - - [28/Jun/2009:00:10:18 +0800] "GET /newscenter/2009-06/08/content_16737648.htm HTTP/1.0" 304 - "-" "Mozilla/4.0 (compatible; MSIE 5.01; Windows NT 5.0)"
219.153.74.114 - - [28/Jun/2009:00:10:18 +0800] "GET /newscenter/2009-06/08/content_16737654.htm HTTP/1.0" 304 - "-" "Mozilla/4.0 (compatible; MSIE 5.01; Windows NT 5.0)"
219.153.74.114 - - [28/Jun/2009:00:10:18 +0800] "GET /newscenter/2009-06/08/content_16737647.htm HTTP/1.0" 304 - "-" "Mozilla/4.0 (compatible; MSIE 5.01; Windows NT 5.0)"
219.153.74.114 - - [28/Jun/2009:00:10:19 +0800] "GET /newscenter/2009-06/09/content_16752393.htm HTTP/1.0" 304 - "-" "Mozilla/4.0 (compatible; MSIE 5.01; Windows NT 5.0)"
219.153.74.114 - - [28/Jun/2009:00:10:19 +0800] "GET /newscenter/2009-06/09/content_16752398.htm HTTP/1.0" 304 - "-" "Mozilla/4.0 (compatible; MSIE 5.01; Windows NT 5.0)"
219.153.74.114 - - [28/Jun/2009:00:10:19 +0800] "GET /newscenter/2009-06/09/content_16752395.htm HTTP/1.0" 304 - "-" "Mozilla/4.0 (compatible; MSIE 5.01; Windows NT 5.0)"
203.208.60.45 - - [28/Jun/2009:00:10:19 +0800] "GET /newscenter/jiceng/index.htm HTTP/1.1" 304 - "-" "Mozilla/5.0 (compatible; Googlebot/2.1; +http://www.google.com/bot.html)"
72.30.79.39 - - [28/Jun/2009:00:10:19 +0800] "GET /xhsjzkjl/2003/2003-07/21/content_728026.htm HTTP/1.0" 200 11218 "-" "Mozilla/5.0 (compatible; Yahoo! Slurp/3.0; http://help.yahoo.com/help/us/ysearch/slurp)"
74.6.18.229 - - [28/Jun/2009:00:10:19 +0800] "GET /main/2001010/jixie06.htm HTTP/1.0" 200 17526 "-" "Mozilla/5.0 (compatible; Yahoo! Slurp/3.0; http://help.yahoo.com/help/us/ysearch/slurp)"
219.153.74.114 - - [28/Jun/2009:00:10:20 +0800] "GET /newscenter/2009-06/09/content_16752397.htm HTTP/1.0" 304 - "-" "Mozilla/4.0 (compatible; MSIE 5.01; Windows NT 5.0)"
117.23.204.247 - - [28/Jun/2009:00:10:20 +0800] "GET /shangye/jiaoyu/undefined HTTP/1.0" 404 292 "http://www.jl.xinhuanet.com/shangye/jiaoyu/index.htm" "Mozilla/4.0 (compatible; MSIE 6.0; Windows NT 5.1; SV1)"
202.108.251.39 - - [28/Jun/2009:00:10:20 +0800] "GET / HTTP/1.0" 304 - "-" "Mozilla/5.0 (compatible; YodaoBot-News/1.0; http://www.youdao.com/help/webmaster/spider/; )"
123.235.40.243 - - [28/Jun/2009:00:10:20 +0800] "GET /shangye/mp/images/style.css HTTP/1.0" 304 - "http://cache.baidu.com/c?m=9d78d513d9d431de4f9ee7697d13c015194381132ba7da020ed28449e3732b4a5011e7ac57520777a4d27d1716d94c4b9cf42172460322b59cdf883bd6bd943f2ef83044030bf746069459f1c41c638762875b9ab204a2ffb52593d98a8dc8542480085920c7a3d70d4603ca18a1496efee7c31b490a5bedf03067fd5d6029e92147ab44f9fd63335bc7a1811a5bc45ed46a159dab33ba2912c249e240&p=91769a4086cc47e813b4d0214a&user=baidu" "Mozilla/4.0 (compatible; MSIE 6.0; Windows NT 5.1; SV1; .NET CLR 2.0.50727; InfoPath.2; MAXTHON 2.0)"
219.153.74.114 - - [28/Jun/2009:00:10:20 +0800] "GET /newscenter/2009-06/09/content_16752399.htm HTTP/1.0" 304 - "-" "Mozilla/4.0 (compatible; MSIE 5.01; Windows NT 5.0)"
123.235.40.243 - - [28/Jun/2009:00:10:20 +0800] "GET /shangye/mp/images/title_line.gif HTTP/1.0" 304 - "http://cache.baidu.com/c?m=9d78d513d9d431de4f9ee7697d13c015194381132ba7da020ed28449e3732b4a5011e7ac57520777a4d27d1716d94c4b9cf42172460322b59cdf883bd6bd943f2ef83044030bf746069459f1c41c638762875b9ab204a2ffb52593d98a8dc8542480085920c7a3d70d4603ca18a1496efee7c31b490a5bedf03067fd5d6029e92147ab44f9fd63335bc7a1811a5bc45ed46a159dab33ba2912c249e240&p=91769a4086cc47e813b4d0214a&user=baidu" "Mozilla/4.0 (compatible; MSIE 6.0; Windows NT 5.1; SV1; .NET CLR 2.0.50727; InfoPath.2; MAXTHON 2.0)"
123.235.40.242 - - [28/Jun/2009:00:10:20 +0800] "GET /shangye/sl/images/index_02.gif HTTP/1.0" 304 - "http://cache.baidu.com/c?m=9d78d513d9d431de4f9ee7697d13c015194381132ba7da020ed28449e3732b4a5011e7ac57520777a4d27d1716d94c4b9cf42172460322b59cdf883bd6bd943f2ef83044030bf746069459f1c41c638762875b9ab204a2ffb52593d98a8dc8542480085920c7a3d70d4603ca18a1496efee7c31b490a5bedf03067fd5d6029e92147ab44f9fd63335bc7a1811a5bc45ed46a159dab33ba2912c249e240&p=91769a4086cc47e813b4d0214a&user=baidu" "Mozilla/4.0 (compatible; MSIE 6.0; Windows NT 5.1; SV1; .NET CLR 2.0.50727; InfoPath.2; MAXTHON 2.0)"
123.235.40.242 - - [28/Jun/2009:00:10:20 +0800] "GET /shangye/sl/images/index_01.gif HTTP/1.0" 304 - "http://cache.baidu.com/c?m=9d78d513d9d431de4f9ee7697d13c015194381132ba7da020ed28449e3732b4a5011e7ac57520777a4d27d1716d94c4b9cf42172460322b59cdf883bd6bd943f2ef83044030bf746069459f1c41c638762875b9ab204a2ffb52593d98a8dc8542480085920c7a3d70d4603ca18a1496efee7c31b490a5bedf03067fd5d6029e92147ab44f9fd63335bc7a1811a5bc45ed46a159dab33ba2912c249e240&p=91769a4086cc47e813b4d0214a&user=baidu" "Mozilla/4.0 (compatible; MSIE 6.0; Windows NT 5.1; SV1; .NET CLR 2.0.50727; InfoPath.2; MAXTHON 2.0)"
219.153.74.114 - - [28/Jun/2009:00:10:20 +0800] "GET /newscenter/2009-06/09/content_16752394.htm HTTP/1.0" 304 - "-" "Mozilla/4.0 (compatible; MSIE 5.01; Windows NT 5.0)"
123.235.40.242 - - [28/Jun/2009:00:10:20 +0800] "GET /shangye/sl/images/index_06.gif HTTP/1.0" 304 - "http://cache.baidu.com/c?m=9d78d513d9d431de4f9ee7697d13c015194381132ba7da020ed28449e3732b4a5011e7ac57520777a4d27d1716d94c4b9cf42172460322b59cdf883bd6bd943f2ef83044030bf746069459f1c41c638762875b9ab204a2ffb52593d98a8dc8542480085920c7a3d70d4603ca18a1496efee7c31b490a5bedf03067fd5d6029e92147ab44f9fd63335bc7a1811a5bc45ed46a159dab33ba2912c249e240&p=91769a4086cc47e813b4d0214a&user=baidu" "Mozilla/4.0 (compatible; MSIE 6.0; Windows NT 5.1; SV1; .NET CLR 2.0.50727; InfoPath.2; MAXTHON 2.0)"
123.235.40.242 - - [28/Jun/2009:00:10:20 +0800] "GET /shangye/sl/images/banner.JPG HTTP/1.0" 304 - "http://cache.baidu.com/c?m=9d78d513d9d431de4f9ee7697d13c015194381132ba7da020ed28449e3732b4a5011e7ac57520777a4d27d1716d94c4b9cf42172460322b59cdf883bd6bd943f2ef83044030bf746069459f1c41c638762875b9ab204a2ffb52593d98a8dc8542480085920c7a3d70d4603ca18a1496efee7c31b490a5bedf03067fd5d6029e92147ab44f9fd63335bc7a1811a5bc45ed46a159dab33ba2912c249e240&p=91769a4086cc47e813b4d0214a&user=baidu" "Mozilla/4.0 (compatible; MSIE 6.0; Windows NT 5.1; SV1; .NET CLR 2.0.50727; InfoPath.2; MAXTHON 2.0)"
123.235.40.242 - - [28/Jun/2009:00:10:20 +0800] "GET /shangye/sl/images/index_03.gif HTTP/1.0" 304 - "http://cache.baidu.com/c?m=9d78d513d9d431de4f9ee7697d13c015194381132ba7da020ed28449e3732b4a5011e7ac57520777a4d27d1716d94c4b9cf42172460322b59cdf883bd6bd943f2ef83044030bf746069459f1c41c638762875b9ab204a2ffb52593d98a8dc8542480085920c7a3d70d4603ca18a1496efee7c31b490a5bedf03067fd5d6029e92147ab44f9fd63335bc7a1811a5bc45ed46a159dab33ba2912c249e240&p=91769a4086cc47e813b4d0214a&user=baidu" "Mozilla/4.0 (compatible; MSIE 6.0; Windows NT 5.1; SV1; .NET CLR 2.0.50727; InfoPath.2; MAXTHON 2.0)"
123.235.40.242 - - [28/Jun/2009:00:10:20 +0800] "GET /shangye/sl/images/index_04.gif HTTP/1.0" 304 - "http://cache.baidu.com/c?m=9d78d513d9d431de4f9ee7697d13c015194381132ba7da020ed28449e3732b4a5011e7ac57520777a4d27d1716d94c4b9cf42172460322b59cdf883bd6bd943f2ef83044030bf746069459f1c41c638762875b9ab204a2ffb52593d98a8dc8542480085920c7a3d70d4603ca18a1496efee7c31b490a5bedf03067fd5d6029e92147ab44f9fd63335bc7a1811a5bc45ed46a159dab33ba2912c249e240&p=91769a4086cc47e813b4d0214a&user=baidu" "Mozilla/4.0 (compatible; MSIE 6.0; Windows NT 5.1; SV1; .NET CLR 2.0.50727; InfoPath.2; MAXTHON 2.0)"
123.235.40.242 - - [28/Jun/2009:00:10:20 +0800] "GET /shangye/sl/images/index_07.gif HTTP/1.0" 304 - "http://cache.baidu.com/c?m=9d78d513d9d431de4f9ee7697d13c015194381132ba7da020ed28449e3732b4a5011e7ac57520777a4d27d1716d94c4b9cf42172460322b59cdf883bd6bd943f2ef83044030bf746069459f1c41c638762875b9ab204a2ffb52593d98a8dc8542480085920c7a3d70d4603ca18a1496efee7c31b490a5bedf03067fd5d6029e92147ab44f9fd63335bc7a1811a5bc45ed46a159dab33ba2912c249e240&p=91769a4086cc47e813b4d0214a&user=baidu" "Mozilla/4.0 (compatible; MSIE 6.0; Windows NT 5.1; SV1; .NET CLR 2.0.50727; InfoPath.2; MAXTHON 2.0)"
123.235.40.242 - - [28/Jun/2009:00:10:20 +0800] "GET /shangye/sl/images/index_05.gif HTTP/1.0" 304 - "http://cache.baidu.com/c?m=9d78d513d9d431de4f9ee7697d13c015194381132ba7da020ed28449e3732b4a5011e7ac57520777a4d27d1716d94c4b9cf42172460322b59cdf883bd6bd943f2ef83044030bf746069459f1c41c638762875b9ab204a2ffb52593d98a8dc8542480085920c7a3d70d4603ca18a1496efee7c31b490a5bedf03067fd5d6029e92147ab44f9fd63335bc7a1811a5bc45ed46a159dab33ba2912c249e240&p=91769a4086cc47e813b4d0214a&user=baidu" "Mozilla/4.0 (compatible; MSIE 6.0; Windows NT 5.1; SV1; .NET CLR 2.0.50727; InfoPath.2; MAXTHON 2.0)"
123.235.40.243 - - [28/Jun/2009:00:10:20 +0800] "GET /shangye/mp/images/list_bg.gif HTTP/1.0" 404 293 "http://cache.baidu.com/c?m=9d78d513d9d431de4f9ee7697d13c015194381132ba7da020ed28449e3732b4a5011e7ac57520777a4d27d1716d94c4b9cf42172460322b59cdf883bd6bd943f2ef83044030bf746069459f1c41c638762875b9ab204a2ffb52593d98a8dc8542480085920c7a3d70d4603ca18a1496efee7c31b490a5bedf03067fd5d6029e92147ab44f9fd63335bc7a1811a5bc45ed46a159dab33ba2912c249e240&p=91769a4086cc47e813b4d0214a&user=baidu" "Mozilla/4.0 (compatible; MSIE 6.0; Windows NT 5.1; SV1; .NET CLR 2.0.50727; InfoPath.2; MAXTHON 2.0)"
123.235.40.242 - - [28/Jun/2009:00:10:20 +0800] "GET /shangye/sl/images/index_08.gif HTTP/1.0" 304 - "http://cache.baidu.com/c?m=9d78d513d9d431de4f9ee7697d13c015194381132ba7da020ed28449e3732b4a5011e7ac57520777a4d27d1716d94c4b9cf42172460322b59cdf883bd6bd943f2ef83044030bf746069459f1c41c638762875b9ab204a2ffb52593d98a8dc8542480085920c7a3d70d4603ca18a1496efee7c31b490a5bedf03067fd5d6029e92147ab44f9fd63335bc7a1811a5bc45ed46a159dab33ba2912c249e240&p=91769a4086cc47e813b4d0214a&user=baidu" "Mozilla/4.0 (compatible; MSIE 6.0; Windows NT 5.1; SV1; .NET CLR 2.0.50727; InfoPath.2; MAXTHON 2.0)"
123.235.40.242 - - [28/Jun/2009:00:10:20 +0800] "GET /shangye/sl/images/index_09.gif HTTP/1.0" 304 - "http://cache.baidu.com/c?m=9d78d513d9d431de4f9ee7697d13c015194381132ba7da020ed28449e3732b4a5011e7ac57520777a4d27d1716d94c4b9cf42172460322b59cdf883bd6bd943f2ef83044030bf746069459f1c41c638762875b9ab204a2ffb52593d98a8dc8542480085920c7a3d70d4603ca18a1496efee7c31b490a5bedf03067fd5d6029e92147ab44f9fd63335bc7a1811a5bc45ed46a159dab33ba2912c249e240&p=91769a4086cc47e813b4d0214a&user=baidu" "Mozilla/4.0 (compatible; MSIE 6.0; Windows NT 5.1; SV1; .NET CLR 2.0.50727; InfoPath.2; MAXTHON 2.0)"
123.235.40.242 - - [28/Jun/2009:00:10:20 +0800] "GET /shangye/sl/images/dfwc_title.gif HTTP/1.0" 304 - "http://cache.baidu.com/c?m=9d78d513d9d431de4f9ee7697d13c015194381132ba7da020ed28449e3732b4a5011e7ac57520777a4d27d1716d94c4b9cf42172460322b59cdf883bd6bd943f2ef83044030bf746069459f1c41c638762875b9ab204a2ffb52593d98a8dc8542480085920c7a3d70d4603ca18a1496efee7c31b490a5bedf03067fd5d6029e92147ab44f9fd63335bc7a1811a5bc45ed46a159dab33ba2912c249e240&p=91769a4086cc47e813b4d0214a&user=baidu" "Mozilla/4.0 (compatible; MSIE 6.0; Windows NT 5.1; SV1; .NET CLR 2.0.50727; InfoPath.2; MAXTHON 2.0)"
123.235.40.242 - - [28/Jun/2009:00:10:20 +0800] "GET /shangye/sl/images/gy.gif HTTP/1.0" 304 - "http://cache.baidu.com/c?m=9d78d513d9d431de4f9ee7697d13c015194381132ba7da020ed28449e3732b4a5011e7ac57520777a4d27d1716d94c4b9cf42172460322b59cdf883bd6bd943f2ef83044030bf746069459f1c41c638762875b9ab204a2ffb52593d98a8dc8542480085920c7a3d70d4603ca18a1496efee7c31b490a5bedf03067fd5d6029e92147ab44f9fd63335bc7a1811a5bc45ed46a159dab33ba2912c249e240&p=91769a4086cc47e813b4d0214a&user=baidu" "Mozilla/4.0 (compatible; MSIE 6.0; Windows NT 5.1; SV1; .NET CLR 2.0.50727; InfoPath.2; MAXTHON 2.0)"
123.235.40.242 - - [28/Jun/2009:00:10:20 +0800] "GET /shangye/sl/images/rhjjs_title.gif HTTP/1.0" 304 - "http://cache.baidu.com/c?m=9d78d513d9d431de4f9ee7697d13c015194381132ba7da020ed28449e3732b4a5011e7ac57520777a4d27d1716d94c4b9cf42172460322b59cdf883bd6bd943f2ef83044030bf746069459f1c41c638762875b9ab204a2ffb52593d98a8dc8542480085920c7a3d70d4603ca18a1496efee7c31b490a5bedf03067fd5d6029e92147ab44f9fd63335bc7a1811a5bc45ed46a159dab33ba2912c249e240&p=91769a4086cc47e813b4d0214a&user=baidu" "Mozilla/4.0 (compatible; MSIE 6.0; Windows NT 5.1; SV1; .NET CLR 2.0.50727; InfoPath.2; MAXTHON 2.0)"
123.235.40.242 - - [28/Jun/2009:00:10:21 +0800] "GET /shangye/sl/images/zzcy_title.gif HTTP/1.0" 304 - "http://cache.baidu.com/c?m=9d78d513d9d431de4f9ee7697d13c015194381132ba7da020ed28449e3732b4a5011e7ac57520777a4d27d1716d94c4b9cf42172460322b59cdf883bd6bd943f2ef83044030bf746069459f1c41c638762875b9ab204a2ffb52593d98a8dc8542480085920c7a3d70d4603ca18a1496efee7c31b490a5bedf03067fd5d6029e92147ab44f9fd63335bc7a1811a5bc45ed46a159dab33ba2912c249e240&p=91769a4086cc47e813b4d0214a&user=baidu" "Mozilla/4.0 (compatible; MSIE 6.0; Windows NT 5.1; SV1; .NET CLR 2.0.50727; InfoPath.2; MAXTHON 2.0)"
123.235.40.242 - - [28/Jun/2009:00:10:21 +0800] "GET /shangye/sl/images/zwgk_title.gif HTTP/1.0" 304 - "http://cache.baidu.com/c?m=9d78d513d9d431de4f9ee7697d13c015194381132ba7da020ed28449e3732b4a5011e7ac57520777a4d27d1716d94c4b9cf42172460322b59cdf883bd6bd943f2ef83044030bf746069459f1c41c638762875b9ab204a2ffb52593d98a8dc8542480085920c7a3d70d4603ca18a1496efee7c31b490a5bedf03067fd5d6029e92147ab44f9fd63335bc7a1811a5bc45ed46a159dab33ba2912c249e240&p=91769a4086cc47e813b4d0214a&user=baidu" "Mozilla/4.0 (compatible; MSIE 6.0; Windows NT 5.1; SV1; .NET CLR 2.0.50727; InfoPath.2; MAXTHON 2.0)"
124.115.4.223 - - [28/Jun/2009:00:10:20 +0800] "GET /xcbb/auto/xin_fa1efc4d60134c9090e98248a4b731fb_52.jpg HTTP/1.1" 200 52899 "http://image.soso.com" "Sosoimagespider+(+http://help.soso.com/soso-image-spider.htm)"
123.235.40.242 - - [28/Jun/2009:00:10:21 +0800] "GET /shangye/sl/images/links_bg.gif HTTP/1.0" 304 - "http://cache.baidu.com/c?m=9d78d513d9d431de4f9ee7697d13c015194381132ba7da020ed28449e3732b4a5011e7ac57520777a4d27d1716d94c4b9cf42172460322b59cdf883bd6bd943f2ef83044030bf746069459f1c41c638762875b9ab204a2ffb52593d98a8dc8542480085920c7a3d70d4603ca18a1496efee7c31b490a5bedf03067fd5d6029e92147ab44f9fd63335bc7a1811a5bc45ed46a159dab33ba2912c249e240&p=91769a4086cc47e813b4d0214a&user=baidu" "Mozilla/4.0 (compatible; MSIE 6.0; Windows NT 5.1; SV1; .NET CLR 2.0.50727; InfoPath.2; MAXTHON 2.0)"
123.235.40.242 - - [28/Jun/2009:00:10:21 +0800] "GET /shangye/shulan/links/tds/biao.gif HTTP/1.0" 404 301 "http://cache.baidu.com/c?m=9d78d513d9d431de4f9ee7697d13c015194381132ba7da020ed28449e3732b4a5011e7ac57520777a4d27d1716d94c4b9cf42172460322b59cdf883bd6bd943f2ef83044030bf746069459f1c41c638762875b9ab204a2ffb52593d98a8dc8542480085920c7a3d70d4603ca18a1496efee7c31b490a5bedf03067fd5d6029e92147ab44f9fd63335bc7a1811a5bc45ed46a159dab33ba2912c249e240&p=91769a4086cc47e813b4d0214a&user=baidu" "Mozilla/4.0 (compatible; MSIE 6.0; Windows NT 5.1; SV1; .NET CLR 2.0.50727; InfoPath.2; MAXTHON 2.0)"
123.235.40.242 - - [28/Jun/2009:00:10:21 +0800] "GET /shangye/shulan/images/xhlogo_jl.gif HTTP/1.0" 404 303 "http://cache.baidu.com/c?m=9d78d513d9d431de4f9ee7697d13c015194381132ba7da020ed28449e3732b4a5011e7ac57520777a4d27d1716d94c4b9cf42172460322b59cdf883bd6bd943f2ef83044030bf746069459f1c41c638762875b9ab204a2ffb52593d98a8dc8542480085920c7a3d70d4603ca18a1496efee7c31b490a5bedf03067fd5d6029e92147ab44f9fd63335bc7a1811a5bc45ed46a159dab33ba2912c249e240&p=91769a4086cc47e813b4d0214a&user=baidu" "Mozilla/4.0 (compatible; MSIE 6.0; Windows NT 5.1; SV1; .NET CLR 2.0.50727; InfoPath.2; MAXTHON 2.0)"
123.235.40.242 - - [28/Jun/2009:00:10:21 +0800] "GET /shangye/shulan/images/jlzf.gif HTTP/1.0" 404 298 "http://cache.baidu.com/c?m=9d78d513d9d431de4f9ee7697d13c015194381132ba7da020ed28449e3732b4a5011e7ac57520777a4d27d1716d94c4b9cf42172460322b59cdf883bd6bd943f2ef83044030bf746069459f1c41c638762875b9ab204a2ffb52593d98a8dc8542480085920c7a3d70d4603ca18a1496efee7c31b490a5bedf03067fd5d6029e92147ab44f9fd63335bc7a1811a5bc45ed46a159dab33ba2912c249e240&p=91769a4086cc47e813b4d0214a&user=baidu" "Mozilla/4.0 (compatible; MSIE 6.0; Windows NT 5.1; SV1; .NET CLR 2.0.50727; InfoPath.2; MAXTHON 2.0)"
123.235.40.242 - - [28/Jun/2009:00:10:21 +0800] "GET /shangye/shulan/images/logo_jl.gif HTTP/1.0" 404 301 "http://cache.baidu.com/c?m=9d78d513d9d431de4f9ee7697d13c015194381132ba7da020ed28449e3732b4a5011e7ac57520777a4d27d1716d94c4b9cf42172460322b59cdf883bd6bd943f2ef83044030bf746069459f1c41c638762875b9ab204a2ffb52593d98a8dc8542480085920c7a3d70d4603ca18a1496efee7c31b490a5bedf03067fd5d6029e92147ab44f9fd63335bc7a1811a5bc45ed46a159dab33ba2912c249e240&p=91769a4086cc47e813b4d0214a&user=baidu" "Mozilla/4.0 (compatible; MSIE 6.0; Windows NT 5.1; SV1; .NET CLR 2.0.50727; InfoPath.2; MAXTHON 2.0)"
123.235.40.242 - - [28/Jun/2009:00:10:21 +0800] "GET /shangye/shulan/images/hwlxs.gif HTTP/1.0" 404 299 "http://cache.baidu.com/c?m=9d78d513d9d431de4f9ee7697d13c015194381132ba7da020ed28449e3732b4a5011e7ac57520777a4d27d1716d94c4b9cf42172460322b59cdf883bd6bd943f2ef83044030bf746069459f1c41c638762875b9ab204a2ffb52593d98a8dc8542480085920c7a3d70d4603ca18a1496efee7c31b490a5bedf03067fd5d6029e92147ab44f9fd63335bc7a1811a5bc45ed46a159dab33ba2912c249e240&p=91769a4086cc47e813b4d0214a&user=baidu" "Mozilla/4.0 (compatible; MSIE 6.0; Windows NT 5.1; SV1; .NET CLR 2.0.50727; InfoPath.2; MAXTHON 2.0)"
123.235.40.242 - - [28/Jun/2009:00:10:21 +0800] "GET /shangye/shulan/images/kqstj.gif HTTP/1.0" 404 299 "http://cache.baidu.com/c?m=9d78d513d9d431de4f9ee7697d13c015194381132ba7da020ed28449e3732b4a5011e7ac57520777a4d27d1716d94c4b9cf42172460322b59cdf883bd6bd943f2ef83044030bf746069459f1c41c638762875b9ab204a2ffb52593d98a8dc8542480085920c7a3d70d4603ca18a1496efee7c31b490a5bedf03067fd5d6029e92147ab44f9fd63335bc7a1811a5bc45ed46a159dab33ba2912c249e240&p=91769a4086cc47e813b4d0214a&user=baidu" "Mozilla/4.0 (compatible; MSIE 6.0; Windows NT 5.1; SV1; .NET CLR 2.0.50727; InfoPath.2; MAXTHON 2.0)"
123.235.40.242 - - [28/Jun/2009:00:10:21 +0800] "GET /shangye/shulan/images/g.jpg HTTP/1.0" 404 295 "http://cache.baidu.com/c?m=9d78d513d9d431de4f9ee7697d13c015194381132ba7da020ed28449e3732b4a5011e7ac57520777a4d27d1716d94c4b9cf42172460322b59cdf883bd6bd943f2ef83044030bf746069459f1c41c638762875b9ab204a2ffb52593d98a8dc8542480085920c7a3d70d4603ca18a1496efee7c31b490a5bedf03067fd5d6029e92147ab44f9fd63335bc7a1811a5bc45ed46a159dab33ba2912c249e240&p=91769a4086cc47e813b4d0214a&user=baidu" "Mozilla/4.0 (compatible; MSIE 6.0; Windows NT 5.1; SV1; .NET CLR 2.0.50727; InfoPath.2; MAXTHON 2.0)"
123.235.40.242 - - [28/Jun/2009:00:10:21 +0800] "GET /shangye/shulan/images/jlshy.jpg HTTP/1.0" 404 299 "http://cache.baidu.com/c?m=9d78d513d9d431de4f9ee7697d13c015194381132ba7da020ed28449e3732b4a5011e7ac57520777a4d27d1716d94c4b9cf42172460322b59cdf883bd6bd943f2ef83044030bf746069459f1c41c638762875b9ab204a2ffb52593d98a8dc8542480085920c7a3d70d4603ca18a1496efee7c31b490a5bedf03067fd5d6029e92147ab44f9fd63335bc7a1811a5bc45ed46a159dab33ba2912c249e240&p=91769a4086cc47e813b4d0214a&user=baidu" "Mozilla/4.0 (compatible; MSIE 6.0; Windows NT 5.1; SV1; .NET CLR 2.0.50727; InfoPath.2; MAXTHON 2.0)"
123.235.40.242 - - [28/Jun/2009:00:10:21 +0800] "GET /shangye/shulan/images/shengji.jpg HTTP/1.0" 404 301 "http://cache.baidu.com/c?m=9d78d513d9d431de4f9ee7697d13c015194381132ba7da020ed28449e3732b4a5011e7ac57520777a4d27d1716d94c4b9cf42172460322b59cdf883bd6bd943f2ef83044030bf746069459f1c41c638762875b9ab204a2ffb52593d98a8dc8542480085920c7a3d70d4603ca18a1496efee7c31b490a5bedf03067fd5d6029e92147ab44f9fd63335bc7a1811a5bc45ed46a159dab33ba2912c249e240&p=91769a4086cc47e813b4d0214a&user=baidu" "Mozilla/4.0 (compatible; MSIE 6.0; Windows NT 5.1; SV1; .NET CLR 2.0.50727; InfoPath.2; MAXTHON 2.0)"
117.23.204.247 - - [28/Jun/2009:00:10:21 +0800] "GET /xcbb/auto/xin_fa1efc4d60134c9090e98248a4b731fb_52.jpg HTTP/1.0" 304 - "http://image.soso.com" "Sosoimagespider+(+http://help.soso.com/soso-image-spider.htm)"
202.108.59.143 - - [28/Jun/2009:00:10:22 +0800] "GET /jlzw/2007-06/23/content_10381485.htm HTTP/1.1" 404 301 "-" "Mozilla/4.0 (compatible;MSIE 6.0; MSIE 7.0; Windows NT 5.2; .NET CLR 1.1.4322; .NET CLR 2.0.50727; InfoPath.1) Web-Sniffer/1.0.24"
127.0.0.1 - - [28/Jun/2009:00:10:23 +0800] "GET / HTTP/1.0" 200 146325 "-" "Apache (internal dummy connection)"
119.147.104.181 - - [28/Jun/2009:00:10:23 +0800] "GET /shangye/2005-10/28/content_5454646.htm HTTP/1.0" 200 13361 "-" "Baiduspider+(+http://www.baidu.com/search/spider.htm)"
117.23.204.247 - - [28/Jun/2009:00:10:24 +0800] "GET /xcbb/auto/xin_fa1efc4d60134c9090e98248a4b731fb_52.jpg HTTP/1.0" 200 52899 "http://image.soso.com" "Sosoimagespider+(+http://help.soso.com/soso-image-spider.htm)"
72.30.79.39 - - [28/Jun/2009:00:10:24 +0800] "GET /news/2004-12/23/content_3444830.htm HTTP/1.0" 200 16285 "-" "Mozilla/5.0 (compatible; Yahoo! Slurp/3.0; http://help.yahoo.com/help/us/ysearch/slurp)"
127.0.0.1 - - [28/Jun/2009:00:10:25 +0800] "GET / HTTP/1.0" 200 146325 "-" "Apache (internal dummy connection)"
123.235.40.243 - - [28/Jun/2009:00:10:26 +0800] "GET /xhsjzkjl/2003/2003-07/21/content_730416.htm HTTP/1.0" 304 - "-" "Mozilla/5.0 (compatible; Yahoo! Slurp China; http://misc.yahoo.com.cn/help.html)"
203.208.60.142 - - [28/Jun/2009:00:10:26 +0800] "GET /newscenter/2009-01/19/content_15490541.htm HTTP/1.1" 200 17771 "-" "Mozilla/5.0 (compatible; Googlebot/2.1; +http://www.google.com/bot.html)"
219.153.74.114 - - [28/Jun/2009:00:10:29 +0800] "GET /shangye/2005-11/30/xin_551102301125421192436.jpg HTTP/1.0" 200 28063 "http://image.baidu.com/i?ct=503316480&z=0&tn=baiduimagedetail&word=%C5%CB%BA%E7&in=18681&cl=2&cm=1&sc=0&lm=-1&pn=209&rn=1&di=1575636800&ln=2000&fr=" "Mozilla/4.0 (compatible; MSIE 6.0; Windows NT 5.1; SV1; GTB6)"
202.160.180.118 - - [28/Jun/2009:00:10:30 +0800] "GET /newscenter/2008-11/22/content_14988295.htm HTTP/1.0" 200 17125 "-" "Mozilla/5.0 (compatible; Yahoo! Slurp China; http://misc.yahoo.com.cn/help.html)"
117.23.204.247 - - [28/Jun/2009:00:10:30 +0800] "GET /shangye/jiaoyu/undefined HTTP/1.0" 404 292 "http://www.jl.xinhuanet.com/shangye/jiaoyu/index.htm" "Mozilla/4.0 (compatible; MSIE 6.0; Windows NT 5.1; SV1)"
127.0.0.1 - - [28/Jun/2009:00:10:31 +0800] "GET / HTTP/1.0" 200 146325 "-" "Apache (internal dummy connection)"
117.23.204.247 - - [28/Jun/2009:00:10:32 +0800] "GET /newscenter/2005-11/2009-06/27/content_16931192.htm HTTP/1.0" 404 318 "http://www.jl.xinhuanet.com/newscenter/2005-11/2009-06/27/content_16931192.htm" "Sosospider+(+http://help.soso.com/webspider.htm)"
117.23.204.247 - - [28/Jun/2009:00:10:34 +0800] "GET /newscenter/2009-06/03/content_16705276.htm HTTP/1.0" 304 - "http://news.baidu.com/ns?bt=0&et=0&si=&rn=20&tn=news&ie=gb2312&ct=1&word=%C2%F5%BF%CB%B6%FB%BD%DC%BF%CB&pn=40&cl=2" "Mozilla/4.0 (compatible; MSIE 6.0; Windows NT 5.1; SV1)"
117.23.204.247 - - [28/Jun/2009:00:10:34 +0800] "GET /newscenter/2009-06/03/xin_20306060316069682856914.jpg HTTP/1.0" 304 - "http://www.jl.xinhuanet.com/newscenter/2009-06/03/content_16705276.htm" "Mozilla/4.0 (compatible; MSIE 6.0; Windows NT 5.1; SV1)"
117.23.204.247 - - [28/Jun/2009:00:10:34 +0800] "GET /newscenter/2009-06/03/xin_2130606031606281255115.jpg HTTP/1.0" 304 - "http://www.jl.xinhuanet.com/newscenter/2009-06/03/content_16705276.htm" "Mozilla/4.0 (compatible; MSIE 6.0; Windows NT 5.1; SV1)"
117.23.204.247 - - [28/Jun/2009:00:10:34 +0800] "GET /newscenter/2009-06/03/xin_22306060316062182646418.jpg HTTP/1.0" 304 - "http://www.jl.xinhuanet.com/newscenter/2009-06/03/content_16705276.htm" "Mozilla/4.0 (compatible; MSIE 6.0; Windows NT 5.1; SV1)"
117.23.204.247 - - [28/Jun/2009:00:10:34 +0800] "GET /newscenter/2009-06/03/xin_21306060316066251032916.jpg HTTP/1.0" 304 - "http://www.jl.xinhuanet.com/newscenter/2009-06/03/content_16705276.htm" "Mozilla/4.0 (compatible; MSIE 6.0; Windows NT 5.1; SV1)"
117.23.204.247 - - [28/Jun/2009:00:10:34 +0800] "GET /newscenter/2009-06/03/xin_21306060316069371048117.jpg HTTP/1.0" 304 - "http://www.jl.xinhuanet.com/newscenter/2009-06/03/content_16705276.htm" "Mozilla/4.0 (compatible; MSIE 6.0; Windows NT 5.1; SV1)"
41.222.205.22 - - [28/Jun/2009:00:10:00 +0800] "GET /shangye/3mbh/pic/top.jpg HTTP/1.1" 200 260633 "http://www.jl.xinhuanet.com/xhsjzkjl/2003/2005-08/18/content_4972917.htm" "Mozilla/5.0 (Windows; U; Windows NT 5.1; en-US) AppleWebKit/525.13 (KHTML, like Gecko) Chrome/0.2.149.27 Safari/525.13"
117.23.204.247 - - [28/Jun/2009:00:10:35 +0800] "GET /shangye/jiaoyu/undefined HTTP/1.0" 404 292 "http://www.jl.xinhuanet.com/shangye/jiaoyu/index.htm" "Mozilla/4.0 (compatible; MSIE 6.0; Windows NT 5.1; SV1)"
221.192.149.81 - - [28/Jun/2009:00:10:35 +0800] "GET /newscenter/2007-07/23/xin_260704231109296452536.jpg HTTP/1.0" 304 - "http://image.baidu.com/i?ct=503316480&z=0&tn=baiduimagedetail&word=%C3%F7%D0%C7%D0%B6%D7%B1%BA%F3%B5%C4%D5%D5%C6%AC&in=19135&cl=2&cm=1&sc=0&lm=-1&pn=7&rn=1&di=1427485660&ln=304&fr=" "Mozilla/4.0 (compatible; MSIE 7.0; Windows NT 5.1; MAXTHON 2.0)"
60.12.174.98 - - [28/Jun/2009:00:10:36 +0800] "GET /fangchan/2009-01/06/xin_5330106060908703319127.jpg HTTP/1.0" 200 54583 "http://www.e0436.net.cn/gb/new/2009-1/6/0941817521819862_635.html" "Mozilla/4.0 (compatible; MSIE 6.0; Windows NT 5.2; .NET CLR 1.1.4322; .NET CLR 2.0.50727)"
60.12.174.98 - - [28/Jun/2009:00:10:36 +0800] "GET /fangchan/2009-01/06/xin_5430106060908203135858.jpg HTTP/1.0" 200 53393 "http://www.e0436.net.cn/gb/new/2009-1/6/0941817521819862_635.html" "Mozilla/4.0 (compatible; MSIE 6.0; Windows NT 5.2; .NET CLR 1.1.4322; .NET CLR 2.0.50727)"
41.222.205.22 - - [28/Jun/2009:00:10:37 +0800] "GET /favicon.ico HTTP/1.1" 404 279 "-" "Mozilla/5.0 (Windows; U; Windows NT 5.1; en-US) AppleWebKit/525.13 (KHTML, like Gecko) Chrome/0.2.149.27 Safari/525.13"
123.235.40.243 - - [28/Jun/2009:00:10:38 +0800] "GET /newscenter/2008-03/04/content_12608696.htm HTTP/1.0" 304 - "-" "Mozilla/5.0 (compatible; Yahoo! Slurp China; http://misc.yahoo.com.cn/help.html)"
121.14.234.178 - - [28/Jun/2009:00:10:38 +0800] "GET /xhsjzkjl/index.htm HTTP/1.0" 304 - "http://www.jl.xinhuanet.com/" "MiniSpider http://www.2007times.com"
221.192.149.81 - - [28/Jun/2009:00:10:38 +0800] "GET /2007ztzb/aiwozhonghua/images/jh.mp3 HTTP/1.0" 304 - "-" "NSPlayer/10.0.0.4054 WMFSDK/10.0"
202.108.251.39 - - [28/Jun/2009:00:10:39 +0800] "GET /qcfy/2005-11/04/xin_1102021615125462507010.jpg HTTP/1.0" 304 - "http://image.baidu.com/i?ct=503316480&z=0&tn=baiduimagedetail&word=%CD%B5%C5%C4&in=11433&cl=2&cm=1&sc=0&lm=-1&pn=0&rn=1&di=2409656212&ln=2000&fr=" "Mozilla/4.0 (compatible; MSIE 6.0; Windows NT 5.1; SV1; Mozilla/4.0 (compatible; MSIE 6.0; Windows NT 5.1; SV1) )"
123.235.40.243 - - [28/Jun/2009:00:10:40 +0800] "GET /xhsjl/news/jiceng/2002/09/20020923-02.htm HTTP/1.0" 304 - "-" "Mozilla/5.0 (compatible; Yahoo! Slurp China; http://misc.yahoo.com.cn/help.html)"
203.208.60.143 - - [28/Jun/2009:00:10:40 +0800] "GET /jlzw/zfjs.htm HTTP/1.1" 304 - "-" "Mozilla/5.0 (compatible; Googlebot/2.1; +http://www.google.com/bot.html)"
203.208.60.3 - - [28/Jun/2009:00:10:41 +0800] "GET /xhsjzkjl/index.htm HTTP/1.1" 304 - "-" "Mozilla/5.0 (compatible; Googlebot/2.1; +http://www.google.com/bot.html)"
121.14.234.178 - - [28/Jun/2009:00:10:41 +0800] "GET /fangchan/2004-04/20/content_2005801.htm HTTP/1.0" 304 - "-" "Baiduspider+(+http://www.baidu.com/search/spider.htm)"
221.192.149.81 - - [28/Jun/2009:00:10:41 +0800] "GET /shangye/2006-08/18/xin_040803180956140182269.JPG HTTP/1.0" 304 - "http://item.taobao.com/auction/item_detail-0db1-5fe44acd28bfbb0c8801b195dfec464a.htm" "Mozilla/4.0 (compatible; MSIE 7.0; Windows NT 6.0; Trident/4.0; QQDownload 1.7; POTU(RR:27100818:270929:5268989); C9VIP-BROWSER; Maxthon; SLCC1; .NET CLR 2.0.50727; Media Center PC 5.0; .NET CLR 3.0.04506)"
119.147.104.181 - - [28/Jun/2009:00:10:41 +0800] "GET /favicon.ico HTTP/1.0" 404 279 "-" "Mozilla/5.0 (windows; U; Windows NT 5.1; zh-CN; rv:1.7.12) Gecko/20050919 Firefox/1.0.7"
61.164.61.68 - - [28/Jun/2009:00:10:41 +0800] "GET /newscenter/2006-12/14/content_8779259.htm HTTP/1.0" 304 - "http://www.baidu.com/s?wd=%C1%F9%BA%CF%B2%CA" "Mozilla/4.0 (compatible; MSIE 6.0; Windows NT 5.1; SV1; QQDownload 1.7)"
123.192.106.131 - - [28/Jun/2009:00:10:40 +0800] "GET /newscenter/2009-01/11/xin_2430106111245281157837.jpg HTTP/1.1" 200 101689 "http://www.e0335.net.cn/gb/adv/2008-5/11/094318223345845_22.html" "Mozilla/4.0 (compatible; MSIE 7.0; Windows NT 6.0; Trident/4.0; Foxy/1; FunWebProducts; GTB5; SLCC1; .NET CLR 2.0.50727; Media Center PC 5.0; InfoPath.2; .NET CLR 1.1.4322; .NET CLR 3.5.30729; .NET CLR 3.0.30618)"
219.153.74.114 - - [28/Jun/2009:00:10:42 +0800] "GET /news/2004-08/03/xin_49080103080248416191.jpg HTTP/1.0" 200 10767 "http://image.baidu.com/i?ct=503316480&z=0&tn=baiduimagedetail&word=%B2%E5%CB%FD&in=14943&cl=2&cm=1&sc=0&lm=-1&pn=25&rn=1&di=320343260&ln=911&fr=ala0" "Mozilla/4.0 (compatible; MSIE 6.0; Windows NT 5.1; SV1; .NET CLR 2.0.50727)"
72.30.79.39 - - [28/Jun/2009:00:10:42 +0800] "GET /newscenter/2006-06/01/content_7143017.htm HTTP/1.0" 200 16201 "-" "Mozilla/5.0 (compatible; Yahoo! Slurp/3.0; http://help.yahoo.com/help/us/ysearch/slurp)"
123.235.40.242 - - [28/Jun/2009:00:10:44 +0800] "GET /newscenter/2005-02/19/content_3740188.htm HTTP/1.0" 200 15649 "-" "Mozilla/5.0 (compatible; Yahoo! Slurp China; http://misc.yahoo.com.cn/help.html)"
117.23.204.247 - - [28/Jun/2009:00:10:45 +0800] "GET /shangye/jiaoyu/undefined HTTP/1.0" 404 292 "http://www.jl.xinhuanet.com/shangye/jiaoyu/index.htm" "Mozilla/4.0 (compatible; MSIE 6.0; Windows NT 5.1; SV1)"
127.0.0.1 - - [28/Jun/2009:00:10:46 +0800] "GET / HTTP/1.0" 200 146325 "-" "Apache (internal dummy connection)"
203.192.6.90 - - [28/Jun/2009:00:10:48 +0800] "GET /newscenter/2008-10/18/content_14673992.htm HTTP/1.1" 200 18608 "-" "Mozilla/5.0 (compatible; Yahoo! Slurp/3.0; http://help.yahoo.com/help/us/ysearch/slurp)"
61.164.61.68 - - [28/Jun/2009:00:10:49 +0800] "GET /fangchan/2008-12/23/xin_5831205230917125104396.gif HTTP/1.0" 304 - "http://www.e0436.net.cn/gb/new/2008-12/26/0941817525933576_917.html" "Mozilla/4.0 (compatible; MSIE 6.0; Windows NT 5.2; SV1)"
123.235.40.243 - - [28/Jun/2009:00:10:49 +0800] "GET /newscenter/2008-06/10/content_13496396.htm HTTP/1.0" 200 17583 "-" "Mozilla/5.0 (compatible; Yahoo! Slurp China; http://misc.yahoo.com.cn/help.html)"
127.0.0.1 - - [28/Jun/2009:00:10:49 +0800] "GET / HTTP/1.0" 200 146325 "-" "Apache (internal dummy connection)"
117.23.204.247 - - [28/Jun/2009:00:10:50 +0800] "GET /shangye/jiaoyu/undefined HTTP/1.0" 404 292 "http://www.jl.xinhuanet.com/shangye/jiaoyu/index.htm" "Mozilla/4.0 (compatible; MSIE 6.0; Windows NT 5.1; SV1)"
