58.49.135.25 - - [22/Nov/2009:00:04:49 +0800] "GET / HTTP/1.1" 200 145583 "-" "Mozilla/3.0 (compatible; Indy Library)"
123.235.40.243 - - [22/Nov/2009:00:04:49 +0800] "GET /newscenter/yljd/index.htm HTTP/1.1" 304 - "http://www.jl.xinhuanet.com/" "Mozilla/4.0 (compatible; MSIE 7.0; Windows NT 5.1; QQDownload 551; TencentTraveler 4.0; .NET CLR 2.0.50727)"
59.175.131.253 - - [22/Nov/2009:00:04:50 +0800] "GET /2007shangye/rmyy/images/fck02.jpg HTTP/1.1" 304 - "http://image.baidu.com/i?ct=503316480&z=0&tn=baiduimagedetail&word=%D5%FB%D0%CE%CD%E2%D2%F5%C7%B0%CD%A5%CA%B5%CD%BC&in=28272&cl=2&cm=1&sc=0&lm=-1&pn=5&rn=1&di=422581200&ln=1164&fr=&ic=0&s=0" "Mozilla/4.0 (compatible; MSIE 6.0; Windows NT 5.1; SV1; TheWorld)"
123.235.40.243 - - [22/Nov/2009:00:04:50 +0800] "GET /home/images/li_9.gif HTTP/1.1" 304 - "http://www.jl.xinhuanet.com/newscenter/yljd/index.htm" "Mozilla/4.0 (compatible; MSIE 7.0; Windows NT 5.1; QQDownload 551; TencentTraveler 4.0; .NET CLR 2.0.50727)"
123.235.40.243 - - [22/Nov/2009:00:04:50 +0800] "GET /mod2006/images/title.gif HTTP/1.1" 304 - "http://www.jl.xinhuanet.com/newscenter/yljd/index.htm" "Mozilla/4.0 (compatible; MSIE 7.0; Windows NT 5.1; QQDownload 551; TencentTraveler 4.0; .NET CLR 2.0.50727)"
117.23.204.247 - - [22/Nov/2009:00:04:52 +0800] "GET /sqbl/zhaoshang/shulan/shulan09-84.htm HTTP/1.1" 304 - "-" "Sosospider+(+http://help.soso.com/webspider.htm)"
67.195.114.244 - - [22/Nov/2009:00:04:52 +0800] "GET /news/jiceng/jiceng.htm HTTP/1.0" 200 102822 "-" "Mozilla/5.0 (compatible; Yahoo! Slurp/3.0; http://help.yahoo.com/help/us/ysearch/slurp)"
123.235.40.243 - - [22/Nov/2009:00:04:54 +0800] "GET /2007ztzb/aiwozhonghua/images/jh.mp3 HTTP/1.1" 304 - "http://www.jl.xinhuanet.com/" "Mozilla/4.0 (compatible; MSIE 6.0; Windows NT 5.1; .NET CLR 2.0.50727; .NET CLR 3.0.4506.2152; .NET CLR 3.5.30729)"
67.195.114.244 - - [22/Nov/2009:00:04:56 +0800] "GET /shangye/jingyueski/motuo.htm HTTP/1.0" 200 4173 "-" "Mozilla/5.0 (compatible; Yahoo! Slurp/3.0; http://help.yahoo.com/help/us/ysearch/slurp)"
203.208.60.229 - - [22/Nov/2009:00:04:57 +0800] "GET /news/kejiao/kejiao.htm HTTP/1.1" 304 - "-" "Mozilla/5.0 (compatible; Googlebot/2.1; +http://www.google.com/bot.html)"
121.194.1.104 - - [22/Nov/2009:00:04:58 +0800] "GET / HTTP/1.1" 200 145583 "-" "-"
121.194.1.104 - - [22/Nov/2009:00:04:58 +0800] "GET / HTTP/1.1" 200 145583 "-" "-"
121.194.1.104 - - [22/Nov/2009:00:04:58 +0800] "GET / HTTP/1.1" 200 145583 "-" "-"
121.194.1.104 - - [22/Nov/2009:00:04:58 +0800] "GET / HTTP/1.1" 200 145583 "-" "-"
203.208.60.181 - - [22/Nov/2009:00:04:59 +0800] "GET /newscenter/yljd/index.htm HTTP/1.1" 304 - "-" "Mozilla/5.0 (compatible; Googlebot/2.1; +http://www.google.com/bot.html)"
123.235.40.243 - - [22/Nov/2009:00:05:00 +0800] "GET / HTTP/1.1" 200 145583 "-" "-"
123.235.40.243 - - [22/Nov/2009:00:05:00 +0800] "GET / HTTP/1.1" 200 145583 "-" "-"
123.235.40.243 - - [22/Nov/2009:00:05:00 +0800] "GET / HTTP/1.1" 200 145583 "-" "-"
123.235.40.243 - - [22/Nov/2009:00:05:00 +0800] "GET / HTTP/1.1" 200 145583 "-" "-"
123.235.40.242 - - [22/Nov/2009:00:05:00 +0800] "GET / HTTP/1.1" 200 145583 "-" "-"
123.235.40.242 - - [22/Nov/2009:00:05:00 +0800] "GET / HTTP/1.1" 200 145583 "-" "-"
117.23.204.247 - - [22/Nov/2009:00:05:00 +0800] "GET / HTTP/1.1" 200 145583 "-" "-"
123.235.40.242 - - [22/Nov/2009:00:05:00 +0800] "GET / HTTP/1.1" 200 145583 "-" "-"
59.175.131.253 - - [22/Nov/2009:00:05:00 +0800] "GET / HTTP/1.1" 200 145583 "-" "-"
123.235.40.242 - - [22/Nov/2009:00:05:00 +0800] "GET / HTTP/1.1" 200 145583 "-" "-"
59.175.131.253 - - [22/Nov/2009:00:05:00 +0800] "GET / HTTP/1.1" 200 145583 "-" "-"
117.23.204.247 - - [22/Nov/2009:00:05:00 +0800] "GET / HTTP/1.1" 200 145583 "-" "-"
59.175.131.253 - - [22/Nov/2009:00:05:00 +0800] "GET / HTTP/1.1" 200 145583 "-" "-"
59.175.131.253 - - [22/Nov/2009:00:05:00 +0800] "GET / HTTP/1.1" 200 145583 "-" "-"
117.23.204.247 - - [22/Nov/2009:00:05:00 +0800] "GET / HTTP/1.1" 200 145583 "-" "-"
117.23.204.247 - - [22/Nov/2009:00:05:00 +0800] "GET / HTTP/1.1" 200 145583 "-" "-"
202.108.251.39 - - [22/Nov/2009:00:05:00 +0800] "GET / HTTP/1.1" 200 145583 "-" "-"
202.108.251.39 - - [22/Nov/2009:00:05:00 +0800] "GET / HTTP/1.1" 200 145583 "-" "-"
202.108.251.39 - - [22/Nov/2009:00:05:00 +0800] "GET / HTTP/1.1" 200 145583 "-" "-"
202.108.251.39 - - [22/Nov/2009:00:05:00 +0800] "GET / HTTP/1.1" 200 145583 "-" "-"
61.129.34.183 - - [22/Nov/2009:00:05:00 +0800] "GET / HTTP/1.1" 200 145583 "-" "-"
61.129.34.183 - - [22/Nov/2009:00:05:00 +0800] "GET / HTTP/1.1" 200 145583 "-" "-"
61.129.34.183 - - [22/Nov/2009:00:05:00 +0800] "GET / HTTP/1.1" 200 145583 "-" "-"
61.129.34.183 - - [22/Nov/2009:00:05:00 +0800] "GET / HTTP/1.1" 200 145583 "-" "-"
58.215.110.209 - - [22/Nov/2009:00:05:01 +0800] "GET / HTTP/1.1" 200 145583 "-" "-"
58.215.110.209 - - [22/Nov/2009:00:05:01 +0800] "GET / HTTP/1.1" 200 145583 "-" "-"
58.215.110.209 - - [22/Nov/2009:00:05:01 +0800] "GET / HTTP/1.1" 200 145583 "-" "-"
222.141.52.126 - - [22/Nov/2009:00:05:01 +0800] "GET / HTTP/1.1" 200 145583 "-" "-"
222.141.52.126 - - [22/Nov/2009:00:05:01 +0800] "GET / HTTP/1.1" 200 145583 "-" "-"
222.141.52.126 - - [22/Nov/2009:00:05:01 +0800] "GET / HTTP/1.1" 200 145583 "-" "-"
58.215.110.209 - - [22/Nov/2009:00:05:01 +0800] "GET / HTTP/1.1" 200 145583 "-" "-"
222.141.52.126 - - [22/Nov/2009:00:05:01 +0800] "GET / HTTP/1.1" 200 145583 "-" "-"
61.164.61.68 - - [22/Nov/2009:00:05:01 +0800] "GET / HTTP/1.1" 200 145583 "-" "-"
61.164.61.68 - - [22/Nov/2009:00:05:01 +0800] "GET / HTTP/1.1" 200 145583 "-" "-"
61.164.61.68 - - [22/Nov/2009:00:05:01 +0800] "GET / HTTP/1.1" 200 145583 "-" "-"
61.164.61.68 - - [22/Nov/2009:00:05:01 +0800] "GET / HTTP/1.1" 200 145583 "-" "-"
221.192.149.81 - - [22/Nov/2009:00:05:01 +0800] "GET / HTTP/1.1" 200 145583 "-" "-"
221.192.149.81 - - [22/Nov/2009:00:05:01 +0800] "GET / HTTP/1.1" 200 145583 "-" "-"
221.192.149.81 - - [22/Nov/2009:00:05:01 +0800] "GET / HTTP/1.1" 200 145583 "-" "-"
221.192.149.81 - - [22/Nov/2009:00:05:01 +0800] "GET / HTTP/1.1" 200 145583 "-" "-"
117.23.204.247 - - [22/Nov/2009:00:05:01 +0800] "GET /fangchan/2004-04/20/content_2007349.htm HTTP/1.1" 304 - "-" "Sosospider+(+http://help.soso.com/webspider.htm)"
121.14.234.178 - - [22/Nov/2009:00:05:02 +0800] "GET / HTTP/1.1" 200 145583 "-" "-"
202.108.251.39 - - [22/Nov/2009:00:05:02 +0800] "GET /newscenter/2007-09/30/content_11299936.htm HTTP/1.1" 304 - "-" "Mozilla/5.0 (compatible; Yahoo! Slurp China; http://misc.yahoo.com.cn/help.html)"
119.147.105.245 - - [22/Nov/2009:00:05:02 +0800] "GET / HTTP/1.1" 200 145583 "-" "-"
203.208.60.211 - - [22/Nov/2009:00:05:02 +0800] "GET /fangchan/2004-04/20/content_2005719.htm HTTP/1.1" 304 - "-" "Mozilla/5.0 (compatible; Googlebot/2.1; +http://www.google.com/bot.html)"
121.14.234.178 - - [22/Nov/2009:00:05:02 +0800] "GET / HTTP/1.1" 200 145583 "-" "-"
119.147.105.245 - - [22/Nov/2009:00:05:02 +0800] "GET / HTTP/1.1" 200 145583 "-" "-"
121.14.234.178 - - [22/Nov/2009:00:05:02 +0800] "GET / HTTP/1.1" 200 145583 "-" "-"
218.213.69.115 - - [22/Nov/2009:00:05:02 +0800] "GET / HTTP/1.1" 200 145583 "-" "-"
119.147.105.245 - - [22/Nov/2009:00:05:02 +0800] "GET / HTTP/1.1" 200 145583 "-" "-"
218.213.69.115 - - [22/Nov/2009:00:05:02 +0800] "GET / HTTP/1.1" 200 145583 "-" "-"
121.14.234.178 - - [22/Nov/2009:00:05:01 +0800] "GET / HTTP/1.1" 200 145583 "-" "-"
119.147.105.245 - - [22/Nov/2009:00:05:02 +0800] "GET / HTTP/1.1" 200 145583 "-" "-"
218.213.69.115 - - [22/Nov/2009:00:05:02 +0800] "GET / HTTP/1.1" 200 145583 "-" "-"
123.235.40.243 - - [22/Nov/2009:00:05:03 +0800] "GET /yingshi/2006-12/04/xin_111103131339921135542.jpg HTTP/1.1" 304 - "http://image.baidu.com/i?ct=503316480&z=0&tn=baiduimagedetail&word=%DE%CF%DE%CE%CA%B1%BF%CC&in=25625&cl=2&cm=1&sc=0&lm=-1&pn=0&rn=1&di=8666905120&ln=2000&fr=&ic=0&s=0" "Mozilla/4.0 (compatible; MSIE 6.0; Windows NT 5.1; SV1; .NET CLR 1.1.4322)"
218.213.69.115 - - [22/Nov/2009:00:05:02 +0800] "GET / HTTP/1.1" 200 145583 "-" "-"
72.30.142.122 - - [22/Nov/2009:00:05:03 +0800] "GET /newscenter/2009-11/18/content_18267198.htm HTTP/1.0" 200 17468 "-" "Mozilla/5.0 (compatible; Yahoo! Slurp/3.0; http://help.yahoo.com/help/us/ysearch/slurp)"
123.235.40.242 - - [22/Nov/2009:00:05:04 +0800] "GET /misc/2007-03/16/xin_26030416083437512631.jpg HTTP/1.1" 304 - "http://image.baidu.com/i?ct=503316480&z=0&tn=baiduimagedetail&word=%C0%EE%C8%F4%CD%AE%D0%A1%C1%FA%C5%AE&in=19995&cl=2&cm=1&sc=0&lm=-1&pn=17&rn=1&di=6269202448&ln=2000&fr=&ic=0&s=0" "Mozilla/4.0 (compatible; MSIE 6.0; Windows NT 5.1; SV1)"
123.235.40.243 - - [22/Nov/2009:00:05:06 +0800] "GET /newscenter/2006-04/26/content_6846338.htm HTTP/1.1" 200 18102 "-" "Mozilla/5.0 (compatible; Yahoo! Slurp China; http://misc.yahoo.com.cn/help.html)"
123.235.40.243 - - [22/Nov/2009:00:05:07 +0800] "GET /lhzb/2007-01/20/content_9091805.htm HTTP/1.1" 200 5121 "-" "Mozilla/5.0 (compatible; Yahoo! Slurp China; http://misc.yahoo.com.cn/help.html)"
117.23.204.247 - - [22/Nov/2009:00:05:09 +0800] "GET /newscenter/2007-11/02/content_11564556.htm HTTP/1.1" 304 - "-" "Sosospider+(+http://help.soso.com/webspider.htm)"
202.108.251.39 - - [22/Nov/2009:00:05:09 +0800] "GET /news/2004-06/04/content_2248246.htm HTTP/1.1" 304 - "-" "Mozilla/5.0 (compatible; Yahoo! Slurp China; http://misc.yahoo.com.cn/help.html)"
123.235.40.243 - - [22/Nov/2009:00:05:11 +0800] "GET /yingshi/2006-12/04/xin_390902231450264251454.jpg HTTP/1.1" 304 - "http://image.baidu.com/i?ct=503316480&z=0&tn=baiduimagedetail&word=%DE%CF%DE%CE%CA%B1%BF%CC&in=25625&cl=2&cm=1&sc=0&lm=-1&pn=0&rn=1&di=8666905120&ln=2000&fr=&ic=0&s=0" "Mozilla/4.0 (compatible; MSIE 6.0; Windows NT 5.1; SV1; .NET CLR 1.1.4322)"
202.160.178.196 - - [22/Nov/2009:00:05:15 +0800] "GET /xhsjzkjl/2003/2004-09/21/content_2910654.htm HTTP/1.0" 200 14282 "-" "Mozilla/5.0 (compatible; Yahoo! Slurp China; http://misc.yahoo.com.cn/help.html)"
123.235.40.243 - - [22/Nov/2009:00:05:16 +0800] "GET /main/news/2001/people/12/20011218-01.htm HTTP/1.1" 200 21043 "-" "Mozilla/5.0 (compatible; Yahoo! Slurp China; http://misc.yahoo.com.cn/help.html)"
221.192.149.81 - - [22/Nov/2009:00:05:17 +0800] "GET /newscenter/2007-07/04/xin_18070404153742114131.jpg HTTP/1.1" 304 - "http://image.baidu.com/i?ct=503316480&z=0&tn=baiduimagedetail&word=%C9%FA%D6%B3%B3%E7%B0%DD&in=31208&cl=2&cm=1&sc=0&lm=-1&pn=2&rn=1&di=7181734448&ln=2000&fr=ala0&ic=0&s=0" "Mozilla/4.0 (compatible; MSIE 6.0; Windows NT 5.1; SV1; GTB6; TheWorld; TheWorld)"
202.108.251.39 - - [22/Nov/2009:00:05:18 +0800] "GET /2006shangye/2008-08/01/content_13995678.htm HTTP/1.1" 304 - "-" "Mozilla/5.0 (compatible; Yahoo! Slurp China; http://misc.yahoo.com.cn/help.html)"
202.108.251.39 - - [22/Nov/2009:00:05:20 +0800] "GET /favicon.ico HTTP/1.1" 404 279 "-" "Mozilla/4.0 (compatible; MSIE 7.0; Windows NT 5.1; GTB6)"
202.108.251.39 - - [22/Nov/2009:00:05:20 +0800] "GET /qcfy/2005-08/12/content_4866768.htm HTTP/1.1" 200 21571 "http://www.baidu.com/s?wd=%BA%A3%BF%E1%B7%BF%B3%B5&pn=70&tn=tt98com_cb" "Mozilla/4.0 (compatible; MSIE 7.0; Windows NT 5.1; GTB6)"
202.108.251.39 - - [22/Nov/2009:00:05:20 +0800] "GET /qcfy/2005-08/12/ HTTP/1.1" 403 288 "http://www.jl.xinhuanet.com/qcfy/2005-08/12/content_4866768.htm" "Mozilla/4.0 (compatible; MSIE 7.0; Windows NT 5.1; GTB6)"
202.108.251.39 - - [22/Nov/2009:00:05:20 +0800] "GET /home/top.htm HTTP/1.1" 304 - "http://www.jl.xinhuanet.com/qcfy/2005-08/12/content_4866768.htm" "Mozilla/4.0 (compatible; MSIE 7.0; Windows NT 5.1; GTB6)"
202.108.251.39 - - [22/Nov/2009:00:05:20 +0800] "GET /qcfy/image/yqfy_top.js HTTP/1.1" 304 - "http://www.jl.xinhuanet.com/qcfy/2005-08/12/content_4866768.htm" "Mozilla/4.0 (compatible; MSIE 7.0; Windows NT 5.1; GTB6)"
202.108.251.39 - - [22/Nov/2009:00:05:20 +0800] "GET /qcfy/image/banner.swf HTTP/1.1" 304 - "http://www.jl.xinhuanet.com/qcfy/2005-08/12/content_4866768.htm" "Mozilla/4.0 (compatible; MSIE 7.0; Windows NT 5.1; GTB6)"
202.108.251.39 - - [22/Nov/2009:00:05:20 +0800] "GET /qcfy/2005-08/12/xin_1102021615125462507010.jpg HTTP/1.1" 200 37455 "http://www.jl.xinhuanet.com/qcfy/2005-08/12/content_4866768.htm" "Mozilla/4.0 (compatible; MSIE 7.0; Windows NT 5.1; GTB6)"
202.108.251.39 - - [22/Nov/2009:00:05:20 +0800] "GET /qcfy/image/yqfy5.jpg HTTP/1.1" 304 - "http://www.jl.xinhuanet.com/qcfy/2005-08/12/content_4866768.htm" "Mozilla/4.0 (compatible; MSIE 7.0; Windows NT 5.1; GTB6)"
202.108.251.39 - - [22/Nov/2009:00:05:20 +0800] "GET /qcfy/2005-08/12/xin_15020216151192181248.jpg HTTP/1.1" 200 45307 "http://www.jl.xinhuanet.com/qcfy/2005-08/12/content_4866768.htm" "Mozilla/4.0 (compatible; MSIE 7.0; Windows NT 5.1; GTB6)"
202.108.251.39 - - [22/Nov/2009:00:05:20 +0800] "GET /qcfy/image/ht13.gif HTTP/1.1" 304 - "http://www.jl.xinhuanet.com/qcfy/2005-08/12/content_4866768.htm" "Mozilla/4.0 (compatible; MSIE 7.0; Windows NT 5.1; GTB6)"
202.108.251.39 - - [22/Nov/2009:00:05:20 +0800] "GET /qcfy/2005-08/12/xin_58020216150926597546.jpg HTTP/1.1" 200 42949 "http://www.jl.xinhuanet.com/qcfy/2005-08/12/content_4866768.htm" "Mozilla/4.0 (compatible; MSIE 7.0; Windows NT 5.1; GTB6)"
202.108.251.39 - - [22/Nov/2009:00:05:20 +0800] "GET /qcfy/2005-08/12/xin_310202161507234289834.jpg HTTP/1.1" 200 44655 "http://www.jl.xinhuanet.com/qcfy/2005-08/12/content_4866768.htm" "Mozilla/4.0 (compatible; MSIE 7.0; Windows NT 5.1; GTB6)"
202.108.251.39 - - [22/Nov/2009:00:05:20 +0800] "GET /qcfy/image/yqfy4.gif HTTP/1.1" 304 - "http://www.jl.xinhuanet.com/qcfy/2005-08/12/content_4866768.htm" "Mozilla/4.0 (compatible; MSIE 7.0; Windows NT 5.1; GTB6)"
202.108.251.39 - - [22/Nov/2009:00:05:20 +0800] "GET /qcfy/image/yqfy3.gif HTTP/1.1" 304 - "http://www.jl.xinhuanet.com/qcfy/2005-08/12/content_4866768.htm" "Mozilla/4.0 (compatible; MSIE 7.0; Windows NT 5.1; GTB6)"
202.108.251.39 - - [22/Nov/2009:00:05:20 +0800] "GET /qcfy/2005-08/12/xin_f90db0851d114049ac15df66c3851188.jpg HTTP/1.1" 200 29213 "http://www.jl.xinhuanet.com/qcfy/2005-08/12/content_4866768.htm" "Mozilla/4.0 (compatible; MSIE 7.0; Windows NT 5.1; GTB6)"
202.108.251.39 - - [22/Nov/2009:00:05:20 +0800] "GET /home/bottom.htm HTTP/1.1" 304 - "http://www.jl.xinhuanet.com/qcfy/2005-08/12/content_4866768.htm" "Mozilla/4.0 (compatible; MSIE 7.0; Windows NT 5.1; GTB6)"
202.108.251.39 - - [22/Nov/2009:00:05:20 +0800] "GET /qcfy/image/qcfy14.gif HTTP/1.1" 304 - "http://www.jl.xinhuanet.com/qcfy/2005-08/12/content_4866768.htm" "Mozilla/4.0 (compatible; MSIE 7.0; Windows NT 5.1; GTB6)"
202.108.251.39 - - [22/Nov/2009:00:05:20 +0800] "GET /qcfy/2005-08/12/xin_2e6c0d3a07254631816f88c4894aba35.jpg HTTP/1.1" 200 30419 "http://www.jl.xinhuanet.com/qcfy/2005-08/12/content_4866768.htm" "Mozilla/4.0 (compatible; MSIE 7.0; Windows NT 5.1; GTB6)"
202.108.251.39 - - [22/Nov/2009:00:05:20 +0800] "GET /qcfy/2005-08/12/xin_daa536012f6a445a95b4cb915d4b78d0.jpg HTTP/1.1" 200 39527 "http://www.jl.xinhuanet.com/qcfy/2005-08/12/content_4866768.htm" "Mozilla/4.0 (compatible; MSIE 7.0; Windows NT 5.1; GTB6)"
202.108.251.39 - - [22/Nov/2009:00:05:21 +0800] "GET /qcfy/2005-08/12/xin_27216933e73f48c1b418213066de84c3.jpg HTTP/1.1" 200 17928 "http://www.jl.xinhuanet.com/qcfy/2005-08/12/content_4866768.htm" "Mozilla/4.0 (compatible; MSIE 7.0; Windows NT 5.1; GTB6)"
202.108.251.39 - - [22/Nov/2009:00:05:21 +0800] "GET /qcfy/2005-08/12/xin_683378098dde49fbae430bd662720c92.jpg HTTP/1.1" 200 19775 "http://www.jl.xinhuanet.com/qcfy/2005-08/12/content_4866768.htm" "Mozilla/4.0 (compatible; MSIE 7.0; Windows NT 5.1; GTB6)"
202.108.251.39 - - [22/Nov/2009:00:05:21 +0800] "GET /qcfy/2005-08/12/xin_a14e85fd0ffe4d5c99ce468ca312a634.gif HTTP/1.1" 200 27714 "http://www.jl.xinhuanet.com/qcfy/2005-08/12/content_4866768.htm" "Mozilla/4.0 (compatible; MSIE 7.0; Windows NT 5.1; GTB6)"
67.195.114.227 - - [22/Nov/2009:00:05:22 +0800] "GET /jzwt/zn/contents/0048.htm HTTP/1.0" 200 11187 "-" "Mozilla/5.0 (compatible; Yahoo! Slurp/3.0; http://help.yahoo.com/help/us/ysearch/slurp)"
202.108.251.39 - - [22/Nov/2009:00:05:22 +0800] "GET /qcfy/2005-08/12/xin_3c0ba8ece48345efb3e1634a17971964.gif HTTP/1.1" 200 24796 "http://www.jl.xinhuanet.com/qcfy/2005-08/12/content_4866768.htm" "Mozilla/4.0 (compatible; MSIE 7.0; Windows NT 5.1; GTB6)"
202.108.251.39 - - [22/Nov/2009:00:05:22 +0800] "GET /qcfy/2005-08/12/xin_09469aeff2134fd9aac919850d91f5d0.gif HTTP/1.1" 200 27144 "http://www.jl.xinhuanet.com/qcfy/2005-08/12/content_4866768.htm" "Mozilla/4.0 (compatible; MSIE 7.0; Windows NT 5.1; GTB6)"
221.192.149.81 - - [22/Nov/2009:00:05:22 +0800] "GET /2007ztzb/aiwozhonghua/images/jh.mp3 HTTP/1.1" 304 - "-" "NSPlayer/10.0.0.4054 WMFSDK/10.0"
202.108.251.39 - - [22/Nov/2009:00:05:22 +0800] "GET /qcfy/2005-08/12/xin_298796aa79814f5eb149736abff82dcb.gif HTTP/1.1" 200 1870 "http://www.jl.xinhuanet.com/qcfy/2005-08/12/content_4866768.htm" "Mozilla/4.0 (compatible; MSIE 7.0; Windows NT 5.1; GTB6)"
202.108.251.39 - - [22/Nov/2009:00:05:22 +0800] "GET /qcfy/2005-08/12/xin_96b9ace1206249b3b5de7a4a41d6326a.gif HTTP/1.1" 200 2738 "http://www.jl.xinhuanet.com/qcfy/2005-08/12/content_4866768.htm" "Mozilla/4.0 (compatible; MSIE 7.0; Windows NT 5.1; GTB6)"
202.108.251.39 - - [22/Nov/2009:00:05:22 +0800] "GET /qcfy/2005-08/12/xin_762914955e304862980b945d37e4d782.jpg HTTP/1.1" 200 5705 "http://www.jl.xinhuanet.com/qcfy/2005-08/12/content_4866768.htm" "Mozilla/4.0 (compatible; MSIE 7.0; Windows NT 5.1; GTB6)"
202.108.251.39 - - [22/Nov/2009:00:05:22 +0800] "GET /qcfy/2005-08/12/xin_3c453c7265ee4f209cbd59e373679463.gif HTTP/1.1" 200 2726 "http://www.jl.xinhuanet.com/qcfy/2005-08/12/content_4866768.htm" "Mozilla/4.0 (compatible; MSIE 7.0; Windows NT 5.1; GTB6)"
202.108.251.39 - - [22/Nov/2009:00:05:22 +0800] "GET /qcfy/image/yqfy9.gif HTTP/1.1" 304 - "http://www.jl.xinhuanet.com/qcfy/2005-08/12/content_4866768.htm" "Mozilla/4.0 (compatible; MSIE 7.0; Windows NT 5.1; GTB6)"
202.108.251.39 - - [22/Nov/2009:00:05:23 +0800] "GET /mod2006/images/css.css HTTP/1.1" 304 - "http://www.jl.xinhuanet.com/home/top.htm" "Mozilla/4.0 (compatible; MSIE 7.0; Windows NT 5.1; GTB6)"
202.108.251.39 - - [22/Nov/2009:00:05:23 +0800] "GET /home/images/style.css HTTP/1.1" 304 - "http://www.jl.xinhuanet.com/home/bottom.htm" "Mozilla/4.0 (compatible; MSIE 7.0; Windows NT 5.1; GTB6)"
202.108.251.39 - - [22/Nov/2009:00:05:23 +0800] "GET /mod2006/images/xhwss01.gif HTTP/1.1" 304 - "http://www.jl.xinhuanet.com/home/top.htm" "Mozilla/4.0 (compatible; MSIE 7.0; Windows NT 5.1; GTB6)"
202.108.251.39 - - [22/Nov/2009:00:05:23 +0800] "GET /mod2006/images/xhszb.gif HTTP/1.1" 304 - "http://www.jl.xinhuanet.com/home/top.htm" "Mozilla/4.0 (compatible; MSIE 7.0; Windows NT 5.1; GTB6)"
202.108.251.39 - - [22/Nov/2009:00:05:23 +0800] "GET /mod2006/images/logo.gif HTTP/1.1" 304 - "http://www.jl.xinhuanet.com/home/top.htm" "Mozilla/4.0 (compatible; MSIE 7.0; Windows NT 5.1; GTB6)"
202.108.251.39 - - [22/Nov/2009:00:05:23 +0800] "GET /mod2006/images/banner.swf HTTP/1.1" 304 - "http://www.jl.xinhuanet.com/home/top.htm" "Mozilla/4.0 (compatible; MSIE 7.0; Windows NT 5.1; GTB6)"
117.23.204.247 - - [22/Nov/2009:00:05:23 +0800] "GET /newscenter/2008-07/07/content_13743268.htm HTTP/1.1" 200 17529 "-" "Sosospider+(+http://help.soso.com/webspider.htm)"
202.108.251.39 - - [22/Nov/2009:00:05:23 +0800] "GET /home/images/jlpdemail.gif HTTP/1.1" 304 - "http://www.jl.xinhuanet.com/home/bottom.htm" "Mozilla/4.0 (compatible; MSIE 7.0; Windows NT 5.1; GTB6)"
67.195.114.227 - - [22/Nov/2009:00:05:23 +0800] "GET /jzwt/zn/zntu/zn.css HTTP/1.0" 200 1250 "http://www.jl.xinhua.org/jzwt/zn/contents/0048.htm" "Mozilla/5.0 (compatible; Yahoo! Slurp/3.0; http://help.yahoo.com/help/us/ysearch/slurp)"
123.235.40.243 - - [22/Nov/2009:00:05:30 +0800] "GET /2006shangye/2006-08/25/content_7878189.htm HTTP/1.1" 200 8890 "-" "Mozilla/5.0 (compatible; Yahoo! Slurp China; http://misc.yahoo.com.cn/help.html)"
222.141.52.126 - - [22/Nov/2009:00:05:32 +0800] "GET /1.htm HTTP/1.1" 304 - "http://mw.0437.gov.cn/bar.asp?id=109&url=http://mw.0437.gov.cn/show/109.html" "Mozilla/4.0 (compatible; MSIE 6.0; Windows NT 5.1; SV1; Sicent; icafe8; Mozilla/4.0 (compatible; MSIE 6.0; Windows NT 5.1; SV1) )"
123.235.40.243 - - [22/Nov/2009:00:05:32 +0800] "GET /jujiao/2005-09/27/xin_040902271538608182763.jpg HTTP/1.1" 304 - "http://jl.xinhuanet.com/jujiao/2005-09/27/xin_040902271538608182763.jpg" "Mozilla/4.0 (compatible; MSIE 6.0; Windows NT 5.1; SV1)"
202.108.251.39 - - [22/Nov/2009:00:05:34 +0800] "GET /cysh/2005-04/18/content_4079737.htm HTTP/1.1" 200 22691 "http://image.baidu.com/i?tn=baiduimage&ct=201326592&lm=-1&cl=2&word=%B9%F9%CB%BC%B4%EF&rn=21&pn=100&ln=234" "Mozilla/4.0 (compatible; MSIE 6.0; Windows NT 5.1; SV1; GTB6; Mozilla/4.0(Compatible Mozilla/4.0(Compatible-EmbeddedWB 14.59 http://bsalsa.com/ EmbeddedWB- 14.59 from: http://bsalsa.com/ )"
202.108.251.39 - - [22/Nov/2009:00:05:34 +0800] "GET /cysh/2005-04/18/ HTTP/1.1" 403 288 "http://www.jl.xinhuanet.com/cysh/2005-04/18/content_4079737.htm" "Mozilla/4.0 (compatible; MSIE 6.0; Windows NT 5.1; SV1; GTB6; Mozilla/4.0(Compatible Mozilla/4.0(Compatible-EmbeddedWB 14.59 http://bsalsa.com/ EmbeddedWB- 14.59 from: http://bsalsa.com/ )"
202.108.251.39 - - [22/Nov/2009:00:05:34 +0800] "GET /cysh/image/cysk3.gif HTTP/1.1" 304 - "http://www.jl.xinhuanet.com/cysh/2005-04/18/content_4079737.htm" "Mozilla/4.0 (compatible; MSIE 6.0; Windows NT 5.1; SV1; GTB6; Mozilla/4.0(Compatible Mozilla/4.0(Compatible-EmbeddedWB 14.59 http://bsalsa.com/ EmbeddedWB- 14.59 from: http://bsalsa.com/ )"
202.108.251.39 - - [22/Nov/2009:00:05:34 +0800] "GET /cysh/image/cysk_top.js HTTP/1.1" 304 - "http://www.jl.xinhuanet.com/cysh/2005-04/18/content_4079737.htm" "Mozilla/4.0 (compatible; MSIE 6.0; Windows NT 5.1; SV1; GTB6; Mozilla/4.0(Compatible Mozilla/4.0(Compatible-EmbeddedWB 14.59 http://bsalsa.com/ EmbeddedWB- 14.59 from: http://bsalsa.com/ )"
202.108.251.39 - - [22/Nov/2009:00:05:34 +0800] "GET /cysh/image/cysk12.gif HTTP/1.1" 304 - "http://www.jl.xinhuanet.com/cysh/2005-04/18/content_4079737.htm" "Mozilla/4.0 (compatible; MSIE 6.0; Windows NT 5.1; SV1; GTB6; Mozilla/4.0(Compatible Mozilla/4.0(Compatible-EmbeddedWB 14.59 http://bsalsa.com/ EmbeddedWB- 14.59 from: http://bsalsa.com/ )"
202.108.251.39 - - [22/Nov/2009:00:05:34 +0800] "GET /cysh/image/cysk7.gif HTTP/1.1" 304 - "http://www.jl.xinhuanet.com/cysh/2005-04/18/content_4079737.htm" "Mozilla/4.0 (compatible; MSIE 6.0; Windows NT 5.1; SV1; GTB6; Mozilla/4.0(Compatible Mozilla/4.0(Compatible-EmbeddedWB 14.59 http://bsalsa.com/ EmbeddedWB- 14.59 from: http://bsalsa.com/ )"
202.108.251.39 - - [22/Nov/2009:00:05:34 +0800] "GET /cysh/image/cysk1.gif HTTP/1.1" 304 - "http://www.jl.xinhuanet.com/cysh/2005-04/18/content_4079737.htm" "Mozilla/4.0 (compatible; MSIE 6.0; Windows NT 5.1; SV1; GTB6; Mozilla/4.0(Compatible Mozilla/4.0(Compatible-EmbeddedWB 14.59 http://bsalsa.com/ EmbeddedWB- 14.59 from: http://bsalsa.com/ )"
202.108.251.39 - - [22/Nov/2009:00:05:34 +0800] "GET /cysh/image/cysk10.gif HTTP/1.1" 304 - "http://www.jl.xinhuanet.com/cysh/2005-04/18/content_4079737.htm" "Mozilla/4.0 (compatible; MSIE 6.0; Windows NT 5.1; SV1; GTB6; Mozilla/4.0(Compatible Mozilla/4.0(Compatible-EmbeddedWB 14.59 http://bsalsa.com/ EmbeddedWB- 14.59 from: http://bsalsa.com/ )"
202.108.251.39 - - [22/Nov/2009:00:05:34 +0800] "GET /cysh/2005-04/18/xin_27040218094704659243.jpg HTTP/1.1" 304 - "http://www.jl.xinhuanet.com/cysh/2005-04/18/content_4079737.htm" "Mozilla/4.0 (compatible; MSIE 6.0; Windows NT 5.1; SV1; GTB6; Mozilla/4.0(Compatible Mozilla/4.0(Compatible-EmbeddedWB 14.59 http://bsalsa.com/ EmbeddedWB- 14.59 from: http://bsalsa.com/ )"
202.108.251.39 - - [22/Nov/2009:00:05:34 +0800] "GET /cysh/2005-04/18/xin_270402180947687170795.jpg HTTP/1.1" 304 - "http://www.jl.xinhuanet.com/cysh/2005-04/18/content_4079737.htm" "Mozilla/4.0 (compatible; MSIE 6.0; Windows NT 5.1; SV1; GTB6; Mozilla/4.0(Compatible Mozilla/4.0(Compatible-EmbeddedWB 14.59 http://bsalsa.com/ EmbeddedWB- 14.59 from: http://bsalsa.com/ )"
202.108.251.39 - - [22/Nov/2009:00:05:34 +0800] "GET /cysh/image/scroll-pic.htm HTTP/1.1" 304 - "http://www.jl.xinhuanet.com/cysh/2005-04/18/content_4079737.htm" "Mozilla/4.0 (compatible; MSIE 6.0; Windows NT 5.1; SV1; GTB6; Mozilla/4.0(Compatible Mozilla/4.0(Compatible-EmbeddedWB 14.59 http://bsalsa.com/ EmbeddedWB- 14.59 from: http://bsalsa.com/ )"
202.108.251.39 - - [22/Nov/2009:00:05:34 +0800] "GET /cysh/image/cysk25.gif HTTP/1.1" 304 - "http://www.jl.xinhuanet.com/cysh/2005-04/18/content_4079737.htm" "Mozilla/4.0 (compatible; MSIE 6.0; Windows NT 5.1; SV1; GTB6; Mozilla/4.0(Compatible Mozilla/4.0(Compatible-EmbeddedWB 14.59 http://bsalsa.com/ EmbeddedWB- 14.59 from: http://bsalsa.com/ )"
202.108.251.39 - - [22/Nov/2009:00:05:34 +0800] "GET /cysh/image/scroll-make.htm HTTP/1.1" 304 - "http://www.jl.xinhuanet.com/cysh/2005-04/18/content_4079737.htm" "Mozilla/4.0 (compatible; MSIE 6.0; Windows NT 5.1; SV1; GTB6; Mozilla/4.0(Compatible Mozilla/4.0(Compatible-EmbeddedWB 14.59 http://bsalsa.com/ EmbeddedWB- 14.59 from: http://bsalsa.com/ )"
202.108.251.39 - - [22/Nov/2009:00:05:34 +0800] "GET /cysh/2005-04/18/xin_270402180947375188614.jpg HTTP/1.1" 304 - "http://www.jl.xinhuanet.com/cysh/2005-04/18/content_4079737.htm" "Mozilla/4.0 (compatible; MSIE 6.0; Windows NT 5.1; SV1; GTB6; Mozilla/4.0(Compatible Mozilla/4.0(Compatible-EmbeddedWB 14.59 http://bsalsa.com/ EmbeddedWB- 14.59 from: http://bsalsa.com/ )"
202.108.251.39 - - [22/Nov/2009:00:05:34 +0800] "GET /cysh/2005-04/18/xin_581201222022858112506.jpg HTTP/1.1" 304 - "http://www.jl.xinhuanet.com/cysh/2005-04/18/content_4079737.htm" "Mozilla/4.0 (compatible; MSIE 6.0; Windows NT 5.1; SV1; GTB6; Mozilla/4.0(Compatible Mozilla/4.0(Compatible-EmbeddedWB 14.59 http://bsalsa.com/ EmbeddedWB- 14.59 from: http://bsalsa.com/ )"
202.108.251.39 - - [22/Nov/2009:00:05:34 +0800] "GET /cysh/2005-04/18/xin_41120122164649939424.gif HTTP/1.1" 304 - "http://www.jl.xinhuanet.com/cysh/2005-04/18/content_4079737.htm" "Mozilla/4.0 (compatible; MSIE 6.0; Windows NT 5.1; SV1; GTB6; Mozilla/4.0(Compatible Mozilla/4.0(Compatible-EmbeddedWB 14.59 http://bsalsa.com/ EmbeddedWB- 14.59 from: http://bsalsa.com/ )"
202.108.251.39 - - [22/Nov/2009:00:05:34 +0800] "GET /cysh/image/cysk6.gif HTTP/1.1" 304 - "http://www.jl.xinhuanet.com/cysh/2005-04/18/content_4079737.htm" "Mozilla/4.0 (compatible; MSIE 6.0; Windows NT 5.1; SV1; GTB6; Mozilla/4.0(Compatible Mozilla/4.0(Compatible-EmbeddedWB 14.59 http://bsalsa.com/ EmbeddedWB- 14.59 from: http://bsalsa.com/ )"
202.108.251.39 - - [22/Nov/2009:00:05:34 +0800] "GET /cysh/2005-04/18/xin_29040218095345315171.jpg HTTP/1.1" 200 5262 "http://www.jl.xinhuanet.com/cysh/2005-04/18/content_4079737.htm" "Mozilla/4.0 (compatible; MSIE 6.0; Windows NT 5.1; SV1; GTB6; Mozilla/4.0(Compatible Mozilla/4.0(Compatible-EmbeddedWB 14.59 http://bsalsa.com/ EmbeddedWB- 14.59 from: http://bsalsa.com/ )"
202.108.251.39 - - [22/Nov/2009:00:05:34 +0800] "GET /cysh/image/cysk13.gif HTTP/1.1" 304 - "http://www.jl.xinhuanet.com/cysh/2005-04/18/content_4079737.htm" "Mozilla/4.0 (compatible; MSIE 6.0; Windows NT 5.1; SV1; GTB6; Mozilla/4.0(Compatible Mozilla/4.0(Compatible-EmbeddedWB 14.59 http://bsalsa.com/ EmbeddedWB- 14.59 from: http://bsalsa.com/ )"
202.108.251.39 - - [22/Nov/2009:00:05:34 +0800] "GET /cysh/image/scroll-pic.files/text.css HTTP/1.1" 404 304 "http://www.jl.xinhuanet.com/cysh/image/scroll-pic.htm" "Mozilla/4.0 (compatible; MSIE 6.0; Windows NT 5.1; SV1; GTB6; Mozilla/4.0(Compatible Mozilla/4.0(Compatible-EmbeddedWB 14.59 http://bsalsa.com/ EmbeddedWB- 14.59 from: http://bsalsa.com/ )"
202.108.251.39 - - [22/Nov/2009:00:05:34 +0800] "GET /cysh/image/cysk4.jpg HTTP/1.1" 304 - "http://www.jl.xinhuanet.com/cysh/image/scroll-pic.htm" "Mozilla/4.0 (compatible; MSIE 6.0; Windows NT 5.1; SV1; GTB6; Mozilla/4.0(Compatible Mozilla/4.0(Compatible-EmbeddedWB 14.59 http://bsalsa.com/ EmbeddedWB- 14.59 from: http://bsalsa.com/ )"
67.218.116.164 - - [22/Nov/2009:00:05:35 +0800] "GET /shangye/2009-05/13/content_16509001.htm HTTP/1.0" 200 7000 "-" "Mozilla/5.0 (Twiceler-0.9 http://www.cuil.com/twiceler/robot.html)"
203.208.60.164 - - [22/Nov/2009:00:05:39 +0800] "GET /2008/2009alb/pic/cswb/ssw.JPG HTTP/1.1" 200 5847 "-" "Googlebot-Image/1.0"
65.55.51.161 - - [22/Nov/2009:00:05:41 +0800] "GET / HTTP/1.1" 200 145583 "-" "msnbot-NewsBlogs/1.1 (+http://search.msn.com/msnbot.htm)"
203.208.60.182 - - [22/Nov/2009:00:05:45 +0800] "GET /newscenter/jiceng/index.htm HTTP/1.1" 304 - "-" "Mozilla/5.0 (compatible; Googlebot/2.1; +http://www.google.com/bot.html)"
123.235.40.243 - - [22/Nov/2009:00:05:47 +0800] "GET /shangye/2006-11/27/content_8623283.htm HTTP/1.1" 200 6454 "-" "Mozilla/5.0 (compatible; Yahoo! Slurp China; http://misc.yahoo.com.cn/help.html)"
121.14.234.178 - - [22/Nov/2009:00:05:47 +0800] "GET /2007ztzb/fenglin/index.htm HTTP/1.1" 304 - "-" "Sogou web spider/4.0(+http://www.sogou.com/docs/help/webmasters.htm#07)"
67.195.114.244 - - [22/Nov/2009:00:05:48 +0800] "GET /qcfy/2005-12/27/content_5908218.htm HTTP/1.0" 200 22520 "-" "Mozilla/5.0 (compatible; Yahoo! Slurp/3.0; http://help.yahoo.com/help/us/ysearch/slurp)"
67.195.111.244 - - [22/Nov/2009:00:05:48 +0800] "GET /shangye/2005-11/22/content_5648824.htm HTTP/1.0" 200 7473 "-" "Mozilla/5.0 (compatible; Yahoo! Slurp/3.0; http://help.yahoo.com/help/us/ysearch/slurp)"
67.195.114.244 - - [22/Nov/2009:00:05:49 +0800] "GET /sqbl/zhaoshang/jiutai/jt-011.htm HTTP/1.0" 200 3226 "-" "Mozilla/5.0 (compatible; Yahoo! Slurp/3.0; http://help.yahoo.com/help/us/ysearch/slurp)"
117.23.204.247 - - [22/Nov/2009:00:05:49 +0800] "HEAD / HTTP/1.1" 304 - "http://www.jl.xinhuanet.com/" "Sosonewsspider+(+http://help.soso.com/soso-news-spider.htm)"
117.23.204.247 - - [22/Nov/2009:00:05:49 +0800] "GET / HTTP/1.1" 304 - "http://www.jl.xinhuanet.com/" "Sosonewsspider+(+http://help.soso.com/soso-news-spider.htm)"
67.195.111.244 - - [22/Nov/2009:00:05:50 +0800] "GET /shangye/shengtai/images/style.css HTTP/1.0" 200 3563 "http://www.jl.xinhuanet.com/shangye/2005-11/22/content_5648824.htm" "Mozilla/5.0 (compatible; Yahoo! Slurp/3.0; http://help.yahoo.com/help/us/ysearch/slurp)"
117.23.204.247 - - [22/Nov/2009:00:05:50 +0800] "GET /xhsjl/news/meiti/2002/08/20020820-03.htm HTTP/1.1" 200 18368 "-" "Sosospider+(+http://help.soso.com/webspider.htm)"
124.115.0.138 - - [22/Nov/2009:00:05:51 +0800] "GET /newscenter/2009-01/04/content_15349559.htm HTTP/1.1" 200 17481 "-" "Sosospider+(+http://help.soso.com/webspider.htm)"
203.192.6.76 - - [22/Nov/2009:00:05:54 +0800] "GET /yingshi/2009-11/03/content_18121045.htm HTTP/1.1" 200 21148 "-" "Mozilla/5.0 (compatible; Yahoo! Slurp/3.0; http://help.yahoo.com/help/us/ysearch/slurp)"
65.55.106.206 - - [22/Nov/2009:00:05:55 +0800] "GET /shangye/2007-09/10/content_11106681.htm HTTP/1.1" 304 - "-" "msnbot/2.0b (+http://search.msn.com/msnbot.htm)"
121.194.1.104 - - [22/Nov/2009:00:05:59 +0800] "GET / HTTP/1.1" 200 145583 "-" "-"
121.194.1.104 - - [22/Nov/2009:00:05:59 +0800] "GET / HTTP/1.1" 200 145583 "-" "-"
123.235.40.242 - - [22/Nov/2009:00:06:00 +0800] "GET / HTTP/1.1" 200 145583 "-" "-"
123.235.40.242 - - [22/Nov/2009:00:06:00 +0800] "GET / HTTP/1.1" 200 145583 "-" "-"
123.235.40.242 - - [22/Nov/2009:00:06:00 +0800] "GET / HTTP/1.1" 200 145583 "-" "-"
123.235.40.242 - - [22/Nov/2009:00:06:00 +0800] "GET / HTTP/1.1" 200 145583 "-" "-"
123.235.40.243 - - [22/Nov/2009:00:06:00 +0800] "GET /index/2006-08/11/xin_210803111058828910615.jpg HTTP/1.1" 304 - "http://cydonia.blog.163.com/blog/" "Mozilla/4.0 (compatible; MSIE 6.0; Windows NT 5.1; SV1)"
123.235.40.243 - - [22/Nov/2009:00:06:00 +0800] "GET /index/2006-08/11/xin_2208031110587033101617.jpg HTTP/1.1" 304 - "http://cydonia.blog.163.com/blog/" "Mozilla/4.0 (compatible; MSIE 6.0; Windows NT 5.1; SV1)"
123.235.40.243 - - [22/Nov/2009:00:06:00 +0800] "GET /index/2006-08/11/xin_220803111058281091916.jpg HTTP/1.1" 304 - "http://cydonia.blog.163.com/blog/" "Mozilla/4.0 (compatible; MSIE 6.0; Windows NT 5.1; SV1)"
123.235.40.243 - - [22/Nov/2009:00:06:00 +0800] "GET / HTTP/1.1" 200 145583 "-" "-"
123.235.40.243 - - [22/Nov/2009:00:06:00 +0800] "GET / HTTP/1.1" 200 145583 "-" "-"
123.235.40.243 - - [22/Nov/2009:00:06:00 +0800] "GET / HTTP/1.1" 200 145583 "-" "-"
123.235.40.243 - - [22/Nov/2009:00:06:00 +0800] "GET / HTTP/1.1" 200 145583 "-" "-"
121.14.234.178 - - [22/Nov/2009:00:06:00 +0800] "GET / HTTP/1.1" 200 145583 "-" "-"
121.14.234.178 - - [22/Nov/2009:00:06:00 +0800] "GET / HTTP/1.1" 200 145583 "-" "-"
117.23.204.247 - - [22/Nov/2009:00:06:00 +0800] "GET / HTTP/1.1" 200 145583 "-" "-"
121.14.234.178 - - [22/Nov/2009:00:06:00 +0800] "GET / HTTP/1.1" 200 145583 "-" "-"
121.14.234.178 - - [22/Nov/2009:00:06:00 +0800] "GET / HTTP/1.1" 200 145583 "-" "-"
117.23.204.247 - - [22/Nov/2009:00:06:00 +0800] "GET / HTTP/1.1" 200 145583 "-" "-"
222.141.52.126 - - [22/Nov/2009:00:06:00 +0800] "GET / HTTP/1.1" 200 145583 "-" "-"
222.141.52.126 - - [22/Nov/2009:00:06:00 +0800] "GET / HTTP/1.1" 200 145583 "-" "-"
117.23.204.247 - - [22/Nov/2009:00:06:00 +0800] "GET / HTTP/1.1" 200 145583 "-" "-"
222.141.52.126 - - [22/Nov/2009:00:06:00 +0800] "GET / HTTP/1.1" 200 145583 "-" "-"
117.23.204.247 - - [22/Nov/2009:00:06:00 +0800] "GET / HTTP/1.1" 200 145583 "-" "-"
222.141.52.126 - - [22/Nov/2009:00:06:00 +0800] "GET / HTTP/1.1" 200 145583 "-" "-"
61.129.34.183 - - [22/Nov/2009:00:06:00 +0800] "GET / HTTP/1.1" 200 145583 "-" "-"
61.129.34.183 - - [22/Nov/2009:00:06:00 +0800] "GET / HTTP/1.1" 200 145583 "-" "-"
61.129.34.183 - - [22/Nov/2009:00:06:00 +0800] "GET / HTTP/1.1" 200 145583 "-" "-"
61.129.34.183 - - [22/Nov/2009:00:06:00 +0800] "GET / HTTP/1.1" 200 145583 "-" "-"
202.108.251.39 - - [22/Nov/2009:00:06:00 +0800] "GET / HTTP/1.1" 200 145583 "-" "-"
202.108.251.39 - - [22/Nov/2009:00:06:00 +0800] "GET / HTTP/1.1" 200 145583 "-" "-"
202.108.251.39 - - [22/Nov/2009:00:06:00 +0800] "GET / HTTP/1.1" 200 145583 "-" "-"
202.108.251.39 - - [22/Nov/2009:00:06:00 +0800] "GET / HTTP/1.1" 200 145583 "-" "-"
58.215.110.209 - - [22/Nov/2009:00:06:00 +0800] "GET / HTTP/1.1" 200 145583 "-" "-"
202.108.251.39 - - [22/Nov/2009:00:06:01 +0800] "GET / HTTP/1.1" 304 - "-" "Mozilla/4.0+(compatible;+MSIE+7.0;+Windows+NT+5.1;+.NET+CLR+2.0.50727)"
58.215.110.209 - - [22/Nov/2009:00:06:00 +0800] "GET / HTTP/1.1" 200 145583 "-" "-"
58.215.110.209 - - [22/Nov/2009:00:06:01 +0800] "GET / HTTP/1.1" 200 145583 "-" "-"
58.215.110.209 - - [22/Nov/2009:00:06:01 +0800] "GET / HTTP/1.1" 200 145583 "-" "-"
61.164.61.68 - - [22/Nov/2009:00:06:01 +0800] "GET / HTTP/1.1" 200 145583 "-" "-"
61.164.61.68 - - [22/Nov/2009:00:06:01 +0800] "GET / HTTP/1.1" 200 145583 "-" "-"
61.164.61.68 - - [22/Nov/2009:00:06:01 +0800] "GET / HTTP/1.1" 200 145583 "-" "-"
61.164.61.68 - - [22/Nov/2009:00:06:01 +0800] "GET / HTTP/1.1" 200 145583 "-" "-"
59.175.131.253 - - [22/Nov/2009:00:06:01 +0800] "GET / HTTP/1.1" 200 145583 "-" "-"
59.175.131.253 - - [22/Nov/2009:00:06:01 +0800] "GET / HTTP/1.1" 200 145583 "-" "-"
59.175.131.253 - - [22/Nov/2009:00:06:01 +0800] "GET / HTTP/1.1" 200 145583 "-" "-"
59.175.131.253 - - [22/Nov/2009:00:06:01 +0800] "GET / HTTP/1.1" 200 145583 "-" "-"
202.108.251.39 - - [22/Nov/2009:00:06:01 +0800] "GET /newscenter/jiceng/index.htm HTTP/1.1" 304 - "-" "Mozilla/4.0+(compatible;+MSIE+7.0;+Windows+NT+5.1;+.NET+CLR+2.0.50727)"
119.147.105.245 - - [22/Nov/2009:00:06:01 +0800] "GET / HTTP/1.1" 200 145583 "-" "-"
119.147.105.245 - - [22/Nov/2009:00:06:01 +0800] "GET / HTTP/1.1" 200 145583 "-" "-"
202.108.251.39 - - [22/Nov/2009:00:06:01 +0800] "GET /tese/index.htm HTTP/1.1" 304 - "-" "Mozilla/4.0+(compatible;+MSIE+7.0;+Windows+NT+5.1;+.NET+CLR+2.0.50727)"
119.147.105.245 - - [22/Nov/2009:00:06:01 +0800] "GET / HTTP/1.1" 200 145583 "-" "-"
119.147.105.245 - - [22/Nov/2009:00:06:01 +0800] "GET / HTTP/1.1" 200 145583 "-" "-"
221.192.149.81 - - [22/Nov/2009:00:06:01 +0800] "GET / HTTP/1.1" 200 145583 "-" "-"
221.192.149.81 - - [22/Nov/2009:00:06:01 +0800] "GET / HTTP/1.1" 200 145583 "-" "-"
221.192.149.81 - - [22/Nov/2009:00:06:01 +0800] "GET / HTTP/1.1" 200 145583 "-" "-"
221.192.149.81 - - [22/Nov/2009:00:06:01 +0800] "GET / HTTP/1.1" 200 145583 "-" "-"
202.108.251.39 - - [22/Nov/2009:00:06:02 +0800] "GET /jujiao/more.htm HTTP/1.1" 304 - "-" "Mozilla/4.0+(compatible;+MSIE+7.0;+Windows+NT+5.1;+.NET+CLR+2.0.50727)"
218.213.69.115 - - [22/Nov/2009:00:06:02 +0800] "GET / HTTP/1.1" 200 145583 "-" "-"
218.213.69.115 - - [22/Nov/2009:00:06:02 +0800] "GET / HTTP/1.1" 200 145583 "-" "-"
202.108.251.39 - - [22/Nov/2009:00:06:02 +0800] "GET /newscenter/photo_news.htm HTTP/1.1" 304 - "-" "Mozilla/4.0+(compatible;+MSIE+7.0;+Windows+NT+5.1;+.NET+CLR+2.0.50727)"
218.213.69.115 - - [22/Nov/2009:00:06:02 +0800] "GET / HTTP/1.1" 200 145583 "-" "-"
202.108.251.39 - - [22/Nov/2009:00:06:03 +0800] "GET /jlzw/index.htm HTTP/1.1" 304 - "-" "Mozilla/4.0+(compatible;+MSIE+7.0;+Windows+NT+5.1;+.NET+CLR+2.0.50727)"
218.213.69.115 - - [22/Nov/2009:00:06:03 +0800] "GET / HTTP/1.1" 200 145583 "-" "-"
202.108.251.39 - - [22/Nov/2009:00:06:03 +0800] "GET /newscenter/wzsx/index.htm HTTP/1.1" 304 - "-" "Mozilla/4.0+(compatible;+MSIE+7.0;+Windows+NT+5.1;+.NET+CLR+2.0.50727)"
202.108.251.39 - - [22/Nov/2009:00:06:04 +0800] "GET /newscenter/xhsp.htm HTTP/1.1" 304 - "-" "Mozilla/4.0+(compatible;+MSIE+7.0;+Windows+NT+5.1;+.NET+CLR+2.0.50727)"
202.108.251.39 - - [22/Nov/2009:00:06:04 +0800] "GET /leaders/index.htm HTTP/1.1" 304 - "-" "Mozilla/4.0+(compatible;+MSIE+7.0;+Windows+NT+5.1;+.NET+CLR+2.0.50727)"
202.108.251.39 - - [22/Nov/2009:00:06:04 +0800] "GET /newscenter/fzsh/index.htm HTTP/1.1" 304 - "-" "Mozilla/4.0+(compatible;+MSIE+7.0;+Windows+NT+5.1;+.NET+CLR+2.0.50727)"
61.135.219.158 - - [22/Nov/2009:00:06:05 +0800] "GET /jujiao/16da/index.htm HTTP/1.1" 200 14547 "-" "Mozilla/5.0 (compatible; YoudaoBot/1.0; http://www.youdao.com/help/webmaster/spider/; )"
202.108.251.39 - - [22/Nov/2009:00:06:05 +0800] "GET /fangchan/index.htm HTTP/1.1" 304 - "-" "Mozilla/4.0+(compatible;+MSIE+7.0;+Windows+NT+5.1;+.NET+CLR+2.0.50727)"
202.108.251.39 - - [22/Nov/2009:00:06:05 +0800] "GET /qcfy/qcfy.htm HTTP/1.1" 304 - "-" "Mozilla/4.0+(compatible;+MSIE+7.0;+Windows+NT+5.1;+.NET+CLR+2.0.50727)"
202.108.251.39 - - [22/Nov/2009:00:06:06 +0800] "GET /yingshi/index.htm HTTP/1.1" 304 - "-" "Mozilla/4.0+(compatible;+MSIE+7.0;+Windows+NT+5.1;+.NET+CLR+2.0.50727)"
202.108.251.39 - - [22/Nov/2009:00:06:06 +0800] "GET /2007shangye/xinhuaduanxin0926/index.htm HTTP/1.1" 304 - "-" "Mozilla/4.0+(compatible;+MSIE+7.0;+Windows+NT+5.1;+.NET+CLR+2.0.50727)"
202.108.251.39 - - [22/Nov/2009:00:06:06 +0800] "GET /newscenter/yljd/index.htm HTTP/1.1" 304 - "-" "Mozilla/4.0+(compatible;+MSIE+7.0;+Windows+NT+5.1;+.NET+CLR+2.0.50727)"
124.115.0.141 - - [22/Nov/2009:00:06:07 +0800] "GET /newscenter/2008-06/24/content_13629777.htm HTTP/1.1" 200 17646 "-" "Sosospider+(+http://help.soso.com/webspider.htm)"
202.108.251.39 - - [22/Nov/2009:00:06:07 +0800] "GET /2006shangye/dssh.htm HTTP/1.1" 304 - "-" "Mozilla/4.0+(compatible;+MSIE+7.0;+Windows+NT+5.1;+.NET+CLR+2.0.50727)"
117.23.204.247 - - [22/Nov/2009:00:06:07 +0800] "GET /newscenter/2009-07/07/content_17029977.htm HTTP/1.1" 200 18904 "-" "Sosospider+(+http://help.soso.com/webspider.htm)"
202.108.251.39 - - [22/Nov/2009:00:06:07 +0800] "GET /2006shangye/shzx.htm HTTP/1.1" 304 - "-" "Mozilla/4.0+(compatible;+MSIE+7.0;+Windows+NT+5.1;+.NET+CLR+2.0.50727)"
202.108.251.39 - - [22/Nov/2009:00:06:07 +0800] "GET /shangye/lxqg/index.htm HTTP/1.1" 304 - "-" "Mozilla/4.0+(compatible;+MSIE+7.0;+Windows+NT+5.1;+.NET+CLR+2.0.50727)"
123.235.40.243 - - [22/Nov/2009:00:06:07 +0800] "GET /yingshi/xin_4311032709589891606315.jpg HTTP/1.1" 304 - "http://images.google.cn/imglanding?imgurl=http://www.jl.xinhuanet.com/yingshi/xin_4311032709589891606315.jpg&imgrefurl=http://www.jl.xinhuanet.com/yingshi/sptp.htm&usg=__FvLGxyAkJQiS88S-dAHkaIA-qA8%3D&h=315&w=450&sz=24&hl=zh-CN&tbnid=8USRzEzOu1aWEM:&tbnh=89&tbnw=127&prev=/images%3Fq%3D%25E7%25A9%25BF%25E5%25B8%25AE%25E9%2595%259C%25E5%25A4%25B4%26hl%3Dzh-CN%26inlang%3Dzh-CN%26newwindow%3D1%26oe%3DGB2312&q=%E7%A9%BF%E5%B8%AE%E9%95%9C%E5%A4%B4&inlang=zh-CN&newwindow=1&oe=GB2312&start=0" "Mozilla/4.0 (compatible; MSIE 6.0; Windows NT 5.1; SV1)"
202.108.251.39 - - [22/Nov/2009:00:06:08 +0800] "GET /2006shangye/zcjy.htm HTTP/1.1" 304 - "-" "Mozilla/4.0+(compatible;+MSIE+7.0;+Windows+NT+5.1;+.NET+CLR+2.0.50727)"
202.108.251.39 - - [22/Nov/2009:00:06:08 +0800] "GET /newscenter/rdwp/index.htm HTTP/1.1" 304 - "-" "Mozilla/4.0+(compatible;+MSIE+7.0;+Windows+NT+5.1;+.NET+CLR+2.0.50727)"
67.195.114.244 - - [22/Nov/2009:00:06:08 +0800] "GET /leaders/2008-09/09/content_14356600.htm HTTP/1.0" 200 18077 "-" "Mozilla/5.0 (compatible; Yahoo! Slurp/3.0; http://help.yahoo.com/help/us/ysearch/slurp)"
202.108.251.39 - - [22/Nov/2009:00:06:09 +0800] "GET /newscenter/toutiao/index.htm HTTP/1.1" 304 - "-" "Mozilla/4.0+(compatible;+MSIE+7.0;+Windows+NT+5.1;+.NET+CLR+2.0.50727)"
202.108.251.39 - - [22/Nov/2009:00:06:09 +0800] "GET /newscenter/tupian/index.htm HTTP/1.1" 304 - "-" "Mozilla/4.0+(compatible;+MSIE+7.0;+Windows+NT+5.1;+.NET+CLR+2.0.50727)"
123.235.40.242 - - [22/Nov/2009:00:06:09 +0800] "GET /newscenter/yaowen/index.htm HTTP/1.1" 304 - "-" "Microsoft URL Control - 6.00.8862"
123.235.40.243 - - [22/Nov/2009:00:06:11 +0800] "GET /main/news/2001/jilin/11/20011125-01.htm HTTP/1.1" 200 21332 "-" "Mozilla/5.0 (compatible; Yahoo! Slurp China; http://misc.yahoo.com.cn/help.html)"
202.108.251.39 - - [22/Nov/2009:00:06:11 +0800] "GET /shangye/hzsc/index.htm HTTP/1.1" 304 - "-" "Mozilla/4.0+(compatible;+MSIE+7.0;+Windows+NT+5.1;+.NET+CLR+2.0.50727)"
202.108.251.39 - - [22/Nov/2009:00:06:12 +0800] "GET /2008/mymy/mymy.html HTTP/1.1" 304 - "-" "Mozilla/4.0+(compatible;+MSIE+7.0;+Windows+NT+5.1;+.NET+CLR+2.0.50727)"
202.108.251.39 - - [22/Nov/2009:00:06:12 +0800] "GET /2007ztzb/jiangongjituan/index.htm HTTP/1.1" 304 - "-" "Mozilla/4.0+(compatible;+MSIE+7.0;+Windows+NT+5.1;+.NET+CLR+2.0.50727)"
202.108.251.39 - - [22/Nov/2009:00:06:13 +0800] "GET /2007ztzb/fenglin/index.htm HTTP/1.1" 304 - "-" "Mozilla/4.0+(compatible;+MSIE+7.0;+Windows+NT+5.1;+.NET+CLR+2.0.50727)"
202.108.251.39 - - [22/Nov/2009:00:06:13 +0800] "GET /2008/erz/index.htm HTTP/1.1" 304 - "-" "Mozilla/4.0+(compatible;+MSIE+7.0;+Windows+NT+5.1;+.NET+CLR+2.0.50727)"
202.108.251.39 - - [22/Nov/2009:00:06:13 +0800] "GET /xhsjzkjl/index.htm HTTP/1.1" 304 - "-" "Mozilla/4.0+(compatible;+MSIE+7.0;+Windows+NT+5.1;+.NET+CLR+2.0.50727)"
202.108.251.39 - - [22/Nov/2009:00:06:14 +0800] "GET /2008/shaji/index.htm HTTP/1.1" 304 - "-" "Mozilla/4.0+(compatible;+MSIE+7.0;+Windows+NT+5.1;+.NET+CLR+2.0.50727)"
67.195.114.244 - - [22/Nov/2009:00:06:13 +0800] "GET /news/toutiao/toutiao.htm HTTP/1.0" 200 57259 "-" "Mozilla/5.0 (compatible; Yahoo! Slurp/3.0; http://help.yahoo.com/help/us/ysearch/slurp)"
123.235.40.243 - - [22/Nov/2009:00:06:14 +0800] "GET /index/2006-08/11/xin_2308031110582031703618.jpg HTTP/1.1" 304 - "http://cydonia.blog.163.com/blog/static/122136951200961525754941/" "Mozilla/4.0 (compatible; MSIE 6.0; Windows NT 5.1; SV1)"
123.235.40.243 - - [22/Nov/2009:00:06:14 +0800] "GET /index/2006-08/11/xin_2408031110585463232321.jpg HTTP/1.1" 304 - "http://cydonia.blog.163.com/blog/static/122136951200961525754941/" "Mozilla/4.0 (compatible; MSIE 6.0; Windows NT 5.1; SV1)"
123.235.40.243 - - [22/Nov/2009:00:06:14 +0800] "GET /index/2006-08/11/xin_2308031110586092644519.jpg HTTP/1.1" 304 - "http://cydonia.blog.163.com/blog/static/122136951200961525754941/" "Mozilla/4.0 (compatible; MSIE 6.0; Windows NT 5.1; SV1)"
123.235.40.243 - - [22/Nov/2009:00:06:14 +0800] "GET /index/2006-08/11/xin_2508031110581092208522.jpg HTTP/1.1" 304 - "http://cydonia.blog.163.com/blog/static/122136951200961525754941/" "Mozilla/4.0 (compatible; MSIE 6.0; Windows NT 5.1; SV1)"
202.108.251.39 - - [22/Nov/2009:00:06:14 +0800] "GET /shangye/jkq/index.htm HTTP/1.1" 304 - "-" "Mozilla/4.0+(compatible;+MSIE+7.0;+Windows+NT+5.1;+.NET+CLR+2.0.50727)"
123.235.40.243 - - [22/Nov/2009:00:06:14 +0800] "GET /index/2006-08/11/xin_2408031110580311451220.jpg HTTP/1.1" 304 - "http://cydonia.blog.163.com/blog/static/122136951200961525754941/" "Mozilla/4.0 (compatible; MSIE 6.0; Windows NT 5.1; SV1)"
202.108.251.39 - - [22/Nov/2009:00:06:15 +0800] "GET /2007ztzb/qckfq/index.htm HTTP/1.1" 304 - "-" "Mozilla/4.0+(compatible;+MSIE+7.0;+Windows+NT+5.1;+.NET+CLR+2.0.50727)"
202.108.251.39 - - [22/Nov/2009:00:06:15 +0800] "GET /2007shangye/antu/index.htm HTTP/1.1" 304 - "-" "Mozilla/4.0+(compatible;+MSIE+7.0;+Windows+NT+5.1;+.NET+CLR+2.0.50727)"
203.192.6.83 - - [22/Nov/2009:00:06:15 +0800] "GET /jujiao/2006-01/29/content_6151341.htm HTTP/1.1" 200 18957 "-" "Mozilla/5.0 (compatible; Yahoo! Slurp/3.0; http://help.yahoo.com/help/us/ysearch/slurp)"
119.147.105.245 - - [22/Nov/2009:00:06:16 +0800] "GET /yingshi/xin_5712030611146712980054.jpg HTTP/1.1" 304 - "http://home.imdb.cn/space-20610-do-blog-id-1349.html" "Mozilla/4.0 (compatible; MSIE 6.0; Windows NT 5.1; SV1; .NET CLR 2.0.50727)"
202.108.251.39 - - [22/Nov/2009:00:06:16 +0800] "GET /2008/dyrmyy/index.htm HTTP/1.1" 304 - "-" "Mozilla/4.0+(compatible;+MSIE+7.0;+Windows+NT+5.1;+.NET+CLR+2.0.50727)"
221.192.149.81 - - [22/Nov/2009:00:06:16 +0800] "GET / HTTP/1.1" 304 - "-" "Mozilla/5.0 (compatible; YoudaoBot/1.0; http://www.youdao.com/help/webmaster/spider/; )"
202.108.251.39 - - [22/Nov/2009:00:06:16 +0800] "GET /2007shangye/gongzhuling/index.htm HTTP/1.1" 304 - "-" "Mozilla/4.0+(compatible;+MSIE+7.0;+Windows+NT+5.1;+.NET+CLR+2.0.50727)"
202.108.251.39 - - [22/Nov/2009:00:06:17 +0800] "GET /home/shequ/index.htm HTTP/1.1" 304 - "-" "Mozilla/4.0+(compatible;+MSIE+7.0;+Windows+NT+5.1;+.NET+CLR+2.0.50727)"
202.108.251.39 - - [22/Nov/2009:00:06:18 +0800] "GET /2008/dbdl/index.htm HTTP/1.1" 304 - "-" "Mozilla/4.0+(compatible;+MSIE+7.0;+Windows+NT+5.1;+.NET+CLR+2.0.50727)"
202.160.178.54 - - [22/Nov/2009:00:06:18 +0800] "GET /yingshi/2004-12/22/content_8500638.htm HTTP/1.0" 200 23775 "-" "Mozilla/5.0 (compatible; Yahoo! Slurp China; http://misc.yahoo.com.cn/help.html)"
202.160.180.77 - - [22/Nov/2009:00:06:18 +0800] "GET /newscenter/2009-05/29/content_16653859.htm HTTP/1.0" 200 17288 "-" "Mozilla/5.0 (compatible; Yahoo! Slurp China; http://misc.yahoo.com.cn/help.html)"
67.195.114.227 - - [22/Nov/2009:00:06:18 +0800] "GET /main/news/2002/jilin/01/20020112-02.htm HTTP/1.0" 200 20724 "-" "Mozilla/5.0 (compatible; Yahoo! Slurp/3.0; http://help.yahoo.com/help/us/ysearch/slurp)"
202.108.251.39 - - [22/Nov/2009:00:06:18 +0800] "GET /2007shangye/taiban/index.htm HTTP/1.1" 304 - "-" "Mozilla/4.0+(compatible;+MSIE+7.0;+Windows+NT+5.1;+.NET+CLR+2.0.50727)"
221.192.149.81 - - [22/Nov/2009:00:06:19 +0800] "GET /cchwgs/index.htm HTTP/1.1" 304 - "http://www.jl.xinhuanet.com/cchwgs/index.htm" "Mozilla/4.0 (compatible; MSIE 6.0; Windows NT 5.0)"
221.192.149.81 - - [22/Nov/2009:00:06:19 +0800] "GET /zhengyao/index.htm HTTP/1.1" 304 - "http://www.jl.xinhuanet.com/zhengyao/index.htm" "Mozilla/4.0 (compatible; MSIE 6.0; Windows NT 5.0)"
221.192.149.81 - - [22/Nov/2009:00:06:19 +0800] "GET /dfgl/index.htm HTTP/1.1" 304 - "http://www.jl.xinhuanet.com/dfgl/index.htm" "Mozilla/4.0 (compatible; MSIE 6.0; Windows NT 5.0)"
221.192.149.81 - - [22/Nov/2009:00:06:19 +0800] "GET /dfld/index.htm HTTP/1.1" 304 - "http://www.jl.xinhuanet.com/dfld/index.htm" "Mozilla/4.0 (compatible; MSIE 6.0; Windows NT 5.0)"
221.192.149.81 - - [22/Nov/2009:00:06:19 +0800] "GET /shengqing/index.htm HTTP/1.1" 304 - "http://www.jl.xinhuanet.com/shengqing/index.htm" "Mozilla/4.0 (compatible; MSIE 6.0; Windows NT 5.0)"
202.108.251.39 - - [22/Nov/2009:00:06:20 +0800] "GET /cc2y/index.htm HTTP/1.1" 304 - "-" "Mozilla/4.0+(compatible;+MSIE+7.0;+Windows+NT+5.1;+.NET+CLR+2.0.50727)"
221.192.149.81 - - [22/Nov/2009:00:06:21 +0800] "GET /dfwq/index.htm HTTP/1.1" 304 - "http://www.jl.xinhuanet.com/dfwq/index.htm" "Mozilla/4.0 (compatible; MSIE 6.0; Windows NT 5.0)"
203.208.60.213 - - [22/Nov/2009:00:06:21 +0800] "GET /jlzw/news.htm HTTP/1.1" 304 - "-" "Mozilla/5.0 (compatible; Googlebot/2.1; +http://www.google.com/bot.html)"
202.108.251.39 - - [22/Nov/2009:00:06:21 +0800] "GET /news/2003-08/07/content_793210.htm HTTP/1.1" 304 - "-" "Mozilla/5.0 (compatible; Yahoo! Slurp China; http://misc.yahoo.com.cn/help.html)"
67.195.114.244 - - [22/Nov/2009:00:06:21 +0800] "GET /newscenter/2009-11/17/content_18247166.htm HTTP/1.0" 200 17298 "-" "Mozilla/5.0 (compatible; Yahoo! Slurp/3.0; http://help.yahoo.com/help/us/ysearch/slurp)"
58.215.110.209 - - [22/Nov/2009:00:06:24 +0800] "GET /newscenter/fzsh/ HTTP/1.1" 304 - "-" "Mozilla/4.0 (compatible; MSIE 6.0; Windows NT 5.2; SV1; .NET CLR 1.1.4322)"
65.55.106.186 - - [22/Nov/2009:00:06:24 +0800] "GET /yingshi/2009-05/22/content_16599371.htm HTTP/1.1" 304 - "-" "msnbot/2.0b (+http://search.msn.com/msnbot.htm)"
65.55.106.114 - - [22/Nov/2009:00:06:25 +0800] "GET /fangchan/2004-04/20/content_2007896.htm HTTP/1.1" 200 9769 "-" "msnbot/2.0b (+http://search.msn.com/msnbot.htm)"
221.192.149.81 - - [22/Nov/2009:00:06:26 +0800] "GET /xhsjzkjl/2003/2005-01/27/xin_480102181112912207285.jpg HTTP/1.1" 304 - "http://pic.sogou.com/d?query=%D1%C7%D6%DE%D1%F8%D1%DB%C3%C0%CD%BC%E6%A4%E6%A4%BB%F9%B5%D8&mood=0&mode=1&di=2&p=40030500&dp=1&w=05002600&dr=1&page=22&did=421" "Mozilla/4.0 (compatible; MSIE 6.0; Windows NT 5.1; SV1; Sicent)"
117.23.204.247 - - [22/Nov/2009:00:06:26 +0800] "GET /newscenter/2009-09/04/content_17597476.htm HTTP/1.1" 304 - "-" "Sosospider+(+http://help.soso.com/webspider.htm)"
121.14.234.178 - - [22/Nov/2009:00:06:29 +0800] "GET /2007ztzb/qckfq/index.htm HTTP/1.1" 304 - "-" "Sogou web spider/4.0(+http://www.sogou.com/docs/help/webmasters.htm#07)"
117.23.204.247 - - [22/Nov/2009:00:06:30 +0800] "GET /news/2003-03/17/content_306098.htm HTTP/1.1" 304 - "-" "Sosospider+(+http://help.soso.com/webspider.htm)"
69.191.211.202 - - [22/Nov/2009:00:06:29 +0800] "GET / HTTP/1.1" 200 145583 "-" "BLP_bbot/0.1"
