203.192.6.90 - - [28/Jun/2009:00:10:51 +0800] "GET /home/images/style.css HTTP/1.1" 304 - "http://www.jl.xinhuanet.com/newscenter/2008-10/18/content_14673992.htm" "Mozilla/5.0 (compatible; Yahoo! Slurp/3.0; http://help.yahoo.com/help/us/ysearch/slurp)"
119.147.104.181 - - [28/Jun/2009:00:10:52 +0800] "GET /2007shangye/gongzhuling/index.htm HTTP/1.0" 304 - "http://www.jl.xinhuanet.com/" "MiniSpider http://www.2007times.com"
119.147.104.181 - - [28/Jun/2009:00:10:54 +0800] "GET /shangye/2005-10/21/content_5401983.htm HTTP/1.0" 304 - "-" "Baiduspider+(+http://www.baidu.com/search/spider.htm)"
203.192.6.76 - - [28/Jun/2009:00:10:54 +0800] "GET /home/bottom.htm HTTP/1.1" 304 - "http://www.jl.xinhuanet.com/newscenter/2008-10/18/content_14673992.htm" "Mozilla/5.0 (compatible; Yahoo! Slurp/3.0; http://help.yahoo.com/help/us/ysearch/slurp)"
203.192.6.83 - - [28/Jun/2009:00:10:54 +0800] "GET /mod2006/top.htm HTTP/1.1" 304 - "http://www.jl.xinhuanet.com/newscenter/2008-10/18/content_14673992.htm" "Mozilla/5.0 (compatible; Yahoo! Slurp/3.0; http://help.yahoo.com/help/us/ysearch/slurp)"
203.192.6.90 - - [28/Jun/2009:00:10:54 +0800] "GET /newscenter/link-news/index.htm HTTP/1.1" 304 - "http://www.jl.xinhuanet.com/newscenter/2008-10/18/content_14673992.htm" "Mozilla/5.0 (compatible; Yahoo! Slurp/3.0; http://help.yahoo.com/help/us/ysearch/slurp)"
221.192.149.81 - - [28/Jun/2009:00:10:54 +0800] "GET /1.htm HTTP/1.0" 304 - "http://mw.0437.gov.cn/bar.asp?id=500&url=http://mw.0437.gov.cn/show/500.html" "Mozilla/4.0 (compatible; MSIE 6.0; Windows NT 5.1; SV1; icafe8)"
66.249.71.218 - - [28/Jun/2009:00:10:55 +0800] "GET /jlzw/jjjs.htm HTTP/1.1" 304 - "-" "Mozilla/5.0 (compatible; Googlebot/2.1; +http://www.google.com/bot.html)"
65.55.106.193 - - [28/Jun/2009:00:10:55 +0800] "GET /2007ztzb/fenglin/index.htm HTTP/1.1" 304 - "-" "msnbot/2.0b (+http://search.msn.com/msnbot.htm)"
58.215.110.209 - - [28/Jun/2009:00:10:55 +0800] "GET /2007ztzb/aiwozhonghua/images/jh.mp3 HTTP/1.0" 304 - "-" "NSPlayer/10.0.0.4066 WMFSDK/10.0"
203.192.6.90 - - [28/Jun/2009:00:10:57 +0800] "GET /mod2006/images/css.css HTTP/1.1" 304 - "http://www.jl.xinhuanet.com/mod2006/top.htm" "Mozilla/5.0 (compatible; Yahoo! Slurp/3.0; http://help.yahoo.com/help/us/ysearch/slurp)"
202.108.251.39 - - [28/Jun/2009:00:10:57 +0800] "GET /newscenter/2009-06/23/content_16884564.htm HTTP/1.0" 404 310 "-" "Mozilla/4.0+(compatible;+MSIE+7.0;+Windows+NT+5.1;+.NET+CLR+2.0.50727)"
117.23.204.247 - - [28/Jun/2009:00:11:00 +0800] "GET /shangye/jiaoyu/undefined HTTP/1.0" 404 292 "http://www.jl.xinhuanet.com/shangye/jiaoyu/index.htm" "Mozilla/4.0 (compatible; MSIE 6.0; Windows NT 5.1; SV1)"
123.235.40.243 - - [28/Jun/2009:00:11:00 +0800] "GET / HTTP/1.1" 200 146325 "-" "-"
123.235.40.243 - - [28/Jun/2009:00:11:00 +0800] "GET / HTTP/1.1" 200 146325 "-" "-"
72.30.79.39 - - [28/Jun/2009:00:10:59 +0800] "GET /newscenter/2009-04/22/content_16320221_3.htm HTTP/1.0" 200 17781 "-" "Mozilla/5.0 (compatible; Yahoo! Slurp/3.0; http://help.yahoo.com/help/us/ysearch/slurp)"
123.235.40.243 - - [28/Jun/2009:00:11:00 +0800] "GET / HTTP/1.1" 200 146325 "-" "-"
123.235.40.243 - - [28/Jun/2009:00:11:00 +0800] "GET / HTTP/1.1" 200 146325 "-" "-"
202.108.251.39 - - [28/Jun/2009:00:11:00 +0800] "GET /newscenter/style.css HTTP/1.0" 404 288 "-" "Mozilla/4.0 (compatible; MSIE 7.0; Windows NT 5.1)"
202.108.251.39 - - [28/Jun/2009:00:11:00 +0800] "GET /newscenter/style.css HTTP/1.0" 404 288 "-" "Mozilla/4.0 (compatible; MSIE 7.0; Windows NT 5.1)"
202.108.251.39 - - [28/Jun/2009:00:11:00 +0800] "GET /newscenter/style.css HTTP/1.0" 404 288 "-" "Mozilla/4.0 (compatible; MSIE 7.0; Windows NT 5.1)"
202.108.251.39 - - [28/Jun/2009:00:11:00 +0800] "GET /newscenter/style.css HTTP/1.0" 404 288 "-" "Mozilla/4.0 (compatible; MSIE 7.0; Windows NT 5.1)"
202.108.251.39 - - [28/Jun/2009:00:11:00 +0800] "GET / HTTP/1.1" 200 146325 "-" "-"
202.108.251.39 - - [28/Jun/2009:00:11:00 +0800] "GET / HTTP/1.1" 200 146325 "-" "-"
202.108.251.39 - - [28/Jun/2009:00:11:00 +0800] "GET / HTTP/1.1" 200 146325 "-" "-"
202.108.251.39 - - [28/Jun/2009:00:11:00 +0800] "GET / HTTP/1.1" 200 146325 "-" "-"
222.141.52.126 - - [28/Jun/2009:00:11:00 +0800] "GET / HTTP/1.1" 200 146325 "-" "-"
222.141.52.126 - - [28/Jun/2009:00:11:00 +0800] "GET / HTTP/1.1" 200 146325 "-" "-"
117.23.204.247 - - [28/Jun/2009:00:11:00 +0800] "GET / HTTP/1.1" 200 146325 "-" "-"
117.23.204.247 - - [28/Jun/2009:00:11:00 +0800] "GET / HTTP/1.1" 200 146325 "-" "-"
123.235.40.242 - - [28/Jun/2009:00:11:00 +0800] "GET / HTTP/1.1" 200 146325 "-" "-"
117.23.204.247 - - [28/Jun/2009:00:11:00 +0800] "GET / HTTP/1.1" 200 146325 "-" "-"
123.235.40.242 - - [28/Jun/2009:00:11:00 +0800] "GET / HTTP/1.1" 200 146325 "-" "-"
119.147.104.181 - - [28/Jun/2009:00:11:00 +0800] "GET / HTTP/1.1" 200 146325 "-" "-"
117.23.204.247 - - [28/Jun/2009:00:11:00 +0800] "GET / HTTP/1.1" 200 146325 "-" "-"
123.235.40.242 - - [28/Jun/2009:00:11:00 +0800] "GET / HTTP/1.1" 200 146325 "-" "-"
123.235.40.242 - - [28/Jun/2009:00:11:00 +0800] "GET / HTTP/1.1" 200 146325 "-" "-"
119.147.104.181 - - [28/Jun/2009:00:11:00 +0800] "GET / HTTP/1.1" 200 146325 "-" "-"
222.141.52.126 - - [28/Jun/2009:00:11:00 +0800] "GET / HTTP/1.1" 200 146325 "-" "-"
222.141.52.126 - - [28/Jun/2009:00:11:00 +0800] "GET / HTTP/1.1" 200 146325 "-" "-"
61.164.61.68 - - [28/Jun/2009:00:11:00 +0800] "GET / HTTP/1.1" 200 146325 "-" "-"
61.164.61.68 - - [28/Jun/2009:00:11:00 +0800] "GET / HTTP/1.1" 200 146325 "-" "-"
119.147.104.181 - - [28/Jun/2009:00:11:00 +0800] "GET / HTTP/1.1" 200 146325 "-" "-"
119.147.104.181 - - [28/Jun/2009:00:11:00 +0800] "GET / HTTP/1.1" 200 146325 "-" "-"
61.164.61.68 - - [28/Jun/2009:00:11:00 +0800] "GET / HTTP/1.1" 200 146325 "-" "-"
61.164.61.68 - - [28/Jun/2009:00:11:00 +0800] "GET / HTTP/1.1" 200 146325 "-" "-"
58.215.110.209 - - [28/Jun/2009:00:11:00 +0800] "GET / HTTP/1.1" 200 146325 "-" "-"
58.215.110.209 - - [28/Jun/2009:00:11:00 +0800] "GET / HTTP/1.1" 200 146325 "-" "-"
58.215.110.209 - - [28/Jun/2009:00:11:00 +0800] "GET / HTTP/1.1" 200 146325 "-" "-"
58.215.110.209 - - [28/Jun/2009:00:11:00 +0800] "GET / HTTP/1.1" 200 146325 "-" "-"
219.153.74.114 - - [28/Jun/2009:00:11:00 +0800] "GET / HTTP/1.1" 200 146325 "-" "-"
219.153.74.114 - - [28/Jun/2009:00:11:01 +0800] "GET / HTTP/1.1" 200 146325 "-" "-"
218.213.69.115 - - [28/Jun/2009:00:11:00 +0800] "GET / HTTP/1.1" 200 146325 "-" "-"
219.153.74.114 - - [28/Jun/2009:00:11:01 +0800] "GET / HTTP/1.1" 200 146325 "-" "-"
219.153.74.114 - - [28/Jun/2009:00:11:01 +0800] "GET / HTTP/1.1" 200 146325 "-" "-"
218.213.69.115 - - [28/Jun/2009:00:11:01 +0800] "GET / HTTP/1.1" 200 146325 "-" "-"
59.175.131.253 - - [28/Jun/2009:00:11:01 +0800] "GET / HTTP/1.1" 200 146325 "-" "-"
218.213.69.115 - - [28/Jun/2009:00:11:01 +0800] "GET / HTTP/1.1" 200 146325 "-" "-"
59.175.131.253 - - [28/Jun/2009:00:11:01 +0800] "GET / HTTP/1.1" 200 146325 "-" "-"
59.175.131.253 - - [28/Jun/2009:00:11:01 +0800] "GET / HTTP/1.1" 200 146325 "-" "-"
59.175.131.253 - - [28/Jun/2009:00:11:01 +0800] "GET / HTTP/1.1" 200 146325 "-" "-"
121.14.234.178 - - [28/Jun/2009:00:11:01 +0800] "GET / HTTP/1.1" 200 146325 "-" "-"
221.192.149.81 - - [28/Jun/2009:00:11:01 +0800] "GET / HTTP/1.1" 200 146325 "-" "-"
121.14.234.178 - - [28/Jun/2009:00:11:01 +0800] "GET / HTTP/1.1" 200 146325 "-" "-"
121.14.234.178 - - [28/Jun/2009:00:11:01 +0800] "GET / HTTP/1.1" 200 146325 "-" "-"
121.14.234.178 - - [28/Jun/2009:00:11:01 +0800] "GET / HTTP/1.1" 200 146325 "-" "-"
221.192.149.81 - - [28/Jun/2009:00:11:01 +0800] "GET / HTTP/1.1" 200 146325 "-" "-"
221.192.149.81 - - [28/Jun/2009:00:11:01 +0800] "GET / HTTP/1.1" 200 146325 "-" "-"
221.192.149.81 - - [28/Jun/2009:00:11:01 +0800] "GET / HTTP/1.1" 200 146325 "-" "-"
123.235.40.242 - - [28/Jun/2009:00:11:03 +0800] "GET /newscenter/2009-06/26/content_16927442.htm HTTP/1.0" 304 - "-" "Mozilla/5.0 (compatible; Yahoo! Slurp China; http://misc.yahoo.com.cn/help.html)"
123.235.40.243 - - [28/Jun/2009:00:11:03 +0800] "GET /newscenter/2006-10/28/content_8371690.htm HTTP/1.0" 200 18936 "-" "Mozilla/5.0 (compatible; Yahoo! Slurp China; http://misc.yahoo.com.cn/help.html)"
72.30.79.39 - - [28/Jun/2009:00:11:03 +0800] "GET /2007shangye/taiban/index.htm HTTP/1.0" 304 - "-" "Mozilla/5.0 (compatible; Yahoo! Slurp/3.0; http://help.yahoo.com/help/us/ysearch/slurp)"
58.215.110.209 - - [28/Jun/2009:00:11:03 +0800] "GET /xhsjzkjl/2009-04/14/xin_5930406140903593299708.JPG HTTP/1.0" 304 - "http://image.baidu.com/i?ct=503316480&z=0&tn=baiduimagedetail&word=%D3%EE%CD%A9%B7%C7&in=24752&cl=2&cm=1&sc=0&lm=-1&pn=5&rn=1&di=1332592921&ln=1051&fr=" "Mozilla/4.0 (compatible; MSIE 6.0; Windows NT 5.1; SV1)"
72.30.79.39 - - [28/Jun/2009:00:11:04 +0800] "GET /newscenter/2006-05/15/content_6982129_3.htm HTTP/1.0" 200 16986 "-" "Mozilla/5.0 (compatible; Yahoo! Slurp/3.0; http://help.yahoo.com/help/us/ysearch/slurp)"
117.23.204.247 - - [28/Jun/2009:00:11:05 +0800] "GET /shangye/jiaoyu/undefined HTTP/1.0" 404 292 "http://www.jl.xinhuanet.com/shangye/jiaoyu/index.htm" "Mozilla/4.0 (compatible; MSIE 6.0; Windows NT 5.1; SV1)"
123.235.40.242 - - [28/Jun/2009:00:11:07 +0800] "GET /newscenter/2007-02/14/content_9307123.htm HTTP/1.0" 200 17252 "-" "Mozilla/5.0 (compatible; Yahoo! Slurp China; http://misc.yahoo.com.cn/help.html)"
202.160.189.223 - - [28/Jun/2009:00:11:08 +0800] "GET /newscenter/2009-06/26/content_16921569.htm HTTP/1.0" 200 17799 "-" "Mozilla/5.0 (compatible; Yahoo! Slurp China; http://misc.yahoo.com.cn/help.html)"
61.164.61.68 - - [28/Jun/2009:00:11:08 +0800] "GET /xhsjzkjl/2003/2003-08/30/xin_2438e5fc27744ad988e0fa0e1f692b97.jpg HTTP/1.0" 304 - "http://image.baidu.com/i?ct=503316480&z=0&tn=baiduimagedetail&word=%C4%E0%CB%DC%D6%C6%D7%F7&in=4046&cl=2&cm=1&sc=0&lm=-1&pn=36&rn=1&di=2273165524&ln=653&fr=" "Mozilla/4.0 (compatible; MSIE 6.0; Windows NT 5.1; SV1; iCafeMedia; Sicent)"
113.34.78.230 - - [28/Jun/2009:00:11:05 +0800] "GET /newscenter/2009-01/11/xin_2430106111245281157837.jpg HTTP/1.0" 200 101689 "http://www.e0436.net.cn/gb/new/2008-10/29/0941818044497155_654.html" "Mozilla/4.0 (compatible; MSIE 6.0; Windows NT 5.0)"
221.192.149.81 - - [28/Jun/2009:00:11:09 +0800] "GET /newscenter/2007-07/23/xin_260704231109734796137.jpg HTTP/1.0" 304 - "http://image.baidu.com/i?ct=503316480&z=0&tn=baiduimagedetail&word=%C3%F7%D0%C7%D0%B6%D7%B1%BA%F3%B5%C4%D5%D5%C6%AC&in=19135&cl=2&cm=1&sc=0&lm=-1&pn=7&rn=1&di=1427485660&ln=304&fr=" "Mozilla/4.0 (compatible; MSIE 7.0; Windows NT 5.1; MAXTHON 2.0)"
123.235.40.242 - - [28/Jun/2009:00:11:11 +0800] "GET /shangye/2007-08/29/content_10993364.htm HTTP/1.0" 200 4356 "-" "Mozilla/5.0 (compatible; Yahoo! Slurp China; http://misc.yahoo.com.cn/help.html)"
119.147.104.181 - - [28/Jun/2009:00:11:12 +0800] "GET /2006shangye/2009-02/02/xin_48302060209495782388815.jpg HTTP/1.0" 304 - "http://www.e0335.net.cn/gb/adv/2009-2/4/094318203977766_661.html" "Mozilla/4.0 (compatible; MSIE 6.0; Windows NT 5.1; SV1)"
123.235.40.243 - - [28/Jun/2009:00:11:12 +0800] "GET /2007ztzb/aiwozhonghua/images/jh.mp3 HTTP/1.0" 304 - "-" "NSPlayer/10.0.0.3802 WMFSDK/10.0"
117.23.204.247 - - [28/Jun/2009:00:11:15 +0800] "GET /shangye/jiaoyu/undefined HTTP/1.0" 404 292 "http://www.jl.xinhuanet.com/shangye/jiaoyu/index.htm" "Mozilla/4.0 (compatible; MSIE 6.0; Windows NT 5.1; SV1)"
72.30.79.39 - - [28/Jun/2009:00:11:15 +0800] "GET /2007shangye/taiban/images/Style.css HTTP/1.0" 304 - "http://www.jl.xinhuanet.com/2007shangye/taiban/index.htm" "Mozilla/5.0 (compatible; Yahoo! Slurp/3.0; http://help.yahoo.com/help/us/ysearch/slurp)"
203.208.60.2 - - [28/Jun/2009:00:11:15 +0800] "GET /shangye/renwu/index.htm HTTP/1.1" 304 - "-" "Mozilla/5.0 (compatible; Googlebot/2.1; +http://www.google.com/bot.html)"
203.208.60.42 - - [28/Jun/2009:00:11:16 +0800] "GET /newscenter/fzsh/index.htm HTTP/1.1" 304 - "-" "Mozilla/5.0 (compatible; Googlebot/2.1; +http://www.google.com/bot.html)"
58.205.216.10 - - [28/Jun/2009:00:11:16 +0800] "GET / HTTP/1.1" 200 146325 "-" "-"
58.205.216.10 - - [28/Jun/2009:00:11:16 +0800] "GET / HTTP/1.1" 200 146325 "-" "-"
58.205.216.10 - - [28/Jun/2009:00:11:16 +0800] "GET / HTTP/1.1" 200 146325 "-" "-"
58.205.216.10 - - [28/Jun/2009:00:11:16 +0800] "GET / HTTP/1.1" 200 146325 "-" "-"
203.208.60.41 - - [28/Jun/2009:00:11:16 +0800] "GET /home/shequ/index.htm HTTP/1.1" 304 - "-" "Mozilla/5.0 (compatible; Googlebot/2.1; +http://www.google.com/bot.html)"
58.186.138.121 - - [28/Jun/2009:00:11:09 +0800] "GET /newscenter/2009-01/11/xin_2430106111245281157837.jpg HTTP/1.0" 200 101689 "http://www.e0335.net.cn/gb/adv/2009-2/18/094318215884551_77.html" "Mozilla/4.0 (compatible; MSIE 6.0; Windows NT 5.1; SV1)"
117.23.204.247 - - [28/Jun/2009:00:11:20 +0800] "GET /shangye/jiaoyu/undefined HTTP/1.0" 404 292 "http://www.jl.xinhuanet.com/shangye/jiaoyu/index.htm" "Mozilla/4.0 (compatible; MSIE 6.0; Windows NT 5.1; SV1)"
202.108.251.39 - - [28/Jun/2009:00:11:20 +0800] "GET / HTTP/1.0" 304 - "-" "Mozilla/5.0 (compatible; YodaoBot-News/1.0; http://www.youdao.com/help/webmaster/spider/; )"
121.14.234.178 - - [28/Jun/2009:00:11:21 +0800] "GET /dfwq/2006-07/21/content_7571631.htm HTTP/1.0" 200 11700 "-" "Baiduspider+(+http://www.baidu.com/search/spider.htm)"
123.235.40.242 - - [28/Jun/2009:00:11:22 +0800] "GET /news/2004-09/17/xin_06090117091790605364.jpg HTTP/1.0" 304 - "http://image.baidu.com/i?ct=503316480&z=0&tn=baiduimagedetail&word=%C8%CB%D1%FD&in=10707&cl=2&cm=1&sc=0&lm=-1&pn=0&rn=1&di=2400757524&ln=1298&fr=ala0" "Mozilla/4.0 (compatible; MSIE 6.0; Windows NT 5.1; SV1)"
216.129.119.10 - - [28/Jun/2009:00:11:22 +0800] "GET /newscenter/2009-06/01/content_16673760.htm HTTP/1.0" 200 17579 "-" "Mozilla/5.0 (Twiceler-0.9 http://www.cuil.com/twiceler/robot.html)"
221.192.149.81 - - [28/Jun/2009:00:11:27 +0800] "GET /newscenter/2007-07/23/xin_270704231109203897138.jpg HTTP/1.0" 304 - "http://image.baidu.com/i?ct=503316480&z=0&tn=baiduimagedetail&word=%C3%F7%D0%C7%D0%B6%D7%B1%BA%F3%B5%C4%D5%D5%C6%AC&in=19135&cl=2&cm=1&sc=0&lm=-1&pn=7&rn=1&di=1427485660&ln=304&fr=" "Mozilla/4.0 (compatible; MSIE 7.0; Windows NT 5.1; MAXTHON 2.0)"
117.23.204.247 - - [28/Jun/2009:00:11:30 +0800] "GET /shangye/jiaoyu/undefined HTTP/1.0" 404 292 "http://www.jl.xinhuanet.com/shangye/jiaoyu/index.htm" "Mozilla/4.0 (compatible; MSIE 6.0; Windows NT 5.1; SV1)"
38.99.13.118 - - [28/Jun/2009:00:11:31 +0800] "GET /xhsjzkjl/2003/2003-09/28/content_1000938.htm HTTP/1.0" 200 5738 "-" "Mozilla/5.0 (Twiceler-0.9 http://www.cuil.com/twiceler/robot.html)"
121.14.234.178 - - [28/Jun/2009:00:11:33 +0800] "GET /cysh/2004-12/22/xin_3112012220432331389433.jpg HTTP/1.0" 304 - "http://image.baidu.com/i?ct=503316480&z=0&tn=baiduimagedetail&word=%CB%CE%CF%FE%D3%A2&in=24373&cl=2&cm=1&sc=0&lm=-1&pn=17&rn=1&di=1868172000&ln=275&fr=" "Mozilla/4.0 (compatible; MSIE 7.0; Windows NT 5.1; QQDownload 1.7)"
94.23.51.167 - - [28/Jun/2009:00:11:31 +0800] "GET / HTTP/1.0" 200 146325 "http://www.sx.xinhuanet.com/" "Mozilla/4.0 (compatible; MSIE 7.0; Windows NT 5.1)"
119.147.104.181 - - [28/Jun/2009:00:11:34 +0800] "GET /shangye/2005-10/18/content_5377185.htm HTTP/1.0" 200 24942 "-" "Baiduspider+(+http://www.baidu.com/search/spider.htm)"
121.14.234.178 - - [28/Jun/2009:00:11:34 +0800] "GET /yingshi/xin_4311032709589891606315.jpg HTTP/1.0" 304 - "http://images.google.cn/imglanding?imgurl=http://www.jl.xinhuanet.com/yingshi/xin_4311032709589891606315.jpg&imgrefurl=http://www.jl.xinhuanet.com/yingshi/sptp.htm&usg=__FvLGxyAkJQiS88S-dAHkaIA-qA8%3D&h=315&w=450&sz=24&hl=zh-CN&tbnid=8USRzEzOu1aWEM:&tbnh=89&tbnw=127&prev=/images%3Fq%3D%25E7%25A9%25BF%25E5%25B8%25AE%25E9%2595%259C%25E5%25A4%25B4%26hl%3Dzh-CN%26newwindow%3D1&q=%E7%A9%BF%E5%B8%AE%E9%95%9C%E5%A4%B4&newwindow=1&start=0" "Mozilla/4.0 (compatible; MSIE 6.0; Windows NT 5.1; SV1; icafe8; MAXTHON 2.0)"
74.6.18.229 - - [28/Jun/2009:00:11:34 +0800] "GET /newscenter/2009-02/13/content_15681526.htm HTTP/1.0" 200 18179 "-" "Mozilla/5.0 (compatible; Yahoo! Slurp/3.0; http://help.yahoo.com/help/us/ysearch/slurp)"
117.23.204.247 - - [28/Jun/2009:00:11:35 +0800] "GET /shangye/jiaoyu/undefined HTTP/1.0" 404 292 "http://www.jl.xinhuanet.com/shangye/jiaoyu/index.htm" "Mozilla/4.0 (compatible; MSIE 6.0; Windows NT 5.1; SV1)"
117.198.229.15 - - [28/Jun/2009:00:11:31 +0800] "GET /newscenter/2009-01/11/xin_2430106111245281157837.jpg HTTP/1.1" 200 101689 "http://www.e0436.net.cn/gb/new/2008-11/30/0941818162850530_512.html" "Mozilla/4.0 (compatible; MSIE 7.0; Windows NT 6.0; Trident/4.0; GTB6; SLCC1; .NET CLR 2.0.50727; Media Center PC 5.0; .NET CLR 3.5.30729; .NET CLR 3.0.30618; OfficeLiveConnector.1.3; OfficeLivePatch.0.0)"
123.235.40.242 - - [28/Jun/2009:00:11:38 +0800] "GET /newscenter/2008-11/04/content_14818317.htm HTTP/1.0" 200 17610 "-" "Mozilla/5.0 (compatible; Yahoo! Slurp China; http://misc.yahoo.com.cn/help.html)"
121.14.234.178 - - [28/Jun/2009:00:11:39 +0800] "GET /1.htm HTTP/1.0" 304 - "http://mw.0437.gov.cn/bar.asp?id=500&url=http://mw.0437.gov.cn/show/500.html" "Mozilla/4.0 (compatible; MSIE 6.0; Windows NT 5.1; SV1; Sicent)"
112.150.13.156 - - [28/Jun/2009:00:11:40 +0800] "GET /newscenter/2009-01/11/xin_2430106111245281157837.jpg HTTP/1.0" 200 101689 "http://www.e0436.net.cn/gb/new/2008-4/2/0941817243070203_390.html" "Mozilla/4.0 (compatible; MSIE 6.0; Windows NT 5.1; SV1; GTB6; EmbeddedWB 14.52 from: http://www.bsalsa.com/ EmbeddedWB 14.52)"
119.147.104.181 - - [28/Jun/2009:00:11:41 +0800] "GET /newscenter/tupian/index.htm HTTP/1.0" 304 - "http://www.jl.xinhuanet.com/mod2006/top.htm" "Mozilla/5.0 (windows; U; Windows NT 5.1; zh-CN; rv:1.7.12) Gecko/20050919 Firefox/1.0.7"
119.147.104.181 - - [28/Jun/2009:00:11:41 +0800] "GET /newscenter/style.css HTTP/1.0" 404 288 "http://www.jl.xinhuanet.com/newscenter/tupian/index.htm" "Mozilla/5.0 (windows; U; Windows NT 5.1; zh-CN; rv:1.7.12) Gecko/20050919 Firefox/1.0.7"
121.14.234.178 - - [28/Jun/2009:00:11:41 +0800] "GET /mod2006/top.htm? HTTP/1.0" 304 - "http://www.jl.xinhuanet.com/mod2006/top.htm" "Mozilla/4.0 (compatible; MSIE 6.0; Windows NT 5.1; SV1; 360SE; 360SE)"
203.208.60.40 - - [28/Jun/2009:00:11:42 +0800] "GET /qcfy/2006-03/28/xin_310202161507234289834.jpg HTTP/1.1" 200 44655 "-" "Googlebot-Image/1.0"
59.175.131.253 - - [28/Jun/2009:00:11:43 +0800] "GET /newscenter/2006-12/14/content_8779259.htm HTTP/1.0" 304 - "http://www.baidu.com/s?word=%C1%F9%BA%CF%B2%CA&tn=sitehao123" "Mozilla/4.0 (compatible; MSIE 6.0; Windows NT 5.1; SV1; GTB5)"
121.14.234.178 - - [28/Jun/2009:00:11:43 +0800] "GET /newscenter/jiceng/index.htm HTTP/1.0" 304 - "http://www.jl.xinhuanet.com/" "MiniSpider http://www.2007times.com"
202.160.179.113 - - [28/Jun/2009:00:11:44 +0800] "GET /newscenter/2009-05/18/content_16557966.htm HTTP/1.0" 200 19235 "-" "Mozilla/5.0 (compatible; Yahoo! Slurp China; http://misc.yahoo.com.cn/help.html)"
117.23.204.247 - - [28/Jun/2009:00:11:45 +0800] "GET /shangye/jiaoyu/undefined HTTP/1.0" 404 292 "http://www.jl.xinhuanet.com/shangye/jiaoyu/index.htm" "Mozilla/4.0 (compatible; MSIE 6.0; Windows NT 5.1; SV1)"
121.14.234.178 - - [28/Jun/2009:00:11:45 +0800] "GET /index/2006-08/11/xin_2508031110581092208522.jpg HTTP/1.0" 304 - "http://www1.bmhrw.net/bbs/read.php?tid=15224&fpage=2" "Mozilla/4.0 (compatible; MSIE 6.0; Windows NT 5.1; SV1; 360SE)"
58.215.110.209 - - [28/Jun/2009:00:11:45 +0800] "GET /shangye/2006-06/27/xin_3208021610326372468332.jpg HTTP/1.0" 200 15586 "http://image.baidu.com/i?ct=503316480&z=0&tn=baiduimagedetail&word=%C1%B9%B0%E8%C3%E6&in=24433&cl=2&cm=1&sc=0&lm=-1&pn=6&rn=1&di=1458408004&ln=303&fr=" "Mozilla/4.0 (compatible; MSIE 6.0; Windows NT 5.1; SV1; .NET CLR 2.0.50727)"
72.30.79.39 - - [28/Jun/2009:00:11:46 +0800] "GET /news/2004-01/28/content_1544588.htm HTTP/1.0" 200 16107 "-" "Mozilla/5.0 (compatible; Yahoo! Slurp/3.0; http://help.yahoo.com/help/us/ysearch/slurp)"
123.235.40.243 - - [28/Jun/2009:00:11:48 +0800] "GET /fangchan/2006-09/19/content_8069354.htm HTTP/1.0" 200 27514 "-" "Mozilla/5.0 (compatible; Yahoo! Slurp China; http://misc.yahoo.com.cn/help.html)"
202.108.251.39 - - [28/Jun/2009:00:11:49 +0800] "GET /1.htm HTTP/1.0" 304 - "http://mw.0437.gov.cn/bar.asp?id=500&url=http://mw.0437.gov.cn/show/500.html" "Mozilla/4.0 (compatible; MSIE 6.0; Windows NT 5.1; SV1; QQDownload 1.7; .NET CLR 2.0.50727)"
117.23.204.247 - - [28/Jun/2009:00:11:50 +0800] "GET /shangye/jiaoyu/undefined HTTP/1.0" 404 292 "http://www.jl.xinhuanet.com/shangye/jiaoyu/index.htm" "Mozilla/4.0 (compatible; MSIE 6.0; Windows NT 5.1; SV1)"
203.208.60.46 - - [28/Jun/2009:00:11:51 +0800] "GET /jlzw/wjfg.htm HTTP/1.1" 304 - "-" "Mozilla/5.0 (compatible; Googlebot/2.1; +http://www.google.com/bot.html)"
203.208.60.113 - - [28/Jun/2009:00:11:52 +0800] "GET /news/wenti/wenti.htm HTTP/1.1" 304 - "-" "Mozilla/5.0 (compatible; Googlebot/2.1; +http://www.google.com/bot.html)"
123.125.64.38 - - [28/Jun/2009:00:11:52 +0800] "GET / HTTP/1.1" 200 146325 "-" "Baiduspider+(+http://www.baidu.com/search/spider.htm)"
217.212.224.179 - - [28/Jun/2009:00:11:53 +0800] "GET /jujiao/erz/erz1.htm HTTP/1.0" 200 10158 "-" "psbot/0.1 (+http://www.picsearch.com/bot.html)"
203.208.60.41 - - [28/Jun/2009:00:11:54 +0800] "GET /main/2001005/cbsstspc/zdqy/zdqy02.htm HTTP/1.1" 200 260 "-" "Mozilla/5.0 (compatible; Googlebot/2.1; +http://www.google.com/bot.html)"
72.30.79.39 - - [28/Jun/2009:00:11:54 +0800] "GET /xhsjzkjl/2003/2003-07/21/content_729532.htm HTTP/1.0" 200 6930 "-" "Mozilla/5.0 (compatible; Yahoo! Slurp/3.0; http://help.yahoo.com/help/us/ysearch/slurp)"
59.175.131.253 - - [28/Jun/2009:00:11:55 +0800] "GET /mod2006/top.htm HTTP/1.0" 304 - "http://www.jl.xinhuanet.com/newscenter/2006-12/14/content_8779259.htm" "Mozilla/4.0 (compatible; MSIE 6.0; Windows NT 5.1; SV1; GTB5)"
117.23.204.247 - - [28/Jun/2009:00:11:55 +0800] "GET /main/2001010/yiyao58.htm HTTP/1.0" 200 16145 "http://www.jl.xinhuanet.com/main/2001010/yiyao58.htm" "Sosospider+(+http://help.soso.com/webspider.htm)"
119.147.104.181 - - [28/Jun/2009:00:11:56 +0800] "GET /newscenter/2009-06/02/content_16692762.htm HTTP/1.0" 304 - "http://www.google.cn/search?hl=zh-CN&newwindow=1&q=%E8%B7%AF%E8%BD%A8%E8%B5%9B%E8%BD%A6&btnG=Google+%E6%90%9C%E7%B4%A2" "Mozilla/4.0 (compatible; MSIE 6.0; Windows NT 5.1; SV1; .NET CLR 1.1.4322; InfoPath.1; .NET CLR 2.0.50727; CIBA; 360SE)"
38.99.13.116 - - [28/Jun/2009:00:11:57 +0800] "GET /main/2001003/index8/yyjt/yyjt09.htm HTTP/1.0" 200 11709 "-" "Mozilla/5.0 (Twiceler-0.9 http://www.cuil.com/twiceler/robot.html)"
119.147.104.181 - - [28/Jun/2009:00:11:57 +0800] "GET /newscenter/2009-06/02/xin_4730606021558593122523.jpg HTTP/1.0" 304 - "http://www.jl.xinhuanet.com/newscenter/2009-06/02/content_16692762.htm" "Mozilla/4.0 (compatible; MSIE 6.0; Windows NT 5.1; SV1; .NET CLR 1.1.4322; InfoPath.1; .NET CLR 2.0.50727; CIBA; 360SE)"
119.147.104.181 - - [28/Jun/2009:00:11:57 +0800] "GET /newscenter/2009-06/02/xin_4630606021558703247202.jpg HTTP/1.0" 304 - "http://www.jl.xinhuanet.com/newscenter/2009-06/02/content_16692762.htm" "Mozilla/4.0 (compatible; MSIE 6.0; Windows NT 5.1; SV1; .NET CLR 1.1.4322; InfoPath.1; .NET CLR 2.0.50727; CIBA; 360SE)"
123.235.40.243 - - [28/Jun/2009:00:11:59 +0800] "GET /main/news/2001/recent/05/20010531-04.htm HTTP/1.0" 200 21850 "http://www.baidu.com/s?cl=3&wd=%B3%A4%B4%BA%C8%ED%BC%FE%D2%B5" "Mozilla/4.0 (compatible; MSIE 6.0; Windows NT 5.1; SV1; Mozilla/4.0 (compatible; MSIE 6.0; Windows NT 5.1; SV1) ; Maxthon; CIBA)"
123.235.40.243 - - [28/Jun/2009:00:12:00 +0800] "GET /image/logo_jl.gif HTTP/1.0" 304 - "http://www.jl.xinhuanet.com/main/news/2001/recent/05/20010531-04.htm" "Mozilla/4.0 (compatible; MSIE 6.0; Windows NT 5.1; SV1; Mozilla/4.0 (compatible; MSIE 6.0; Windows NT 5.1; SV1) ; Maxthon; CIBA)"
123.235.40.243 - - [28/Jun/2009:00:12:00 +0800] "GET /main/news/imgs/banner.gif HTTP/1.0" 304 - "http://www.jl.xinhuanet.com/main/news/2001/recent/05/20010531-04.htm" "Mozilla/4.0 (compatible; MSIE 6.0; Windows NT 5.1; SV1; Mozilla/4.0 (compatible; MSIE 6.0; Windows NT 5.1; SV1) ; Maxthon; CIBA)"
123.235.40.243 - - [28/Jun/2009:00:12:00 +0800] "GET /main/news/imgs/pp.swf HTTP/1.0" 304 - "http://www.jl.xinhuanet.com/main/news/2001/recent/05/20010531-04.htm" "Mozilla/4.0 (compatible; MSIE 6.0; Windows NT 5.1; SV1; Mozilla/4.0 (compatible; MSIE 6.0; Windows NT 5.1; SV1) ; Maxthon; CIBA)"
123.235.40.243 - - [28/Jun/2009:00:12:00 +0800] "GET /image/Logon-g.gif HTTP/1.0" 404 285 "http://www.jl.xinhuanet.com/main/news/2001/recent/05/20010531-04.htm" "Mozilla/4.0 (compatible; MSIE 6.0; Windows NT 5.1; SV1; Mozilla/4.0 (compatible; MSIE 6.0; Windows NT 5.1; SV1) ; Maxthon; CIBA)"
123.235.40.243 - - [28/Jun/2009:00:12:00 +0800] "GET /image/search_jl-yellow.gif HTTP/1.0" 304 - "http://www.jl.xinhuanet.com/main/news/2001/recent/05/20010531-04.htm" "Mozilla/4.0 (compatible; MSIE 6.0; Windows NT 5.1; SV1; Mozilla/4.0 (compatible; MSIE 6.0; Windows NT 5.1; SV1) ; Maxthon; CIBA)"
123.235.40.243 - - [28/Jun/2009:00:12:00 +0800] "GET /main/news/imgs/dao4.jpg HTTP/1.0" 304 - "http://www.jl.xinhuanet.com/main/news/2001/recent/05/20010531-04.htm" "Mozilla/4.0 (compatible; MSIE 6.0; Windows NT 5.1; SV1; Mozilla/4.0 (compatible; MSIE 6.0; Windows NT 5.1; SV1) ; Maxthon; CIBA)"
117.23.204.247 - - [28/Jun/2009:00:12:00 +0800] "GET /shangye/jiaoyu/undefined HTTP/1.0" 404 292 "http://www.jl.xinhuanet.com/shangye/jiaoyu/index.htm" "Mozilla/4.0 (compatible; MSIE 6.0; Windows NT 5.1; SV1)"
123.235.40.243 - - [28/Jun/2009:00:12:00 +0800] "GET /image/email_jl-yellow.gif HTTP/1.0" 304 - "http://www.jl.xinhuanet.com/main/news/2001/recent/05/20010531-04.htm" "Mozilla/4.0 (compatible; MSIE 6.0; Windows NT 5.1; SV1; Mozilla/4.0 (compatible; MSIE 6.0; Windows NT 5.1; SV1) ; Maxthon; CIBA)"
123.235.40.243 - - [28/Jun/2009:00:12:00 +0800] "GET /main/news/imgs/reporter-see.swf HTTP/1.0" 304 - "http://www.jl.xinhuanet.com/main/news/2001/recent/05/20010531-04.htm" "Mozilla/4.0 (compatible; MSIE 6.0; Windows NT 5.1; SV1; Mozilla/4.0 (compatible; MSIE 6.0; Windows NT 5.1; SV1) ; Maxthon; CIBA)"
123.235.40.243 - - [28/Jun/2009:00:12:00 +0800] "GET /main/news/imgs/building.swf HTTP/1.0" 304 - "http://www.jl.xinhuanet.com/main/news/2001/recent/05/20010531-04.htm" "Mozilla/4.0 (compatible; MSIE 6.0; Windows NT 5.1; SV1; Mozilla/4.0 (compatible; MSIE 6.0; Windows NT 5.1; SV1) ; Maxthon; CIBA)"
123.235.40.243 - - [28/Jun/2009:00:12:00 +0800] "GET /main/news/imgs/news.swf HTTP/1.0" 304 - "http://www.jl.xinhuanet.com/main/news/2001/recent/05/20010531-04.htm" "Mozilla/4.0 (compatible; MSIE 6.0; Windows NT 5.1; SV1; Mozilla/4.0 (compatible; MSIE 6.0; Windows NT 5.1; SV1) ; Maxthon; CIBA)"
74.6.18.229 - - [28/Jun/2009:00:11:59 +0800] "GET /newscenter/2009-02/11/content_15665143.htm HTTP/1.0" 200 20105 "-" "Mozilla/5.0 (compatible; Yahoo! Slurp/3.0; http://help.yahoo.com/help/us/ysearch/slurp)"
123.235.40.242 - - [28/Jun/2009:00:12:00 +0800] "GET / HTTP/1.1" 200 146325 "-" "-"
123.235.40.242 - - [28/Jun/2009:00:12:00 +0800] "GET / HTTP/1.1" 200 146325 "-" "-"
123.235.40.242 - - [28/Jun/2009:00:12:00 +0800] "GET / HTTP/1.1" 200 146325 "-" "-"
123.235.40.242 - - [28/Jun/2009:00:12:00 +0800] "GET / HTTP/1.1" 200 146325 "-" "-"
123.235.40.243 - - [28/Jun/2009:00:12:00 +0800] "GET / HTTP/1.1" 200 146325 "-" "-"
123.235.40.243 - - [28/Jun/2009:00:12:00 +0800] "GET / HTTP/1.1" 200 146325 "-" "-"
123.235.40.243 - - [28/Jun/2009:00:12:00 +0800] "GET / HTTP/1.1" 200 146325 "-" "-"
123.235.40.243 - - [28/Jun/2009:00:12:00 +0800] "GET / HTTP/1.1" 200 146325 "-" "-"
58.215.110.209 - - [28/Jun/2009:00:12:00 +0800] "GET / HTTP/1.1" 200 146325 "-" "-"
58.215.110.209 - - [28/Jun/2009:00:12:00 +0800] "GET / HTTP/1.1" 200 146325 "-" "-"
58.215.110.209 - - [28/Jun/2009:00:12:00 +0800] "GET / HTTP/1.1" 200 146325 "-" "-"
58.215.110.209 - - [28/Jun/2009:00:12:00 +0800] "GET / HTTP/1.1" 200 146325 "-" "-"
202.108.251.39 - - [28/Jun/2009:00:12:00 +0800] "GET / HTTP/1.1" 200 146325 "-" "-"
202.108.251.39 - - [28/Jun/2009:00:12:00 +0800] "GET / HTTP/1.1" 200 146325 "-" "-"
202.108.251.39 - - [28/Jun/2009:00:12:00 +0800] "GET / HTTP/1.1" 200 146325 "-" "-"
202.108.251.39 - - [28/Jun/2009:00:12:00 +0800] "GET / HTTP/1.1" 200 146325 "-" "-"
117.23.204.247 - - [28/Jun/2009:00:12:00 +0800] "GET / HTTP/1.1" 200 146325 "-" "-"
117.23.204.247 - - [28/Jun/2009:00:12:00 +0800] "GET / HTTP/1.1" 200 146325 "-" "-"
117.23.204.247 - - [28/Jun/2009:00:12:00 +0800] "GET / HTTP/1.1" 200 146325 "-" "-"
119.147.104.181 - - [28/Jun/2009:00:12:00 +0800] "GET / HTTP/1.1" 200 146325 "-" "-"
61.164.61.68 - - [28/Jun/2009:00:12:00 +0800] "GET / HTTP/1.1" 200 146325 "-" "-"
117.23.204.247 - - [28/Jun/2009:00:12:00 +0800] "GET / HTTP/1.1" 200 146325 "-" "-"
119.147.104.181 - - [28/Jun/2009:00:12:00 +0800] "GET / HTTP/1.1" 200 146325 "-" "-"
119.147.104.181 - - [28/Jun/2009:00:12:00 +0800] "GET / HTTP/1.1" 200 146325 "-" "-"
61.164.61.68 - - [28/Jun/2009:00:12:00 +0800] "GET / HTTP/1.1" 200 146325 "-" "-"
219.153.74.114 - - [28/Jun/2009:00:12:00 +0800] "GET / HTTP/1.1" 200 146325 "-" "-"
119.147.104.181 - - [28/Jun/2009:00:12:00 +0800] "GET / HTTP/1.1" 200 146325 "-" "-"
219.153.74.114 - - [28/Jun/2009:00:12:00 +0800] "GET / HTTP/1.1" 200 146325 "-" "-"
61.164.61.68 - - [28/Jun/2009:00:12:01 +0800] "GET / HTTP/1.1" 200 146325 "-" "-"
219.153.74.114 - - [28/Jun/2009:00:12:01 +0800] "GET / HTTP/1.1" 200 146325 "-" "-"
219.153.74.114 - - [28/Jun/2009:00:12:01 +0800] "GET / HTTP/1.1" 200 146325 "-" "-"
221.192.149.81 - - [28/Jun/2009:00:12:01 +0800] "GET / HTTP/1.1" 200 146325 "-" "-"
61.164.61.68 - - [28/Jun/2009:00:12:01 +0800] "GET / HTTP/1.1" 200 146325 "-" "-"
222.141.52.126 - - [28/Jun/2009:00:12:01 +0800] "GET / HTTP/1.1" 200 146325 "-" "-"
222.141.52.126 - - [28/Jun/2009:00:12:01 +0800] "GET / HTTP/1.1" 200 146325 "-" "-"
59.175.131.253 - - [28/Jun/2009:00:12:01 +0800] "GET / HTTP/1.1" 200 146325 "-" "-"
59.175.131.253 - - [28/Jun/2009:00:12:01 +0800] "GET / HTTP/1.1" 200 146325 "-" "-"
221.192.149.81 - - [28/Jun/2009:00:12:01 +0800] "GET / HTTP/1.1" 200 146325 "-" "-"
59.175.131.253 - - [28/Jun/2009:00:12:01 +0800] "GET / HTTP/1.1" 200 146325 "-" "-"
221.192.149.81 - - [28/Jun/2009:00:12:01 +0800] "GET / HTTP/1.1" 200 146325 "-" "-"
59.175.131.253 - - [28/Jun/2009:00:12:01 +0800] "GET / HTTP/1.1" 200 146325 "-" "-"
221.192.149.81 - - [28/Jun/2009:00:12:01 +0800] "GET / HTTP/1.1" 200 146325 "-" "-"
222.141.52.126 - - [28/Jun/2009:00:12:01 +0800] "GET / HTTP/1.1" 200 146325 "-" "-"
222.141.52.126 - - [28/Jun/2009:00:12:01 +0800] "GET / HTTP/1.1" 200 146325 "-" "-"
218.213.69.115 - - [28/Jun/2009:00:12:01 +0800] "GET / HTTP/1.1" 200 146325 "-" "-"
121.14.234.178 - - [28/Jun/2009:00:12:01 +0800] "GET / HTTP/1.1" 200 146325 "-" "-"
218.213.69.115 - - [28/Jun/2009:00:12:01 +0800] "GET / HTTP/1.1" 200 146325 "-" "-"
121.14.234.178 - - [28/Jun/2009:00:12:01 +0800] "GET / HTTP/1.1" 200 146325 "-" "-"
121.14.234.178 - - [28/Jun/2009:00:12:01 +0800] "GET / HTTP/1.1" 200 146325 "-" "-"
121.14.234.178 - - [28/Jun/2009:00:12:01 +0800] "GET / HTTP/1.1" 200 146325 "-" "-"
117.20.179.92 - - [28/Jun/2009:00:11:55 +0800] "GET /newscenter/2009-01/11/xin_2430106111245281157837.jpg HTTP/1.0" 200 101689 "http://www.e0436.net.cn/gb/new/2009-2/23/0941817432819696_512.html" "Mozilla/4.0 (compatible; MSIE 7.0; Windows NT 5.1; GTB5; QQDownload 1.7; .NET CLR 2.0.50727)"
218.213.69.115 - - [28/Jun/2009:00:12:01 +0800] "GET / HTTP/1.1" 200 146325 "-" "-"
218.213.69.115 - - [28/Jun/2009:00:12:01 +0800] "GET / HTTP/1.1" 200 146325 "-" "-"
203.208.60.97 - - [28/Jun/2009:00:12:04 +0800] "GET /jujiao/more.htm HTTP/1.1" 304 - "-" "Mozilla/5.0 (compatible; Googlebot/2.1; +http://www.google.com/bot.html)"
117.23.204.247 - - [28/Jun/2009:00:12:05 +0800] "GET /shangye/jiaoyu/undefined HTTP/1.0" 404 292 "http://www.jl.xinhuanet.com/shangye/jiaoyu/index.htm" "Mozilla/4.0 (compatible; MSIE 6.0; Windows NT 5.1; SV1)"
221.192.149.81 - - [28/Jun/2009:00:12:05 +0800] "GET /newscenter/2007-12/01/xin_23312040111029841306821.jpg HTTP/1.0" 304 - "http://www.tianya.cn/publicforum/content/no04/ab6f83e4965cbc57256aa42765b0540a/1/0/1.shtml" "Mozilla/4.0 (compatible; MSIE 7.0; Windows NT 6.0; Maxthon; SLCC1; .NET CLR 2.0.50727; Media Center PC 5.0; .NET CLR 3.0.04506)"
123.235.40.242 - - [28/Jun/2009:00:12:06 +0800] "GET /newscenter/2008-05/07/content_13184232.htm HTTP/1.0" 304 - "-" "Mozilla/5.0 (compatible; Yahoo! Slurp China; http://misc.yahoo.com.cn/help.html)"
202.160.181.217 - - [28/Jun/2009:00:12:06 +0800] "GET /temp2/2007-01/19/content_9088235.htm HTTP/1.0" 304 - "-" "Mozilla/5.0 (compatible; Yahoo! Slurp China; http://misc.yahoo.com.cn/help.html)"
79.171.81.51 - - [28/Jun/2009:00:12:06 +0800] "HEAD /newscenter/photo_news.htm HTTP/1.1" 200 - "-" "Mozilla/4.0 (compatible; MSIE 6.0; Windows NT 5.1)"
202.108.251.39 - - [28/Jun/2009:00:12:09 +0800] "GET /newscenter/2005-07/29/xin_420702291532828220523.jpg HTTP/1.0" 304 - "http://image.baidu.com/i?ct=503316480&z=0&tn=baiduimagedetail&word=%BC%AA%C1%D6%D2%D5%CA%F5%D1%A7%D4%BA&in=10008&cl=2&cm=1&sc=0&lm=-1&pn=137&rn=1&di=272340448&ln=1129&fr=" "Mozilla/4.0 (compatible; MSIE 6.0; Windows NT 5.1; SV1; .NET CLR 2.0.50727)"
203.143.11.26 - - [28/Jun/2009:00:12:10 +0800] "GET /newscenter/2009-01/11/xin_2430106111245281157837.jpg HTTP/1.0" 200 101689 "http://www.e0436.net.cn/gb/new/2008-4/20/094181758278385_773.html" "Mozilla/4.0 (compatible; MSIE 6.0; Windows NT 5.2; .NET CLR 1.1.4322)"
79.171.81.51 - - [28/Jun/2009:00:12:11 +0800] "GET /newscenter/photo_news.htm HTTP/1.1" 200 9026 "-" "Mozilla/4.0 (compatible; MSIE 6.0; Windows NT 5.1)"
202.108.251.39 - - [28/Jun/2009:00:12:11 +0800] "GET /xcbb/nbh/xin_b99e4e6f69b04ebe92431e0c50675507.jpg HTTP/1.0" 304 - "http://cnc.imgcache.qq.com/qzone/blog/tmygb_static.htm?uin=858594185&keyname=334¶ms=" "Mozilla/4.0 (compatible; MSIE 6.0; Windows NT 5.1; SV1)"
72.30.79.39 - - [28/Jun/2009:00:12:10 +0800] "GET /newscenter/2009-04/14/content_16244400.htm HTTP/1.0" 200 18467 "-" "Mozilla/5.0 (compatible; Yahoo! Slurp/3.0; http://help.yahoo.com/help/us/ysearch/slurp)"
119.147.104.181 - - [28/Jun/2009:00:12:13 +0800] "GET /pv.swf HTTP/1.0" 304 - "http://www.jl.xinhuanet.com/" "Mozilla/5.0(compatible;MSIE/6.0+http://www.myspace.com)"
203.192.6.83 - - [28/Jun/2009:00:12:14 +0800] "GET /news/toutiao/toutiao.htm HTTP/1.1" 304 - "-" "Mozilla/5.0 (compatible; Googlebot/2.1; +http://www.google.com/bot.html)"
202.108.251.39 - - [28/Jun/2009:00:12:14 +0800] "GET /newscenter/2009-06/22/xin_2030606220817437177808.gif HTTP/1.0" 404 320 "-" "-"
58.215.110.209 - - [28/Jun/2009:00:12:14 +0800] "GET /xhsjzkjl/2009-04/14/xin_5830406140903515116237.JPG HTTP/1.0" 304 - "http://image.baidu.com/i?ct=503316480&z=0&tn=baiduimagedetail&word=%D3%EE%CD%A9%B7%C7&in=24752&cl=2&cm=1&sc=0&lm=-1&pn=5&rn=1&di=1332592921&ln=1051&fr=" "Mozilla/4.0 (compatible; MSIE 6.0; Windows NT 5.1; SV1)"
117.23.204.247 - - [28/Jun/2009:00:12:15 +0800] "GET /shangye/jiaoyu/undefined HTTP/1.0" 404 292 "http://www.jl.xinhuanet.com/shangye/jiaoyu/index.htm" "Mozilla/4.0 (compatible; MSIE 6.0; Windows NT 5.1; SV1)"
202.108.251.39 - - [28/Jun/2009:00:12:15 +0800] "GET /shangye/nbh/xin_4808031810014531577742.JPG HTTP/1.0" 304 - "http://item.taobao.com/auction/item_detail-db1-a348ec2f265cf402a95225b5c585ebbb.jhtml" "Mozilla/4.0 (compatible; MSIE 7.0; Windows NT 5.1; Maxthon)"
58.205.216.10 - - [28/Jun/2009:00:12:15 +0800] "GET / HTTP/1.1" 200 146325 "-" "-"
58.205.216.10 - - [28/Jun/2009:00:12:15 +0800] "GET / HTTP/1.1" 200 146325 "-" "-"
58.205.216.10 - - [28/Jun/2009:00:12:15 +0800] "GET / HTTP/1.1" 200 146325 "-" "-"
58.205.216.10 - - [28/Jun/2009:00:12:15 +0800] "GET / HTTP/1.1" 200 146325 "-" "-"
59.175.131.253 - - [28/Jun/2009:00:12:17 +0800] "GET /news/2004-06/01/xin_58060101081203179702.jpg HTTP/1.0" 304 - "http://image.baidu.com/i?ct=503316480&z=0&tn=baiduimagedetail&word=%C8%CB%D1%FD&in=30159&cl=2&cm=1&sc=0&lm=-1&pn=1&rn=1&di=1498051616&ln=1292&fr=ala0" "Mozilla/4.0 (compatible; MSIE 6.0; Windows NT 5.1; SV1)"
74.6.18.229 - - [28/Jun/2009:00:12:17 +0800] "GET /newscenter/2009-04/13/content_16236618.htm HTTP/1.0" 200 22854 "-" "Mozilla/5.0 (compatible; Yahoo! Slurp/3.0; http://help.yahoo.com/help/us/ysearch/slurp)"
119.147.104.181 - - [28/Jun/2009:00:12:17 +0800] "GET /shangye/2005-09/27/content_5230857.htm HTTP/1.0" 304 - "-" "Baiduspider+(+http://www.baidu.com/search/spider.htm)"
121.14.234.178 - - [28/Jun/2009:00:12:18 +0800] "GET /favicon.ico HTTP/1.0" 404 279 "-" "Mozilla/5.0 (windows; U; Windows NT 5.1; zh-CN; rv:1.7.12) Gecko/20050919 Firefox/1.0.7"
220.159.36.54 - - [28/Jun/2009:00:12:16 +0800] "GET /newscenter/2009-01/11/xin_2430106111245281157837.jpg HTTP/1.1" 200 101689 "http://www.e0436.net.cn/gb/new/2008-1/24/0941817543041958_313.html" "Mozilla/4.0 (compatible; MSIE 7.0; Windows NT 6.0; Trident/4.0; FunWebProducts; GTB6; SLCC1; .NET CLR 2.0.50727; InfoPath.2; .NET CLR 3.5.30729; .NET CLR 3.0.30618)"
203.208.60.148 - - [28/Jun/2009:00:12:18 +0800] "GET /jlzw/rsrm.htm HTTP/1.1" 304 - "-" "Mozilla/5.0 (compatible; Googlebot/2.1; +http://www.google.com/bot.html)"
65.55.234.14 - - [28/Jun/2009:00:12:18 +0800] "GET / HTTP/1.1" 200 146325 "-" "msnbot-NewsBlogs/1.1 (+http://search.msn.com/msnbot.htm)"
117.23.204.247 - - [28/Jun/2009:00:12:20 +0800] "GET /shangye/jiaoyu/undefined HTTP/1.0" 404 292 "http://www.jl.xinhuanet.com/shangye/jiaoyu/index.htm" "Mozilla/4.0 (compatible; MSIE 6.0; Windows NT 5.1; SV1)"
202.108.251.39 - - [28/Jun/2009:00:12:20 +0800] "GET / HTTP/1.0" 304 - "-" "Mozilla/5.0 (compatible; YodaoBot-News/1.0; http://www.youdao.com/help/webmaster/spider/; )"
123.0.57.238 - - [28/Jun/2009:00:12:21 +0800] "GET /newscenter/2009-01/11/xin_2430106111245281157837.jpg HTTP/1.1" 200 101689 "http://www.e0436.net.cn/gb/new/2009-2/12/09418173541605_26.html" "Mozilla/4.0 (compatible; MSIE 7.0; Windows NT 5.1; Trident/4.0; .NET CLR 2.0.50727)"
58.215.110.209 - - [28/Jun/2009:00:12:23 +0800] "GET /1.htm HTTP/1.0" 304 - "http://mw.0437.gov.cn/bar.asp?id=500&url=http://mw.0437.gov.cn/show/500.html" "Mozilla/4.0 (compatible; MSIE 7.0; Windows NT 6.0; Mozilla/4.0(Compatible Mozilla/4.0(Compatible-EmbeddedWB 14.59 http://bsalsa.com/ EmbeddedWB- 14.59 from: http://bsalsa.com/ ; SLCC1; .NET CLR 2.0.50727; Media Center PC 5.0; InfoPath.1; .NET CLR 3.0.30618)"
123.235.40.242 - - [28/Jun/2009:00:12:26 +0800] "GET /2007ztzb/aiwozhonghua/images/jh.smi HTTP/1.0" 404 303 "http://user.qzone.qq.com/504632553/blog/1245750896?ptlang=2052" "Windows-Media-Player/11.0.5721.5260"
123.235.40.242 - - [28/Jun/2009:00:12:26 +0800] "GET /newscenter/2009-01/12/content_15428664.htm HTTP/1.0" 304 - "-" "Mozilla/5.0 (compatible; Yahoo! Slurp China; http://misc.yahoo.com.cn/help.html)"
189.166.73.22 - - [28/Jun/2009:00:12:24 +0800] "GET /newscenter/2009-01/11/xin_2430106111245281157837.jpg HTTP/1.0" 200 101689 "http://www.e0436.net.cn/gb/new/2009-1/6/0941817255948715_251.html" "Mozilla/4.0 (compatible; MSIE 6.0; Windows NT 5.2; SV1; .NET CLR 1.1.4322; .NET CLR 2.0.50727)"
117.23.204.247 - - [28/Jun/2009:00:12:30 +0800] "GET /shangye/jiaoyu/undefined HTTP/1.0" 404 292 "http://www.jl.xinhuanet.com/shangye/jiaoyu/index.htm" "Mozilla/4.0 (compatible; MSIE 6.0; Windows NT 5.1; SV1)"
61.135.249.220 - - [28/Jun/2009:00:12:32 +0800] "GET /xhsjzkjl/2003/2005-08/10/content_4847949.htm HTTP/1.1" 200 14527 "-" "Mozilla/5.0 (compatible; YoudaoBot/1.0; http://www.youdao.com/help/webmaster/spider/; )"
202.108.251.39 - - [28/Jun/2009:00:12:33 +0800] "GET /2006shangye/2009-06/25/content_16908864.htm HTTP/1.0" 404 311 "-" "Mozilla/4.0+(compatible;+MSIE+7.0;+Windows+NT+5.1;+.NET+CLR+2.0.50727)"
203.208.60.101 - - [28/Jun/2009:00:12:34 +0800] "GET /fangchan/2005-12/06/content_5812742.htm HTTP/1.1" 200 28791 "-" "Mozilla/5.0 (compatible; Googlebot/2.1; +http://www.google.com/bot.html)"
117.23.204.247 - - [28/Jun/2009:00:12:35 +0800] "GET /shangye/jiaoyu/undefined HTTP/1.0" 404 292 "http://www.jl.xinhuanet.com/shangye/jiaoyu/index.htm" "Mozilla/4.0 (compatible; MSIE 6.0; Windows NT 5.1; SV1)"
217.212.224.179 - - [28/Jun/2009:00:12:36 +0800] "GET /jujiao/erz/erz3.htm HTTP/1.0" 200 9102 "-" "psbot/0.1 (+http://www.picsearch.com/bot.html)"
119.147.104.181 - - [28/Jun/2009:00:12:39 +0800] "GET /favicon.ico HTTP/1.0" 404 279 "-" "Mozilla/4.0 (compatible; MSIE 6.0; Windows NT 5.1; SV1; .NET CLR 1.1.4322; InfoPath.1; .NET CLR 2.0.50727; CIBA; 360SE; 360SE)"
216.129.119.10 - - [28/Jun/2009:00:12:39 +0800] "GET /xhsjzkjl/2003/2004-08/21/content_2724186.htm HTTP/1.0" 200 10416 "-" "Mozilla/5.0 (Twiceler-0.9 http://www.cuil.com/twiceler/robot.html)"
203.208.60.36 - - [28/Jun/2009:00:12:39 +0800] "GET /shangye/jkq/zsyz.htm HTTP/1.1" 304 - "-" "Mozilla/5.0 (compatible; Googlebot/2.1; +http://www.google.com/bot.html)"
203.208.60.111 - - [28/Jun/2009:00:12:40 +0800] "GET /jlzw/gzdt.htm HTTP/1.1" 304 - "-" "Mozilla/5.0 (compatible; Googlebot/2.1; +http://www.google.com/bot.html)"
123.235.40.243 - - [28/Jun/2009:00:12:40 +0800] "GET /shangye/2008-10/23/content_14716415.htm HTTP/1.0" 200 4961 "-" "Mozilla/5.0 (compatible; Yahoo! Slurp China; http://misc.yahoo.com.cn/help.html)"
123.235.40.242 - - [28/Jun/2009:00:12:40 +0800] "GET /shangye/2009-04/24/content_16343974.htm HTTP/1.0" 304 - "-" "Mozilla/5.0 (compatible; Yahoo! Slurp China; http://misc.yahoo.com.cn/help.html)"
117.23.204.247 - - [28/Jun/2009:00:12:42 +0800] "HEAD / HTTP/1.0" 304 - "http://www.jl.xinhuanet.com/" "Sosospider+(+http://help.soso.com/webspider.htm)"
117.23.204.247 - - [28/Jun/2009:00:12:45 +0800] "GET /shangye/jiaoyu/undefined HTTP/1.0" 404 292 "http://www.jl.xinhuanet.com/shangye/jiaoyu/index.htm" "Mozilla/4.0 (compatible; MSIE 6.0; Windows NT 5.1; SV1)"
202.160.181.224 - - [28/Jun/2009:00:12:46 +0800] "GET /yingshi/2009-06/26/content_16921628.htm HTTP/1.0" 304 - "-" "Mozilla/5.0 (compatible; Yahoo! Slurp China; http://misc.yahoo.com.cn/help.html)"
72.30.79.39 - - [28/Jun/2009:00:12:46 +0800] "GET /newscenter/2006-06/20/content_7302488.htm HTTP/1.0" 200 19016 "-" "Mozilla/5.0 (compatible; Yahoo! Slurp/3.0; http://help.yahoo.com/help/us/ysearch/slurp)"
123.235.40.243 - - [28/Jun/2009:00:12:47 +0800] "GET /misc/2008-11/27/xin_17311052715437183219712.JPG HTTP/1.0" 304 - "http://image.baidu.com/i?ct=503316480&z=0&tn=baiduimagedetail&word=%B3%A4%B4%BA%B4%F3%D1%A7%D0%A3%D4%B0%CD%BC%C6%AC&in=27041&cl=2&cm=1&sc=0&lm=-1&pn=2&rn=1&di=318863408&ln=180&fr=" "Mozilla/4.0 (compatible; MSIE 6.0; Windows NT 5.1; SV1)"
123.235.40.243 - - [28/Jun/2009:00:12:47 +0800] "GET /jujiao/2004-07/02/xin_510701021700648775315.jpg HTTP/1.0" 304 - "http://image.baidu.com/i?ct=503316480&z=0&tn=baiduimagedetail&word=%BC%AF%B0%B2%B2%A9%CE%EF%B9%DD&in=8141&cl=2&cm=1&sc=0&lm=-1&pn=9&rn=1&di=459329568&ln=36&fr=" "Mozilla/4.0 (compatible; MSIE 6.0; Windows NT 5.1; SV1)"
119.147.104.181 - - [28/Jun/2009:00:12:48 +0800] "GET /shangye/2005-09/23/content_5196710.htm HTTP/1.0" 200 7423 "-" "Baiduspider+(+http://www.baidu.com/search/spider.htm)"
124.115.4.223 - - [28/Jun/2009:00:12:48 +0800] "GET /xhsjzkjl/2003/2005-08/05/xin_5308020515579992916750.jpg HTTP/1.1" 200 184762 "http://image.soso.com" "Sosoimagespider+(+http://help.soso.com/soso-image-spider.htm)"
119.147.104.181 - - [28/Jun/2009:00:12:49 +0800] "GET /1.htm? HTTP/1.0" 304 - "http://www.jl.xinhuanet.com/1.htm" "Mozilla/4.0 (compatible; MSIE 7.0; Windows NT 5.1; 360SE)"
123.235.40.243 - - [28/Jun/2009:00:12:49 +0800] "GET /newscenter/2009-06/24/content_16897258.htm HTTP/1.0" 304 - "-" "Mozilla/5.0 (compatible; Yahoo! Slurp China; http://misc.yahoo.com.cn/help.html)"
117.23.204.247 - - [28/Jun/2009:00:12:50 +0800] "GET /shangye/jiaoyu/undefined HTTP/1.0" 404 292 "http://www.jl.xinhuanet.com/shangye/jiaoyu/index.htm" "Mozilla/4.0 (compatible; MSIE 6.0; Windows NT 5.1; SV1)"
123.235.40.242 - - [28/Jun/2009:00:12:50 +0800] "GET /newscenter/2008-12/08/xin_08312050816195931527338.jpg HTTP/1.0" 304 - "http://blog.sina.com.cn/yhnz" "Mozilla/4.0 (compatible; MSIE 6.0; Windows NT 5.1; SV1)"
123.235.40.242 - - [28/Jun/2009:00:12:51 +0800] "GET /newscenter/2005-12/29/xin_26120229101971823831.jpg HTTP/1.0" 304 - "http://b.cnc.qzone.qq.com/cgi-bin/blognew/blog_output_data?uin=995528755&blogid=1228834607&imgdm=cnc.imgcache.qq.com&bdm=b.cnc.qzone.qq.com&mode=2&numperpage=15&property=GoRE×tamp=1246119042" "Mozilla/4.0 (compatible; MSIE 6.0; Windows NT 5.1; SV1; Sicent)"
59.175.131.253 - - [28/Jun/2009:00:12:52 +0800] "GET /1.htm HTTP/1.0" 304 - "http://mw.0437.gov.cn/" "Mozilla/4.0 (compatible; MSIE 6.0; Windows NT 5.1; SV1; QQDownload 1.7; Mozilla/4.0 (compatible; MSIE 6.0; Windows NT 5.1; SV1) ; .NET CLR 1.1.4322)"
38.99.44.101 - - [28/Jun/2009:00:12:50 +0800] "GET /jlzw/2007-01/22/content_9108201.htm HTTP/1.0" 200 31556 "-" "Mozilla/5.0 (Twiceler-0.9 http://www.cuil.com/twiceler/robot.html)"
65.55.106.228 - - [28/Jun/2009:00:12:53 +0800] "GET /xhsjl/jujiao/taolun/mailsend.jsp?id=1158430&rid=1150515&sno=1 HTTP/1.1" 404 297 "-" "msnbot/2.0b (+http://search.msn.com/msnbot.htm)"
203.208.60.18 - - [28/Jun/2009:00:12:53 +0800] "GET /2006shangye/kjww.htm HTTP/1.1" 304 - "-" "Mozilla/5.0 (compatible; Googlebot/2.1; +http://www.google.com/bot.html)"
117.23.204.247 - - [28/Jun/2009:00:12:54 +0800] "GET /newscenter/link-news/index.htm HTTP/1.0" 304 - "http://www.jl.xinhuanet.com/newscenter/link-news/index.htm" "Sosonewsspider+(+http://help.soso.com/soso-news-spider.htm)"
202.108.251.39 - - [28/Jun/2009:00:12:56 +0800] "GET /newscenter/2006-11/24/content_8613168.htm HTTP/1.0" 304 - "-" "Mozilla/4.0 (compatible; MSIE 6.0; Windows NT 5.0; Google Wireless Transcoder;)"
203.208.60.146 - - [28/Jun/2009:00:12:57 +0800] "GET /2007shangye/gongzhuling/aqfh.htm HTTP/1.1" 404 300 "-" "Mozilla/5.0 (compatible; Googlebot/2.1; +http://www.google.com/bot.html)"
123.235.40.243 - - [28/Jun/2009:00:12:57 +0800] "GET /shangye/jian/images/ly03001.jpg HTTP/1.0" 304 - "http://image.baidu.com/i?ct=503316480&z=0&tn=baiduimagedetail&word=%BC%AF%B0%B2%B2%A9%CE%EF%B9%DD&in=8141&cl=2&cm=1&sc=0&lm=-1&pn=9&rn=1&di=459329568&ln=36&fr=" "Mozilla/4.0 (compatible; MSIE 6.0; Windows NT 5.1; SV1)"
66.249.85.129 - - [28/Jun/2009:00:12:57 +0800] "GET /newscenter/link-news/xin_4030606260913375608422.jpg HTTP/1.1" 200 35711 "-" "Mozilla/4.0 (compatible; MSIE 6.0; Windows NT 5.0;Google Wireless Transcoder;)"
65.55.211.138 - - [28/Jun/2009:00:12:58 +0800] "GET /robots.txt HTTP/1.1" 404 278 "-" "msnbot/1.1 (+http://search.msn.com/msnbot.htm)"
66.249.85.129 - - [28/Jun/2009:00:12:57 +0800] "GET /newscenter/link-news/xin_18306062708397961799817.jpg HTTP/1.1" 200 48696 "-" "Mozilla/4.0 (compatible; MSIE 6.0; Windows NT 5.0;Google Wireless Transcoder;)"
66.249.85.129 - - [28/Jun/2009:00:12:57 +0800] "GET /newscenter/link-news/xin_04306062708360151910014.jpg HTTP/1.1" 200 64798 "-" "Mozilla/4.0 (compatible; MSIE 6.0; Windows NT 5.0;Google Wireless Transcoder;)"
66.249.85.129 - - [28/Jun/2009:00:12:57 +0800] "GET /newscenter/link-news/xin_03306062309032181150419.jpg HTTP/1.1" 200 48445 "-" "Mozilla/4.0 (compatible; MSIE 6.0; Windows NT 5.0;Google Wireless Transcoder;)"
222.141.52.126 - - [28/Jun/2009:00:12:58 +0800] "GET /newscenter/2005-02/23/xin_28020223171696869035.jpg HTTP/1.0" 304 - "http://image.baidu.com/i?ct=503316480&z=3&tn=baiduimagedetail&word=%D1%EE%BE%B8%D3%EE&in=18006&cl=2&cm=1&sc=0&lm=-1&pn=0&rn=1&di=1169697760&ln=171&fr=" "Mozilla/4.0 (compatible; MSIE 6.0; Windows NT 5.1; SV1; CNCDialer; .NET CLR 1.1.4322)"
65.55.211.138 - - [28/Jun/2009:00:12:58 +0800] "GET /2006shangye/2009-03/24/content_16040118.htm HTTP/1.1" 304 - "-" "msnbot/1.1 (+http://search.msn.com/msnbot.htm)"
202.108.251.39 - - [28/Jun/2009:00:13:00 +0800] "GET / HTTP/1.1" 200 146325 "-" "-"
202.108.251.39 - - [28/Jun/2009:00:13:00 +0800] "GET / HTTP/1.1" 200 146325 "-" "-"
202.108.251.39 - - [28/Jun/2009:00:13:00 +0800] "GET / HTTP/1.1" 200 146325 "-" "-"
202.108.251.39 - - [28/Jun/2009:00:13:00 +0800] "GET / HTTP/1.1" 200 146325 "-" "-"
117.23.204.247 - - [28/Jun/2009:00:13:00 +0800] "GET /shangye/jiaoyu/undefined HTTP/1.0" 404 292 "http://www.jl.xinhuanet.com/shangye/jiaoyu/index.htm" "Mozilla/4.0 (compatible; MSIE 6.0; Windows NT 5.1; SV1)"
123.235.40.243 - - [28/Jun/2009:00:13:00 +0800] "GET / HTTP/1.1" 200 146325 "-" "-"
59.175.131.253 - - [28/Jun/2009:00:13:00 +0800] "GET / HTTP/1.1" 200 146325 "-" "-"
123.235.40.243 - - [28/Jun/2009:00:13:00 +0800] "GET / HTTP/1.1" 200 146325 "-" "-"
123.235.40.243 - - [28/Jun/2009:00:13:00 +0800] "GET / HTTP/1.1" 200 146325 "-" "-"
123.235.40.243 - - [28/Jun/2009:00:13:00 +0800] "GET / HTTP/1.1" 200 146325 "-" "-"
59.175.131.253 - - [28/Jun/2009:00:13:00 +0800] "GET / HTTP/1.1" 200 146325 "-" "-"
121.14.234.178 - - [28/Jun/2009:00:13:00 +0800] "GET / HTTP/1.1" 200 146325 "-" "-"
222.141.52.126 - - [28/Jun/2009:00:13:00 +0800] "GET / HTTP/1.1" 200 146325 "-" "-"
59.175.131.253 - - [28/Jun/2009:00:13:00 +0800] "GET / HTTP/1.1" 200 146325 "-" "-"
222.141.52.126 - - [28/Jun/2009:00:13:00 +0800] "GET / HTTP/1.1" 200 146325 "-" "-"
59.175.131.253 - - [28/Jun/2009:00:13:00 +0800] "GET / HTTP/1.1" 200 146325 "-" "-"
121.14.234.178 - - [28/Jun/2009:00:13:00 +0800] "GET / HTTP/1.1" 200 146325 "-" "-"
121.14.234.178 - - [28/Jun/2009:00:13:00 +0800] "GET / HTTP/1.1" 200 146325 "-" "-"
121.14.234.178 - - [28/Jun/2009:00:13:00 +0800] "GET / HTTP/1.1" 200 146325 "-" "-"
222.141.52.126 - - [28/Jun/2009:00:13:00 +0800] "GET / HTTP/1.1" 200 146325 "-" "-"
219.153.74.114 - - [28/Jun/2009:00:13:00 +0800] "GET / HTTP/1.1" 200 146325 "-" "-"
222.141.52.126 - - [28/Jun/2009:00:13:00 +0800] "GET / HTTP/1.1" 200 146325 "-" "-"
219.153.74.114 - - [28/Jun/2009:00:13:00 +0800] "GET / HTTP/1.1" 200 146325 "-" "-"
219.153.74.114 - - [28/Jun/2009:00:13:00 +0800] "GET / HTTP/1.1" 200 146325 "-" "-"
219.153.74.114 - - [28/Jun/2009:00:13:00 +0800] "GET / HTTP/1.1" 200 146325 "-" "-"
119.147.104.181 - - [28/Jun/2009:00:13:00 +0800] "GET / HTTP/1.1" 200 146325 "-" "-"
123.235.40.242 - - [28/Jun/2009:00:13:00 +0800] "GET / HTTP/1.1" 200 146325 "-" "-"
123.235.40.242 - - [28/Jun/2009:00:13:00 +0800] "GET / HTTP/1.1" 200 146325 "-" "-"
