203.208.60.187 - - [22/Nov/2009:00:12:59 +0800] "GET /newscenter/yaowen/index.htm HTTP/1.1" 304 - "-" "Mozilla/5.0 (compatible; Googlebot/2.1; +http://www.google.com/bot.html)"
123.235.40.243 - - [22/Nov/2009:00:13:00 +0800] "GET / HTTP/1.1" 200 145583 "-" "-"
123.235.40.243 - - [22/Nov/2009:00:13:00 +0800] "GET / HTTP/1.1" 200 145583 "-" "-"
123.235.40.243 - - [22/Nov/2009:00:13:00 +0800] "GET / HTTP/1.1" 200 145583 "-" "-"
123.235.40.243 - - [22/Nov/2009:00:13:00 +0800] "GET / HTTP/1.1" 200 145583 "-" "-"
61.164.61.68 - - [22/Nov/2009:00:13:00 +0800] "GET / HTTP/1.1" 200 145583 "-" "-"
61.164.61.68 - - [22/Nov/2009:00:13:00 +0800] "GET / HTTP/1.1" 200 145583 "-" "-"
61.129.34.183 - - [22/Nov/2009:00:13:00 +0800] "GET / HTTP/1.1" 200 145583 "-" "-"
61.129.34.183 - - [22/Nov/2009:00:13:00 +0800] "GET / HTTP/1.1" 200 145583 "-" "-"
202.108.251.39 - - [22/Nov/2009:00:13:00 +0800] "GET / HTTP/1.1" 200 145583 "-" "-"
202.108.251.39 - - [22/Nov/2009:00:13:00 +0800] "GET / HTTP/1.1" 200 145583 "-" "-"
61.164.61.68 - - [22/Nov/2009:00:13:00 +0800] "GET / HTTP/1.1" 200 145583 "-" "-"
202.108.251.39 - - [22/Nov/2009:00:13:00 +0800] "GET / HTTP/1.1" 200 145583 "-" "-"
61.164.61.68 - - [22/Nov/2009:00:13:00 +0800] "GET / HTTP/1.1" 200 145583 "-" "-"
202.108.251.39 - - [22/Nov/2009:00:13:00 +0800] "GET / HTTP/1.1" 200 145583 "-" "-"
61.129.34.183 - - [22/Nov/2009:00:13:00 +0800] "GET / HTTP/1.1" 200 145583 "-" "-"
61.129.34.183 - - [22/Nov/2009:00:13:00 +0800] "GET / HTTP/1.1" 200 145583 "-" "-"
121.14.234.178 - - [22/Nov/2009:00:13:00 +0800] "GET / HTTP/1.1" 200 145583 "-" "-"
123.235.40.242 - - [22/Nov/2009:00:13:00 +0800] "GET / HTTP/1.1" 200 145583 "-" "-"
121.14.234.178 - - [22/Nov/2009:00:13:00 +0800] "GET / HTTP/1.1" 200 145583 "-" "-"
121.14.234.178 - - [22/Nov/2009:00:13:00 +0800] "GET / HTTP/1.1" 200 145583 "-" "-"
117.23.204.247 - - [22/Nov/2009:00:13:00 +0800] "GET / HTTP/1.1" 200 145583 "-" "-"
123.235.40.242 - - [22/Nov/2009:00:13:00 +0800] "GET / HTTP/1.1" 200 145583 "-" "-"
123.235.40.242 - - [22/Nov/2009:00:13:00 +0800] "GET / HTTP/1.1" 200 145583 "-" "-"
121.14.234.178 - - [22/Nov/2009:00:13:00 +0800] "GET / HTTP/1.1" 200 145583 "-" "-"
117.23.204.247 - - [22/Nov/2009:00:13:00 +0800] "GET / HTTP/1.1" 200 145583 "-" "-"
123.235.40.242 - - [22/Nov/2009:00:13:00 +0800] "GET / HTTP/1.1" 200 145583 "-" "-"
117.23.204.247 - - [22/Nov/2009:00:13:00 +0800] "GET / HTTP/1.1" 200 145583 "-" "-"
58.215.110.209 - - [22/Nov/2009:00:13:00 +0800] "GET / HTTP/1.1" 200 145583 "-" "-"
117.23.204.247 - - [22/Nov/2009:00:13:00 +0800] "GET / HTTP/1.1" 200 145583 "-" "-"
58.215.110.209 - - [22/Nov/2009:00:13:00 +0800] "GET / HTTP/1.1" 200 145583 "-" "-"
119.147.105.245 - - [22/Nov/2009:00:13:00 +0800] "GET / HTTP/1.1" 200 145583 "-" "-"
58.215.110.209 - - [22/Nov/2009:00:13:00 +0800] "GET / HTTP/1.1" 200 145583 "-" "-"
119.147.105.245 - - [22/Nov/2009:00:13:00 +0800] "GET / HTTP/1.1" 200 145583 "-" "-"
119.147.105.245 - - [22/Nov/2009:00:13:00 +0800] "GET / HTTP/1.1" 200 145583 "-" "-"
58.215.110.209 - - [22/Nov/2009:00:13:00 +0800] "GET / HTTP/1.1" 200 145583 "-" "-"
119.147.105.245 - - [22/Nov/2009:00:13:00 +0800] "GET / HTTP/1.1" 200 145583 "-" "-"
222.141.52.126 - - [22/Nov/2009:00:13:01 +0800] "GET / HTTP/1.1" 200 145583 "-" "-"
222.141.52.126 - - [22/Nov/2009:00:13:01 +0800] "GET / HTTP/1.1" 200 145583 "-" "-"
59.175.131.253 - - [22/Nov/2009:00:13:01 +0800] "GET / HTTP/1.1" 200 145583 "-" "-"
222.141.52.126 - - [22/Nov/2009:00:13:01 +0800] "GET / HTTP/1.1" 200 145583 "-" "-"
59.175.131.253 - - [22/Nov/2009:00:13:01 +0800] "GET / HTTP/1.1" 200 145583 "-" "-"
59.175.131.253 - - [22/Nov/2009:00:13:01 +0800] "GET / HTTP/1.1" 200 145583 "-" "-"
59.175.131.253 - - [22/Nov/2009:00:13:01 +0800] "GET / HTTP/1.1" 200 145583 "-" "-"
222.141.52.126 - - [22/Nov/2009:00:13:01 +0800] "GET / HTTP/1.1" 200 145583 "-" "-"
121.194.1.104 - - [22/Nov/2009:00:13:00 +0800] "GET / HTTP/1.1" 200 145583 "-" "-"
121.194.1.104 - - [22/Nov/2009:00:13:01 +0800] "GET / HTTP/1.1" 200 145583 "-" "-"
221.192.149.81 - - [22/Nov/2009:00:13:01 +0800] "GET / HTTP/1.1" 200 145583 "-" "-"
221.192.149.81 - - [22/Nov/2009:00:13:01 +0800] "GET / HTTP/1.1" 200 145583 "-" "-"
221.192.149.81 - - [22/Nov/2009:00:13:01 +0800] "GET / HTTP/1.1" 200 145583 "-" "-"
221.192.149.81 - - [22/Nov/2009:00:13:01 +0800] "GET / HTTP/1.1" 200 145583 "-" "-"
218.213.69.115 - - [22/Nov/2009:00:13:01 +0800] "GET / HTTP/1.1" 200 145583 "-" "-"
218.213.69.115 - - [22/Nov/2009:00:13:01 +0800] "GET / HTTP/1.1" 200 145583 "-" "-"
218.213.69.115 - - [22/Nov/2009:00:13:01 +0800] "GET / HTTP/1.1" 200 145583 "-" "-"
218.213.69.115 - - [22/Nov/2009:00:13:01 +0800] "GET / HTTP/1.1" 200 145583 "-" "-"
67.195.112.111 - - [22/Nov/2009:00:13:03 +0800] "GET /shangye/2005-12/19/content_5851065.htm HTTP/1.0" 200 22963 "-" "Mozilla/5.0 (compatible; Yahoo! Slurp/3.0; http://help.yahoo.com/help/us/ysearch/slurp)"
67.195.114.244 - - [22/Nov/2009:00:13:05 +0800] "GET /shangye/cbs/images/style.css HTTP/1.0" 200 3882 "http://jl.xinhuanet.com/shangye/2005-12/19/content_5851065.htm" "Mozilla/5.0 (compatible; Yahoo! Slurp/3.0; http://help.yahoo.com/help/us/ysearch/slurp)"
123.235.40.243 - - [22/Nov/2009:00:13:10 +0800] "GET /2006shangye/2009-10/23/content_18023862.htm HTTP/1.1" 304 - "-" "Mozilla/5.0 (compatible; Yahoo! Slurp China; http://misc.yahoo.com.cn/help.html)"
203.208.60.165 - - [22/Nov/2009:00:13:12 +0800] "GET /news/jiceng/jiceng.htm HTTP/1.1" 304 - "-" "Mozilla/5.0 (compatible; Googlebot/2.1; +http://www.google.com/bot.html)"
222.141.52.126 - - [22/Nov/2009:00:13:15 +0800] "GET /shangye/2006-08/18/xin_560803180955750296063.JPG HTTP/1.1" 304 - "http://item.taobao.com/auction/item_detail-db2-65e333ce3a0279141439198fa07d8d9d.jhtml" "Mozilla/4.0 (compatible; MSIE 7.0; Windows NT 5.1; Trident/4.0; GTB6; .NET CLR 2.0.50727; CIBA)"
203.208.60.213 - - [22/Nov/2009:00:13:16 +0800] "GET /news/2004-12/26/xin_a84db7f6b84b4b00851a6bc0915c66bb_33.jpg HTTP/1.1" 200 6779 "-" "Googlebot-Image/1.0"
121.14.234.178 - - [22/Nov/2009:00:13:16 +0800] "GET /1.htm HTTP/1.1" 304 - "http://mw.0437.gov.cn/" "Mozilla/4.0 (compatible; MSIE 6.0; Windows NT 5.1; SV1; Mozilla/4.0 (compatible; MSIE 6.0; Windows NT 5.1; SV1) )"
123.235.40.243 - - [22/Nov/2009:00:13:16 +0800] "GET /newscenter/2009-11/19/content_18270092.htm HTTP/1.1" 304 - "-" "Mozilla/3.0 (compatible; Indy Library)"
203.208.60.217 - - [22/Nov/2009:00:13:17 +0800] "GET /xhsjzkjl/index.htm HTTP/1.1" 304 - "-" "Mozilla/5.0 (compatible; Googlebot/2.1; +http://www.google.com/bot.html)"
202.108.251.39 - - [22/Nov/2009:00:13:18 +0800] "GET / HTTP/1.1" 304 - "-" "MSIE 6.0"
117.23.204.247 - - [22/Nov/2009:00:13:19 +0800] "GET /newscenter/2008-06/07/content_13484530.htm HTTP/1.1" 304 - "-" "Sosospider+(+http://help.soso.com/webspider.htm)"
203.192.6.76 - - [22/Nov/2009:00:13:21 +0800] "GET /fangchan/tjlp.htm HTTP/1.1" 200 28378 "-" "Mozilla/5.0 (compatible; Yahoo! Slurp/3.0; http://help.yahoo.com/help/us/ysearch/slurp)"
123.235.40.243 - - [22/Nov/2009:00:13:22 +0800] "GET /jujiao/yuandan/jmxc-8.htm HTTP/1.1" 304 - "-" "Mozilla/5.0 (compatible; Yahoo! Slurp China; http://misc.yahoo.com.cn/help.html)"
123.235.40.243 - - [22/Nov/2009:00:13:22 +0800] "GET /newscenter HTTP/1.1" 301 317 "-" "User-Agent: Mozilla/5.0 (compatible; MSIE 6.0;Windows XP)"
123.235.40.243 - - [22/Nov/2009:00:13:22 +0800] "GET /newscenter/ HTTP/1.1" 304 - "-" "User-Agent: Mozilla/5.0 (compatible; MSIE 6.0;Windows XP)"
202.108.251.39 - - [22/Nov/2009:00:13:25 +0800] "GET /shangye/zhuanti/dlcs/dlcs.htm HTTP/1.1" 304 - "-" "Mozilla/5.0 (compatible; Yahoo! Slurp China; http://misc.yahoo.com.cn/help.html)"
203.208.60.225 - - [22/Nov/2009:00:13:25 +0800] "GET /newscenter/rdwp/index.htm HTTP/1.1" 304 - "-" "Mozilla/5.0 (compatible; Googlebot/2.1; +http://www.google.com/bot.html)"
203.208.60.91 - - [22/Nov/2009:00:13:29 +0800] "GET /newscenter/tupian/index.htm HTTP/1.1" 304 - "-" "Mozilla/5.0 (compatible; Googlebot/2.1; +http://www.google.com/bot.html)"
67.218.116.164 - - [22/Nov/2009:00:13:29 +0800] "GET /newscenter/2009-11/09/content_18178844.htm HTTP/1.0" 200 27191 "-" "Mozilla/5.0 (Twiceler-0.9 http://www.cuil.com/twiceler/robot.html)"
117.23.204.247 - - [22/Nov/2009:00:13:35 +0800] "GET /jujiao/2003-06/04/content_610038.htm HTTP/1.1" 304 - "-" "Sosospider+(+http://help.soso.com/webspider.htm)"
123.235.40.243 - - [22/Nov/2009:00:13:38 +0800] "GET /xhsjzkjl/2003/2003-07/18/content_723085.htm HTTP/1.1" 304 - "-" "Mozilla/5.0 (compatible; Yahoo! Slurp China; http://misc.yahoo.com.cn/help.html)"
123.235.40.243 - - [22/Nov/2009:00:13:39 +0800] "GET /2006shangye/2009-10/27/content_18053295.htm HTTP/1.1" 304 - "http://www.google.cn/search?hl=zh-CN&newwindow=1&q=%E5%90%89%E6%9E%97%E8%87%AA%E5%AD%A6%E8%80%83%E8%AF%95%E7%BD%91%E6%97%A7%E7%89%88%E7%BD%91%E5%9D%80&aq=f&oq=" "Mozilla/4.0 (compatible; MSIE 6.0; Windows NT 5.1; SV1; Mozilla/4.0 (compatible; MSIE 6.0; Windows NT 5.1; SV1) )"
123.235.40.243 - - [22/Nov/2009:00:13:39 +0800] "GET /home/images/style.css HTTP/1.1" 304 - "http://www.jl.xinhuanet.com/2006shangye/2009-10/27/content_18053295.htm" "Mozilla/4.0 (compatible; MSIE 6.0; Windows NT 5.1; SV1; Mozilla/4.0 (compatible; MSIE 6.0; Windows NT 5.1; SV1) )"
203.208.60.237 - - [22/Nov/2009:00:13:40 +0800] "GET /newscenter/fzsh/index.htm HTTP/1.1" 304 - "-" "Mozilla/5.0 (compatible; Googlebot/2.1; +http://www.google.com/bot.html)"
202.160.180.207 - - [22/Nov/2009:00:13:40 +0800] "GET /jlzw/2007-01/25/content_9139639.htm HTTP/1.0" 200 30810 "-" "Mozilla/5.0 (compatible; Yahoo! Slurp China; http://misc.yahoo.com.cn/help.html)"
123.235.40.243 - - [22/Nov/2009:00:13:40 +0800] "GET /mod2006/top.htm HTTP/1.1" 304 - "http://www.jl.xinhuanet.com/2006shangye/2009-10/27/content_18053295.htm" "Mozilla/4.0 (compatible; MSIE 6.0; Windows NT 5.1; SV1; Mozilla/4.0 (compatible; MSIE 6.0; Windows NT 5.1; SV1) )"
123.235.40.243 - - [22/Nov/2009:00:13:40 +0800] "GET /home/images/forum.gif HTTP/1.1" 304 - "http://www.jl.xinhuanet.com/2006shangye/2009-10/27/content_18053295.htm" "Mozilla/4.0 (compatible; MSIE 6.0; Windows NT 5.1; SV1; Mozilla/4.0 (compatible; MSIE 6.0; Windows NT 5.1; SV1) )"
123.235.40.243 - - [22/Nov/2009:00:13:40 +0800] "GET /home/images/print.gif HTTP/1.1" 304 - "http://www.jl.xinhuanet.com/2006shangye/2009-10/27/content_18053295.htm" "Mozilla/4.0 (compatible; MSIE 6.0; Windows NT 5.1; SV1; Mozilla/4.0 (compatible; MSIE 6.0; Windows NT 5.1; SV1) )"
123.235.40.243 - - [22/Nov/2009:00:13:40 +0800] "GET /home/images/email.gif HTTP/1.1" 304 - "http://www.jl.xinhuanet.com/2006shangye/2009-10/27/content_18053295.htm" "Mozilla/4.0 (compatible; MSIE 6.0; Windows NT 5.1; SV1; Mozilla/4.0 (compatible; MSIE 6.0; Windows NT 5.1; SV1) )"
123.235.40.243 - - [22/Nov/2009:00:13:40 +0800] "GET /home/images/close_c.gif HTTP/1.1" 304 - "http://www.jl.xinhuanet.com/2006shangye/2009-10/27/content_18053295.htm" "Mozilla/4.0 (compatible; MSIE 6.0; Windows NT 5.1; SV1; Mozilla/4.0 (compatible; MSIE 6.0; Windows NT 5.1; SV1) )"
123.235.40.243 - - [22/Nov/2009:00:13:40 +0800] "GET /newscenter/link-news/index.htm HTTP/1.1" 304 - "http://www.jl.xinhuanet.com/2006shangye/2009-10/27/content_18053295.htm" "Mozilla/4.0 (compatible; MSIE 6.0; Windows NT 5.1; SV1; Mozilla/4.0 (compatible; MSIE 6.0; Windows NT 5.1; SV1) )"
123.235.40.243 - - [22/Nov/2009:00:13:40 +0800] "GET /home/bottom.htm HTTP/1.1" 304 - "http://www.jl.xinhuanet.com/2006shangye/2009-10/27/content_18053295.htm" "Mozilla/4.0 (compatible; MSIE 6.0; Windows NT 5.1; SV1; Mozilla/4.0 (compatible; MSIE 6.0; Windows NT 5.1; SV1) )"
123.235.40.243 - - [22/Nov/2009:00:13:40 +0800] "GET /mod2006/images/css.css HTTP/1.1" 304 - "http://www.jl.xinhuanet.com/mod2006/top.htm" "Mozilla/4.0 (compatible; MSIE 6.0; Windows NT 5.1; SV1; Mozilla/4.0 (compatible; MSIE 6.0; Windows NT 5.1; SV1) )"
123.235.40.243 - - [22/Nov/2009:00:13:40 +0800] "GET /newscenter/link-news/xin_48311062009091091938212.jpg HTTP/1.1" 304 - "http://www.jl.xinhuanet.com/newscenter/link-news/index.htm" "Mozilla/4.0 (compatible; MSIE 6.0; Windows NT 5.1; SV1; Mozilla/4.0 (compatible; MSIE 6.0; Windows NT 5.1; SV1) )"
123.235.40.243 - - [22/Nov/2009:00:13:40 +0800] "GET /newscenter/link-news/xin_09311061909156871179521.jpg HTTP/1.1" 304 - "http://www.jl.xinhuanet.com/newscenter/link-news/index.htm" "Mozilla/4.0 (compatible; MSIE 6.0; Windows NT 5.1; SV1; Mozilla/4.0 (compatible; MSIE 6.0; Windows NT 5.1; SV1) )"
123.235.40.243 - - [22/Nov/2009:00:13:40 +0800] "GET /newscenter/link-news/xin_4531106180900453290489.jpg HTTP/1.1" 304 - "http://www.jl.xinhuanet.com/newscenter/link-news/index.htm" "Mozilla/4.0 (compatible; MSIE 6.0; Windows NT 5.1; SV1; Mozilla/4.0 (compatible; MSIE 6.0; Windows NT 5.1; SV1) )"
123.235.40.243 - - [22/Nov/2009:00:13:41 +0800] "GET /newscenter/link-news/xin_13311061710289211472119.jpg HTTP/1.1" 304 - "http://www.jl.xinhuanet.com/newscenter/link-news/index.htm" "Mozilla/4.0 (compatible; MSIE 6.0; Windows NT 5.1; SV1; Mozilla/4.0 (compatible; MSIE 6.0; Windows NT 5.1; SV1) )"
222.141.52.126 - - [22/Nov/2009:00:13:41 +0800] "GET /xhsjl/news/meiti/2002/08/20020821-06.htm HTTP/1.1" 304 - "http://www.baidu.com/s?bs=%B3%A4%B4%BA%D1%C7%CC%A9+%F4%C3%C6%A4&f=8&wd=%B3%A4%B4%BA%F4%C3%C6%A4" "Mozilla/4.0 (compatible; MSIE 6.0; Windows NT 5.1; Foxy/1)"
123.235.40.243 - - [22/Nov/2009:00:13:41 +0800] "GET /newscenter/link-news/xin_1131106170905140981510.jpg HTTP/1.1" 304 - "http://www.jl.xinhuanet.com/newscenter/link-news/index.htm" "Mozilla/4.0 (compatible; MSIE 6.0; Windows NT 5.1; SV1; Mozilla/4.0 (compatible; MSIE 6.0; Windows NT 5.1; SV1) )"
123.235.40.243 - - [22/Nov/2009:00:13:41 +0800] "GET /newscenter/link-news/xin_0031106151150718146348.jpg HTTP/1.1" 304 - "http://www.jl.xinhuanet.com/newscenter/link-news/index.htm" "Mozilla/4.0 (compatible; MSIE 6.0; Windows NT 5.1; SV1; Mozilla/4.0 (compatible; MSIE 6.0; Windows NT 5.1; SV1) )"
123.235.40.242 - - [22/Nov/2009:00:13:42 +0800] "GET /favicon.ico HTTP/1.1" 404 279 "-" "TencentTraveler 4.0"
123.235.40.242 - - [22/Nov/2009:00:13:42 +0800] "GET /newscenter/2008-11/06/content_14841350.htm HTTP/1.1" 304 - "http://www.soso.com/q?w=%C5%AF%C6%F8%B2%BB%C8%C8%B5%C4%D4%AD%D2%F2&sc=web&ch=w.h&gid=&cin=&site=&num=10&lr=&htn=5" "Mozilla/4.0 (compatible; MSIE 6.0; Windows NT 5.1; SV1; TencentTraveler 4.0)"
202.160.180.81 - - [22/Nov/2009:00:13:43 +0800] "GET /cbs/2005-10/25/content_5427175.htm HTTP/1.0" 200 16964 "-" "Mozilla/5.0 (compatible; Yahoo! Slurp China; http://misc.yahoo.com.cn/help.html)"
117.23.204.247 - - [22/Nov/2009:00:13:43 +0800] "GET /newscenter/2008-10/01/content_14541155.htm HTTP/1.1" 304 - "-" "Sosospider+(+http://help.soso.com/webspider.htm)"
202.160.179.49 - - [22/Nov/2009:00:13:44 +0800] "GET /xcbb/gbh/bjzl.htm HTTP/1.0" 200 7851 "-" "Mozilla/5.0 (compatible; Yahoo! Slurp China; http://misc.yahoo.com.cn/help.html)"
123.235.40.242 - - [22/Nov/2009:00:13:44 +0800] "GET /home/images/style.css HTTP/1.1" 304 - "http://www.jl.xinhuanet.com/newscenter/2008-11/06/content_14841350.htm" "Mozilla/4.0 (compatible; MSIE 6.0; Windows NT 5.1; SV1; TencentTraveler 4.0)"
203.209.252.26 - - [22/Nov/2009:00:13:45 +0800] "GET /xcbb/auto/wenhua.htm HTTP/1.0" 200 28717 "-" "Mozilla/5.0 (compatible; Yahoo! Slurp China; http://misc.yahoo.com.cn/help.html)"
222.141.52.126 - - [22/Nov/2009:00:13:45 +0800] "GET /xhsjl/zhengyao/image/title6.gif HTTP/1.1" 304 - "http://www.jl.xinhuanet.com/xhsjl/news/meiti/2002/08/20020821-06.htm" "Mozilla/4.0 (compatible; MSIE 6.0; Windows NT 5.1; Foxy/1)"
117.23.204.247 - - [22/Nov/2009:00:13:46 +0800] "GET /AdPreview/adv_display.js HTTP/1.1" 304 - "http://www.jl.xinhuanet.com/jujiao/2003-06/04/content_610038.htm" "Sosospider+(+http://help.soso.com/webspider.htm)"
123.235.40.242 - - [22/Nov/2009:00:13:46 +0800] "GET /mod2006/top.htm HTTP/1.1" 304 - "http://www.jl.xinhuanet.com/newscenter/2008-11/06/content_14841350.htm" "Mozilla/4.0 (compatible; MSIE 6.0; Windows NT 5.1; SV1; TencentTraveler 4.0)"
221.192.149.81 - - [22/Nov/2009:00:13:46 +0800] "GET /newscenter/2009-11/16/xin_2731106161446484270832.gif HTTP/1.1" 404 320 "-" "-"
123.235.40.242 - - [22/Nov/2009:00:13:46 +0800] "GET /mod2006/images/css.css HTTP/1.1" 304 - "http://www.jl.xinhuanet.com/mod2006/top.htm" "Mozilla/4.0 (compatible; MSIE 6.0; Windows NT 5.1; SV1; TencentTraveler 4.0)"
117.23.204.247 - - [22/Nov/2009:00:13:46 +0800] "HEAD / HTTP/1.1" 304 - "http://www.jl.xinhuanet.com/" "Sosonewsspider+(+http://help.soso.com/soso-news-spider.htm)"
117.23.204.247 - - [22/Nov/2009:00:13:46 +0800] "GET / HTTP/1.1" 304 - "http://www.jl.xinhuanet.com/" "Sosonewsspider+(+http://help.soso.com/soso-news-spider.htm)"
67.195.111.244 - - [22/Nov/2009:00:13:46 +0800] "GET /jujiao/2006-04/28/content_6920687.htm HTTP/1.0" 200 20965 "-" "Mozilla/5.0 (compatible; Yahoo! Slurp/3.0; http://help.yahoo.com/help/us/ysearch/slurp)"
123.235.40.242 - - [22/Nov/2009:00:13:47 +0800] "GET /newscenter/link-news/index.htm HTTP/1.1" 304 - "http://www.jl.xinhuanet.com/newscenter/2008-11/06/content_14841350.htm" "Mozilla/4.0 (compatible; MSIE 6.0; Windows NT 5.1; SV1; TencentTraveler 4.0)"
123.235.40.242 - - [22/Nov/2009:00:13:47 +0800] "GET /home/bottom.htm HTTP/1.1" 304 - "http://www.jl.xinhuanet.com/newscenter/2008-11/06/content_14841350.htm" "Mozilla/4.0 (compatible; MSIE 6.0; Windows NT 5.1; SV1; TencentTraveler 4.0)"
67.195.111.244 - - [22/Nov/2009:00:13:49 +0800] "GET /jujiao/wenhua/image/wt_xilan.css HTTP/1.0" 200 1473 "http://www.jl.xinhuanet.com/jujiao/2006-04/28/content_6920687.htm" "Mozilla/5.0 (compatible; Yahoo! Slurp/3.0; http://help.yahoo.com/help/us/ysearch/slurp)"
222.141.52.126 - - [22/Nov/2009:00:13:51 +0800] "GET /xhsjl/image/searchbutton.gif HTTP/1.1" 304 - "http://www.jl.xinhuanet.com/xhsjl/news/meiti/2002/08/20020821-06.htm" "Mozilla/4.0 (compatible; MSIE 6.0; Windows NT 5.1; Foxy/1)"
117.23.204.247 - - [22/Nov/2009:00:13:51 +0800] "GET /newscenter/2006-04/11/content_6706172.htm HTTP/1.1" 304 - "-" "Sosospider+(+http://help.soso.com/webspider.htm)"
203.208.60.79 - - [22/Nov/2009:00:13:51 +0800] "GET /newscenter/yljd/index.htm HTTP/1.1" 304 - "-" "Mozilla/5.0 (compatible; Googlebot/2.1; +http://www.google.com/bot.html)"
65.55.207.45 - - [22/Nov/2009:00:13:54 +0800] "GET /newscenter/2009-08/12/content_17378474.htm HTTP/1.1" 304 - "-" "msnbot/2.0b (+http://search.msn.com/msnbot.htm)"
123.235.40.243 - - [22/Nov/2009:00:13:58 +0800] "GET /cysh/fyt/dsjg/41.jpg HTTP/1.1" 304 - "http://image.baidu.com/i?ct=503316480&z=0&tn=baiduimagedetail&word=%B6%CB%C4%BE%D0%C2%BB%DC&in=2691&cl=2&cm=1&sc=0&lm=-1&pn=7&rn=1&di=6400440496&ln=596&fr=&ic=0&s=0" "Mozilla/4.0 (compatible; MSIE 6.0; Windows NT 5.1; SV1; .NET CLR 1.1.4322)"
202.108.251.39 - - [22/Nov/2009:00:13:59 +0800] "GET / HTTP/1.1" 304 - "-" "Mozilla/4.0+(compatible;+MSIE+7.0;+Windows+NT+5.1;+.NET+CLR+2.0.50727)"
117.23.204.247 - - [22/Nov/2009:00:13:59 +0800] "GET /1.htm HTTP/1.1" 304 - "http://www.jl.xinhuanet.com/1.htm" "Mozilla/4.0 (compatible; MSIE 6.0; Windows NT 5.1)"
123.235.40.243 - - [22/Nov/2009:00:13:59 +0800] "GET /shangye/2004-12/08/content_3485669.htm HTTP/1.1" 200 5902 "-" "Mozilla/5.0 (compatible; Yahoo! Slurp China; http://misc.yahoo.com.cn/help.html)"
61.129.34.183 - - [22/Nov/2009:00:14:00 +0800] "GET / HTTP/1.1" 200 145583 "-" "-"
123.235.40.243 - - [22/Nov/2009:00:14:00 +0800] "GET / HTTP/1.1" 200 145583 "-" "-"
61.129.34.183 - - [22/Nov/2009:00:14:00 +0800] "GET / HTTP/1.1" 200 145583 "-" "-"
61.129.34.183 - - [22/Nov/2009:00:14:00 +0800] "GET / HTTP/1.1" 200 145583 "-" "-"
123.235.40.243 - - [22/Nov/2009:00:14:00 +0800] "GET / HTTP/1.1" 200 145583 "-" "-"
123.235.40.243 - - [22/Nov/2009:00:14:00 +0800] "GET / HTTP/1.1" 200 145583 "-" "-"
123.235.40.243 - - [22/Nov/2009:00:14:00 +0800] "GET / HTTP/1.1" 200 145583 "-" "-"
61.129.34.183 - - [22/Nov/2009:00:14:00 +0800] "GET / HTTP/1.1" 200 145583 "-" "-"
123.235.40.242 - - [22/Nov/2009:00:14:00 +0800] "GET / HTTP/1.1" 200 145583 "-" "-"
123.235.40.242 - - [22/Nov/2009:00:14:00 +0800] "GET / HTTP/1.1" 200 145583 "-" "-"
123.235.40.242 - - [22/Nov/2009:00:14:00 +0800] "GET / HTTP/1.1" 200 145583 "-" "-"
123.235.40.242 - - [22/Nov/2009:00:14:00 +0800] "GET / HTTP/1.1" 200 145583 "-" "-"
59.175.131.253 - - [22/Nov/2009:00:14:00 +0800] "GET / HTTP/1.1" 200 145583 "-" "-"
59.175.131.253 - - [22/Nov/2009:00:14:00 +0800] "GET / HTTP/1.1" 200 145583 "-" "-"
59.175.131.253 - - [22/Nov/2009:00:14:00 +0800] "GET / HTTP/1.1" 200 145583 "-" "-"
59.175.131.253 - - [22/Nov/2009:00:14:00 +0800] "GET / HTTP/1.1" 200 145583 "-" "-"
222.141.52.126 - - [22/Nov/2009:00:14:00 +0800] "GET / HTTP/1.1" 200 145583 "-" "-"
222.141.52.126 - - [22/Nov/2009:00:14:00 +0800] "GET / HTTP/1.1" 200 145583 "-" "-"
222.141.52.126 - - [22/Nov/2009:00:14:00 +0800] "GET / HTTP/1.1" 200 145583 "-" "-"
222.141.52.126 - - [22/Nov/2009:00:14:00 +0800] "GET / HTTP/1.1" 200 145583 "-" "-"
202.108.251.39 - - [22/Nov/2009:00:14:00 +0800] "GET / HTTP/1.1" 200 145583 "-" "-"
202.108.251.39 - - [22/Nov/2009:00:14:00 +0800] "GET / HTTP/1.1" 200 145583 "-" "-"
202.108.251.39 - - [22/Nov/2009:00:14:00 +0800] "GET / HTTP/1.1" 200 145583 "-" "-"
202.108.251.39 - - [22/Nov/2009:00:14:00 +0800] "GET / HTTP/1.1" 200 145583 "-" "-"
117.23.204.247 - - [22/Nov/2009:00:14:00 +0800] "GET / HTTP/1.1" 200 145583 "-" "-"
121.14.234.178 - - [22/Nov/2009:00:14:00 +0800] "GET / HTTP/1.1" 200 145583 "-" "-"
121.14.234.178 - - [22/Nov/2009:00:14:00 +0800] "GET / HTTP/1.1" 200 145583 "-" "-"
117.23.204.247 - - [22/Nov/2009:00:14:00 +0800] "GET / HTTP/1.1" 200 145583 "-" "-"
58.215.110.209 - - [22/Nov/2009:00:14:00 +0800] "GET / HTTP/1.1" 200 145583 "-" "-"
58.215.110.209 - - [22/Nov/2009:00:14:00 +0800] "GET / HTTP/1.1" 200 145583 "-" "-"
117.23.204.247 - - [22/Nov/2009:00:14:00 +0800] "GET / HTTP/1.1" 200 145583 "-" "-"
121.14.234.178 - - [22/Nov/2009:00:14:00 +0800] "GET / HTTP/1.1" 200 145583 "-" "-"
61.164.61.68 - - [22/Nov/2009:00:14:00 +0800] "GET / HTTP/1.1" 200 145583 "-" "-"
61.164.61.68 - - [22/Nov/2009:00:14:00 +0800] "GET / HTTP/1.1" 200 145583 "-" "-"
121.14.234.178 - - [22/Nov/2009:00:14:00 +0800] "GET / HTTP/1.1" 200 145583 "-" "-"
58.215.110.209 - - [22/Nov/2009:00:14:00 +0800] "GET / HTTP/1.1" 200 145583 "-" "-"
58.215.110.209 - - [22/Nov/2009:00:14:00 +0800] "GET / HTTP/1.1" 200 145583 "-" "-"
117.23.204.247 - - [22/Nov/2009:00:14:00 +0800] "GET / HTTP/1.1" 200 145583 "-" "-"
61.164.61.68 - - [22/Nov/2009:00:14:00 +0800] "GET / HTTP/1.1" 200 145583 "-" "-"
61.164.61.68 - - [22/Nov/2009:00:14:00 +0800] "GET / HTTP/1.1" 200 145583 "-" "-"
221.192.149.81 - - [22/Nov/2009:00:14:01 +0800] "GET / HTTP/1.1" 200 145583 "-" "-"
221.192.149.81 - - [22/Nov/2009:00:14:01 +0800] "GET / HTTP/1.1" 200 145583 "-" "-"
221.192.149.81 - - [22/Nov/2009:00:14:01 +0800] "GET / HTTP/1.1" 200 145583 "-" "-"
221.192.149.81 - - [22/Nov/2009:00:14:01 +0800] "GET / HTTP/1.1" 200 145583 "-" "-"
119.147.105.245 - - [22/Nov/2009:00:14:01 +0800] "GET / HTTP/1.1" 200 145583 "-" "-"
119.147.105.245 - - [22/Nov/2009:00:14:01 +0800] "GET / HTTP/1.1" 200 145583 "-" "-"
119.147.105.245 - - [22/Nov/2009:00:14:01 +0800] "GET / HTTP/1.1" 200 145583 "-" "-"
119.147.105.245 - - [22/Nov/2009:00:14:01 +0800] "GET / HTTP/1.1" 200 145583 "-" "-"
218.213.69.115 - - [22/Nov/2009:00:14:01 +0800] "GET / HTTP/1.1" 200 145583 "-" "-"
218.213.69.115 - - [22/Nov/2009:00:14:01 +0800] "GET / HTTP/1.1" 200 145583 "-" "-"
218.213.69.115 - - [22/Nov/2009:00:14:01 +0800] "GET / HTTP/1.1" 200 145583 "-" "-"
121.194.1.104 - - [22/Nov/2009:00:14:02 +0800] "GET / HTTP/1.1" 200 145583 "-" "-"
203.192.6.90 - - [22/Nov/2009:00:14:02 +0800] "GET /2006shangye/2009-09/10/content_17659563.htm HTTP/1.1" 200 20704 "-" "Mozilla/5.0 (compatible; Yahoo! Slurp/3.0; http://help.yahoo.com/help/us/ysearch/slurp)"
123.235.40.242 - - [22/Nov/2009:00:14:03 +0800] "GET /xhsjl/image/xhlogo_jl.gif HTTP/1.1" 304 - "http://www.jl.xinhuanet.com/xhsjl/news/meiti/2002/08/20020821-06.htm" "Mozilla/4.0 (compatible; MSIE 6.0; Windows NT 5.1; Foxy/1)"
123.235.40.242 - - [22/Nov/2009:00:14:03 +0800] "GET /xhsjl/news/news_image/2002/08/photo08014-3.jpg HTTP/1.1" 304 - "http://www.jl.xinhuanet.com/xhsjl/news/meiti/2002/08/20020821-06.htm" "Mozilla/4.0 (compatible; MSIE 6.0; Windows NT 5.1; Foxy/1)"
121.194.1.104 - - [22/Nov/2009:00:14:03 +0800] "GET / HTTP/1.1" 200 145583 "-" "-"
123.235.40.242 - - [22/Nov/2009:00:14:03 +0800] "GET /xhsjl/image/bottum.gif HTTP/1.1" 304 - "http://www.jl.xinhuanet.com/xhsjl/news/meiti/2002/08/20020821-06.htm" "Mozilla/4.0 (compatible; MSIE 6.0; Windows NT 5.1; Foxy/1)"
123.235.40.242 - - [22/Nov/2009:00:14:03 +0800] "GET /xhsjl/image/jiao.gif HTTP/1.1" 304 - "http://www.jl.xinhuanet.com/xhsjl/news/meiti/2002/08/20020821-06.htm" "Mozilla/4.0 (compatible; MSIE 6.0; Windows NT 5.1; Foxy/1)"
123.235.40.242 - - [22/Nov/2009:00:14:04 +0800] "GET /xhsjl/image/jiao5.gif HTTP/1.1" 304 - "http://www.jl.xinhuanet.com/xhsjl/news/meiti/2002/08/20020821-06.htm" "Mozilla/4.0 (compatible; MSIE 6.0; Windows NT 5.1; Foxy/1)"
117.23.204.247 - - [22/Nov/2009:00:14:04 +0800] "GET /yingshi/2009-07/02/content_16974702.htm HTTP/1.1" 304 - "-" "Sosospider+(+http://help.soso.com/webspider.htm)"
203.208.60.213 - - [22/Nov/2009:00:14:05 +0800] "GET /yingshi/2005-11/28/content_8501258.htm HTTP/1.1" 304 - "-" "Mozilla/5.0 (compatible; Googlebot/2.1; +http://www.google.com/bot.html)"
123.235.40.242 - - [22/Nov/2009:00:14:06 +0800] "GET /xhsjl/image/jiao4.gif HTTP/1.1" 304 - "http://www.jl.xinhuanet.com/xhsjl/news/meiti/2002/08/20020821-06.htm" "Mozilla/4.0 (compatible; MSIE 6.0; Windows NT 5.1; Foxy/1)"
203.192.6.92 - - [22/Nov/2009:00:14:08 +0800] "GET /news/2004-05/18/content_2145751.htm HTTP/1.1" 200 22437 "-" "Mozilla/5.0 (compatible; Yahoo! Slurp/3.0; http://help.yahoo.com/help/us/ysearch/slurp)"
124.115.0.141 - - [22/Nov/2009:00:14:09 +0800] "GET /2006ms/index.htm HTTP/1.1" 200 21090 "-" "Sosospider+(+http://help.soso.com/webspider.htm)"
123.235.40.242 - - [22/Nov/2009:00:14:09 +0800] "GET /xhsjl/image/date.js HTTP/1.1" 304 - "http://www.jl.xinhuanet.com/xhsjl/news/meiti/2002/08/20020821-06.htm" "Mozilla/4.0 (compatible; MSIE 6.0; Windows NT 5.1; Foxy/1)"
123.235.40.243 - - [22/Nov/2009:00:14:10 +0800] "GET /jlzw/2008-05/13/content_13238685.htm HTTP/1.1" 304 - "-" "Mozilla/5.0 (compatible; Yahoo! Slurp China; http://misc.yahoo.com.cn/help.html)"
202.160.189.241 - - [22/Nov/2009:00:14:11 +0800] "GET /newscenter/2008-10/19/content_14677918.htm HTTP/1.0" 200 18123 "-" "Mozilla/5.0 (compatible; Yahoo! Slurp China; http://misc.yahoo.com.cn/help.html)"
121.14.234.178 - - [22/Nov/2009:00:14:13 +0800] "GET /xcbb/auto/xin_346a06d01f7d41a6815c32c37b3aa50a_28.jpg HTTP/1.1" 304 - "pic.sogou.com" "Sogou Pic Spider/3.0(+http://www.sogou.com/docs/help/webmasters.htm#07)"
123.235.40.242 - - [22/Nov/2009:00:14:13 +0800] "GET /xhsjl/news/image/meiti.gif HTTP/1.1" 304 - "http://www.jl.xinhuanet.com/xhsjl/news/meiti/2002/08/20020821-06.htm" "Mozilla/4.0 (compatible; MSIE 6.0; Windows NT 5.1; Foxy/1)"
61.164.61.68 - - [22/Nov/2009:00:14:14 +0800] "GET /news/2004-06/28/content_2390278.htm HTTP/1.1" 200 15355 "http://www.baidu.com/s?bs=%D5%E3%BD%AD%C0%F6%CB%AE%CD%F5%CE%C4%B4%EF%B0%F3%BC%DC&f=8&wd=%C0%EE%BE%FC%CE%B0%C9%B1%C8%CB" "Mozilla/4.0 (compatible; MSIE 6.0; Windows NT 5.1; SV1; GTB6; .NET CLR 2.0.50727; CIBA)"
61.164.61.68 - - [22/Nov/2009:00:14:15 +0800] "GET /images/xhlogo_jl.gif HTTP/1.1" 304 - "http://www.jl.xinhuanet.com/news/2004-06/28/content_2390278.htm" "Mozilla/4.0 (compatible; MSIE 6.0; Windows NT 5.1; SV1; GTB6; .NET CLR 2.0.50727; CIBA)"
61.164.61.68 - - [22/Nov/2009:00:14:15 +0800] "GET /images/title6.gif HTTP/1.1" 304 - "http://www.jl.xinhuanet.com/news/2004-06/28/content_2390278.htm" "Mozilla/4.0 (compatible; MSIE 6.0; Windows NT 5.1; SV1; GTB6; .NET CLR 2.0.50727; CIBA)"
61.164.61.68 - - [22/Nov/2009:00:14:15 +0800] "GET /images/searchbutton.gif HTTP/1.1" 304 - "http://www.jl.xinhuanet.com/news/2004-06/28/content_2390278.htm" "Mozilla/4.0 (compatible; MSIE 6.0; Windows NT 5.1; SV1; GTB6; .NET CLR 2.0.50727; CIBA)"
61.164.61.68 - - [22/Nov/2009:00:14:16 +0800] "GET /images/jiao17.gif HTTP/1.1" 304 - "http://www.jl.xinhuanet.com/news/2004-06/28/content_2390278.htm" "Mozilla/4.0 (compatible; MSIE 6.0; Windows NT 5.1; SV1; GTB6; .NET CLR 2.0.50727; CIBA)"
123.235.40.242 - - [22/Nov/2009:00:14:16 +0800] "GET /xhsjl/image/dline2.gif HTTP/1.1" 304 - "http://www.jl.xinhuanet.com/xhsjl/news/meiti/2002/08/20020821-06.htm" "Mozilla/4.0 (compatible; MSIE 6.0; Windows NT 5.1; Foxy/1)"
61.164.61.68 - - [22/Nov/2009:00:14:16 +0800] "GET /images/jujiao1.gif HTTP/1.1" 304 - "http://www.jl.xinhuanet.com/news/2004-06/28/content_2390278.htm" "Mozilla/4.0 (compatible; MSIE 6.0; Windows NT 5.1; SV1; GTB6; .NET CLR 2.0.50727; CIBA)"
61.164.61.68 - - [22/Nov/2009:00:14:16 +0800] "GET /images/dline2.gif HTTP/1.1" 304 - "http://www.jl.xinhuanet.com/news/2004-06/28/content_2390278.htm" "Mozilla/4.0 (compatible; MSIE 6.0; Windows NT 5.1; SV1; GTB6; .NET CLR 2.0.50727; CIBA)"
61.164.61.68 - - [22/Nov/2009:00:14:16 +0800] "GET /images/jujiao2.gif HTTP/1.1" 304 - "http://www.jl.xinhuanet.com/news/2004-06/28/content_2390278.htm" "Mozilla/4.0 (compatible; MSIE 6.0; Windows NT 5.1; SV1; GTB6; .NET CLR 2.0.50727; CIBA)"
61.164.61.68 - - [22/Nov/2009:00:14:16 +0800] "GET /images/bottum.gif HTTP/1.1" 304 - "http://www.jl.xinhuanet.com/news/2004-06/28/content_2390278.htm" "Mozilla/4.0 (compatible; MSIE 6.0; Windows NT 5.1; SV1; GTB6; .NET CLR 2.0.50727; CIBA)"
61.164.61.68 - - [22/Nov/2009:00:14:16 +0800] "GET /images/jiao5.gif HTTP/1.1" 304 - "http://www.jl.xinhuanet.com/news/2004-06/28/content_2390278.htm" "Mozilla/4.0 (compatible; MSIE 6.0; Windows NT 5.1; SV1; GTB6; .NET CLR 2.0.50727; CIBA)"
61.164.61.68 - - [22/Nov/2009:00:14:16 +0800] "GET /news/2004-06/28/xin_02060127141656052093.jpg HTTP/1.1" 200 17154 "http://www.jl.xinhuanet.com/news/2004-06/28/content_2390278.htm" "Mozilla/4.0 (compatible; MSIE 6.0; Windows NT 5.1; SV1; GTB6; .NET CLR 2.0.50727; CIBA)"
123.235.40.242 - - [22/Nov/2009:00:14:16 +0800] "GET /xhsjl/image/jujiao2.gif HTTP/1.1" 304 - "http://www.jl.xinhuanet.com/xhsjl/news/meiti/2002/08/20020821-06.htm" "Mozilla/4.0 (compatible; MSIE 6.0; Windows NT 5.1; Foxy/1)"
61.164.61.68 - - [22/Nov/2009:00:14:16 +0800] "GET /images/jiao4.gif HTTP/1.1" 304 - "http://www.jl.xinhuanet.com/news/2004-06/28/content_2390278.htm" "Mozilla/4.0 (compatible; MSIE 6.0; Windows NT 5.1; SV1; GTB6; .NET CLR 2.0.50727; CIBA)"
61.164.61.68 - - [22/Nov/2009:00:14:16 +0800] "GET /images/date.js HTTP/1.1" 304 - "http://www.jl.xinhuanet.com/news/2004-06/28/content_2390278.htm" "Mozilla/4.0 (compatible; MSIE 6.0; Windows NT 5.1; SV1; GTB6; .NET CLR 2.0.50727; CIBA)"
123.235.40.242 - - [22/Nov/2009:00:14:16 +0800] "GET /xhsjl/news/image/dot3.gif HTTP/1.1" 304 - "http://www.jl.xinhuanet.com/xhsjl/news/meiti/2002/08/20020821-06.htm" "Mozilla/4.0 (compatible; MSIE 6.0; Windows NT 5.1; Foxy/1)"
61.164.61.68 - - [22/Nov/2009:00:14:17 +0800] "GET /newscenter/fzsh/index.htm HTTP/1.1" 304 - "-" "-"
61.164.61.68 - - [22/Nov/2009:00:14:17 +0800] "GET /newscenter/yaowen/index.htm HTTP/1.1" 304 - "-" "-"
61.164.61.68 - - [22/Nov/2009:00:14:18 +0800] "GET /images/banner.swf HTTP/1.1" 304 - "http://www.jl.xinhuanet.com/news/2004-06/28/content_2390278.htm" "Mozilla/4.0 (compatible; MSIE 6.0; Windows NT 5.1; SV1; GTB6; .NET CLR 2.0.50727; CIBA)"
61.164.61.68 - - [22/Nov/2009:00:14:18 +0800] "GET /newscenter/jiceng/index.htm HTTP/1.1" 304 - "-" "-"
117.23.204.247 - - [22/Nov/2009:00:14:18 +0800] "GET /xhsjzkjl/2003/2005-11/08/xin_07110208093529610051.jpg HTTP/1.1" 200 68793 "http://image.baidu.com/i?ct=503316480&z=0&tn=baiduimagedetail&word=%B5%DA%C8%FD%BD%DA%C8%AB%B9%FA%CF%E7%B4%E5%C7%E0%C4%EA%B2%C5%D2%D5%B7%E7%B2%C9%B4%F3%C8%FC&in=4074&cl=2&cm=1&sc=0&lm=-1&pn=11&rn=1&di=974802352&ln=281&fr=&ic=0&s=0" "Mozilla/4.0 (compatible; MSIE 6.0; Windows NT 5.1; SV1; Sicent; icafe8; .NET CLR 2.0.50727)"
222.141.52.126 - - [22/Nov/2009:00:14:20 +0800] "GET /news/2004-08/01/xin_210701291518671277732.jpg HTTP/1.1" 200 6074 "http://image.baidu.com/i?ct=503316480&z=0&tn=baiduimagedetail&word=%BC%AA%C1%D6%B6%D8%BB%AF&in=1147&cl=2&cm=1&sc=0&lm=-1&pn=99&rn=1&di=6005938048&ln=1270&fr=&ic=0&s=0" "Mozilla/4.0 (compatible; MSIE 6.0; Windows NT 5.1; SV1)"
123.235.40.242 - - [22/Nov/2009:00:14:22 +0800] "GET /xhsjl/image/jujiao1.gif HTTP/1.1" 304 - "http://www.jl.xinhuanet.com/xhsjl/news/meiti/2002/08/20020821-06.htm" "Mozilla/4.0 (compatible; MSIE 6.0; Windows NT 5.1; Foxy/1)"
221.192.149.81 - - [22/Nov/2009:00:14:23 +0800] "GET /newscenter/2006-01/20/xin_560103200856609106262.jpg HTTP/1.1" 304 - "http://tieba.baidu.com/f?kz=79067323" "Mozilla/4.0 (compatible; MSIE 6.0; Windows NT 5.1; SV1)"
221.192.149.81 - - [22/Nov/2009:00:14:23 +0800] "GET /newscenter/2006-01/20/xin_570103200856203237903.jpg HTTP/1.1" 304 - "http://tieba.baidu.com/f?kz=79067323" "Mozilla/4.0 (compatible; MSIE 6.0; Windows NT 5.1; SV1)"
123.235.40.242 - - [22/Nov/2009:00:14:24 +0800] "GET /xhsjl/image/4-25banner.gif HTTP/1.1" 304 - "http://www.jl.xinhuanet.com/xhsjl/news/meiti/2002/08/20020821-06.htm" "Mozilla/4.0 (compatible; MSIE 6.0; Windows NT 5.1; Foxy/1)"
121.14.234.178 - - [22/Nov/2009:00:14:25 +0800] "GET /main/2001005/huadian/index01.htm HTTP/1.1" 200 4014 "-" "Sogou web spider/4.0(+http://www.sogou.com/docs/help/webmasters.htm#07)"
65.55.106.231 - - [22/Nov/2009:00:14:25 +0800] "GET /dfwq/wqyw.htm HTTP/1.1" 304 - "-" "msnbot/2.0b (+http://search.msn.com/msnbot.htm)"
117.23.204.247 - - [22/Nov/2009:00:14:26 +0800] "GET /newscenter/2005-11/20/content_5628075.htm?n=1&p=2291 HTTP/1.1" 304 - "-" "Sosospider+(+http://help.soso.com/webspider.htm)"
67.195.114.244 - - [22/Nov/2009:00:14:27 +0800] "GET /xhsjzkjl/2009-11/19/content_18279743.htm HTTP/1.0" 200 17540 "-" "Mozilla/5.0 (compatible; Yahoo! Slurp/3.0; http://help.yahoo.com/help/us/ysearch/slurp)"
67.218.116.164 - - [22/Nov/2009:00:14:29 +0800] "GET /newscenter/2009-10/23/content_18023397.htm HTTP/1.0" 200 17489 "-" "Mozilla/5.0 (Twiceler-0.9 http://www.cuil.com/twiceler/robot.html)"
123.235.40.243 - - [22/Nov/2009:00:14:30 +0800] "GET /favicon.ico HTTP/1.1" 404 279 "-" "Mozilla/4.0 (compatible; MSIE 7.0; Windows NT 5.1; Mozilla/4.0 (compatible; MSIE 6.0; Windows NT 5.1; SV1) ; CIBA; .NET CLR 2.0.50727; .NET CLR 3.0.04506.648; .NET CLR 3.5.21022)"
123.235.40.243 - - [22/Nov/2009:00:14:30 +0800] "GET /shangye/jingyueski/ HTTP/1.1" 304 - "http://www.baidu.com/s?bs=%B6%AC%BC%BE%C2%C3%D3%CE%B5%C4%BA%C3%B5%D8%B7%BD&f=3&wd=%B3%A4%B4%BA%BB%AC%D1%A9%B3%A1&oq=%B3%A4%B4%BA%BB%AC%D1%A9&rsp=0" "Mozilla/4.0 (compatible; MSIE 7.0; Windows NT 5.1; Mozilla/4.0 (compatible; MSIE 6.0; Windows NT 5.1; SV1) ; CIBA; .NET CLR 2.0.50727; .NET CLR 3.0.04506.648; .NET CLR 3.5.21022)"
123.235.40.243 - - [22/Nov/2009:00:14:30 +0800] "GET /shangye/jingyueski/image/main.jpg HTTP/1.1" 304 - "http://www.jl.xinhuanet.com/shangye/jingyueski/" "Mozilla/4.0 (compatible; MSIE 7.0; Windows NT 5.1; Mozilla/4.0 (compatible; MSIE 6.0; Windows NT 5.1; SV1) ; CIBA; .NET CLR 2.0.50727; .NET CLR 3.0.04506.648; .NET CLR 3.5.21022)"
123.235.40.243 - - [22/Nov/2009:00:14:30 +0800] "GET /shangye/jingyueski/image/biglogo.swf HTTP/1.1" 304 - "http://www.jl.xinhuanet.com/shangye/jingyueski/" "Mozilla/4.0 (compatible; MSIE 7.0; Windows NT 5.1; Mozilla/4.0 (compatible; MSIE 6.0; Windows NT 5.1; SV1) ; CIBA; .NET CLR 2.0.50727; .NET CLR 3.0.04506.648; .NET CLR 3.5.21022)"
123.235.40.243 - - [22/Nov/2009:00:14:30 +0800] "GET /shangye/jingyueski/image/misc.gif HTTP/1.1" 304 - "http://www.jl.xinhuanet.com/shangye/jingyueski/" "Mozilla/4.0 (compatible; MSIE 7.0; Windows NT 5.1; Mozilla/4.0 (compatible; MSIE 6.0; Windows NT 5.1; SV1) ; CIBA; .NET CLR 2.0.50727; .NET CLR 3.0.04506.648; .NET CLR 3.5.21022)"
123.235.40.243 - - [22/Nov/2009:00:14:30 +0800] "GET /shangye/jingyueski/image/suodao.jpg HTTP/1.1" 304 - "http://www.jl.xinhuanet.com/shangye/jingyueski/" "Mozilla/4.0 (compatible; MSIE 7.0; Windows NT 5.1; Mozilla/4.0 (compatible; MSIE 6.0; Windows NT 5.1; SV1) ; CIBA; .NET CLR 2.0.50727; .NET CLR 3.0.04506.648; .NET CLR 3.5.21022)"
123.235.40.243 - - [22/Nov/2009:00:14:30 +0800] "GET /shangye/jingyueski/image/huacao.jpg HTTP/1.1" 304 - "http://www.jl.xinhuanet.com/shangye/jingyueski/" "Mozilla/4.0 (compatible; MSIE 7.0; Windows NT 5.1; Mozilla/4.0 (compatible; MSIE 6.0; Windows NT 5.1; SV1) ; CIBA; .NET CLR 2.0.50727; .NET CLR 3.0.04506.648; .NET CLR 3.5.21022)"
123.235.40.243 - - [22/Nov/2009:00:14:30 +0800] "GET /shangye/jingyueski/image/huaxue.jpg HTTP/1.1" 304 - "http://www.jl.xinhuanet.com/shangye/jingyueski/" "Mozilla/4.0 (compatible; MSIE 7.0; Windows NT 5.1; Mozilla/4.0 (compatible; MSIE 6.0; Windows NT 5.1; SV1) ; CIBA; .NET CLR 2.0.50727; .NET CLR 3.0.04506.648; .NET CLR 3.5.21022)"
123.235.40.243 - - [22/Nov/2009:00:14:30 +0800] "GET /shangye/jingyueski/image/motuo.jpg HTTP/1.1" 304 - "http://www.jl.xinhuanet.com/shangye/jingyueski/" "Mozilla/4.0 (compatible; MSIE 7.0; Windows NT 5.1; Mozilla/4.0 (compatible; MSIE 6.0; Windows NT 5.1; SV1) ; CIBA; .NET CLR 2.0.50727; .NET CLR 3.0.04506.648; .NET CLR 3.5.21022)"
123.235.40.243 - - [22/Nov/2009:00:14:30 +0800] "GET /shangye/jingyueski/image/trans.gif HTTP/1.1" 304 - "http://www.jl.xinhuanet.com/shangye/jingyueski/" "Mozilla/4.0 (compatible; MSIE 7.0; Windows NT 5.1; Mozilla/4.0 (compatible; MSIE 6.0; Windows NT 5.1; SV1) ; CIBA; .NET CLR 2.0.50727; .NET CLR 3.0.04506.648; .NET CLR 3.5.21022)"
123.235.40.243 - - [22/Nov/2009:00:14:30 +0800] "GET /shangye/jingyueski/image/huadao.jpg HTTP/1.1" 304 - "http://www.jl.xinhuanet.com/shangye/jingyueski/" "Mozilla/4.0 (compatible; MSIE 7.0; Windows NT 5.1; Mozilla/4.0 (compatible; MSIE 6.0; Windows NT 5.1; SV1) ; CIBA; .NET CLR 2.0.50727; .NET CLR 3.0.04506.648; .NET CLR 3.5.21022)"
123.235.40.243 - - [22/Nov/2009:00:14:30 +0800] "GET /shangye/jingyueski/image/paoma.jpg HTTP/1.1" 304 - "http://www.jl.xinhuanet.com/shangye/jingyueski/" "Mozilla/4.0 (compatible; MSIE 7.0; Windows NT 5.1; Mozilla/4.0 (compatible; MSIE 6.0; Windows NT 5.1; SV1) ; CIBA; .NET CLR 2.0.50727; .NET CLR 3.0.04506.648; .NET CLR 3.5.21022)"
123.235.40.243 - - [22/Nov/2009:00:14:30 +0800] "GET /shangye/jingyueski/image/pali.jpg HTTP/1.1" 304 - "http://www.jl.xinhuanet.com/shangye/jingyueski/" "Mozilla/4.0 (compatible; MSIE 7.0; Windows NT 5.1; Mozilla/4.0 (compatible; MSIE 6.0; Windows NT 5.1; SV1) ; CIBA; .NET CLR 2.0.50727; .NET CLR 3.0.04506.648; .NET CLR 3.5.21022)"
121.14.234.178 - - [22/Nov/2009:00:14:31 +0800] "GET /shangye/2006-11/14/content_8516778.htm HTTP/1.1" 200 34995 "-" "Sogou web spider/4.0(+http://www.sogou.com/docs/help/webmasters.htm#07)"
121.14.234.178 - - [22/Nov/2009:00:14:32 +0800] "GET /shangye/hzsc/index.htm HTTP/1.1" 304 - "-" "Sogou web spider/4.0(+http://www.sogou.com/docs/help/webmasters.htm#07)"
202.108.251.39 - - [22/Nov/2009:00:14:32 +0800] "GET /newscenter/2009-07/29/xin_4230706290908359165356.jpg HTTP/1.1" 304 - "http://image.baidu.com/i?ct=503316480&z=0&tn=baiduimagedetail&word=%B3%AF%CF%CA%D7%E5%CE%E8%B5%B8%CD%BC%C6%AC&in=29084&cl=2&cm=1&sc=0&lm=-1&pn=117&rn=1&di=7113715104&ln=1471&fr=ala0&ic=0&s=0" "Mozilla/4.0 (compatible; MSIE 6.0; Windows NT 5.1; SV1; CNCDialer; GTB5; QQPinyinSetup 620; .NET CLR 2.0.50727; 360SE)"
121.14.234.178 - - [22/Nov/2009:00:14:36 +0800] "GET /robots.txt HTTP/1.1" 404 274 "-" "-"
124.115.0.160 - - [22/Nov/2009:00:14:37 +0800] "GET /newscenter/wenti/index.htm HTTP/1.1" 200 56802 "-" "Sosospider+(+http://help.soso.com/webspider.htm)"
117.23.204.247 - - [22/Nov/2009:00:14:38 +0800] "GET /newscenter/2005-12/01/content_5715889.htm HTTP/1.1" 304 - "-" "Sosospider+(+http://help.soso.com/webspider.htm)"
202.160.188.212 - - [22/Nov/2009:00:14:40 +0800] "GET /newscenter/2009-10/29/content_18085062.htm HTTP/1.0" 304 - "-" "Mozilla/5.0 (compatible; Yahoo! Slurp China; http://misc.yahoo.com.cn/help.html)"
202.108.251.39 - - [22/Nov/2009:00:14:41 +0800] "GET /jlzw/2007-04/26/content_9895863.htm HTTP/1.1" 200 30467 "-" "Mozilla/5.0 (compatible; Yahoo! Slurp China; http://misc.yahoo.com.cn/help.html)"
69.191.211.202 - - [22/Nov/2009:00:14:40 +0800] "GET / HTTP/1.1" 200 145583 "-" "BLP_bbot/0.1"
117.23.204.247 - - [22/Nov/2009:00:14:42 +0800] "GET /newscenter/2009-10/03/content_17870127.htm HTTP/1.1" 304 - "-" "Sosospider+(+http://help.soso.com/webspider.htm)"
203.192.6.76 - - [22/Nov/2009:00:14:42 +0800] "GET /2006shangye/2009-09/10/content_17653541.htm HTTP/1.1" 200 17230 "-" "Mozilla/5.0 (compatible; Yahoo! Slurp/3.0; http://help.yahoo.com/help/us/ysearch/slurp)"
202.108.251.39 - - [22/Nov/2009:00:14:43 +0800] "GET /xhsjzkjl/2003/2004-04/08/content_1938741.htm HTTP/1.1" 200 7452 "-" "Mozilla/5.0 (compatible; Yahoo! Slurp China; http://misc.yahoo.com.cn/help.html)"
203.208.60.164 - - [22/Nov/2009:00:14:44 +0800] "GET /2008/2009alb/pic/cswb/lmg.JPG HTTP/1.1" 200 4939 "-" "Googlebot-Image/1.0"
203.208.60.164 - - [22/Nov/2009:00:14:44 +0800] "GET /newscenter/zhoukan/024/images/N24_r7_c9.gif HTTP/1.1" 200 3386 "-" "Googlebot-Image/1.0"
203.208.60.164 - - [22/Nov/2009:00:14:44 +0800] "GET /newscenter/zhoukan/024/images/N24_r33_c1.gif HTTP/1.1" 200 2348 "-" "Googlebot-Image/1.0"
203.208.60.164 - - [22/Nov/2009:00:14:45 +0800] "GET /2008/2009alb/pic/jldst/lzp.JPG HTTP/1.1" 200 4630 "-" "Googlebot-Image/1.0"
123.235.40.242 - - [22/Nov/2009:00:14:45 +0800] "GET /2007ztzb/aiwozhonghua/images/jh.mp3 HTTP/1.1" 304 - "-" "NSPlayer/10.0.0.4054 WMFSDK/10.0"
203.208.60.164 - - [22/Nov/2009:00:14:45 +0800] "GET /newscenter/zhoukan/024/images/N24_r8_c9.gif HTTP/1.1" 200 3024 "-" "Googlebot-Image/1.0"
123.235.40.243 - - [22/Nov/2009:00:14:46 +0800] "GET /temp/2006-01/22/content_6104938.htm HTTP/1.1" 304 - "-" "Mozilla/5.0 (compatible; Yahoo! Slurp China; http://misc.yahoo.com.cn/help.html)"
203.208.60.164 - - [22/Nov/2009:00:14:46 +0800] "GET /newscenter/zhoukan/024/images/N24_r1_c2.gif HTTP/1.1" 200 6093 "-" "Googlebot-Image/1.0"
119.147.105.245 - - [22/Nov/2009:00:14:47 +0800] "GET /newscenter/2007-08/27/xin_240804271554296212383.jpg HTTP/1.1" 304 - "http://user.qzone.qq.com/1187706698?ptlang=2052" "Mozilla/4.0 (compatible; MSIE 6.0; Windows NT 5.1; SV1)"
203.192.6.76 - - [22/Nov/2009:00:14:49 +0800] "GET /home/images/style.css HTTP/1.1" 200 2675 "http://www.jl.xinhuanet.com/2006shangye/2009-09/10/content_17653541.htm" "Mozilla/5.0 (compatible; Yahoo! Slurp/3.0; http://help.yahoo.com/help/us/ysearch/slurp)"
117.23.204.247 - - [22/Nov/2009:00:14:49 +0800] "GET /jlzw/2007-07/18/content_10607076.htm HTTP/1.1" 304 - "-" "Sosospider+(+http://help.soso.com/webspider.htm)"
123.235.40.243 - - [22/Nov/2009:00:14:49 +0800] "GET /newscenter/2005-04/22/xin_42040222103387591515.jpg HTTP/1.1" 200 44901 "http://image.baidu.com/i?ct=503316480&z=0&tn=baiduimagedetail&word=%D1%D3%BC%AA&in=24752&cl=2&cm=1&sc=0&lm=-1&pn=0&rn=1&di=4312096673&ln=2000&fr=&ic=0&s=0" "Mozilla/5.0 (Windows; U; Windows NT 6.1; zh-CN; rv:1.9.1.3) Gecko/20090824 Firefox/3.5.3 QQDownload/1.7"
203.192.6.76 - - [22/Nov/2009:00:14:49 +0800] "GET /mod2006/top.htm HTTP/1.1" 200 12347 "http://www.jl.xinhuanet.com/2006shangye/2009-09/10/content_17653541.htm" "Mozilla/5.0 (compatible; Yahoo! Slurp/3.0; http://help.yahoo.com/help/us/ysearch/slurp)"
203.192.6.76 - - [22/Nov/2009:00:14:49 +0800] "GET /home/bottom.htm HTTP/1.1" 200 1363 "http://www.jl.xinhuanet.com/2006shangye/2009-09/10/content_17653541.htm" "Mozilla/5.0 (compatible; Yahoo! Slurp/3.0; http://help.yahoo.com/help/us/ysearch/slurp)"
203.192.6.76 - - [22/Nov/2009:00:14:49 +0800] "GET /newscenter/link-news/index.htm HTTP/1.1" 200 6118 "http://www.jl.xinhuanet.com/2006shangye/2009-09/10/content_17653541.htm" "Mozilla/5.0 (compatible; Yahoo! Slurp/3.0; http://help.yahoo.com/help/us/ysearch/slurp)"
203.192.6.76 - - [22/Nov/2009:00:14:50 +0800] "GET /mod2006/images/css.css HTTP/1.1" 200 1043 "http://www.jl.xinhuanet.com/mod2006/top.htm" "Mozilla/5.0 (compatible; Yahoo! Slurp/3.0; http://help.yahoo.com/help/us/ysearch/slurp)"
123.235.40.243 - - [22/Nov/2009:00:14:50 +0800] "GET /sqbl/sqbl.htm HTTP/1.1" 304 - "-" "Mozilla/5.0 (compatible; Yahoo! Slurp China; http://misc.yahoo.com.cn/help.html)"
123.235.40.242 - - [22/Nov/2009:00:14:51 +0800] "GET / HTTP/1.1" 304 - "http://www.jl.xinhuanet.com/" "Mozilla/4.0 (compatible; MSIE 6.0; Windows NT 5.2; SV1; .NET CLR 1.1.4322; .NET CLR 2.0.50727)"
202.108.251.39 - - [22/Nov/2009:00:14:51 +0800] "GET /shangye/2006-11/02/content_8417592.htm HTTP/1.1" 304 - "-" "Mozilla/5.0 (compatible; Yahoo! Slurp China; http://misc.yahoo.com.cn/help.html)"
123.235.40.242 - - [22/Nov/2009:00:14:51 +0800] "GET /newscenter/photo_news.htm HTTP/1.1" 304 - "http://www.jl.xinhuanet.com/newscenter" "Mozilla/4.0 (compatible; MSIE 6.0; Windows NT 5.2; SV1; .NET CLR 1.1.4322; .NET CLR 2.0.50727)"
221.192.149.81 - - [22/Nov/2009:00:14:52 +0800] "GET /shangye/2007-08/21/content_10918837.htm HTTP/1.1" 304 - "http://www.baidu.com/s?tn=site888_pg&lm=-1&word=%C1%C9%D4%B4%CA%D0%D5%FE%B8%AE%BD%F0%B4%B0%B0%AE" "Mozilla/4.0 (compatible; MSIE 6.0; Windows NT 5.1; SV1; QQPinyinSetup 620)"
221.192.149.81 - - [22/Nov/2009:00:14:52 +0800] "GET /shangye/renwu/images/style.css HTTP/1.1" 304 - "http://www.jl.xinhuanet.com/shangye/2007-08/21/content_10918837.htm" "Mozilla/4.0 (compatible; MSIE 6.0; Windows NT 5.1; SV1; QQPinyinSetup 620)"
221.192.149.81 - - [22/Nov/2009:00:14:52 +0800] "GET /shangye/renwu/images/navigation_bg.gif HTTP/1.1" 304 - "http://www.jl.xinhuanet.com/shangye/2007-08/21/content_10918837.htm" "Mozilla/4.0 (compatible; MSIE 6.0; Windows NT 5.1; SV1; QQPinyinSetup 620)"
221.192.149.81 - - [22/Nov/2009:00:14:52 +0800] "GET /shangye/renwu/images/title_rw.gif HTTP/1.1" 304 - "http://www.jl.xinhuanet.com/shangye/2007-08/21/content_10918837.htm" "Mozilla/4.0 (compatible; MSIE 6.0; Windows NT 5.1; SV1; QQPinyinSetup 620)"
221.192.149.81 - - [22/Nov/2009:00:14:52 +0800] "GET /shangye/renwu/docc/images/left_bg.gif HTTP/1.1" 304 - "http://www.jl.xinhuanet.com/shangye/2007-08/21/content_10918837.htm" "Mozilla/4.0 (compatible; MSIE 6.0; Windows NT 5.1; SV1; QQPinyinSetup 620)"
221.192.149.81 - - [22/Nov/2009:00:14:52 +0800] "GET /shangye/renwu/docc/images/right_title01.gif HTTP/1.1" 304 - "http://www.jl.xinhuanet.com/shangye/2007-08/21/content_10918837.htm" "Mozilla/4.0 (compatible; MSIE 6.0; Windows NT 5.1; SV1; QQPinyinSetup 620)"
221.192.149.81 - - [22/Nov/2009:00:14:52 +0800] "GET /shangye/renwu/docc/images/right_title02.gif HTTP/1.1" 304 - "http://www.jl.xinhuanet.com/shangye/2007-08/21/content_10918837.htm" "Mozilla/4.0 (compatible; MSIE 6.0; Windows NT 5.1; SV1; QQPinyinSetup 620)"
221.192.149.81 - - [22/Nov/2009:00:14:52 +0800] "GET /shangye/renwu/docc/images/right_bg03.gif HTTP/1.1" 304 - "http://www.jl.xinhuanet.com/shangye/2007-08/21/content_10918837.htm" "Mozilla/4.0 (compatible; MSIE 6.0; Windows NT 5.1; SV1; QQPinyinSetup 620)"
221.192.149.81 - - [22/Nov/2009:00:14:52 +0800] "GET /shangye/renwu/docc/images/right_bg01.gif HTTP/1.1" 304 - "http://www.jl.xinhuanet.com/shangye/2007-08/21/content_10918837.htm" "Mozilla/4.0 (compatible; MSIE 6.0; Windows NT 5.1; SV1; QQPinyinSetup 620)"
221.192.149.81 - - [22/Nov/2009:00:14:52 +0800] "GET /shangye/renwu/docc/images/list_title.gif HTTP/1.1" 304 - "http://www.jl.xinhuanet.com/shangye/2007-08/21/content_10918837.htm" "Mozilla/4.0 (compatible; MSIE 6.0; Windows NT 5.1; SV1; QQPinyinSetup 620)"
221.192.149.81 - - [22/Nov/2009:00:14:52 +0800] "GET /shangye/renwu/docc/images/right_bg.gif HTTP/1.1" 304 - "http://www.jl.xinhuanet.com/shangye/2007-08/21/content_10918837.htm" "Mozilla/4.0 (compatible; MSIE 6.0; Windows NT 5.1; SV1; QQPinyinSetup 620)"
221.192.149.81 - - [22/Nov/2009:00:14:52 +0800] "GET /shangye/renwu/docc/images/right_title03.gif HTTP/1.1" 304 - "http://www.jl.xinhuanet.com/shangye/2007-08/21/content_10918837.htm" "Mozilla/4.0 (compatible; MSIE 6.0; Windows NT 5.1; SV1; QQPinyinSetup 620)"
221.192.149.81 - - [22/Nov/2009:00:14:52 +0800] "GET /shangye/renwu/docc/images/right_title04.gif HTTP/1.1" 304 - "http://www.jl.xinhuanet.com/shangye/2007-08/21/content_10918837.htm" "Mozilla/4.0 (compatible; MSIE 6.0; Windows NT 5.1; SV1; QQPinyinSetup 620)"
221.192.149.81 - - [22/Nov/2009:00:14:52 +0800] "GET /shangye/renwu/images/rwgs_sign.gif HTTP/1.1" 304 - "http://www.jl.xinhuanet.com/shangye/2007-08/21/content_10918837.htm" "Mozilla/4.0 (compatible; MSIE 6.0; Windows NT 5.1; SV1; QQPinyinSetup 620)"
221.192.149.81 - - [22/Nov/2009:00:14:52 +0800] "GET /shangye/renwu/docc/images/right_bg02.gif HTTP/1.1" 304 - "http://www.jl.xinhuanet.com/shangye/2007-08/21/content_10918837.htm" "Mozilla/4.0 (compatible; MSIE 6.0; Windows NT 5.1; SV1; QQPinyinSetup 620)"
221.192.149.81 - - [22/Nov/2009:00:14:52 +0800] "GET /shangye/food_new/pic/jlxjx_dian.gif HTTP/1.1" 304 - "http://www.jl.xinhuanet.com/shangye/2007-08/21/content_10918837.htm" "Mozilla/4.0 (compatible; MSIE 6.0; Windows NT 5.1; SV1; QQPinyinSetup 620)"
221.192.149.81 - - [22/Nov/2009:00:14:52 +0800] "GET /shangye/renwu/docc/images/right_bg04.gif HTTP/1.1" 304 - "http://www.jl.xinhuanet.com/shangye/2007-08/21/content_10918837.htm" "Mozilla/4.0 (compatible; MSIE 6.0; Windows NT 5.1; SV1; QQPinyinSetup 620)"
221.192.149.81 - - [22/Nov/2009:00:14:52 +0800] "GET /shangye/2007-08/21/xin_06090223151134246993.jpg HTTP/1.1" 200 21077 "http://www.jl.xinhuanet.com/shangye/2007-08/21/content_10918837.htm" "Mozilla/4.0 (compatible; MSIE 6.0; Windows NT 5.1; SV1; QQPinyinSetup 620)"
221.192.149.81 - - [22/Nov/2009:00:14:52 +0800] "GET /shangye/renwu/images/down_line.gif HTTP/1.1" 304 - "http://www.jl.xinhuanet.com/shangye/2007-08/21/content_10918837.htm" "Mozilla/4.0 (compatible; MSIE 6.0; Windows NT 5.1; SV1; QQPinyinSetup 620)"
221.192.149.81 - - [22/Nov/2009:00:14:52 +0800] "GET /shangye/renwu/images/biao.gif HTTP/1.1" 304 - "http://www.jl.xinhuanet.com/shangye/2007-08/21/content_10918837.htm" "Mozilla/4.0 (compatible; MSIE 6.0; Windows NT 5.1; SV1; QQPinyinSetup 620)"
