203.208.60.250 - - [22/Nov/2009:00:06:31 +0800] "GET /news/meiti/meiti.htm HTTP/1.1" 304 - "-" "Mozilla/5.0 (compatible; Googlebot/2.1; +http://www.google.com/bot.html)"
202.89.238.199 - - [22/Nov/2009:00:06:33 +0800] "GET /yingshi/2006-11/28/xin_371103281102539286412.jpg HTTP/1.1" 200 24245 "-" "-"
203.208.60.251 - - [22/Nov/2009:00:06:38 +0800] "GET /newscenter/yaowen/index.htm HTTP/1.1" 304 - "-" "Mozilla/5.0 (compatible; Googlebot/2.1; +http://www.google.com/bot.html)"
221.192.149.81 - - [22/Nov/2009:00:06:40 +0800] "GET /newscenter/jiceng/index.htm HTTP/1.1" 304 - "-" "Baiduspider-news+(+http://www.baidu.com/search/spider.htm)"
121.14.234.178 - - [22/Nov/2009:00:06:41 +0800] "GET /xhsjzkjl/2009-11/21/content_18293418.htm HTTP/1.1" 304 - "-" "Mozilla/5.0 (Windows; U; Windows NT 5.2; en-US) AppleWebKit/528.8 (KHTML, like Gecko) Version/3.1 Safari/528.8"
222.141.52.126 - - [22/Nov/2009:00:06:43 +0800] "GET /2007ztzb/xianghai2007/images/4.jpg HTTP/1.1" 304 - "http://blog.sina.com.cn/u/1083169700" "Mozilla/4.0 (compatible; MSIE 7.0; Windows NT 5.1; Trident/4.0; Mozilla/4.0 (compatible; MSIE 6.0; Windows NT 5.1; SV1) ; .NET CLR 1.1.4322; .NET CLR 2.0.50727; .NET CLR 3.0.4506.2152; .NET CLR 3.5.30729; MAXTHON 2.0)"
123.235.40.242 - - [22/Nov/2009:00:06:50 +0800] "GET /newscenter/jiceng/index.htm HTTP/1.1" 304 - "-" "Mozilla/4.0 (compatible; MSIE 6.0; Windows NT 5.1; SV1; .NET CLR 1.1.4322)"
67.195.111.244 - - [22/Nov/2009:00:06:51 +0800] "GET /jujiao/2006-04/13/content_6807288.htm HTTP/1.0" 200 21001 "-" "Mozilla/5.0 (compatible; Yahoo! Slurp/3.0; http://help.yahoo.com/help/us/ysearch/slurp)"
117.23.204.247 - - [22/Nov/2009:00:06:52 +0800] "GET /2006shangye/2009-06/03/content_16704141.htm HTTP/1.1" 304 - "-" "Sosospider+(+http://help.soso.com/webspider.htm)"
67.195.111.244 - - [22/Nov/2009:00:06:52 +0800] "GET /jujiao/wenhua/image/wt_xilan.css HTTP/1.0" 200 1473 "http://www.jl.xinhuanet.com/jujiao/2006-04/13/content_6807288.htm" "Mozilla/5.0 (compatible; Yahoo! Slurp/3.0; http://help.yahoo.com/help/us/ysearch/slurp)"
221.192.149.81 - - [22/Nov/2009:00:06:52 +0800] "GET /newscenter/2006-06/02/content_7153068.htm HTTP/1.1" 304 - "http://www.baidu.com/s?tn=chinacnc_hb_pg&bs=%B3%A4%B4%BA%B6%FE%B5%C0%B9%AB%B0%B2%B7%D6%BE%D6+%C8%CB%D4%B1&f=8&wd=%B3%A4%B4%BA%B6%FE%B5%C0%B9%AB%B0%B2%B7%D6%BE%D6%C8%CB%D4%B1%BD%E9%C9%DC" "Mozilla/4.0 (compatible; MSIE 6.0; Windows NT 5.1; SV1)"
221.192.149.81 - - [22/Nov/2009:00:06:53 +0800] "GET /home/images/style.css HTTP/1.1" 304 - "http://www.jl.xinhuanet.com/newscenter/2006-06/02/content_7153068.htm" "Mozilla/4.0 (compatible; MSIE 6.0; Windows NT 5.1; SV1)"
61.164.61.68 - - [22/Nov/2009:00:06:53 +0800] "GET / HTTP/1.1" 304 - "http://www.jl.xinhuanet.com/" "Mozilla/4.0 (compatible; MSIE 5.01; Windows NT 5.0; MyIE 3.01)"
221.192.149.81 - - [22/Nov/2009:00:06:53 +0800] "GET /AdPreview/adv_display.js HTTP/1.1" 304 - "http://www.jl.xinhuanet.com/newscenter/2006-06/02/content_7153068.htm" "Mozilla/4.0 (compatible; MSIE 6.0; Windows NT 5.1; SV1)"
221.192.149.81 - - [22/Nov/2009:00:06:53 +0800] "GET /home/top.htm HTTP/1.1" 304 - "http://www.jl.xinhuanet.com/newscenter/2006-06/02/content_7153068.htm" "Mozilla/4.0 (compatible; MSIE 6.0; Windows NT 5.1; SV1)"
221.192.149.81 - - [22/Nov/2009:00:06:53 +0800] "GET /AdPreview/ad_17_57297.xml HTTP/1.1" 404 293 "http://www.jl.xinhuanet.com/newscenter/2006-06/02/content_7153068.htm" "Mozilla/4.0 (compatible; MSIE 6.0; Windows NT 5.1; SV1)"
221.192.149.81 - - [22/Nov/2009:00:06:53 +0800] "GET /mod2006/images/css.css HTTP/1.1" 304 - "http://www.jl.xinhuanet.com/home/top.htm" "Mozilla/4.0 (compatible; MSIE 6.0; Windows NT 5.1; SV1)"
123.235.40.243 - - [22/Nov/2009:00:06:53 +0800] "GET /shangye/2006-05/25/content_7093255.htm HTTP/1.1" 304 - "-" "Mozilla/5.0 (compatible; Yahoo! Slurp China; http://misc.yahoo.com.cn/help.html)"
221.192.149.81 - - [22/Nov/2009:00:06:53 +0800] "GET /newscenter/link-news/index.htm HTTP/1.1" 304 - "http://www.jl.xinhuanet.com/newscenter/2006-06/02/content_7153068.htm" "Mozilla/4.0 (compatible; MSIE 6.0; Windows NT 5.1; SV1)"
221.192.149.81 - - [22/Nov/2009:00:06:53 +0800] "GET /home/bottom.htm HTTP/1.1" 304 - "http://www.jl.xinhuanet.com/newscenter/2006-06/02/content_7153068.htm" "Mozilla/4.0 (compatible; MSIE 6.0; Windows NT 5.1; SV1)"
65.55.207.75 - - [22/Nov/2009:00:06:54 +0800] "GET /xhsjzkjl/2003/2003-07/22/content_733864.htm HTTP/1.1" 304 - "-" "msnbot/2.0b (+http://search.msn.com/msnbot.htm)"
203.208.60.166 - - [22/Nov/2009:00:06:56 +0800] "GET /2008/2009alb/pic/xhwb/wzf.jpg HTTP/1.1" 200 12887 "-" "Googlebot-Image/1.0"
221.192.149.81 - - [22/Nov/2009:00:06:57 +0800] "GET /news/2004-12/20/xin_151201200953593130604.jpg HTTP/1.1" 304 - "-" "Mozilla/4.0 (compatible; MSIE 6.0; Windows NT 5.0; baidu Transcoder;)"
123.235.40.242 - - [22/Nov/2009:00:06:58 +0800] "GET /xhsjzkjl/index.htm HTTP/1.1" 304 - "-" "Mozilla/4.0 (compatible; MSIE 6.0; Windows NT 5.1; SV1; .NET CLR 1.1.4322)"
121.194.1.104 - - [22/Nov/2009:00:06:59 +0800] "GET / HTTP/1.1" 200 145583 "-" "-"
121.194.1.104 - - [22/Nov/2009:00:06:59 +0800] "GET / HTTP/1.1" 200 145583 "-" "-"
203.208.60.217 - - [22/Nov/2009:00:06:59 +0800] "GET /news/jiceng/jiceng.htm HTTP/1.1" 304 - "-" "Mozilla/5.0 (compatible; Googlebot/2.1; +http://www.google.com/bot.html)"
121.194.1.104 - - [22/Nov/2009:00:06:59 +0800] "GET / HTTP/1.1" 200 145583 "-" "-"
123.235.40.243 - - [22/Nov/2009:00:07:00 +0800] "GET /index/2006-08/29/xin_4708032910359841490316.jpg HTTP/1.1" 304 - "http://image.baidu.com/i?ct=503316480&z=0&tn=baiduimagedetail&word=%C1%D6%F7%EC%D3%F1%CD%BC%C6%AC&in=21466&cl=2&cm=1&sc=0&lm=-1&pn=1&rn=1&di=8687638768&ln=2000&fr=&ic=0&s=0" "Mozilla/4.0 (compatible; MSIE 6.0; Windows NT 5.1; SV1; QQPinyinSetup 620)"
203.208.60.171 - - [22/Nov/2009:00:07:00 +0800] "GET /news/wenti/wenti.htm HTTP/1.1" 304 - "-" "Mozilla/5.0 (compatible; Googlebot/2.1; +http://www.google.com/bot.html)"
203.192.6.90 - - [22/Nov/2009:00:07:00 +0800] "GET /news/jiceng/jiceng.htm HTTP/1.1" 304 - "-" "Mozilla/5.0 (compatible; Googlebot/2.1; +http://www.google.com/bot.html)"
119.147.105.245 - - [22/Nov/2009:00:07:00 +0800] "GET / HTTP/1.1" 200 145583 "-" "-"
119.147.105.245 - - [22/Nov/2009:00:07:00 +0800] "GET / HTTP/1.1" 200 145583 "-" "-"
123.235.40.243 - - [22/Nov/2009:00:07:00 +0800] "GET / HTTP/1.1" 200 145583 "-" "-"
221.192.149.81 - - [22/Nov/2009:00:07:00 +0800] "GET / HTTP/1.1" 200 145583 "-" "-"
123.235.40.243 - - [22/Nov/2009:00:07:00 +0800] "GET / HTTP/1.1" 200 145583 "-" "-"
119.147.105.245 - - [22/Nov/2009:00:07:00 +0800] "GET / HTTP/1.1" 200 145583 "-" "-"
221.192.149.81 - - [22/Nov/2009:00:07:00 +0800] "GET / HTTP/1.1" 200 145583 "-" "-"
123.235.40.243 - - [22/Nov/2009:00:07:00 +0800] "GET / HTTP/1.1" 200 145583 "-" "-"
123.235.40.243 - - [22/Nov/2009:00:07:00 +0800] "GET / HTTP/1.1" 200 145583 "-" "-"
119.147.105.245 - - [22/Nov/2009:00:07:00 +0800] "GET / HTTP/1.1" 200 145583 "-" "-"
221.192.149.81 - - [22/Nov/2009:00:07:00 +0800] "GET / HTTP/1.1" 200 145583 "-" "-"
221.192.149.81 - - [22/Nov/2009:00:07:00 +0800] "GET / HTTP/1.1" 200 145583 "-" "-"
61.164.61.68 - - [22/Nov/2009:00:07:00 +0800] "GET / HTTP/1.1" 200 145583 "-" "-"
61.164.61.68 - - [22/Nov/2009:00:07:00 +0800] "GET / HTTP/1.1" 200 145583 "-" "-"
117.23.204.247 - - [22/Nov/2009:00:07:00 +0800] "GET / HTTP/1.1" 200 145583 "-" "-"
117.23.204.247 - - [22/Nov/2009:00:07:00 +0800] "GET / HTTP/1.1" 200 145583 "-" "-"
121.14.234.178 - - [22/Nov/2009:00:07:00 +0800] "GET / HTTP/1.1" 200 145583 "-" "-"
121.14.234.178 - - [22/Nov/2009:00:07:00 +0800] "GET / HTTP/1.1" 200 145583 "-" "-"
61.164.61.68 - - [22/Nov/2009:00:07:00 +0800] "GET / HTTP/1.1" 200 145583 "-" "-"
61.164.61.68 - - [22/Nov/2009:00:07:00 +0800] "GET / HTTP/1.1" 200 145583 "-" "-"
59.175.131.253 - - [22/Nov/2009:00:07:00 +0800] "GET / HTTP/1.1" 200 145583 "-" "-"
117.23.204.247 - - [22/Nov/2009:00:07:00 +0800] "GET / HTTP/1.1" 200 145583 "-" "-"
59.175.131.253 - - [22/Nov/2009:00:07:00 +0800] "GET / HTTP/1.1" 200 145583 "-" "-"
121.14.234.178 - - [22/Nov/2009:00:07:00 +0800] "GET / HTTP/1.1" 200 145583 "-" "-"
59.175.131.253 - - [22/Nov/2009:00:07:00 +0800] "GET / HTTP/1.1" 200 145583 "-" "-"
117.23.204.247 - - [22/Nov/2009:00:07:00 +0800] "GET / HTTP/1.1" 200 145583 "-" "-"
59.175.131.253 - - [22/Nov/2009:00:07:00 +0800] "GET / HTTP/1.1" 200 145583 "-" "-"
121.14.234.178 - - [22/Nov/2009:00:07:00 +0800] "GET / HTTP/1.1" 200 145583 "-" "-"
61.129.34.183 - - [22/Nov/2009:00:07:00 +0800] "GET / HTTP/1.1" 200 145583 "-" "-"
61.129.34.183 - - [22/Nov/2009:00:07:00 +0800] "GET / HTTP/1.1" 200 145583 "-" "-"
222.141.52.126 - - [22/Nov/2009:00:07:00 +0800] "GET / HTTP/1.1" 200 145583 "-" "-"
123.235.40.242 - - [22/Nov/2009:00:07:00 +0800] "GET / HTTP/1.1" 200 145583 "-" "-"
222.141.52.126 - - [22/Nov/2009:00:07:00 +0800] "GET / HTTP/1.1" 200 145583 "-" "-"
61.129.34.183 - - [22/Nov/2009:00:07:00 +0800] "GET / HTTP/1.1" 200 145583 "-" "-"
123.235.40.242 - - [22/Nov/2009:00:07:00 +0800] "GET / HTTP/1.1" 200 145583 "-" "-"
222.141.52.126 - - [22/Nov/2009:00:07:00 +0800] "GET / HTTP/1.1" 200 145583 "-" "-"
61.129.34.183 - - [22/Nov/2009:00:07:00 +0800] "GET / HTTP/1.1" 200 145583 "-" "-"
123.235.40.242 - - [22/Nov/2009:00:07:00 +0800] "GET / HTTP/1.1" 200 145583 "-" "-"
202.108.251.39 - - [22/Nov/2009:00:07:00 +0800] "GET / HTTP/1.1" 200 145583 "-" "-"
202.108.251.39 - - [22/Nov/2009:00:07:00 +0800] "GET / HTTP/1.1" 200 145583 "-" "-"
202.108.251.39 - - [22/Nov/2009:00:07:00 +0800] "GET / HTTP/1.1" 200 145583 "-" "-"
202.108.251.39 - - [22/Nov/2009:00:07:00 +0800] "GET / HTTP/1.1" 200 145583 "-" "-"
123.235.40.242 - - [22/Nov/2009:00:07:00 +0800] "GET / HTTP/1.1" 200 145583 "-" "-"
222.141.52.126 - - [22/Nov/2009:00:07:00 +0800] "GET / HTTP/1.1" 200 145583 "-" "-"
58.215.110.209 - - [22/Nov/2009:00:07:01 +0800] "GET / HTTP/1.1" 200 145583 "-" "-"
58.215.110.209 - - [22/Nov/2009:00:07:01 +0800] "GET / HTTP/1.1" 200 145583 "-" "-"
58.215.110.209 - - [22/Nov/2009:00:07:01 +0800] "GET / HTTP/1.1" 200 145583 "-" "-"
58.215.110.209 - - [22/Nov/2009:00:07:01 +0800] "GET / HTTP/1.1" 200 145583 "-" "-"
123.235.40.242 - - [22/Nov/2009:00:07:01 +0800] "GET /jujiao/more.htm HTTP/1.1" 304 - "-" "Mozilla/4.0 (compatible; MSIE 6.0; Windows NT 5.1; SV1; .NET CLR 1.1.4322)"
203.192.6.92 - - [22/Nov/2009:00:07:01 +0800] "GET /news/kejiao/kejiao.htm HTTP/1.1" 304 - "-" "Mozilla/5.0 (compatible; Googlebot/2.1; +http://www.google.com/bot.html)"
121.14.234.178 - - [22/Nov/2009:00:07:02 +0800] "GET /misc/2008-07/15/content_13816324.htm HTTP/1.1" 304 - "-" "Mozilla/4.0 (compatible; MSIE 6.0; Windows NT; MS Search 4.0 Robot)"
218.213.69.115 - - [22/Nov/2009:00:07:02 +0800] "GET / HTTP/1.1" 200 145583 "-" "-"
218.213.69.115 - - [22/Nov/2009:00:07:02 +0800] "GET / HTTP/1.1" 200 145583 "-" "-"
218.213.69.115 - - [22/Nov/2009:00:07:02 +0800] "GET / HTTP/1.1" 200 145583 "-" "-"
203.208.60.233 - - [22/Nov/2009:00:07:03 +0800] "GET / HTTP/1.1" 304 - "-" "Mozilla/5.0 (compatible; Googlebot/2.1; +http://www.google.com/bot.html)"
123.235.40.243 - - [22/Nov/2009:00:07:04 +0800] "GET /newscenter/2009-02/05/content_15607286.htm HTTP/1.1" 304 - "-" "Mozilla/5.0 (compatible; Yahoo! Slurp China; http://misc.yahoo.com.cn/help.html)"
202.108.251.39 - - [22/Nov/2009:00:07:04 +0800] "GET / HTTP/1.1" 304 - "-" "MSIE 6.0"
203.192.6.76 - - [22/Nov/2009:00:07:06 +0800] "GET /newscenter/2009-09/18/content_17740706.htm HTTP/1.1" 200 18755 "-" "Mozilla/5.0 (compatible; Yahoo! Slurp/3.0; http://help.yahoo.com/help/us/ysearch/slurp)"
71.127.232.33 - - [22/Nov/2009:00:07:00 +0800] "GET /tese/2007-07/07/xin_3207040712018283232321.JPG HTTP/1.1" 200 117815 "http://www.ccthere.com/article/2032829" "Mozilla/4.0 (compatible; MSIE 7.0; Windows NT 5.1; GTB6; Mozilla/4.0 (compatible; MSIE 6.0; Windows NT 5.1; SV1) )"
71.127.232.33 - - [22/Nov/2009:00:07:00 +0800] "GET /tese/2007-07/07/xin_4207040711567811416713.JPG HTTP/1.1" 200 94416 "http://www.ccthere.com/article/2032829" "Mozilla/4.0 (compatible; MSIE 7.0; Windows NT 5.1; GTB6; Mozilla/4.0 (compatible; MSIE 6.0; Windows NT 5.1; SV1) )"
203.208.60.231 - - [22/Nov/2009:00:07:12 +0800] "GET /xhsjzkjl/index.htm HTTP/1.1" 304 - "-" "Mozilla/5.0 (compatible; Googlebot/2.1; +http://www.google.com/bot.html)"
222.141.52.126 - - [22/Nov/2009:00:07:12 +0800] "GET / HTTP/1.1" 304 - "-" "-"
221.192.149.81 - - [22/Nov/2009:00:07:14 +0800] "GET /jlzw/index.htm HTTP/1.1" 304 - "-" "Baiduspider-news+(+http://www.baidu.com/search/spider.htm)"
203.192.6.92 - - [22/Nov/2009:00:07:16 +0800] "GET /2006shangye/2009-07/24/content_17189163.htm HTTP/1.1" 200 18627 "-" "Mozilla/5.0 (compatible; Yahoo! Slurp/3.0; http://help.yahoo.com/help/us/ysearch/slurp)"
203.192.6.92 - - [22/Nov/2009:00:07:17 +0800] "GET /home/images/style.css HTTP/1.1" 200 2675 "http://www.jl.xinhuanet.com/2006shangye/2009-07/24/content_17189163.htm" "Mozilla/5.0 (compatible; Yahoo! Slurp/3.0; http://help.yahoo.com/help/us/ysearch/slurp)"
127.0.0.1 - - [22/Nov/2009:00:07:18 +0800] "GET / HTTP/1.0" 200 145583 "-" "Apache (internal dummy connection)"
203.192.6.92 - - [22/Nov/2009:00:07:18 +0800] "GET /newscenter/link-news/index.htm HTTP/1.1" 200 6118 "http://www.jl.xinhuanet.com/2006shangye/2009-07/24/content_17189163.htm" "Mozilla/5.0 (compatible; Yahoo! Slurp/3.0; http://help.yahoo.com/help/us/ysearch/slurp)"
203.192.6.92 - - [22/Nov/2009:00:07:18 +0800] "GET /home/bottom.htm HTTP/1.1" 200 1363 "http://www.jl.xinhuanet.com/2006shangye/2009-07/24/content_17189163.htm" "Mozilla/5.0 (compatible; Yahoo! Slurp/3.0; http://help.yahoo.com/help/us/ysearch/slurp)"
203.192.6.92 - - [22/Nov/2009:00:07:18 +0800] "GET /mod2006/images/css.css HTTP/1.1" 200 1043 "http://www.jl.xinhuanet.com/mod2006/top.htm" "Mozilla/5.0 (compatible; Yahoo! Slurp/3.0; http://help.yahoo.com/help/us/ysearch/slurp)"
121.14.234.178 - - [22/Nov/2009:00:07:20 +0800] "GET /cbs/2006-03/20/content_6518142.htm HTTP/1.1" 304 - "http://www.baidu.com/baidu?ie=utf-8&tn=dh234_pg&word=%E9%B9%BF%E8%8C%B8%E7%9A%84%E5%8A%9F%E6%95%88%E5%8F%8A%E9%A3%9F%E7%94%A8%E6%96%B9%E6%B3%95" "Mozilla/4.0 (compatible; MSIE 6.0; Windows NT 5.1; SV1; QQPinyinSetup 620; 360SE)"
121.14.234.178 - - [22/Nov/2009:00:07:20 +0800] "GET /favicon.ico HTTP/1.1" 404 279 "-" "Mozilla/4.0 (compatible; MSIE 6.0; Windows NT 5.1; SV1; QQPinyinSetup 620; 360SE; 360SE)"
121.14.234.178 - - [22/Nov/2009:00:07:20 +0800] "GET /favicon.ico HTTP/1.1" 404 279 "-" "Mozilla/4.0 (compatible; MSIE 6.0; Windows NT 5.1; SV1; QQPinyinSetup 620; 360SE; 360SE)"
121.14.234.178 - - [22/Nov/2009:00:07:20 +0800] "GET /AdPreview/ad_17_57571.xml HTTP/1.1" 404 293 "http://www.jl.xinhuanet.com/cbs/2006-03/20/content_6518142.htm" "Mozilla/4.0 (compatible; MSIE 6.0; Windows NT 5.1; SV1; QQPinyinSetup 620; 360SE)"
121.14.234.178 - - [22/Nov/2009:00:07:20 +0800] "GET /favicon.ico HTTP/1.1" 404 279 "-" "Mozilla/4.0 (compatible; MSIE 6.0; Windows NT 5.1; SV1; QQPinyinSetup 620; 360SE; 360SE)"
121.14.234.178 - - [22/Nov/2009:00:07:21 +0800] "GET /favicon.ico HTTP/1.1" 404 279 "-" "Mozilla/4.0 (compatible; MSIE 6.0; Windows NT 5.1; SV1; QQPinyinSetup 620; 360SE; 360SE)"
203.208.60.88 - - [22/Nov/2009:00:07:21 +0800] "GET /newscenter/rdwp/index.htm HTTP/1.1" 304 - "-" "Mozilla/5.0 (compatible; Googlebot/2.1; +http://www.google.com/bot.html)"
121.14.234.178 - - [22/Nov/2009:00:07:21 +0800] "GET /favicon.ico HTTP/1.1" 404 279 "-" "Mozilla/4.0 (compatible; MSIE 6.0; Windows NT 5.1; SV1; QQPinyinSetup 620; 360SE; 360SE)"
67.195.114.244 - - [22/Nov/2009:00:07:21 +0800] "GET /newscenter/2009-05/17/content_16546886.htm HTTP/1.0" 200 17008 "-" "Mozilla/5.0 (compatible; Yahoo! Slurp/3.0; http://help.yahoo.com/help/us/ysearch/slurp)"
121.14.234.178 - - [22/Nov/2009:00:07:21 +0800] "GET /favicon.ico HTTP/1.1" 404 279 "-" "Mozilla/4.0 (compatible; MSIE 6.0; Windows NT 5.1; SV1; QQPinyinSetup 620; 360SE; 360SE)"
121.14.234.178 - - [22/Nov/2009:00:07:22 +0800] "GET /favicon.ico HTTP/1.1" 404 279 "-" "Mozilla/4.0 (compatible; MSIE 6.0; Windows NT 5.1; SV1; QQPinyinSetup 620; 360SE; 360SE)"
67.195.114.244 - - [22/Nov/2009:00:07:23 +0800] "GET /home/images/style.css HTTP/1.0" 200 2675 "http://www.jl.xinhuanet.com/newscenter/2009-05/17/content_16546886.htm" "Mozilla/5.0 (compatible; Yahoo! Slurp/3.0; http://help.yahoo.com/help/us/ysearch/slurp)"
121.14.234.178 - - [22/Nov/2009:00:07:23 +0800] "GET /favicon.ico HTTP/1.1" 404 279 "-" "Mozilla/4.0 (compatible; MSIE 6.0; Windows NT 5.1; SV1; QQPinyinSetup 620; 360SE; 360SE)"
67.195.114.227 - - [22/Nov/2009:00:07:23 +0800] "GET /yingshi/2009-01/18/content_15488890.htm HTTP/1.0" 200 23274 "-" "Mozilla/5.0 (compatible; Yahoo! Slurp/3.0; http://help.yahoo.com/help/us/ysearch/slurp)"
202.108.251.39 - - [22/Nov/2009:00:07:24 +0800] "GET /starunverse/jieju/sanreqi.htm HTTP/1.1" 200 4943 "-" "Mozilla/5.0 (compatible; Yahoo! Slurp China; http://misc.yahoo.com.cn/help.html)"
222.141.52.126 - - [22/Nov/2009:00:07:24 +0800] "GET /xhsjl/fwzn/qywy/jkzt/10.htm HTTP/1.1" 304 - "-" "Mozilla/4.0 (compatible; MSIE 6.0; Windows NT 5.1; SV1; GTB6; Mozilla/4.0 (compatible; MSIE 6.0; Windows NT 5.1; SV1) )"
67.195.114.244 - - [22/Nov/2009:00:07:25 +0800] "GET /ysyl/pic/jlb1.css HTTP/1.0" 200 3708 "http://www.jl.xinhua.org/yingshi/2009-01/18/content_15488890.htm" "Mozilla/5.0 (compatible; Yahoo! Slurp/3.0; http://help.yahoo.com/help/us/ysearch/slurp)"
117.23.204.247 - - [22/Nov/2009:00:07:25 +0800] "GET /newscenter/2009-10/22/content_18011880.htm HTTP/1.1" 304 - "-" "Sosospider+(+http://help.soso.com/webspider.htm)"
123.235.40.243 - - [22/Nov/2009:00:07:26 +0800] "GET /shangye/2009-09/17/xin_2530906171003171083812.jpg HTTP/1.1" 404 317 "-" "-"
121.14.234.178 - - [22/Nov/2009:00:07:26 +0800] "GET /xhsjzkjl/2009-11/18/content_18258373.htm HTTP/1.1" 304 - "http://www.baidu.com/s?wd=%CD%A8%BB%AF%BA%DA%C9%E7%BB%E1&pn=100&tn=sitehao123&usm=1" "Mozilla/4.0 (compatible; MSIE 6.0; Windows NT 5.1; SV1)"
121.14.234.178 - - [22/Nov/2009:00:07:27 +0800] "GET /mod2006/top.htm HTTP/1.1" 304 - "http://www.jl.xinhuanet.com/xhsjzkjl/2009-11/18/content_18258373.htm" "Mozilla/4.0 (compatible; MSIE 6.0; Windows NT 5.1; SV1)"
117.23.204.247 - - [22/Nov/2009:00:07:27 +0800] "GET /2006shangye/2007-01/18/content_9422082.htm HTTP/1.1" 200 10632 "-" "Sosospider+(+http://help.soso.com/webspider.htm)"
121.14.234.178 - - [22/Nov/2009:00:07:27 +0800] "GET /xhsjzkjl/2009-11/18/xin_0731106180849093136385.gif HTTP/1.1" 304 - "http://www.jl.xinhuanet.com/xhsjzkjl/2009-11/18/content_18258373.htm" "Mozilla/4.0 (compatible; MSIE 6.0; Windows NT 5.1; SV1)"
203.208.60.198 - - [22/Nov/2009:00:07:28 +0800] "GET /newscenter/tupian/index.htm HTTP/1.1" 304 - "-" "Mozilla/5.0 (compatible; Googlebot/2.1; +http://www.google.com/bot.html)"
202.108.251.39 - - [22/Nov/2009:00:07:29 +0800] "GET /newscenter/2009-11/12/content_18210117.htm HTTP/1.1" 304 - "-" "Mozilla/5.0 (compatible; Yahoo! Slurp China; http://misc.yahoo.com.cn/help.html)"
67.195.111.244 - - [22/Nov/2009:00:07:36 +0800] "GET /newscenter/2005-02/24/content_3766607.htm HTTP/1.0" 200 16765 "-" "Mozilla/5.0 (compatible; Yahoo! Slurp/3.0; http://help.yahoo.com/help/us/ysearch/slurp)"
222.141.52.126 - - [22/Nov/2009:00:07:36 +0800] "GET /2007ztzb/aiwozhonghua/images/jh.mp3 HTTP/1.1" 304 - "http://www.jl.xinhuanet.com/" "Mozilla/4.0 (compatible; MSIE 6.0; Windows NT 5.1; .NET CLR 2.0.50727; .NET CLR 3.0.4506.2152; .NET CLR 3.5.30729)"
67.195.111.244 - - [22/Nov/2009:00:07:37 +0800] "GET /home/images/style.css HTTP/1.0" 200 2675 "http://www.jl.xinhuanet.com/newscenter/2005-02/24/content_3766607.htm" "Mozilla/5.0 (compatible; Yahoo! Slurp/3.0; http://help.yahoo.com/help/us/ysearch/slurp)"
123.235.40.243 - - [22/Nov/2009:00:07:37 +0800] "GET /shangye/2004-12/29/content_3479433.htm HTTP/1.1" 304 - "-" "Mozilla/5.0 (compatible; Yahoo! Slurp China; http://misc.yahoo.com.cn/help.html)"
203.208.60.84 - - [22/Nov/2009:00:07:37 +0800] "GET /newscenter/fzsh/index.htm HTTP/1.1" 304 - "-" "Mozilla/5.0 (compatible; Googlebot/2.1; +http://www.google.com/bot.html)"
67.195.111.244 - - [22/Nov/2009:00:07:37 +0800] "GET /newscenter/link-news/index.htm HTTP/1.0" 200 6118 "http://www.jl.xinhuanet.com/newscenter/2005-02/24/content_3766607.htm" "Mozilla/5.0 (compatible; Yahoo! Slurp/3.0; http://help.yahoo.com/help/us/ysearch/slurp)"
67.195.111.244 - - [22/Nov/2009:00:07:37 +0800] "GET /home/bottom.htm HTTP/1.0" 200 1363 "http://www.jl.xinhuanet.com/newscenter/2005-02/24/content_3766607.htm" "Mozilla/5.0 (compatible; Yahoo! Slurp/3.0; http://help.yahoo.com/help/us/ysearch/slurp)"
58.215.110.209 - - [22/Nov/2009:00:07:38 +0800] "GET /1.htm HTTP/1.1" 304 - "http://mw.0437.gov.cn/bar.asp?id=53&url=http://mw.0437.gov.cn/show/53.html" "Mozilla/4.0 (compatible; MSIE 6.0; Windows NT 5.1; SV1; QQDownload 1.7; CMS Music Store2 v1.00.12 (\xd2\xf4\x98\xb7\xc9\xcc\xb5\xea,1028))"
67.195.111.244 - - [22/Nov/2009:00:07:37 +0800] "GET /home/top.htm HTTP/1.0" 200 12347 "http://www.jl.xinhuanet.com/newscenter/2005-02/24/content_3766607.htm" "Mozilla/5.0 (compatible; Yahoo! Slurp/3.0; http://help.yahoo.com/help/us/ysearch/slurp)"
67.195.111.244 - - [22/Nov/2009:00:07:38 +0800] "GET /home/images/style.css HTTP/1.0" 200 2675 "http://www.jl.xinhuanet.com/newscenter/link-news/index.htm" "Mozilla/5.0 (compatible; Yahoo! Slurp/3.0; http://help.yahoo.com/help/us/ysearch/slurp)"
117.23.204.247 - - [22/Nov/2009:00:07:38 +0800] "GET /main/200205/west/d009.htm HTTP/1.1" 304 - "-" "Sosospider+(+http://help.soso.com/webspider.htm)"
67.195.111.244 - - [22/Nov/2009:00:07:38 +0800] "GET /home/images/style.css HTTP/1.0" 200 2675 "http://www.jl.xinhuanet.com/home/bottom.htm" "Mozilla/5.0 (compatible; Yahoo! Slurp/3.0; http://help.yahoo.com/help/us/ysearch/slurp)"
67.195.111.244 - - [22/Nov/2009:00:07:38 +0800] "GET /mod2006/images/css.css HTTP/1.0" 200 1043 "http://www.jl.xinhuanet.com/home/top.htm" "Mozilla/5.0 (compatible; Yahoo! Slurp/3.0; http://help.yahoo.com/help/us/ysearch/slurp)"
124.115.0.19 - - [22/Nov/2009:00:07:40 +0800] "GET /newscenter/2009-05/08/content_16465375.htm HTTP/1.1" 200 17287 "-" "Sosospider+(+http://help.soso.com/webspider.htm)"
123.235.40.242 - - [22/Nov/2009:00:07:44 +0800] "GET /dfwq/index.htm HTTP/1.1" 304 - "http://www.jl.xinhuanet.com/dfwq/index.htm" "Mozilla/4.0 (compatible; MSIE 6.0; Windows NT 5.0)"
123.235.40.242 - - [22/Nov/2009:00:07:44 +0800] "GET /cchwgs/index.htm HTTP/1.1" 304 - "http://www.jl.xinhuanet.com/cchwgs/index.htm" "Mozilla/4.0 (compatible; MSIE 6.0; Windows NT 5.0)"
202.108.251.39 - - [22/Nov/2009:00:07:44 +0800] "GET /newscenter/2009-01/16/content_15477461.htm HTTP/1.1" 304 - "-" "Mozilla/5.0 (compatible; Yahoo! Slurp China; http://misc.yahoo.com.cn/help.html)"
203.208.60.72 - - [22/Nov/2009:00:07:45 +0800] "GET /newscenter/yljd/index.htm HTTP/1.1" 304 - "-" "Mozilla/5.0 (compatible; Googlebot/2.1; +http://www.google.com/bot.html)"
61.129.34.183 - - [22/Nov/2009:00:07:45 +0800] "GET /1.htm HTTP/1.1" 304 - "http://mw.0437.gov.cn/" "Mozilla/4.0 (compatible; MSIE 7.0; Windows NT 5.1; .NET CLR 1.1.4322; .NET CLR 2.0.50727)"
221.192.149.81 - - [22/Nov/2009:00:07:45 +0800] "GET /shangye/2006-08/18/xin_560803180955750296063.JPG HTTP/1.1" 304 - "http://youa.baidu.com/item/2ff7a77f020ad535c4e918be" "Mozilla/4.0 (compatible; MSIE 6.0; Windows NT 5.1; SV1)"
123.235.40.242 - - [22/Nov/2009:00:07:47 +0800] "GET /zhengyao/index.htm HTTP/1.1" 304 - "http://www.jl.xinhuanet.com/zhengyao/index.htm" "Mozilla/4.0 (compatible; MSIE 6.0; Windows NT 5.0)"
123.235.40.242 - - [22/Nov/2009:00:07:47 +0800] "GET /dfld/index.htm HTTP/1.1" 304 - "http://www.jl.xinhuanet.com/dfld/index.htm" "Mozilla/4.0 (compatible; MSIE 6.0; Windows NT 5.0)"
123.235.40.242 - - [22/Nov/2009:00:07:47 +0800] "GET /tese/index.htm HTTP/1.1" 304 - "http://www.jl.xinhuanet.com/tese/index.htm" "Mozilla/4.0 (compatible; MSIE 6.0; Windows NT 5.0)"
221.192.149.81 - - [22/Nov/2009:00:07:47 +0800] "GET /shengqing/errenzhuan/ HTTP/1.1" 304 - "http://www.baidu.com/s?wd=%B6%FE%C8%CB%D7%AA&tn=request_9_pg&bar=&oq=+erren&f=3&rsp=0" "Mozilla/4.0 (compatible; MSIE 6.0; Windows NT 5.1; SV1; Mozilla/4.0 (compatible; MSIE 6.0; Windows NT 5.1; SV1) ; .NET CLR 2.0.50727)"
117.23.204.247 - - [22/Nov/2009:00:07:49 +0800] "GET /main/200205/west/style.css HTTP/1.1" 304 - "http://www.jl.xinhuanet.com/main/200205/west/d009.htm" "Sosospider+(+http://help.soso.com/webspider.htm)"
123.235.40.242 - - [22/Nov/2009:00:07:50 +0800] "GET /fangchan/zuixin.htm HTTP/1.1" 304 - "http://www.jl.xinhuanet.com/fangchan/zuixin.htm" "Mozilla/4.0 (compatible; MSIE 6.0; Windows NT 5.0)"
123.235.40.242 - - [22/Nov/2009:00:07:50 +0800] "GET /dfgl/index.htm HTTP/1.1" 304 - "http://www.jl.xinhuanet.com/dfgl/index.htm" "Mozilla/4.0 (compatible; MSIE 6.0; Windows NT 5.0)"
123.235.40.242 - - [22/Nov/2009:00:07:50 +0800] "GET /fangchan/index.htm HTTP/1.1" 304 - "http://www.jl.xinhuanet.com/fangchan/index.htm" "Mozilla/4.0 (compatible; MSIE 6.0; Windows NT 5.0)"
123.235.40.242 - - [22/Nov/2009:00:07:50 +0800] "GET /jlzw/index.htm HTTP/1.1" 304 - "http://www.jl.xinhuanet.com/jlzw/index.htm" "Mozilla/4.0 (compatible; MSIE 6.0; Windows NT 5.0)"
123.235.40.242 - - [22/Nov/2009:00:07:50 +0800] "GET /newscenter/daodu/index.htm HTTP/1.1" 304 - "http://www.jl.xinhuanet.com/newscenter/daodu/index.htm" "Mozilla/4.0 (compatible; MSIE 6.0; Windows NT 5.0)"
123.235.40.242 - - [22/Nov/2009:00:07:50 +0800] "GET /shengqing/index.htm HTTP/1.1" 304 - "http://www.jl.xinhuanet.com/shengqing/index.htm" "Mozilla/4.0 (compatible; MSIE 6.0; Windows NT 5.0)"
67.195.111.244 - - [22/Nov/2009:00:07:50 +0800] "GET /news/2004-08/31/content_2777371.htm HTTP/1.0" 200 14381 "-" "Mozilla/5.0 (compatible; Yahoo! Slurp/3.0; http://help.yahoo.com/help/us/ysearch/slurp)"
123.235.40.242 - - [22/Nov/2009:00:07:51 +0800] "GET /newscenter/tupian/index.htm HTTP/1.1" 304 - "http://www.jl.xinhuanet.com/newscenter/tupian/index.htm" "Mozilla/4.0 (compatible; MSIE 6.0; Windows NT 5.0)"
123.235.40.242 - - [22/Nov/2009:00:07:51 +0800] "GET / HTTP/1.1" 304 - "http://www.jl.xinhuanet.com/" "Mozilla/4.0 (compatible; MSIE 6.0; Windows NT 5.0)"
117.23.204.247 - - [22/Nov/2009:00:07:55 +0800] "GET /newscenter/2009-09/30/content_17852490.htm HTTP/1.1" 304 - "-" "Sosospider+(+http://help.soso.com/webspider.htm)"
121.194.1.104 - - [22/Nov/2009:00:07:59 +0800] "GET / HTTP/1.1" 200 145583 "-" "-"
121.194.1.104 - - [22/Nov/2009:00:07:59 +0800] "GET / HTTP/1.1" 200 145583 "-" "-"
121.194.1.104 - - [22/Nov/2009:00:08:00 +0800] "GET / HTTP/1.1" 200 145583 "-" "-"
61.129.34.183 - - [22/Nov/2009:00:08:00 +0800] "GET / HTTP/1.1" 200 145583 "-" "-"
61.129.34.183 - - [22/Nov/2009:00:08:00 +0800] "GET / HTTP/1.1" 200 145583 "-" "-"
61.129.34.183 - - [22/Nov/2009:00:08:00 +0800] "GET / HTTP/1.1" 200 145583 "-" "-"
221.192.149.81 - - [22/Nov/2009:00:08:00 +0800] "GET / HTTP/1.1" 200 145583 "-" "-"
221.192.149.81 - - [22/Nov/2009:00:08:00 +0800] "GET / HTTP/1.1" 200 145583 "-" "-"
61.129.34.183 - - [22/Nov/2009:00:08:00 +0800] "GET / HTTP/1.1" 200 145583 "-" "-"
221.192.149.81 - - [22/Nov/2009:00:08:00 +0800] "GET / HTTP/1.1" 200 145583 "-" "-"
221.192.149.81 - - [22/Nov/2009:00:08:00 +0800] "GET / HTTP/1.1" 200 145583 "-" "-"
123.235.40.242 - - [22/Nov/2009:00:08:00 +0800] "GET / HTTP/1.1" 200 145583 "-" "-"
123.235.40.242 - - [22/Nov/2009:00:08:00 +0800] "GET / HTTP/1.1" 200 145583 "-" "-"
123.235.40.242 - - [22/Nov/2009:00:08:00 +0800] "GET / HTTP/1.1" 200 145583 "-" "-"
123.235.40.242 - - [22/Nov/2009:00:08:00 +0800] "GET / HTTP/1.1" 200 145583 "-" "-"
123.235.40.243 - - [22/Nov/2009:00:08:00 +0800] "GET / HTTP/1.1" 200 145583 "-" "-"
123.235.40.243 - - [22/Nov/2009:00:08:00 +0800] "GET / HTTP/1.1" 200 145583 "-" "-"
123.235.40.243 - - [22/Nov/2009:00:08:00 +0800] "GET / HTTP/1.1" 200 145583 "-" "-"
123.235.40.243 - - [22/Nov/2009:00:08:00 +0800] "GET / HTTP/1.1" 200 145583 "-" "-"
222.141.52.126 - - [22/Nov/2009:00:08:00 +0800] "GET / HTTP/1.1" 200 145583 "-" "-"
222.141.52.126 - - [22/Nov/2009:00:08:00 +0800] "GET / HTTP/1.1" 200 145583 "-" "-"
222.141.52.126 - - [22/Nov/2009:00:08:00 +0800] "GET / HTTP/1.1" 200 145583 "-" "-"
117.23.204.247 - - [22/Nov/2009:00:08:00 +0800] "GET / HTTP/1.1" 200 145583 "-" "-"
119.147.105.245 - - [22/Nov/2009:00:08:00 +0800] "GET / HTTP/1.1" 200 145583 "-" "-"
222.141.52.126 - - [22/Nov/2009:00:08:00 +0800] "GET / HTTP/1.1" 200 145583 "-" "-"
117.23.204.247 - - [22/Nov/2009:00:08:00 +0800] "GET / HTTP/1.1" 200 145583 "-" "-"
119.147.105.245 - - [22/Nov/2009:00:08:00 +0800] "GET / HTTP/1.1" 200 145583 "-" "-"
117.23.204.247 - - [22/Nov/2009:00:08:00 +0800] "GET / HTTP/1.1" 200 145583 "-" "-"
119.147.105.245 - - [22/Nov/2009:00:08:00 +0800] "GET / HTTP/1.1" 200 145583 "-" "-"
119.147.105.245 - - [22/Nov/2009:00:08:00 +0800] "GET / HTTP/1.1" 200 145583 "-" "-"
58.215.110.209 - - [22/Nov/2009:00:08:00 +0800] "GET / HTTP/1.1" 200 145583 "-" "-"
117.23.204.247 - - [22/Nov/2009:00:08:00 +0800] "GET / HTTP/1.1" 200 145583 "-" "-"
58.215.110.209 - - [22/Nov/2009:00:08:00 +0800] "GET / HTTP/1.1" 200 145583 "-" "-"
121.14.234.178 - - [22/Nov/2009:00:08:00 +0800] "GET /xcbb/auto/xin_395d9445a0be456c92f46e4cf7b5a9e2_96.jpg HTTP/1.1" 304 - "http://pic.gougou.com/pic_detail?search=%c4%a3%cc%d8&mode=1&mood=0&height=0&width=0&dim=0&page=5&id=10000000" "Mozilla/4.0 (compatible; MSIE 6.0; Windows NT 5.1; SV1; .NET CLR 2.0.50727; .NET CLR 1.1.4322)"
58.215.110.209 - - [22/Nov/2009:00:08:00 +0800] "GET / HTTP/1.1" 200 145583 "-" "-"
58.215.110.209 - - [22/Nov/2009:00:08:00 +0800] "GET / HTTP/1.1" 200 145583 "-" "-"
121.14.234.178 - - [22/Nov/2009:00:08:00 +0800] "GET / HTTP/1.1" 200 145583 "-" "-"
121.14.234.178 - - [22/Nov/2009:00:08:00 +0800] "GET / HTTP/1.1" 200 145583 "-" "-"
121.14.234.178 - - [22/Nov/2009:00:08:00 +0800] "GET / HTTP/1.1" 200 145583 "-" "-"
121.14.234.178 - - [22/Nov/2009:00:08:01 +0800] "GET / HTTP/1.1" 200 145583 "-" "-"
202.108.251.39 - - [22/Nov/2009:00:08:01 +0800] "GET / HTTP/1.1" 200 145583 "-" "-"
202.108.251.39 - - [22/Nov/2009:00:08:01 +0800] "GET / HTTP/1.1" 200 145583 "-" "-"
202.108.251.39 - - [22/Nov/2009:00:08:01 +0800] "GET / HTTP/1.1" 200 145583 "-" "-"
202.108.251.39 - - [22/Nov/2009:00:08:01 +0800] "GET / HTTP/1.1" 200 145583 "-" "-"
61.164.61.68 - - [22/Nov/2009:00:08:01 +0800] "GET / HTTP/1.1" 200 145583 "-" "-"
61.164.61.68 - - [22/Nov/2009:00:08:01 +0800] "GET / HTTP/1.1" 200 145583 "-" "-"
61.164.61.68 - - [22/Nov/2009:00:08:01 +0800] "GET / HTTP/1.1" 200 145583 "-" "-"
61.164.61.68 - - [22/Nov/2009:00:08:01 +0800] "GET / HTTP/1.1" 200 145583 "-" "-"
59.175.131.253 - - [22/Nov/2009:00:08:01 +0800] "GET / HTTP/1.1" 200 145583 "-" "-"
59.175.131.253 - - [22/Nov/2009:00:08:01 +0800] "GET / HTTP/1.1" 200 145583 "-" "-"
59.175.131.253 - - [22/Nov/2009:00:08:01 +0800] "GET / HTTP/1.1" 200 145583 "-" "-"
59.175.131.253 - - [22/Nov/2009:00:08:01 +0800] "GET / HTTP/1.1" 200 145583 "-" "-"
121.14.234.178 - - [22/Nov/2009:00:08:02 +0800] "GET /shangye/2009-11/18/content_18257940.htm HTTP/1.1" 304 - "http://www.google.cn/search?client=aff-cs-360se&forid=1&ie=utf-8&oe=UTF-8&q=%E4%BA%BA%E4%BF%9D%E5%81%A5%E5%BA%B7%E6%84%8F%E5%A4%96%E9%99%A9" "Mozilla/4.0 (compatible; MSIE 6.0; Windows NT 5.1; SV1; 360SE)"
121.14.234.178 - - [22/Nov/2009:00:08:02 +0800] "GET /favicon.ico HTTP/1.1" 404 279 "-" "Mozilla/4.0 (compatible; MSIE 6.0; Windows NT 5.1; SV1; 360SE)"
218.213.69.115 - - [22/Nov/2009:00:08:02 +0800] "GET / HTTP/1.1" 200 145583 "-" "-"
218.213.69.115 - - [22/Nov/2009:00:08:02 +0800] "GET / HTTP/1.1" 200 145583 "-" "-"
218.213.69.115 - - [22/Nov/2009:00:08:02 +0800] "GET / HTTP/1.1" 200 145583 "-" "-"
218.213.69.115 - - [22/Nov/2009:00:08:02 +0800] "GET / HTTP/1.1" 200 145583 "-" "-"
123.235.40.243 - - [22/Nov/2009:00:08:03 +0800] "GET /news/2004-07/19/content_2517845.htm HTTP/1.1" 304 - "-" "Mozilla/5.0 (compatible; Yahoo! Slurp China; http://misc.yahoo.com.cn/help.html)"
123.235.40.243 - - [22/Nov/2009:00:08:08 +0800] "GET /cj/tt.htm HTTP/1.1" 200 14898 "-" "Mozilla/5.0 (compatible; Yahoo! Slurp China; http://misc.yahoo.com.cn/help.html)"
221.192.149.81 - - [22/Nov/2009:00:08:08 +0800] "GET / HTTP/1.1" 304 - "http://www.jl.xinhuanet.com/" "Mozilla/4.0 (compatible; MSIE 6.0; Windows NT 5.0)"
95.108.150.235 - - [22/Nov/2009:00:08:10 +0800] "GET /robots.txt HTTP/1.1" 404 278 "-" "Yandex/1.01.001 (compatible; Win16; H)"
95.108.150.235 - - [22/Nov/2009:00:08:11 +0800] "GET /robots.txt HTTP/1.1" 404 274 "-" "Yandex/1.01.001 (compatible; Win16; H)"
65.55.214.45 - - [22/Nov/2009:00:08:11 +0800] "GET /robots.txt HTTP/1.1" 404 278 "-" "Mozilla/4.0"
121.14.234.178 - - [22/Nov/2009:00:08:12 +0800] "GET /newscenter/2006-11/24/content_8613168.htm HTTP/1.1" 304 - "http://www.google.cn/search?hl=zh-CN&rlz=1T4PCTD_zh-CNCN352CN353&newwindow=1&q=%E5%AE%8C%E7%BE%8E%E4%B8%93%E5%8D%96%E5%BA%97&revid=1751176982&ei=5w4IS43ZLpWCkAW-85nXCQ&sa=X&oi=revisions_inline&resnum=0&ct=broad-revision&cd=2&ved=0CCgQ1QIoAQ" "Mozilla/4.0 (compatible; MSIE 6.0; Windows NT 5.1; SV1; GTB6; QQDownload 598)"
203.208.60.164 - - [22/Nov/2009:00:08:13 +0800] "GET /2008/2009alb/pic/swds/jhy.jpg HTTP/1.1" 200 8571 "-" "Googlebot-Image/1.0"
117.23.204.247 - - [22/Nov/2009:00:08:13 +0800] "GET /xhsjzkjl/2009-09/26/content_17815048.htm HTTP/1.1" 304 - "-" "Sosospider+(+http://help.soso.com/webspider.htm)"
65.55.214.45 - - [22/Nov/2009:00:08:12 +0800] "GET /tese/2008-02/18/xin_35302051816497812445427.jpg HTTP/1.1" 200 39834 "-" "Mozilla/4.0"
95.108.150.235 - - [22/Nov/2009:00:08:12 +0800] "GET / HTTP/1.1" 200 145583 "-" "Yandex/1.01.001 (compatible; Win16; H)"
95.108.150.235 - - [22/Nov/2009:00:08:13 +0800] "GET / HTTP/1.1" 200 145583 "-" "Yandex/1.01.001 (compatible; Win16; H)"
67.195.111.244 - - [22/Nov/2009:00:08:16 +0800] "GET /2006shangye/2009-02/12/content_15675888.htm HTTP/1.0" 200 20157 "-" "Mozilla/5.0 (compatible; Yahoo! Slurp/3.0; http://help.yahoo.com/help/us/ysearch/slurp)"
67.195.111.244 - - [22/Nov/2009:00:08:18 +0800] "GET /newscenter/link-news/index.htm HTTP/1.0" 200 6118 "http://www.jl.xinhuanet.com/2006shangye/2009-02/12/content_15675888.htm" "Mozilla/5.0 (compatible; Yahoo! Slurp/3.0; http://help.yahoo.com/help/us/ysearch/slurp)"
67.195.111.244 - - [22/Nov/2009:00:08:18 +0800] "GET /home/bottom.htm HTTP/1.0" 200 1363 "http://www.jl.xinhuanet.com/2006shangye/2009-02/12/content_15675888.htm" "Mozilla/5.0 (compatible; Yahoo! Slurp/3.0; http://help.yahoo.com/help/us/ysearch/slurp)"
74.6.22.124 - - [22/Nov/2009:00:08:17 +0800] "GET /xhsjzkjl/2009-11/21/content_18293418.htm HTTP/1.0" 200 17718 "-" "Mozilla/5.0 (compatible; Yahoo! Slurp/3.0; http://help.yahoo.com/help/us/ysearch/slurp)"
67.195.111.244 - - [22/Nov/2009:00:08:18 +0800] "GET /mod2006/top.htm HTTP/1.0" 200 12347 "http://www.jl.xinhuanet.com/2006shangye/2009-02/12/content_15675888.htm" "Mozilla/5.0 (compatible; Yahoo! Slurp/3.0; http://help.yahoo.com/help/us/ysearch/slurp)"
67.195.111.244 - - [22/Nov/2009:00:08:18 +0800] "GET /mod2006/images/css.css HTTP/1.0" 200 1043 "http://www.jl.xinhuanet.com/mod2006/top.htm" "Mozilla/5.0 (compatible; Yahoo! Slurp/3.0; http://help.yahoo.com/help/us/ysearch/slurp)"
95.108.150.235 - - [22/Nov/2009:00:08:17 +0800] "GET / HTTP/1.1" 200 145583 "-" "Yandex/1.01.001 (compatible; Win16; H)"
202.108.251.39 - - [22/Nov/2009:00:08:21 +0800] "GET /cbs/wh_03.htm HTTP/1.1" 304 - "-" "Mozilla/5.0 (compatible; Yahoo! Slurp China; http://misc.yahoo.com.cn/help.html)"
95.108.150.235 - - [22/Nov/2009:00:08:18 +0800] "GET / HTTP/1.1" 200 145583 "-" "Yandex/1.01.001 (compatible; Win16; H)"
95.108.150.235 - - [22/Nov/2009:00:08:22 +0800] "GET /robots.txt HTTP/1.1" 404 275 "-" "Yandex/1.01.001 (compatible; Win16; H)"
67.195.114.244 - - [22/Nov/2009:00:08:24 +0800] "GET /shangye/qiaolian/photos25.htm HTTP/1.0" 200 9897 "-" "Mozilla/5.0 (compatible; Yahoo! Slurp/3.0; http://help.yahoo.com/help/us/ysearch/slurp)"
203.208.60.165 - - [22/Nov/2009:00:08:25 +0800] "GET /news/jiceng/jiceng.htm HTTP/1.1" 304 - "-" "Mozilla/5.0 (compatible; Googlebot/2.1; +http://www.google.com/bot.html)"
95.108.150.235 - - [22/Nov/2009:00:08:23 +0800] "GET / HTTP/1.1" 200 145583 "-" "Yandex/1.01.001 (compatible; Win16; H)"
123.235.40.243 - - [22/Nov/2009:00:08:28 +0800] "GET /xhsjzkjl/2002/07/20020730-4.htm HTTP/1.1" 304 - "-" "Mozilla/5.0 (compatible; Yahoo! Slurp China; http://misc.yahoo.com.cn/help.html)"
117.23.204.247 - - [22/Nov/2009:00:08:30 +0800] "GET /newscenter/2008-08/06/content_14039961.htm HTTP/1.1" 304 - "-" "Sosospider+(+http://help.soso.com/webspider.htm)"
127.0.0.1 - - [22/Nov/2009:00:08:31 +0800] "GET / HTTP/1.0" 200 145583 "-" "Apache (internal dummy connection)"
202.108.251.39 - - [22/Nov/2009:00:08:31 +0800] "GET /2006shangye/2009-09/15/content_17707321.htm HTTP/1.1" 304 - "http://www.baidu.com/s?wd=%D1%D3%B1%DF%D4%DA%C8%AB%B9%FA%B5%C4%B6%C0%CC%D8%CC%D8%C9%AB&word=%D1%D3%B1%DF%D4%DA%C8%AB%B9%FA%B5%C4%B6%C0%CC%D8%CC%D8%C9%AB&tn=sitehao123" "Mozilla/4.0 (compatible; MSIE 6.0; Windows NT 5.1; SV1; QQPinyinSetup 614; GTB6; .NET CLR 2.0.50727; CIBA)"
202.108.251.39 - - [22/Nov/2009:00:08:31 +0800] "GET /mod2006/top.htm HTTP/1.1" 304 - "http://www.jl.xinhuanet.com/2006shangye/2009-09/15/content_17707321.htm" "Mozilla/4.0 (compatible; MSIE 6.0; Windows NT 5.1; SV1; QQPinyinSetup 614; GTB6; .NET CLR 2.0.50727; CIBA)"
202.108.251.39 - - [22/Nov/2009:00:08:31 +0800] "GET /newscenter/link-news/index.htm HTTP/1.1" 304 - "http://www.jl.xinhuanet.com/2006shangye/2009-09/15/content_17707321.htm" "Mozilla/4.0 (compatible; MSIE 6.0; Windows NT 5.1; SV1; QQPinyinSetup 614; GTB6; .NET CLR 2.0.50727; CIBA)"
69.191.211.202 - - [22/Nov/2009:00:08:32 +0800] "GET / HTTP/1.1" 200 145583 "-" "BLP_bbot/0.1"
123.235.40.243 - - [22/Nov/2009:00:08:33 +0800] "GET /newscenter/2008-04/26/content_13094554.htm HTTP/1.1" 304 - "-" "Mozilla/5.0 (compatible; Yahoo! Slurp China; http://misc.yahoo.com.cn/help.html)"
202.108.251.39 - - [22/Nov/2009:00:08:34 +0800] "GET /xhsjl/jujiao/jujiao.htm HTTP/1.1" 304 - "-" "Mozilla/5.0 (compatible; Yahoo! Slurp China; http://misc.yahoo.com.cn/help.html)"
95.108.150.235 - - [22/Nov/2009:00:08:31 +0800] "GET / HTTP/1.1" 200 145583 "-" "Yandex/1.01.001 (compatible; Win16; H)"
202.108.251.39 - - [22/Nov/2009:00:08:37 +0800] "GET /cchwgs/index.htm HTTP/1.1" 304 - "http://www.jl.xinhuanet.com/cchwgs/index.htm" "Mozilla/4.0 (compatible; MSIE 6.0; Windows NT 5.0)"
202.108.251.39 - - [22/Nov/2009:00:08:39 +0800] "GET /newscenter/2007-12/01/xin_23312040111029841306821.jpg HTTP/1.1" 304 - "http://www.tianya.cn/publicforum/content/no04/ab6f83e4965cbc57256aa42765b0540a/1/0/1.shtml" "Mozilla/4.0 (compatible; MSIE 6.0; Windows NT 5.1; SV1; TencentTraveler 4.0; 360SE)"
202.160.189.239 - - [22/Nov/2009:00:08:39 +0800] "GET /newscenter/2009-09/18/content_17740597.htm HTTP/1.0" 200 17642 "-" "Mozilla/5.0 (compatible; Yahoo! Slurp China; http://misc.yahoo.com.cn/help.html)"
67.195.114.244 - - [22/Nov/2009:00:08:39 +0800] "GET /leaders/2008-08/07/content_14051940.htm HTTP/1.0" 200 17498 "-" "Mozilla/5.0 (compatible; Yahoo! Slurp/3.0; http://help.yahoo.com/help/us/ysearch/slurp)"
117.23.204.247 - - [22/Nov/2009:00:08:41 +0800] "GET /home/images/style.css HTTP/1.1" 304 - "http://www.jl.xinhuanet.com/newscenter/2008-08/06/content_14039961.htm" "Sosospider+(+http://help.soso.com/webspider.htm)"
202.160.189.229 - - [22/Nov/2009:00:08:45 +0800] "GET /newscenter/2009-08/31/content_17548278.htm HTTP/1.0" 200 17764 "-" "Mozilla/5.0 (compatible; Yahoo! Slurp China; http://misc.yahoo.com.cn/help.html)"
202.108.251.39 - - [22/Nov/2009:00:08:45 +0800] "GET /newscenter/jksh.htm HTTP/1.1" 304 - "http://www.jl.xinhuanet.com/newscenter/jksh.htm" "Mozilla/4.0 (compatible; MSIE 6.0; Windows NT 5.0)"
202.108.251.39 - - [22/Nov/2009:00:08:46 +0800] "GET /2006shangye/kjww.htm HTTP/1.1" 304 - "http://www.jl.xinhuanet.com/2006shangye/kjww.htm" "Mozilla/4.0 (compatible; MSIE 6.0; Windows NT 5.0)"
202.108.251.39 - - [22/Nov/2009:00:08:46 +0800] "GET /shangye/2006-06/19/content_7300459.htm HTTP/1.1" 304 - "-" "Mozilla/5.0 (compatible; Yahoo! Slurp China; http://misc.yahoo.com.cn/help.html)"
202.108.251.39 - - [22/Nov/2009:00:08:46 +0800] "GET /newscenter/smpc.htm HTTP/1.1" 304 - "http://www.jl.xinhuanet.com/newscenter/smpc.htm" "Mozilla/4.0 (compatible; MSIE 6.0; Windows NT 5.0)"
221.192.149.81 - - [22/Nov/2009:00:08:49 +0800] "GET /jujiao/2005-09/27/xin_03090227153868754192.jpg HTTP/1.1" 304 - "http://image.baidu.com/i?ct=503316480&z=0&tn=baiduimagedetail&word=%C8%CB%CC%E5%D0%B4%D5%E6&in=32695&cl=2&cm=1&sc=0&lm=-1&pn=0&rn=1&di=9863920560&ln=813&fr=&ic=0&s=0" "Mozilla/4.0 (compatible; MSIE 6.0; Windows NT 5.1; SV1)"
202.108.251.39 - - [22/Nov/2009:00:08:49 +0800] "GET /newscenter/2009-11/17/content_18249806.htm HTTP/1.1" 304 - "http://www.jl.xinhuanet.com/newscenter/link-news/index.htm" "Mozilla/4.0 (compatible; MSIE 6.0; Windows NT 5.1; SV1; QQPinyinSetup 614; GTB6; .NET CLR 2.0.50727; CIBA)"
202.108.251.39 - - [22/Nov/2009:00:08:50 +0800] "GET /newscenter/2009-11/17/xin_08311061710282653153612.jpg HTTP/1.1" 304 - "http://www.jl.xinhuanet.com/newscenter/2009-11/17/content_18249806.htm" "Mozilla/4.0 (compatible; MSIE 6.0; Windows NT 5.1; SV1; QQPinyinSetup 614; GTB6; .NET CLR 2.0.50727; CIBA)"
67.195.114.244 - - [22/Nov/2009:00:08:50 +0800] "GET /newscenter/2009-11/19/content_18269767.htm HTTP/1.0" 200 17545 "-" "Mozilla/5.0 (compatible; Yahoo! Slurp/3.0; http://help.yahoo.com/help/us/ysearch/slurp)"
123.235.40.243 - - [22/Nov/2009:00:08:51 +0800] "GET /xhsjzkjl/2003/2003-10/13/content_1047424.htm HTTP/1.1" 304 - "-" "Mozilla/5.0 (compatible; Yahoo! Slurp China; http://misc.yahoo.com.cn/help.html)"
117.23.204.247 - - [22/Nov/2009:00:08:52 +0800] "GET /yingshi/2006-11/29/xin_351103291115273240959.jpg HTTP/1.1" 304 - "http://image.baidu.com/i?ct=503316480&z=0&tn=baiduimagedetail&word=%B2%BB%C9%F7%C2%B6%C8%B9%B5%D7%B5%C4mm&in=2195&cl=2&cm=1&sc=0&lm=-1&pn=1&rn=1&di=8024724864&ln=2000&fr=&ic=0&s=0" "Mozilla/4.0 (compatible; MSIE 6.0; Windows NT 5.1; SV1; QQDownload 598; QQPinyinSetup 612; InfoPath.1)"
117.23.204.247 - - [22/Nov/2009:00:08:53 +0800] "GET /xhsjzkjl/2003/2003-11/21/content_1235545.htm HTTP/1.1" 304 - "-" "Sosospider+(+http://help.soso.com/webspider.htm)"
123.235.40.243 - - [22/Nov/2009:00:08:54 +0800] "GET /xcbb/xnc/index.htm HTTP/1.1" 304 - "http://www.jl.xinhuanet.com/xcbb/xnc/index.htm" "Mozilla/4.0 (compatible; MSIE 6.0; Windows NT 5.0)"
123.235.40.243 - - [22/Nov/2009:00:08:55 +0800] "GET /xcbb/industory/index.htm HTTP/1.1" 304 - "http://www.jl.xinhuanet.com/xcbb/industory/index.htm" "Mozilla/4.0 (compatible; MSIE 6.0; Windows NT 5.0)"
123.235.40.243 - - [22/Nov/2009:00:08:55 +0800] "GET /xcbb/fzy/index.htm HTTP/1.1" 304 - "http://www.jl.xinhuanet.com/xcbb/fzy/index.htm" "Mozilla/4.0 (compatible; MSIE 6.0; Windows NT 5.0)"
123.235.40.243 - - [22/Nov/2009:00:08:55 +0800] "GET /xcbb/ffcl/index.htm HTTP/1.1" 304 - "http://www.jl.xinhuanet.com/xcbb/ffcl/index.htm" "Mozilla/4.0 (compatible; MSIE 6.0; Windows NT 5.0)"
123.235.40.243 - - [22/Nov/2009:00:08:55 +0800] "GET /xcbb/3mbh HTTP/1.1" 301 316 "http://www.jl.xinhuanet.com/xcbb/3mbh" "Mozilla/4.0 (compatible; MSIE 6.0; Windows NT 5.0)"
123.235.40.243 - - [22/Nov/2009:00:08:55 +0800] "GET /shengqing/index.htm HTTP/1.1" 304 - "http://www.jl.xinhuanet.com/shengqing/index.htm" "Mozilla/4.0 (compatible; MSIE 6.0; Windows NT 5.0)"
123.235.40.243 - - [22/Nov/2009:00:08:55 +0800] "GET /tese/index.htm HTTP/1.1" 304 - "http://www.jl.xinhuanet.com/tese/index.htm" "Mozilla/4.0 (compatible; MSIE 6.0; Windows NT 5.0)"
123.235.40.243 - - [22/Nov/2009:00:08:55 +0800] "GET /shengqing/errenzhuan/meiti.htm HTTP/1.1" 304 - "http://www.jl.xinhuanet.com/shengqing/errenzhuan/meiti.htm" "Mozilla/4.0 (compatible; MSIE 6.0; Windows NT 5.0)"
123.235.40.243 - - [22/Nov/2009:00:08:55 +0800] "GET /shengqing/errenzhuan/mingduan.htm HTTP/1.1" 304 - "http://www.jl.xinhuanet.com/shengqing/errenzhuan/mingduan.htm" "Mozilla/4.0 (compatible; MSIE 6.0; Windows NT 5.0)"
123.235.40.243 - - [22/Nov/2009:00:08:55 +0800] "GET /shengqing/errenzhuan/index.htm HTTP/1.1" 304 - "http://www.jl.xinhuanet.com/shengqing/errenzhuan/index.htm" "Mozilla/4.0 (compatible; MSIE 6.0; Windows NT 5.0)"
123.235.40.243 - - [22/Nov/2009:00:08:55 +0800] "GET /xcbb/3mbh/ HTTP/1.1" 304 - "http://www.jl.xinhuanet.com/xcbb/3mbh" "Mozilla/4.0 (compatible; MSIE 6.0; Windows NT 5.0)"
123.235.40.243 - - [22/Nov/2009:00:08:55 +0800] "GET /shangye/zhuanti/dlcs/dlcs.htm HTTP/1.1" 304 - "http://www.jl.xinhuanet.com/shangye/zhuanti/dlcs/dlcs.htm" "Mozilla/4.0 (compatible; MSIE 6.0; Windows NT 5.0)"
123.235.40.243 - - [22/Nov/2009:00:08:55 +0800] "GET /shangye/yiyao/index.htm HTTP/1.1" 304 - "http://www.jl.xinhuanet.com/shangye/yiyao/index.htm" "Mozilla/4.0 (compatible; MSIE 6.0; Windows NT 5.0)"
123.235.40.243 - - [22/Nov/2009:00:08:55 +0800] "GET /shangye/xiaoxiang/index.htm HTTP/1.1" 304 - "http://www.jl.xinhuanet.com/shangye/xiaoxiang/index.htm" "Mozilla/4.0 (compatible; MSIE 6.0; Windows NT 5.0)"
123.235.40.243 - - [22/Nov/2009:00:08:55 +0800] "GET /shangye/wlmtjlx/index.htm HTTP/1.1" 304 - "http://www.jl.xinhuanet.com/shangye/wlmtjlx/index.htm" "Mozilla/4.0 (compatible; MSIE 6.0; Windows NT 5.0)"
123.235.40.243 - - [22/Nov/2009:00:08:55 +0800] "GET /shangye/tyspx/index.htm HTTP/1.1" 304 - "http://www.jl.xinhuanet.com/shangye/tyspx/index.htm" "Mozilla/4.0 (compatible; MSIE 6.0; Windows NT 5.0)"
123.235.40.243 - - [22/Nov/2009:00:08:55 +0800] "GET /shangye/renwu/sjjz/index.htm HTTP/1.1" 304 - "http://www.jl.xinhuanet.com/shangye/renwu/sjjz/index.htm" "Mozilla/4.0 (compatible; MSIE 6.0; Windows NT 5.0)"
123.235.40.243 - - [22/Nov/2009:00:08:55 +0800] "GET /shangye/renwu/xwrw/index.htm HTTP/1.1" 304 - "http://www.jl.xinhuanet.com/shangye/renwu/xwrw/index.htm" "Mozilla/4.0 (compatible; MSIE 6.0; Windows NT 5.0)"
123.235.40.243 - - [22/Nov/2009:00:08:55 +0800] "GET /shangye/renwu/shmj/index.htm HTTP/1.1" 304 - "http://www.jl.xinhuanet.com/shangye/renwu/shmj/index.htm" "Mozilla/4.0 (compatible; MSIE 6.0; Windows NT 5.0)"
123.235.40.243 - - [22/Nov/2009:00:08:55 +0800] "GET /shangye/renwu/lsmr/index.htm HTTP/1.1" 304 - "http://www.jl.xinhuanet.com/shangye/renwu/lsmr/index.htm" "Mozilla/4.0 (compatible; MSIE 6.0; Windows NT 5.0)"
123.235.40.243 - - [22/Nov/2009:00:08:55 +0800] "GET /shangye/renwu/index.htm HTTP/1.1" 304 - "http://www.jl.xinhuanet.com/shangye/renwu/index.htm" "Mozilla/4.0 (compatible; MSIE 6.0; Windows NT 5.0)"
123.235.40.243 - - [22/Nov/2009:00:08:55 +0800] "GET /shangye/mingpai/index.htm HTTP/1.1" 304 - "http://www.jl.xinhuanet.com/shangye/mingpai/index.htm" "Mozilla/4.0 (compatible; MSIE 6.0; Windows NT 5.0)"
123.235.40.243 - - [22/Nov/2009:00:08:55 +0800] "GET /shangye/jiaoyu/zhaopin.htm HTTP/1.1" 304 - "http://www.jl.xinhuanet.com/shangye/jiaoyu/zhaopin.htm" "Mozilla/4.0 (compatible; MSIE 6.0; Windows NT 5.0)"
123.235.40.243 - - [22/Nov/2009:00:08:55 +0800] "GET /shangye/qgly/index.htm HTTP/1.1" 304 - "http://www.jl.xinhuanet.com/shangye/qgly/index.htm" "Mozilla/4.0 (compatible; MSIE 6.0; Windows NT 5.0)"
123.235.40.243 - - [22/Nov/2009:00:08:55 +0800] "GET /shangye/jiaoyu/zhengce.htm HTTP/1.1" 304 - "http://www.jl.xinhuanet.com/shangye/jiaoyu/zhengce.htm" "Mozilla/4.0 (compatible; MSIE 6.0; Windows NT 5.0)"
123.235.40.243 - - [22/Nov/2009:00:08:55 +0800] "GET /shangye/jlmp/index.htm HTTP/1.1" 304 - "http://www.jl.xinhuanet.com/shangye/jlmp/index.htm" "Mozilla/4.0 (compatible; MSIE 6.0; Windows NT 5.0)"
123.235.40.243 - - [22/Nov/2009:00:08:55 +0800] "GET /shangye/jiaoyu/index.htm HTTP/1.1" 304 - "http://www.jl.xinhuanet.com/shangye/jiaoyu/index.htm" "Mozilla/4.0 (compatible; MSIE 6.0; Windows NT 5.0)"
123.235.40.243 - - [22/Nov/2009:00:08:55 +0800] "GET /shangye/jiaoyu/kuaixun.htm HTTP/1.1" 304 - "http://www.jl.xinhuanet.com/shangye/jiaoyu/kuaixun.htm" "Mozilla/4.0 (compatible; MSIE 6.0; Windows NT 5.0)"
123.235.40.243 - - [22/Nov/2009:00:08:55 +0800] "GET /shangye/gcmy/index.htm HTTP/1.1" 304 - "http://www.jl.xinhuanet.com/shangye/gcmy/index.htm" "Mozilla/4.0 (compatible; MSIE 6.0; Windows NT 5.0)"
123.235.40.243 - - [22/Nov/2009:00:08:55 +0800] "GET /shangye/jiaoyu/huati.htm HTTP/1.1" 304 - "http://www.jl.xinhuanet.com/shangye/jiaoyu/huati.htm" "Mozilla/4.0 (compatible; MSIE 6.0; Windows NT 5.0)"
123.235.40.243 - - [22/Nov/2009:00:08:55 +0800] "GET /shangye/food/swtx.htm HTTP/1.1" 304 - "http://www.jl.xinhuanet.com/shangye/food/swtx.htm" "Mozilla/4.0 (compatible; MSIE 6.0; Windows NT 5.0)"
123.235.40.243 - - [22/Nov/2009:00:08:55 +0800] "GET /shangye/food/mwqy.htm HTTP/1.1" 304 - "http://www.jl.xinhuanet.com/shangye/food/mwqy.htm" "Mozilla/4.0 (compatible; MSIE 6.0; Windows NT 5.0)"
123.235.40.243 - - [22/Nov/2009:00:08:55 +0800] "GET /shangye/food/index.htm HTTP/1.1" 304 - "http://www.jl.xinhuanet.com/shangye/food/index.htm" "Mozilla/4.0 (compatible; MSIE 6.0; Windows NT 5.0)"
123.235.40.243 - - [22/Nov/2009:00:08:55 +0800] "GET /shangye/food/gdxc.htm HTTP/1.1" 304 - "http://www.jl.xinhuanet.com/shangye/food/gdxc.htm" "Mozilla/4.0 (compatible; MSIE 6.0; Windows NT 5.0)"
123.235.40.243 - - [22/Nov/2009:00:08:55 +0800] "GET /shangye/cbszt/index.htm HTTP/1.1" 304 - "http://www.jl.xinhuanet.com/shangye/cbszt/index.htm" "Mozilla/4.0 (compatible; MSIE 6.0; Windows NT 5.0)"
123.235.40.243 - - [22/Nov/2009:00:08:55 +0800] "GET /shangye/food/ctkx.htm HTTP/1.1" 304 - "http://www.jl.xinhuanet.com/shangye/food/ctkx.htm" "Mozilla/4.0 (compatible; MSIE 6.0; Windows NT 5.0)"
123.235.40.243 - - [22/Nov/2009:00:08:55 +0800] "GET /shangye/cbszt HTTP/1.1" 301 320 "http://www.jl.xinhuanet.com/shangye/cbszt" "Mozilla/4.0 (compatible; MSIE 6.0; Windows NT 5.0)"
123.235.40.243 - - [22/Nov/2009:00:08:55 +0800] "GET /shangye/bjdl/index.htm HTTP/1.1" 304 - "http://www.jl.xinhuanet.com/shangye/bjdl/index.htm" "Mozilla/4.0 (compatible; MSIE 6.0; Windows NT 5.0)"
123.235.40.243 - - [22/Nov/2009:00:08:55 +0800] "GET /shangye/cbszt/ HTTP/1.1" 304 - "http://www.jl.xinhuanet.com/shangye/cbszt" "Mozilla/4.0 (compatible; MSIE 6.0; Windows NT 5.0)"
