58.215.110.209 - - [28/Jun/2009:00:03:44 +0800] "GET /2008/mb/images/images/shouji.swf HTTP/1.0" 304 - "http://www.jl.xinhuanet.com/" "Mozilla/4.0 (compatible; MSIE 7.0; Windows NT 5.1; SV1; GTB6; CIBA; 360SE)"
58.215.110.209 - - [28/Jun/2009:00:03:44 +0800] "GET /newscenter/photo_news.htm HTTP/1.0" 304 - "http://www.jl.xinhuanet.com/" "Mozilla/4.0 (compatible; MSIE 7.0; Windows NT 5.1; SV1; GTB6; CIBA; 360SE)"
58.215.110.209 - - [28/Jun/2009:00:03:44 +0800] "GET /2008jl/images/sc.swf HTTP/1.0" 304 - "http://www.jl.xinhuanet.com/" "Mozilla/4.0 (compatible; MSIE 7.0; Windows NT 5.1; SV1; GTB6; CIBA; 360SE)"
58.215.110.209 - - [28/Jun/2009:00:03:44 +0800] "GET /2008/mb/images/images/01_09.jpg HTTP/1.0" 304 - "http://www.jl.xinhuanet.com/" "Mozilla/4.0 (compatible; MSIE 7.0; Windows NT 5.1; SV1; GTB6; CIBA; 360SE)"
58.215.110.209 - - [28/Jun/2009:00:03:44 +0800] "GET /images_new/images_2006/09_bk_05.jpg HTTP/1.0" 404 303 "http://www.jl.xinhuanet.com/" "Mozilla/4.0 (compatible; MSIE 7.0; Windows NT 5.1; SV1; GTB6; CIBA; 360SE)"
58.215.110.209 - - [28/Jun/2009:00:03:44 +0800] "GET /2008/mb/images/images/ws1.jpg HTTP/1.0" 304 - "http://www.jl.xinhuanet.com/" "Mozilla/4.0 (compatible; MSIE 7.0; Windows NT 5.1; SV1; GTB6; CIBA; 360SE)"
58.215.110.209 - - [28/Jun/2009:00:03:44 +0800] "GET /2008/mb/images/images/09_bn_player.jpg HTTP/1.0" 304 - "http://www.jl.xinhuanet.com/" "Mozilla/4.0 (compatible; MSIE 7.0; Windows NT 5.1; SV1; GTB6; CIBA; 360SE)"
58.215.110.209 - - [28/Jun/2009:00:03:44 +0800] "GET /2008/mb/images/images/09_bn_stop.jpg HTTP/1.0" 304 - "http://www.jl.xinhuanet.com/" "Mozilla/4.0 (compatible; MSIE 7.0; Windows NT 5.1; SV1; GTB6; CIBA; 360SE)"
58.215.110.209 - - [28/Jun/2009:00:03:44 +0800] "GET /2008/mb/images/images/09_bn_pause.jpg HTTP/1.0" 304 - "http://www.jl.xinhuanet.com/" "Mozilla/4.0 (compatible; MSIE 7.0; Windows NT 5.1; SV1; GTB6; CIBA; 360SE)"
58.215.110.209 - - [28/Jun/2009:00:03:44 +0800] "GET /2008/mb/images/images/icon_09.gif HTTP/1.0" 304 - "http://www.jl.xinhuanet.com/" "Mozilla/4.0 (compatible; MSIE 7.0; Windows NT 5.1; SV1; GTB6; CIBA; 360SE)"
58.215.110.209 - - [28/Jun/2009:00:03:44 +0800] "GET /2008/mb/images/images/icon_01.gif HTTP/1.0" 304 - "http://www.jl.xinhuanet.com/" "Mozilla/4.0 (compatible; MSIE 7.0; Windows NT 5.1; SV1; GTB6; CIBA; 360SE)"
58.215.110.209 - - [28/Jun/2009:00:03:44 +0800] "GET /2008/mb/images/images/icon_02.gif HTTP/1.0" 304 - "http://www.jl.xinhuanet.com/" "Mozilla/4.0 (compatible; MSIE 7.0; Windows NT 5.1; SV1; GTB6; CIBA; 360SE)"
58.215.110.209 - - [28/Jun/2009:00:03:44 +0800] "GET /2008/mb/images/images/icon_03.gif HTTP/1.0" 304 - "http://www.jl.xinhuanet.com/" "Mozilla/4.0 (compatible; MSIE 7.0; Windows NT 5.1; SV1; GTB6; CIBA; 360SE)"
58.215.110.209 - - [28/Jun/2009:00:03:44 +0800] "GET /2008/mb/images/images/icon_04.gif HTTP/1.0" 304 - "http://www.jl.xinhuanet.com/" "Mozilla/4.0 (compatible; MSIE 7.0; Windows NT 5.1; SV1; GTB6; CIBA; 360SE)"
58.215.110.209 - - [28/Jun/2009:00:03:44 +0800] "GET /2008/mb/images/images/icon_05.gif HTTP/1.0" 304 - "http://www.jl.xinhuanet.com/" "Mozilla/4.0 (compatible; MSIE 7.0; Windows NT 5.1; SV1; GTB6; CIBA; 360SE)"
58.215.110.209 - - [28/Jun/2009:00:03:44 +0800] "GET /2008/mb/images/images/icon_07.gif HTTP/1.0" 304 - "http://www.jl.xinhuanet.com/" "Mozilla/4.0 (compatible; MSIE 7.0; Windows NT 5.1; SV1; GTB6; CIBA; 360SE)"
58.215.110.209 - - [28/Jun/2009:00:03:44 +0800] "GET /2008/mb/images/images/icon_08.gif HTTP/1.0" 304 - "http://www.jl.xinhuanet.com/" "Mozilla/4.0 (compatible; MSIE 7.0; Windows NT 5.1; SV1; GTB6; CIBA; 360SE)"
58.215.110.209 - - [28/Jun/2009:00:03:44 +0800] "GET /2008/mb/images/images/icon_10.gif HTTP/1.0" 304 - "http://www.jl.xinhuanet.com/" "Mozilla/4.0 (compatible; MSIE 7.0; Windows NT 5.1; SV1; GTB6; CIBA; 360SE)"
58.215.110.209 - - [28/Jun/2009:00:03:44 +0800] "GET /2008/mb/images/images/01_05.jpg HTTP/1.0" 304 - "http://www.jl.xinhuanet.com/" "Mozilla/4.0 (compatible; MSIE 7.0; Windows NT 5.1; SV1; GTB6; CIBA; 360SE)"
58.215.110.209 - - [28/Jun/2009:00:03:44 +0800] "GET /2008/mb/images/images/01_08a.jpg HTTP/1.0" 304 - "http://www.jl.xinhuanet.com/" "Mozilla/4.0 (compatible; MSIE 7.0; Windows NT 5.1; SV1; GTB6; CIBA; 360SE)"
58.215.110.209 - - [28/Jun/2009:00:03:44 +0800] "GET /2008/mb/images/images/02_01.jpg HTTP/1.0" 304 - "http://www.jl.xinhuanet.com/" "Mozilla/4.0 (compatible; MSIE 7.0; Windows NT 5.1; SV1; GTB6; CIBA; 360SE)"
58.215.110.209 - - [28/Jun/2009:00:03:44 +0800] "GET /2008/mb/images/images/icon_06.gif HTTP/1.0" 304 - "http://www.jl.xinhuanet.com/" "Mozilla/4.0 (compatible; MSIE 7.0; Windows NT 5.1; SV1; GTB6; CIBA; 360SE)"
58.215.110.209 - - [28/Jun/2009:00:03:44 +0800] "GET /2008/mb/images/images/02_02.jpg HTTP/1.0" 304 - "http://www.jl.xinhuanet.com/" "Mozilla/4.0 (compatible; MSIE 7.0; Windows NT 5.1; SV1; GTB6; CIBA; 360SE)"
58.215.110.209 - - [28/Jun/2009:00:03:44 +0800] "GET /2008/mb/images/images/ybfq1.jpg HTTP/1.0" 304 - "http://www.jl.xinhuanet.com/" "Mozilla/4.0 (compatible; MSIE 7.0; Windows NT 5.1; SV1; GTB6; CIBA; 360SE)"
58.215.110.209 - - [28/Jun/2009:00:03:44 +0800] "GET /2008/mb/images/images/ybfq.jpg HTTP/1.0" 304 - "http://www.jl.xinhuanet.com/" "Mozilla/4.0 (compatible; MSIE 7.0; Windows NT 5.1; SV1; GTB6; CIBA; 360SE)"
58.215.110.209 - - [28/Jun/2009:00:03:45 +0800] "GET /2008/mb/images/images/02_04.jpg HTTP/1.0" 304 - "http://www.jl.xinhuanet.com/" "Mozilla/4.0 (compatible; MSIE 7.0; Windows NT 5.1; SV1; GTB6; CIBA; 360SE)"
58.215.110.209 - - [28/Jun/2009:00:03:45 +0800] "GET /2008/mb/images/images/ty1.jpg HTTP/1.0" 304 - "http://www.jl.xinhuanet.com/" "Mozilla/4.0 (compatible; MSIE 7.0; Windows NT 5.1; SV1; GTB6; CIBA; 360SE)"
58.215.110.209 - - [28/Jun/2009:00:03:45 +0800] "GET /2008/mb/images/images/02_08.jpg HTTP/1.0" 304 - "http://www.jl.xinhuanet.com/" "Mozilla/4.0 (compatible; MSIE 7.0; Windows NT 5.1; SV1; GTB6; CIBA; 360SE)"
58.215.110.209 - - [28/Jun/2009:00:03:45 +0800] "GET /2008/mb/images/images/lc1.jpg HTTP/1.0" 304 - "http://www.jl.xinhuanet.com/" "Mozilla/4.0 (compatible; MSIE 7.0; Windows NT 5.1; SV1; GTB6; CIBA; 360SE)"
58.215.110.209 - - [28/Jun/2009:00:03:45 +0800] "GET /2008/mb/images/images/02_07.jpg HTTP/1.0" 304 - "http://www.jl.xinhuanet.com/" "Mozilla/4.0 (compatible; MSIE 7.0; Windows NT 5.1; SV1; GTB6; CIBA; 360SE)"
58.215.110.209 - - [28/Jun/2009:00:03:45 +0800] "GET /2008/mb/images/images/lc2.jpg HTTP/1.0" 304 - "http://www.jl.xinhuanet.com/" "Mozilla/4.0 (compatible; MSIE 7.0; Windows NT 5.1; SV1; GTB6; CIBA; 360SE)"
58.215.110.209 - - [28/Jun/2009:00:03:45 +0800] "GET /2008/mb/images/images/02_05.jpg HTTP/1.0" 304 - "http://www.jl.xinhuanet.com/" "Mozilla/4.0 (compatible; MSIE 7.0; Windows NT 5.1; SV1; GTB6; CIBA; 360SE)"
58.215.110.209 - - [28/Jun/2009:00:03:45 +0800] "GET /2008/mb/images/images/bt1.jpg HTTP/1.0" 304 - "http://www.jl.xinhuanet.com/" "Mozilla/4.0 (compatible; MSIE 7.0; Windows NT 5.1; SV1; GTB6; CIBA; 360SE)"
58.215.110.209 - - [28/Jun/2009:00:03:45 +0800] "GET /2008/mb/images/images/02_06.jpg HTTP/1.0" 304 - "http://www.jl.xinhuanet.com/" "Mozilla/4.0 (compatible; MSIE 7.0; Windows NT 5.1; SV1; GTB6; CIBA; 360SE)"
58.215.110.209 - - [28/Jun/2009:00:03:45 +0800] "GET /2008/mb/images/images/bt2.jpg HTTP/1.0" 304 - "http://www.jl.xinhuanet.com/" "Mozilla/4.0 (compatible; MSIE 7.0; Windows NT 5.1; SV1; GTB6; CIBA; 360SE)"
58.215.110.209 - - [28/Jun/2009:00:03:45 +0800] "GET /2008/mb/images/images/logo119.jpg HTTP/1.0" 304 - "http://www.jl.xinhuanet.com/" "Mozilla/4.0 (compatible; MSIE 7.0; Windows NT 5.1; SV1; GTB6; CIBA; 360SE)"
58.215.110.209 - - [28/Jun/2009:00:03:45 +0800] "GET /2008/mb/images/images/hw_logo.jpg HTTP/1.0" 304 - "http://www.jl.xinhuanet.com/" "Mozilla/4.0 (compatible; MSIE 7.0; Windows NT 5.1; SV1; GTB6; CIBA; 360SE)"
58.215.110.209 - - [28/Jun/2009:00:03:45 +0800] "GET /2008/mb/images/images/logo122.gif HTTP/1.0" 304 - "http://www.jl.xinhuanet.com/" "Mozilla/4.0 (compatible; MSIE 7.0; Windows NT 5.1; SV1; GTB6; CIBA; 360SE)"
117.23.204.247 - - [28/Jun/2009:00:03:45 +0800] "GET /shangye/jiaoyu/undefined HTTP/1.0" 404 292 "http://www.jl.xinhuanet.com/shangye/jiaoyu/index.htm" "Mozilla/4.0 (compatible; MSIE 6.0; Windows NT 5.1; SV1)"
58.215.110.209 - - [28/Jun/2009:00:03:45 +0800] "GET /2008/mb/images/images/03_01a.jpg HTTP/1.0" 304 - "http://www.jl.xinhuanet.com/" "Mozilla/4.0 (compatible; MSIE 7.0; Windows NT 5.1; SV1; GTB6; CIBA; 360SE)"
58.215.110.209 - - [28/Jun/2009:00:03:45 +0800] "GET /2008/mb/images/images/03_01.jpg HTTP/1.0" 304 - "http://www.jl.xinhuanet.com/" "Mozilla/4.0 (compatible; MSIE 7.0; Windows NT 5.1; SV1; GTB6; CIBA; 360SE)"
58.215.110.209 - - [28/Jun/2009:00:03:45 +0800] "GET /2008/mb/images/images/03_01b.jpg HTTP/1.0" 304 - "http://www.jl.xinhuanet.com/" "Mozilla/4.0 (compatible; MSIE 7.0; Windows NT 5.1; SV1; GTB6; CIBA; 360SE)"
58.215.110.209 - - [28/Jun/2009:00:03:45 +0800] "GET /2008/mb/images/images/dbh-logo.jpg HTTP/1.0" 304 - "http://www.jl.xinhuanet.com/" "Mozilla/4.0 (compatible; MSIE 7.0; Windows NT 5.1; SV1; GTB6; CIBA; 360SE)"
58.215.110.209 - - [28/Jun/2009:00:03:45 +0800] "GET /2008/mb/images/images/ly1.jpg HTTP/1.0" 304 - "http://www.jl.xinhuanet.com/" "Mozilla/4.0 (compatible; MSIE 7.0; Windows NT 5.1; SV1; GTB6; CIBA; 360SE)"
58.215.110.209 - - [28/Jun/2009:00:03:45 +0800] "GET /2008/mb/images/images/ly3.jpg HTTP/1.0" 304 - "http://www.jl.xinhuanet.com/" "Mozilla/4.0 (compatible; MSIE 7.0; Windows NT 5.1; SV1; GTB6; CIBA; 360SE)"
58.215.110.209 - - [28/Jun/2009:00:03:45 +0800] "GET /2008/mb/images/images/ly4.jpg HTTP/1.0" 304 - "http://www.jl.xinhuanet.com/" "Mozilla/4.0 (compatible; MSIE 7.0; Windows NT 5.1; SV1; GTB6; CIBA; 360SE)"
58.215.110.209 - - [28/Jun/2009:00:03:45 +0800] "GET /2008/mb/images/images/ly2.jpg HTTP/1.0" 304 - "http://www.jl.xinhuanet.com/" "Mozilla/4.0 (compatible; MSIE 7.0; Windows NT 5.1; SV1; GTB6; CIBA; 360SE)"
221.192.149.81 - - [28/Jun/2009:00:03:45 +0800] "GET /2008/mb/images/images/sh2.jpg HTTP/1.0" 304 - "http://www.jl.xinhuanet.com/" "Mozilla/4.0 (compatible; MSIE 6.0; Windows NT 5.1; SV1)"
219.153.74.114 - - [28/Jun/2009:00:03:45 +0800] "GET /newscenter/2009-05/30/content_16657331.htm HTTP/1.0" 304 - "-" "Mozilla/4.0 (compatible; MSIE 5.01; Windows NT 5.0)"
58.215.110.209 - - [28/Jun/2009:00:03:45 +0800] "GET /2008/mb/images/images/sh1.jpg HTTP/1.0" 304 - "http://www.jl.xinhuanet.com/" "Mozilla/4.0 (compatible; MSIE 7.0; Windows NT 5.1; SV1; GTB6; CIBA; 360SE)"
58.215.110.209 - - [28/Jun/2009:00:03:45 +0800] "GET /2008/mb/images/images/ly5.jpg HTTP/1.0" 304 - "http://www.jl.xinhuanet.com/" "Mozilla/4.0 (compatible; MSIE 7.0; Windows NT 5.1; SV1; GTB6; CIBA; 360SE)"
58.215.110.209 - - [28/Jun/2009:00:03:45 +0800] "GET /2008/mb/images/images/sh2.jpg HTTP/1.0" 304 - "http://www.jl.xinhuanet.com/" "Mozilla/4.0 (compatible; MSIE 7.0; Windows NT 5.1; SV1; GTB6; CIBA; 360SE)"
58.215.110.209 - - [28/Jun/2009:00:03:45 +0800] "GET /2008/mb/images/images/sh3.jpg HTTP/1.0" 304 - "http://www.jl.xinhuanet.com/" "Mozilla/4.0 (compatible; MSIE 7.0; Windows NT 5.1; SV1; GTB6; CIBA; 360SE)"
58.215.110.209 - - [28/Jun/2009:00:03:45 +0800] "GET /2008/mb/images/images/sh4.jpg HTTP/1.0" 304 - "http://www.jl.xinhuanet.com/" "Mozilla/4.0 (compatible; MSIE 7.0; Windows NT 5.1; SV1; GTB6; CIBA; 360SE)"
58.215.110.209 - - [28/Jun/2009:00:03:45 +0800] "GET /2008/mb/images/images/zmkm.jpg HTTP/1.0" 304 - "http://www.jl.xinhuanet.com/" "Mozilla/4.0 (compatible; MSIE 7.0; Windows NT 5.1; SV1; GTB6; CIBA; 360SE)"
117.23.204.247 - - [28/Jun/2009:00:03:45 +0800] "GET /newscenter/2006-01/2009-06/26/content_16922058.htm HTTP/1.0" 404 318 "http://www.jl.xinhuanet.com/newscenter/2006-01/2009-06/26/content_16922058.htm" "Sosospider+(+http://help.soso.com/webspider.htm)"
221.192.149.81 - - [28/Jun/2009:00:03:45 +0800] "GET /2008/mb/images/images/sh3.jpg HTTP/1.0" 304 - "http://www.jl.xinhuanet.com/" "Mozilla/4.0 (compatible; MSIE 6.0; Windows NT 5.1; SV1)"
58.215.110.209 - - [28/Jun/2009:00:03:46 +0800] "GET /2008/mb/images/images/mymy.jpg HTTP/1.0" 304 - "http://www.jl.xinhuanet.com/" "Mozilla/4.0 (compatible; MSIE 7.0; Windows NT 5.1; SV1; GTB6; CIBA; 360SE)"
58.215.110.209 - - [28/Jun/2009:00:03:46 +0800] "GET /2008/mb/images/images/jcfy.gif HTTP/1.0" 304 - "http://www.jl.xinhuanet.com/" "Mozilla/4.0 (compatible; MSIE 7.0; Windows NT 5.1; SV1; GTB6; CIBA; 360SE)"
58.215.110.209 - - [28/Jun/2009:00:03:46 +0800] "GET /2008/mb/images/images/cghly.jpg HTTP/1.0" 304 - "http://www.jl.xinhuanet.com/" "Mozilla/4.0 (compatible; MSIE 7.0; Windows NT 5.1; SV1; GTB6; CIBA; 360SE)"
58.215.110.209 - - [28/Jun/2009:00:03:46 +0800] "GET /2008/mb/images/images/04_02.jpg HTTP/1.0" 304 - "http://www.jl.xinhuanet.com/" "Mozilla/4.0 (compatible; MSIE 7.0; Windows NT 5.1; SV1; GTB6; CIBA; 360SE)"
58.215.110.209 - - [28/Jun/2009:00:03:46 +0800] "GET /2008/mb/images/images/dfpd.jpg HTTP/1.0" 304 - "http://www.jl.xinhuanet.com/" "Mozilla/4.0 (compatible; MSIE 7.0; Windows NT 5.1; SV1; GTB6; CIBA; 360SE)"
58.215.110.209 - - [28/Jun/2009:00:03:46 +0800] "GET /2008/mb/images/images/04_03.jpg HTTP/1.0" 304 - "http://www.jl.xinhuanet.com/" "Mozilla/4.0 (compatible; MSIE 7.0; Windows NT 5.1; SV1; GTB6; CIBA; 360SE)"
58.215.110.209 - - [28/Jun/2009:00:03:46 +0800] "GET /2008/mb/images/images/04_04.jpg HTTP/1.0" 304 - "http://www.jl.xinhuanet.com/" "Mozilla/4.0 (compatible; MSIE 7.0; Windows NT 5.1; SV1; GTB6; CIBA; 360SE)"
58.215.110.209 - - [28/Jun/2009:00:03:46 +0800] "GET /2008/mb/images/images/logo124.gif HTTP/1.0" 304 - "http://www.jl.xinhuanet.com/" "Mozilla/4.0 (compatible; MSIE 7.0; Windows NT 5.1; SV1; GTB6; CIBA; 360SE)"
58.215.110.209 - - [28/Jun/2009:00:03:46 +0800] "GET /2008/mb/images/images/04_14.jpg HTTP/1.0" 304 - "http://www.jl.xinhuanet.com/" "Mozilla/4.0 (compatible; MSIE 7.0; Windows NT 5.1; SV1; GTB6; CIBA; 360SE)"
58.215.110.209 - - [28/Jun/2009:00:03:46 +0800] "GET /2008/mb/images/images/qc1.jpg HTTP/1.0" 304 - "http://www.jl.xinhuanet.com/" "Mozilla/4.0 (compatible; MSIE 7.0; Windows NT 5.1; SV1; GTB6; CIBA; 360SE)"
58.215.110.209 - - [28/Jun/2009:00:03:46 +0800] "GET /2008/mb/images/images/zx.jpg HTTP/1.0" 304 - "http://www.jl.xinhuanet.com/" "Mozilla/4.0 (compatible; MSIE 7.0; Windows NT 5.1; SV1; GTB6; CIBA; 360SE)"
58.215.110.209 - - [28/Jun/2009:00:03:46 +0800] "GET /2008/mb/images/images/04_11.jpg HTTP/1.0" 304 - "http://www.jl.xinhuanet.com/" "Mozilla/4.0 (compatible; MSIE 7.0; Windows NT 5.1; SV1; GTB6; CIBA; 360SE)"
58.215.110.209 - - [28/Jun/2009:00:03:46 +0800] "GET /2008/mb/images/images/04_09.jpg HTTP/1.0" 304 - "http://www.jl.xinhuanet.com/" "Mozilla/4.0 (compatible; MSIE 7.0; Windows NT 5.1; SV1; GTB6; CIBA; 360SE)"
58.215.110.209 - - [28/Jun/2009:00:03:46 +0800] "GET /2008/mb/images/images/yl1.jpg HTTP/1.0" 304 - "http://www.jl.xinhuanet.com/" "Mozilla/4.0 (compatible; MSIE 7.0; Windows NT 5.1; SV1; GTB6; CIBA; 360SE)"
58.215.110.209 - - [28/Jun/2009:00:03:46 +0800] "GET /2008/mb/images/images/jk1.jpg HTTP/1.0" 304 - "http://www.jl.xinhuanet.com/" "Mozilla/4.0 (compatible; MSIE 7.0; Windows NT 5.1; SV1; GTB6; CIBA; 360SE)"
219.153.74.114 - - [28/Jun/2009:00:03:46 +0800] "GET /newscenter/2009-05/30/content_16657332.htm HTTP/1.0" 304 - "-" "Mozilla/4.0 (compatible; MSIE 5.01; Windows NT 5.0)"
58.215.110.209 - - [28/Jun/2009:00:03:46 +0800] "GET /2008/mb/images/images/04_13.jpg HTTP/1.0" 304 - "http://www.jl.xinhuanet.com/" "Mozilla/4.0 (compatible; MSIE 7.0; Windows NT 5.1; SV1; GTB6; CIBA; 360SE)"
58.215.110.209 - - [28/Jun/2009:00:03:46 +0800] "GET /2008/mb/images/images/04_12.jpg HTTP/1.0" 304 - "http://www.jl.xinhuanet.com/" "Mozilla/4.0 (compatible; MSIE 7.0; Windows NT 5.1; SV1; GTB6; CIBA; 360SE)"
58.215.110.209 - - [28/Jun/2009:00:03:46 +0800] "GET /2008/mb/images/images/fc1.jpg HTTP/1.0" 304 - "http://www.jl.xinhuanet.com/" "Mozilla/4.0 (compatible; MSIE 7.0; Windows NT 5.1; SV1; GTB6; CIBA; 360SE)"
58.215.110.209 - - [28/Jun/2009:00:03:46 +0800] "GET /2008/mb/images/images/04_11a.jpg HTTP/1.0" 304 - "http://www.jl.xinhuanet.com/" "Mozilla/4.0 (compatible; MSIE 7.0; Windows NT 5.1; SV1; GTB6; CIBA; 360SE)"
58.215.110.209 - - [28/Jun/2009:00:03:46 +0800] "GET /2008/mb/images/images/sh5.jpg HTTP/1.0" 304 - "http://www.jl.xinhuanet.com/" "Mozilla/4.0 (compatible; MSIE 7.0; Windows NT 5.1; SV1; GTB6; CIBA; 360SE)"
58.215.110.209 - - [28/Jun/2009:00:03:46 +0800] "GET /2008/mb/images/images/01_09b.jpg HTTP/1.0" 304 - "http://www.jl.xinhuanet.com/" "Mozilla/4.0 (compatible; MSIE 7.0; Windows NT 5.1; SV1; GTB6; CIBA; 360SE)"
58.215.110.209 - - [28/Jun/2009:00:03:46 +0800] "GET /2008/mb/images/images/qg1.jpg HTTP/1.0" 304 - "http://www.jl.xinhuanet.com/" "Mozilla/4.0 (compatible; MSIE 7.0; Windows NT 5.1; SV1; GTB6; CIBA; 360SE)"
58.215.110.209 - - [28/Jun/2009:00:03:46 +0800] "GET /2008/mb/images/images/other_01.jpg HTTP/1.0" 304 - "http://www.jl.xinhuanet.com/" "Mozilla/4.0 (compatible; MSIE 7.0; Windows NT 5.1; SV1; GTB6; CIBA; 360SE)"
58.215.110.209 - - [28/Jun/2009:00:03:46 +0800] "GET /2008/mb/images/images/cc.jpg HTTP/1.0" 304 - "http://www.jl.xinhuanet.com/" "Mozilla/4.0 (compatible; MSIE 7.0; Windows NT 5.1; SV1; GTB6; CIBA; 360SE)"
219.153.74.114 - - [28/Jun/2009:00:03:46 +0800] "GET /newscenter/2009-05/30/content_16657333.htm HTTP/1.0" 304 - "-" "Mozilla/4.0 (compatible; MSIE 5.01; Windows NT 5.0)"
221.192.149.81 - - [28/Jun/2009:00:03:46 +0800] "GET /2008/mb/images/images/sh4.jpg HTTP/1.0" 304 - "http://www.jl.xinhuanet.com/" "Mozilla/4.0 (compatible; MSIE 6.0; Windows NT 5.1; SV1)"
221.192.149.81 - - [28/Jun/2009:00:03:46 +0800] "GET /newscenter/xin_1930506141420718108142.jpg HTTP/1.0" 304 - "http://www.jl.xinhuanet.com/newscenter/photo_news.htm" "Mozilla/4.0 (compatible; MSIE 6.0; Windows NT 5.1; SV1)"
221.192.149.81 - - [28/Jun/2009:00:03:46 +0800] "GET /newscenter/xin_4430506141027828195023.jpg HTTP/1.0" 304 - "http://www.jl.xinhuanet.com/newscenter/photo_news.htm" "Mozilla/4.0 (compatible; MSIE 6.0; Windows NT 5.1; SV1)"
219.153.74.114 - - [28/Jun/2009:00:03:46 +0800] "GET /newscenter/2009-05/30/content_16657334.htm HTTP/1.0" 304 - "-" "Mozilla/4.0 (compatible; MSIE 5.01; Windows NT 5.0)"
58.215.110.209 - - [28/Jun/2009:00:03:46 +0800] "GET /2008/mb/images/images/cg.jpg HTTP/1.0" 304 - "http://www.jl.xinhuanet.com/" "Mozilla/4.0 (compatible; MSIE 7.0; Windows NT 5.1; SV1; GTB6; CIBA; 360SE)"
58.215.110.209 - - [28/Jun/2009:00:03:46 +0800] "GET /2008/mb/images/images/rmyy_logo.jpg HTTP/1.0" 304 - "http://www.jl.xinhuanet.com/" "Mozilla/4.0 (compatible; MSIE 7.0; Windows NT 5.1; SV1; GTB6; CIBA; 360SE)"
58.215.110.209 - - [28/Jun/2009:00:03:46 +0800] "GET /2008/mb/images/images/qy.jpg HTTP/1.0" 304 - "http://www.jl.xinhuanet.com/" "Mozilla/4.0 (compatible; MSIE 7.0; Windows NT 5.1; SV1; GTB6; CIBA; 360SE)"
58.215.110.209 - - [28/Jun/2009:00:03:47 +0800] "GET /2008/mb/images/images/hpdxy-logo.jpg HTTP/1.0" 304 - "http://www.jl.xinhuanet.com/" "Mozilla/4.0 (compatible; MSIE 7.0; Windows NT 5.1; SV1; GTB6; CIBA; 360SE)"
58.215.110.209 - - [28/Jun/2009:00:03:47 +0800] "GET /2008/mb/images/images/cxyj.jpg HTTP/1.0" 304 - "http://www.jl.xinhuanet.com/" "Mozilla/4.0 (compatible; MSIE 7.0; Windows NT 5.1; SV1; GTB6; CIBA; 360SE)"
221.192.149.81 - - [28/Jun/2009:00:03:47 +0800] "GET /newscenter/xin_55305061309271873160726.jpg HTTP/1.0" 304 - "http://www.jl.xinhuanet.com/newscenter/photo_news.htm" "Mozilla/4.0 (compatible; MSIE 6.0; Windows NT 5.1; SV1)"
58.215.110.209 - - [28/Jun/2009:00:03:47 +0800] "GET /2008/mb/images/images/ybnews.jpg HTTP/1.0" 304 - "http://www.jl.xinhuanet.com/" "Mozilla/4.0 (compatible; MSIE 7.0; Windows NT 5.1; SV1; GTB6; CIBA; 360SE)"
58.215.110.209 - - [28/Jun/2009:00:03:47 +0800] "GET /2008/mb/images/images/ningjiang.jpg HTTP/1.0" 304 - "http://www.jl.xinhuanet.com/" "Mozilla/4.0 (compatible; MSIE 7.0; Windows NT 5.1; SV1; GTB6; CIBA; 360SE)"
58.215.110.209 - - [28/Jun/2009:00:03:47 +0800] "GET /2008/mb/images/images/ybxxg.jpg HTTP/1.0" 304 - "http://www.jl.xinhuanet.com/" "Mozilla/4.0 (compatible; MSIE 7.0; Windows NT 5.1; SV1; GTB6; CIBA; 360SE)"
58.215.110.209 - - [28/Jun/2009:00:03:47 +0800] "GET /2008/mb/images/images/tyx.jpg HTTP/1.0" 304 - "http://www.jl.xinhuanet.com/" "Mozilla/4.0 (compatible; MSIE 7.0; Windows NT 5.1; SV1; GTB6; CIBA; 360SE)"
219.153.74.114 - - [28/Jun/2009:00:03:47 +0800] "GET /newscenter/2009-05/31/content_16662656.htm HTTP/1.0" 304 - "-" "Mozilla/4.0 (compatible; MSIE 5.01; Windows NT 5.0)"
58.215.110.209 - - [28/Jun/2009:00:03:47 +0800] "GET /pv.swf HTTP/1.0" 304 - "http://www.jl.xinhuanet.com/" "Mozilla/4.0 (compatible; MSIE 7.0; Windows NT 5.1; SV1; GTB6; CIBA; 360SE)"
58.215.110.209 - - [28/Jun/2009:00:03:47 +0800] "GET /2008/mb/images/images/gclt.jpg HTTP/1.0" 304 - "http://www.jl.xinhuanet.com/" "Mozilla/4.0 (compatible; MSIE 7.0; Windows NT 5.1; SV1; GTB6; CIBA; 360SE)"
58.215.110.209 - - [28/Jun/2009:00:03:47 +0800] "GET /2008/mb/images/images/gzlsw.jpg HTTP/1.0" 304 - "http://www.jl.xinhuanet.com/" "Mozilla/4.0 (compatible; MSIE 7.0; Windows NT 5.1; SV1; GTB6; CIBA; 360SE)"
58.215.110.209 - - [28/Jun/2009:00:03:47 +0800] "GET /2008/mb/images/images/thxcw.jpg HTTP/1.0" 304 - "http://www.jl.xinhuanet.com/" "Mozilla/4.0 (compatible; MSIE 7.0; Windows NT 5.1; SV1; GTB6; CIBA; 360SE)"
58.215.110.209 - - [28/Jun/2009:00:03:47 +0800] "GET /2008/mb/images/images/cbsxww.jpg HTTP/1.0" 304 - "http://www.jl.xinhuanet.com/" "Mozilla/4.0 (compatible; MSIE 7.0; Windows NT 5.1; SV1; GTB6; CIBA; 360SE)"
58.215.110.209 - - [28/Jun/2009:00:03:47 +0800] "GET /2008/mb/images/images/jlly.jpg HTTP/1.0" 304 - "http://www.jl.xinhuanet.com/" "Mozilla/4.0 (compatible; MSIE 7.0; Windows NT 5.1; SV1; GTB6; CIBA; 360SE)"
58.215.110.209 - - [28/Jun/2009:00:03:47 +0800] "GET /2008/mb/images/images/cbszc.jpg HTTP/1.0" 304 - "http://www.jl.xinhuanet.com/" "Mozilla/4.0 (compatible; MSIE 7.0; Windows NT 5.1; SV1; GTB6; CIBA; 360SE)"
58.215.110.209 - - [28/Jun/2009:00:03:47 +0800] "GET /2008/mb/images/images/logo121.jpg HTTP/1.0" 304 - "http://www.jl.xinhuanet.com/" "Mozilla/4.0 (compatible; MSIE 7.0; Windows NT 5.1; SV1; GTB6; CIBA; 360SE)"
58.215.110.209 - - [28/Jun/2009:00:03:47 +0800] "GET /2008/mb/images/images/01_07.jpg HTTP/1.0" 304 - "http://www.jl.xinhuanet.com/" "Mozilla/4.0 (compatible; MSIE 7.0; Windows NT 5.1; SV1; GTB6; CIBA; 360SE)"
58.215.110.209 - - [28/Jun/2009:00:03:47 +0800] "GET /newscenter/xin_0830606241055140834119.jpg HTTP/1.0" 304 - "http://www.jl.xinhuanet.com/newscenter/photo_news.htm" "Mozilla/4.0 (compatible; MSIE 7.0; Windows NT 5.1; SV1; GTB6; CIBA; 360SE)"
58.215.110.209 - - [28/Jun/2009:00:03:47 +0800] "GET /xin_18306062708397961799817.jpg HTTP/1.0" 304 - "http://www.jl.xinhuanet.com/pv.swf" "Mozilla/4.0 (compatible; MSIE 7.0; Windows NT 5.1; SV1; GTB6; CIBA; 360SE)"
59.21.146.243 - - [28/Jun/2009:00:03:46 +0800] "GET /newscenter/2009-01/11/xin_2430106111245281157837.jpg HTTP/1.0" 200 101689 "http://www.e0335.net.cn/gb/adv/2008-2/3/094318265248000_818.html" "Mozilla/4.0 (compatible; MSIE 6.0; Windows NT 5.2; \xbe\xdc\xc6\xc4\xc0\xcf (atfile.com); .NET CLR 1.1.4322)"
58.215.110.209 - - [28/Jun/2009:00:03:47 +0800] "GET /xin_04306062708360151910014.jpg HTTP/1.0" 304 - "http://www.jl.xinhuanet.com/pv.swf" "Mozilla/4.0 (compatible; MSIE 7.0; Windows NT 5.1; SV1; GTB6; CIBA; 360SE)"
58.215.110.209 - - [28/Jun/2009:00:03:47 +0800] "GET /newscenter/xin_4030506151422625256034.jpg HTTP/1.0" 304 - "http://www.jl.xinhuanet.com/newscenter/photo_news.htm" "Mozilla/4.0 (compatible; MSIE 7.0; Windows NT 5.1; SV1; GTB6; CIBA; 360SE)"
219.153.74.114 - - [28/Jun/2009:00:03:47 +0800] "GET /newscenter/2009-05/31/content_16662901.htm HTTP/1.0" 304 - "-" "Mozilla/4.0 (compatible; MSIE 5.01; Windows NT 5.0)"
58.215.110.209 - - [28/Jun/2009:00:03:47 +0800] "GET /newscenter/xin_37305061509075002798717.jpg HTTP/1.0" 304 - "http://www.jl.xinhuanet.com/newscenter/photo_news.htm" "Mozilla/4.0 (compatible; MSIE 7.0; Windows NT 5.1; SV1; GTB6; CIBA; 360SE)"
58.215.110.209 - - [28/Jun/2009:00:03:47 +0800] "GET /xin_4030606260913375608422.jpg HTTP/1.0" 304 - "http://www.jl.xinhuanet.com/pv.swf" "Mozilla/4.0 (compatible; MSIE 7.0; Windows NT 5.1; SV1; GTB6; CIBA; 360SE)"
58.215.110.209 - - [28/Jun/2009:00:03:47 +0800] "GET /newscenter/xin_343050614142343777804.jpg HTTP/1.0" 304 - "http://www.jl.xinhuanet.com/newscenter/photo_news.htm" "Mozilla/4.0 (compatible; MSIE 7.0; Windows NT 5.1; SV1; GTB6; CIBA; 360SE)"
58.215.110.209 - - [28/Jun/2009:00:03:47 +0800] "GET /xin_51306062508385461829111.jpg HTTP/1.0" 304 - "http://www.jl.xinhuanet.com/pv.swf" "Mozilla/4.0 (compatible; MSIE 7.0; Windows NT 5.1; SV1; GTB6; CIBA; 360SE)"
58.215.110.209 - - [28/Jun/2009:00:03:47 +0800] "GET /newscenter/xin_1930506141420718108142.jpg HTTP/1.0" 304 - "http://www.jl.xinhuanet.com/newscenter/photo_news.htm" "Mozilla/4.0 (compatible; MSIE 7.0; Windows NT 5.1; SV1; GTB6; CIBA; 360SE)"
58.215.110.209 - - [28/Jun/2009:00:03:47 +0800] "GET /newscenter/xin_4430506141027828195023.jpg HTTP/1.0" 304 - "http://www.jl.xinhuanet.com/newscenter/photo_news.htm" "Mozilla/4.0 (compatible; MSIE 7.0; Windows NT 5.1; SV1; GTB6; CIBA; 360SE)"
58.215.110.209 - - [28/Jun/2009:00:03:47 +0800] "GET /newscenter/xin_55305061309271873160726.jpg HTTP/1.0" 304 - "http://www.jl.xinhuanet.com/newscenter/photo_news.htm" "Mozilla/4.0 (compatible; MSIE 7.0; Windows NT 5.1; SV1; GTB6; CIBA; 360SE)"
58.215.110.209 - - [28/Jun/2009:00:03:47 +0800] "GET /newscenter/xin_2530506130925406205924.jpg HTTP/1.0" 304 - "http://www.jl.xinhuanet.com/newscenter/photo_news.htm" "Mozilla/4.0 (compatible; MSIE 7.0; Windows NT 5.1; SV1; GTB6; CIBA; 360SE)"
58.215.110.209 - - [28/Jun/2009:00:03:47 +0800] "GET /newscenter/xin_5830506130920515784121.jpg HTTP/1.0" 304 - "http://www.jl.xinhuanet.com/newscenter/photo_news.htm" "Mozilla/4.0 (compatible; MSIE 7.0; Windows NT 5.1; SV1; GTB6; CIBA; 360SE)"
58.215.110.209 - - [28/Jun/2009:00:03:47 +0800] "GET /newscenter/xin_0230506130915234049217.jpg HTTP/1.0" 304 - "http://www.jl.xinhuanet.com/newscenter/photo_news.htm" "Mozilla/4.0 (compatible; MSIE 7.0; Windows NT 5.1; SV1; GTB6; CIBA; 360SE)"
58.215.110.209 - - [28/Jun/2009:00:03:47 +0800] "GET /newscenter/xin_19305060408365782708411.jpg HTTP/1.0" 304 - "http://www.jl.xinhuanet.com/newscenter/photo_news.htm" "Mozilla/4.0 (compatible; MSIE 7.0; Windows NT 5.1; SV1; GTB6; CIBA; 360SE)"
58.215.110.209 - - [28/Jun/2009:00:03:47 +0800] "GET /newscenter/xin_3630506040833406204029.jpg HTTP/1.0" 304 - "http://www.jl.xinhuanet.com/newscenter/photo_news.htm" "Mozilla/4.0 (compatible; MSIE 7.0; Windows NT 5.1; SV1; GTB6; CIBA; 360SE)"
221.192.149.81 - - [28/Jun/2009:00:03:47 +0800] "GET /newscenter/xin_2530506130925406205924.jpg HTTP/1.0" 304 - "http://www.jl.xinhuanet.com/newscenter/photo_news.htm" "Mozilla/4.0 (compatible; MSIE 6.0; Windows NT 5.1; SV1)"
203.208.60.115 - - [28/Jun/2009:00:03:48 +0800] "GET /tese/index.htm HTTP/1.1" 304 - "-" "Mozilla/5.0 (compatible; Googlebot/2.1; +http://www.google.com/bot.html)"
58.215.110.209 - - [28/Jun/2009:00:03:48 +0800] "GET /2008/mb/images/images/qbh.jpg HTTP/1.0" 304 - "http://www.jl.xinhuanet.com/" "Mozilla/4.0 (compatible; MSIE 7.0; Windows NT 5.1; SV1; GTB6; CIBA; 360SE)"
203.208.60.137 - - [28/Jun/2009:00:03:48 +0800] "GET /cysh/cysk.htm HTTP/1.1" 304 - "-" "Mozilla/5.0 (compatible; Googlebot/2.1; +http://www.google.com/bot.html)"
58.215.110.209 - - [28/Jun/2009:00:03:48 +0800] "GET /2008/mb/images/images/logo125.jpg HTTP/1.0" 304 - "http://www.jl.xinhuanet.com/" "Mozilla/4.0 (compatible; MSIE 7.0; Windows NT 5.1; SV1; GTB6; CIBA; 360SE)"
221.192.149.81 - - [28/Jun/2009:00:03:48 +0800] "GET /newscenter/xin_5830506130920515784121.jpg HTTP/1.0" 304 - "http://www.jl.xinhuanet.com/newscenter/photo_news.htm" "Mozilla/4.0 (compatible; MSIE 6.0; Windows NT 5.1; SV1)"
221.192.149.81 - - [28/Jun/2009:00:03:49 +0800] "GET /newscenter/xin_0230506130915234049217.jpg HTTP/1.0" 304 - "http://www.jl.xinhuanet.com/newscenter/photo_news.htm" "Mozilla/4.0 (compatible; MSIE 6.0; Windows NT 5.1; SV1)"
202.108.251.39 - - [28/Jun/2009:00:03:49 +0800] "GET /maomao.gif HTTP/1.0" 304 - "http://www.sxshy.com/" "Mozilla/4.0 (compatible; MSIE 7.0; Windows NT 5.1; CIBA)"
221.192.149.81 - - [28/Jun/2009:00:03:49 +0800] "GET /newscenter/xin_19305060408365782708411.jpg HTTP/1.0" 304 - "http://www.jl.xinhuanet.com/newscenter/photo_news.htm" "Mozilla/4.0 (compatible; MSIE 6.0; Windows NT 5.1; SV1)"
202.160.179.151 - - [28/Jun/2009:00:03:49 +0800] "GET /sqbl/shengtai/gangyao/4.htm HTTP/1.0" 200 39758 "-" "Mozilla/5.0 (compatible; Yahoo! Slurp China; http://misc.yahoo.com.cn/help.html)"
189.60.76.9 - - [28/Jun/2009:00:03:45 +0800] "GET /newscenter/2009-01/11/xin_2430106111245281157837.jpg HTTP/1.0" 200 101689 "http://www.e0335.net.cn/gb/adv/2009-4/22/0942211135664864_1.html" "Mozilla/4.0 (compatible; MSIE 7.0; Windows NT 5.1; GTB6; .NET CLR 2.0.50727)"
221.192.149.81 - - [28/Jun/2009:00:03:49 +0800] "GET /newscenter/xin_3630506040833406204029.jpg HTTP/1.0" 304 - "http://www.jl.xinhuanet.com/newscenter/photo_news.htm" "Mozilla/4.0 (compatible; MSIE 6.0; Windows NT 5.1; SV1)"
117.23.204.247 - - [28/Jun/2009:00:03:50 +0800] "GET /shangye/jiaoyu/undefined HTTP/1.0" 404 292 "http://www.jl.xinhuanet.com/shangye/jiaoyu/index.htm" "Mozilla/4.0 (compatible; MSIE 6.0; Windows NT 5.1; SV1)"
219.153.74.114 - - [28/Jun/2009:00:03:50 +0800] "GET /newscenter/2009-05/31/content_16661374.htm HTTP/1.0" 304 - "-" "Mozilla/4.0 (compatible; MSIE 5.01; Windows NT 5.0)"
72.30.79.39 - - [28/Jun/2009:00:03:50 +0800] "GET /starunverse/f020-01.htm HTTP/1.0" 200 5747 "-" "Mozilla/5.0 (compatible; Yahoo! Slurp/3.0; http://help.yahoo.com/help/us/ysearch/slurp)"
219.153.74.114 - - [28/Jun/2009:00:03:51 +0800] "GET /newscenter/2009-05/31/content_16663154.htm HTTP/1.0" 304 - "-" "Mozilla/4.0 (compatible; MSIE 5.01; Windows NT 5.0)"
221.192.149.81 - - [28/Jun/2009:00:03:51 +0800] "GET /2008/mb/images/images/sh5.jpg HTTP/1.0" 304 - "http://www.jl.xinhuanet.com/" "Mozilla/4.0 (compatible; MSIE 6.0; Windows NT 5.1; SV1)"
121.14.234.178 - - [28/Jun/2009:00:03:51 +0800] "GET /jlzw/2006-07/11/content_7482521.htm HTTP/1.0" 304 - "-" "Baiduspider+(+http://www.baidu.com/search/spider.htm)"
219.153.74.114 - - [28/Jun/2009:00:03:51 +0800] "GET /newscenter/2009-05/31/content_16663155.htm HTTP/1.0" 304 - "-" "Mozilla/4.0 (compatible; MSIE 5.01; Windows NT 5.0)"
221.192.149.81 - - [28/Jun/2009:00:03:51 +0800] "GET /2008/mb/images/images/zmkm.jpg HTTP/1.0" 304 - "http://www.jl.xinhuanet.com/" "Mozilla/4.0 (compatible; MSIE 6.0; Windows NT 5.1; SV1)"
123.235.40.243 - - [28/Jun/2009:00:03:51 +0800] "GET /tese/2006-08/01/xin_250803011634234266058.JPG HTTP/1.0" 304 - "http://image.baidu.com/i?ct=503316480&z=0&tn=baiduimagedetail&word=%B5%A9%BD%C7%BB%AF%D7%B1%B9%FD%B3%CC&in=3699&cl=2&cm=1&sc=0&lm=-1&pn=18&rn=1&di=628180972&ln=2000&fr=ala0" "Mozilla/4.0 (compatible; MSIE 6.0; Windows NT 5.1; SV1; Mozilla/4.0 (compatible; MSIE 6.0; Windows NT 5.1; SV1) )"
219.153.74.114 - - [28/Jun/2009:00:03:51 +0800] "GET /newscenter/2009-05/31/content_16663151.htm HTTP/1.0" 304 - "-" "Mozilla/4.0 (compatible; MSIE 5.01; Windows NT 5.0)"
221.192.149.81 - - [28/Jun/2009:00:03:51 +0800] "GET /xhsjzkjl/2002/07/20020725-1.htm HTTP/1.0" 304 - "-" "Mozilla/5.0 (compatible; Yahoo! Slurp China; http://misc.yahoo.com.cn/help.html)"
61.164.61.68 - - [28/Jun/2009:00:03:52 +0800] "GET /news/2004-06/25/xin_570601250833296222414.jpg HTTP/1.0" 304 - "http://image.baidu.com/i?ct=503316480&z=0&tn=baiduimagedetail&word=%CE%FC%B6%BE%B5%C4%C8%CB&in=274&cl=2&cm=1&sc=0&lm=-1&pn=2&rn=1&di=365474208&ln=1690&fr=" "Mozilla/4.0 (compatible; MSIE 6.0; Windows NT 5.1; SV1; IEShow Toolbar; IEShow kuaidiwoToolBar)"
221.192.149.81 - - [28/Jun/2009:00:03:52 +0800] "GET /2008/mb/images/images/01_09b.jpg HTTP/1.0" 304 - "http://www.jl.xinhuanet.com/" "Mozilla/4.0 (compatible; MSIE 6.0; Windows NT 5.1; SV1)"
124.115.0.104 - - [28/Jun/2009:00:03:52 +0800] "HEAD /newscenter/2009-02/10/content_15652584.htm HTTP/1.1" 200 - "http://www.jl.xinhua.org/newscenter/2009-02/10/content_15652584.htm" "Sosospider+(+http://help.soso.com/webspider.htm)"
124.115.0.104 - - [28/Jun/2009:00:03:52 +0800] "GET /newscenter/2009-02/10/content_15652584.htm HTTP/1.1" 200 18518 "http://www.jl.xinhua.org/newscenter/2009-02/10/content_15652584.htm" "Sosospider+(+http://help.soso.com/webspider.htm)"
221.192.149.81 - - [28/Jun/2009:00:03:52 +0800] "GET /2008/mb/images/images/mymy.jpg HTTP/1.0" 304 - "http://www.jl.xinhuanet.com/" "Mozilla/4.0 (compatible; MSIE 6.0; Windows NT 5.1; SV1)"
221.192.149.81 - - [28/Jun/2009:00:03:53 +0800] "GET /2008/mb/images/images/jcfy.gif HTTP/1.0" 304 - "http://www.jl.xinhuanet.com/" "Mozilla/4.0 (compatible; MSIE 6.0; Windows NT 5.1; SV1)"
221.192.149.81 - - [28/Jun/2009:00:03:53 +0800] "GET /2008/mb/images/images/cghly.jpg HTTP/1.0" 304 - "http://www.jl.xinhuanet.com/" "Mozilla/4.0 (compatible; MSIE 6.0; Windows NT 5.1; SV1)"
221.192.149.81 - - [28/Jun/2009:00:03:53 +0800] "GET /2008/mb/images/images/04_02.jpg HTTP/1.0" 304 - "http://www.jl.xinhuanet.com/" "Mozilla/4.0 (compatible; MSIE 6.0; Windows NT 5.1; SV1)"
221.192.149.81 - - [28/Jun/2009:00:03:53 +0800] "GET /2008/mb/images/images/dfpd.jpg HTTP/1.0" 304 - "http://www.jl.xinhuanet.com/" "Mozilla/4.0 (compatible; MSIE 6.0; Windows NT 5.1; SV1)"
123.235.40.243 - - [28/Jun/2009:00:03:53 +0800] "GET /xhsjzkjl/2003/2003-07/19/content_724197.htm HTTP/1.0" 304 - "-" "Mozilla/5.0 (compatible; Yahoo! Slurp China; http://misc.yahoo.com.cn/help.html)"
221.192.149.81 - - [28/Jun/2009:00:03:54 +0800] "GET /2008/mb/images/images/04_03.jpg HTTP/1.0" 304 - "http://www.jl.xinhuanet.com/" "Mozilla/4.0 (compatible; MSIE 6.0; Windows NT 5.1; SV1)"
221.192.149.81 - - [28/Jun/2009:00:03:54 +0800] "GET /2008/mb/images/images/04_04.jpg HTTP/1.0" 304 - "http://www.jl.xinhuanet.com/" "Mozilla/4.0 (compatible; MSIE 6.0; Windows NT 5.1; SV1)"
112.150.13.156 - - [28/Jun/2009:00:03:53 +0800] "GET /newscenter/2009-01/11/xin_2430106111245281157837.jpg HTTP/1.0" 200 101689 "http://www.e0436.net.cn/gb/new/2009-5/6/095721521720602_544.html" "Mozilla/4.0 (compatible; MSIE 6.0; Windows NT 5.1; SV1; GTB6; EmbeddedWB 14.52 from: http://www.bsalsa.com/ EmbeddedWB 14.52)"
221.192.149.81 - - [28/Jun/2009:00:03:54 +0800] "GET /2008/mb/images/images/logo124.gif HTTP/1.0" 304 - "http://www.jl.xinhuanet.com/" "Mozilla/4.0 (compatible; MSIE 6.0; Windows NT 5.1; SV1)"
221.192.149.81 - - [28/Jun/2009:00:03:54 +0800] "GET /2008/mb/images/images/04_14.jpg HTTP/1.0" 304 - "http://www.jl.xinhuanet.com/" "Mozilla/4.0 (compatible; MSIE 6.0; Windows NT 5.1; SV1)"
221.192.149.81 - - [28/Jun/2009:00:03:54 +0800] "GET /2008/mb/images/images/qc1.jpg HTTP/1.0" 304 - "http://www.jl.xinhuanet.com/" "Mozilla/4.0 (compatible; MSIE 6.0; Windows NT 5.1; SV1)"
221.192.149.81 - - [28/Jun/2009:00:03:55 +0800] "GET /2008/mb/images/images/04_09.jpg HTTP/1.0" 304 - "http://www.jl.xinhuanet.com/" "Mozilla/4.0 (compatible; MSIE 6.0; Windows NT 5.1; SV1)"
202.108.251.39 - - [28/Jun/2009:00:03:55 +0800] "GET /newscenter/2009-06/26/content_16921574.htm HTTP/1.0" 304 - "-" "Baiduspider+(+http://www.baidu.com/search/spider.htm)"
221.192.149.81 - - [28/Jun/2009:00:03:55 +0800] "GET /2008/mb/images/images/zx.jpg HTTP/1.0" 304 - "http://www.jl.xinhuanet.com/" "Mozilla/4.0 (compatible; MSIE 6.0; Windows NT 5.1; SV1)"
221.192.149.81 - - [28/Jun/2009:00:03:56 +0800] "GET /2008/mb/images/images/04_11.jpg HTTP/1.0" 304 - "http://www.jl.xinhuanet.com/" "Mozilla/4.0 (compatible; MSIE 6.0; Windows NT 5.1; SV1)"
221.192.149.81 - - [28/Jun/2009:00:03:56 +0800] "GET /2008/mb/images/images/yl1.jpg HTTP/1.0" 304 - "http://www.jl.xinhuanet.com/" "Mozilla/4.0 (compatible; MSIE 6.0; Windows NT 5.1; SV1)"
202.160.181.214 - - [28/Jun/2009:00:03:56 +0800] "GET /fangchan/ershou.htm HTTP/1.0" 200 36343 "-" "Mozilla/5.0 (compatible; Yahoo! Slurp China; http://misc.yahoo.com.cn/help.html)"
221.192.149.81 - - [28/Jun/2009:00:03:57 +0800] "GET /newscenter/2009-06/27/content_16931159.htm HTTP/1.0" 304 - "http://www.jl.xinhuanet.com/" "Mozilla/4.0 (compatible; MSIE 6.0; Windows NT 5.1; SV1)"
221.192.149.81 - - [28/Jun/2009:00:03:57 +0800] "GET /2008/mb/images/images/04_12.jpg HTTP/1.0" 304 - "http://www.jl.xinhuanet.com/" "Mozilla/4.0 (compatible; MSIE 6.0; Windows NT 5.1; SV1)"
221.192.149.81 - - [28/Jun/2009:00:03:57 +0800] "GET /2008/mb/images/images/jk1.jpg HTTP/1.0" 304 - "http://www.jl.xinhuanet.com/" "Mozilla/4.0 (compatible; MSIE 6.0; Windows NT 5.1; SV1)"
202.160.181.219 - - [28/Jun/2009:00:03:57 +0800] "GET /2006shangye/2009-06/26/content_16921980.htm HTTP/1.0" 304 - "-" "Mozilla/5.0 (compatible; Yahoo! Slurp China; http://misc.yahoo.com.cn/help.html)"
221.192.149.81 - - [28/Jun/2009:00:03:58 +0800] "GET /2008/mb/images/images/04_13.jpg HTTP/1.0" 304 - "http://www.jl.xinhuanet.com/" "Mozilla/4.0 (compatible; MSIE 6.0; Windows NT 5.1; SV1)"
221.192.149.81 - - [28/Jun/2009:00:03:58 +0800] "GET /2008/mb/images/images/fc1.jpg HTTP/1.0" 304 - "http://www.jl.xinhuanet.com/" "Mozilla/4.0 (compatible; MSIE 6.0; Windows NT 5.1; SV1)"
123.235.40.243 - - [28/Jun/2009:00:03:58 +0800] "GET /tese/2006-08/01/xin_270803011634765949711.JPG HTTP/1.0" 304 - "http://www.jingjuok.com/bbs/html/2006-8-7/14165560110569.html" "Mozilla/4.0 (compatible; MSIE 6.0; Windows NT 5.1; SV1; Mozilla/4.0 (compatible; MSIE 6.0; Windows NT 5.1; SV1) )"
221.192.149.81 - - [28/Jun/2009:00:03:58 +0800] "GET /2008/mb/images/images/qg1.jpg HTTP/1.0" 304 - "http://www.jl.xinhuanet.com/" "Mozilla/4.0 (compatible; MSIE 6.0; Windows NT 5.1; SV1)"
221.192.149.81 - - [28/Jun/2009:00:03:58 +0800] "GET /2008/mb/images/images/04_11a.jpg HTTP/1.0" 304 - "http://www.jl.xinhuanet.com/" "Mozilla/4.0 (compatible; MSIE 6.0; Windows NT 5.1; SV1)"
221.192.149.81 - - [28/Jun/2009:00:03:58 +0800] "GET /2008/mb/images/images/other_01.jpg HTTP/1.0" 304 - "http://www.jl.xinhuanet.com/" "Mozilla/4.0 (compatible; MSIE 6.0; Windows NT 5.1; SV1)"
38.99.13.118 - - [28/Jun/2009:00:03:58 +0800] "GET /main/news/2001/jilin/12/20011231-03.htm HTTP/1.0" 200 21198 "-" "Mozilla/5.0 (Twiceler-0.9 http://www.cuil.com/twiceler/robot.html)"
221.192.149.81 - - [28/Jun/2009:00:03:59 +0800] "GET /2008/mb/images/images/cc.jpg HTTP/1.0" 304 - "http://www.jl.xinhuanet.com/" "Mozilla/4.0 (compatible; MSIE 6.0; Windows NT 5.1; SV1)"
221.192.149.81 - - [28/Jun/2009:00:03:59 +0800] "GET /2008/mb/images/images/rmyy_logo.jpg HTTP/1.0" 304 - "http://www.jl.xinhuanet.com/" "Mozilla/4.0 (compatible; MSIE 6.0; Windows NT 5.1; SV1)"
123.235.40.243 - - [28/Jun/2009:00:03:59 +0800] "GET /shangye/tufei/feiliaoguanli/beian/baian009.htm HTTP/1.0" 304 - "-" "Mozilla/5.0 (compatible; Yahoo! Slurp China; http://misc.yahoo.com.cn/help.html)"
221.192.149.81 - - [28/Jun/2009:00:03:59 +0800] "GET /2008/mb/images/images/cg.jpg HTTP/1.0" 304 - "http://www.jl.xinhuanet.com/" "Mozilla/4.0 (compatible; MSIE 6.0; Windows NT 5.1; SV1)"
202.108.251.39 - - [28/Jun/2009:00:03:59 +0800] "GET /jujiao/2005-04/16/xin_540402161103093120167.jpg HTTP/1.0" 304 - "http://image.baidu.com/i?ct=503316480&z=0&tn=baiduimagedetail&word=%B6%AB%B1%B1%B6%FE%C8%CB%D7%AA%D1%DD%D4%B1&in=4975&cl=2&cm=1&sc=0&lm=-1&pn=350&rn=1&di=1463193972&ln=810&fr=" "Mozilla/4.0 (compatible; MSIE 6.0; Windows NT 5.1; SV1)"
221.192.149.81 - - [28/Jun/2009:00:03:59 +0800] "GET /2008/mb/images/images/logo125.jpg HTTP/1.0" 304 - "http://www.jl.xinhuanet.com/" "Mozilla/4.0 (compatible; MSIE 6.0; Windows NT 5.1; SV1)"
221.192.149.81 - - [28/Jun/2009:00:04:00 +0800] "GET /2008/mb/images/images/qy.jpg HTTP/1.0" 304 - "http://www.jl.xinhuanet.com/" "Mozilla/4.0 (compatible; MSIE 6.0; Windows NT 5.1; SV1)"
117.23.204.247 - - [28/Jun/2009:00:04:00 +0800] "GET /shangye/jiaoyu/undefined HTTP/1.0" 404 292 "http://www.jl.xinhuanet.com/shangye/jiaoyu/index.htm" "Mozilla/4.0 (compatible; MSIE 6.0; Windows NT 5.1; SV1)"
221.192.149.81 - - [28/Jun/2009:00:04:00 +0800] "GET /2008/mb/images/images/cxyj.jpg HTTP/1.0" 304 - "http://www.jl.xinhuanet.com/" "Mozilla/4.0 (compatible; MSIE 6.0; Windows NT 5.1; SV1)"
123.235.40.243 - - [28/Jun/2009:00:04:00 +0800] "GET / HTTP/1.1" 200 146325 "-" "-"
221.192.149.81 - - [28/Jun/2009:00:04:00 +0800] "GET / HTTP/1.1" 200 146325 "-" "-"
123.235.40.243 - - [28/Jun/2009:00:04:00 +0800] "GET / HTTP/1.1" 200 146325 "-" "-"
123.235.40.243 - - [28/Jun/2009:00:04:00 +0800] "GET /tese/2006-08/01/xin_24080301163435914867.JPG HTTP/1.0" 304 - "http://www.jingjuok.com/bbs/html/2006-8-7/14165560110569.html" "Mozilla/4.0 (compatible; MSIE 6.0; Windows NT 5.1; SV1; Mozilla/4.0 (compatible; MSIE 6.0; Windows NT 5.1; SV1) )"
123.235.40.243 - - [28/Jun/2009:00:04:00 +0800] "GET / HTTP/1.1" 200 146325 "-" "-"
123.235.40.243 - - [28/Jun/2009:00:04:00 +0800] "GET / HTTP/1.1" 200 146325 "-" "-"
58.215.110.209 - - [28/Jun/2009:00:04:00 +0800] "GET / HTTP/1.1" 200 146325 "-" "-"
58.215.110.209 - - [28/Jun/2009:00:04:00 +0800] "GET / HTTP/1.1" 200 146325 "-" "-"
58.215.110.209 - - [28/Jun/2009:00:04:00 +0800] "GET / HTTP/1.1" 200 146325 "-" "-"
221.192.149.81 - - [28/Jun/2009:00:04:00 +0800] "GET / HTTP/1.1" 200 146325 "-" "-"
58.215.110.209 - - [28/Jun/2009:00:04:00 +0800] "GET / HTTP/1.1" 200 146325 "-" "-"
202.108.251.39 - - [28/Jun/2009:00:04:00 +0800] "GET / HTTP/1.1" 200 146325 "-" "-"
221.192.149.81 - - [28/Jun/2009:00:04:00 +0800] "GET / HTTP/1.1" 200 146325 "-" "-"
221.192.149.81 - - [28/Jun/2009:00:04:00 +0800] "GET / HTTP/1.1" 200 146325 "-" "-"
202.108.251.39 - - [28/Jun/2009:00:04:00 +0800] "GET / HTTP/1.1" 200 146325 "-" "-"
202.108.251.39 - - [28/Jun/2009:00:04:00 +0800] "GET / HTTP/1.1" 200 146325 "-" "-"
202.108.251.39 - - [28/Jun/2009:00:04:00 +0800] "GET / HTTP/1.1" 200 146325 "-" "-"
221.192.149.81 - - [28/Jun/2009:00:04:00 +0800] "GET /2008/mb/images/images/hpdxy-logo.jpg HTTP/1.0" 304 - "http://www.jl.xinhuanet.com/" "Mozilla/4.0 (compatible; MSIE 6.0; Windows NT 5.1; SV1)"
222.141.52.126 - - [28/Jun/2009:00:04:00 +0800] "GET / HTTP/1.1" 200 146325 "-" "-"
222.141.52.126 - - [28/Jun/2009:00:04:00 +0800] "GET / HTTP/1.1" 200 146325 "-" "-"
222.141.52.126 - - [28/Jun/2009:00:04:00 +0800] "GET / HTTP/1.1" 200 146325 "-" "-"
221.192.149.81 - - [28/Jun/2009:00:04:00 +0800] "GET /2008/mb/images/images/logo121.jpg HTTP/1.0" 304 - "http://www.jl.xinhuanet.com/" "Mozilla/4.0 (compatible; MSIE 6.0; Windows NT 5.1; SV1)"
222.141.52.126 - - [28/Jun/2009:00:04:00 +0800] "GET / HTTP/1.1" 200 146325 "-" "-"
119.147.104.181 - - [28/Jun/2009:00:04:00 +0800] "GET / HTTP/1.1" 200 146325 "-" "-"
117.23.204.247 - - [28/Jun/2009:00:04:00 +0800] "GET / HTTP/1.1" 200 146325 "-" "-"
121.14.234.178 - - [28/Jun/2009:00:04:01 +0800] "GET / HTTP/1.1" 200 146325 "-" "-"
119.147.104.181 - - [28/Jun/2009:00:04:01 +0800] "GET / HTTP/1.1" 200 146325 "-" "-"
121.14.234.178 - - [28/Jun/2009:00:04:01 +0800] "GET / HTTP/1.1" 200 146325 "-" "-"
117.23.204.247 - - [28/Jun/2009:00:04:01 +0800] "GET / HTTP/1.1" 200 146325 "-" "-"
119.147.104.181 - - [28/Jun/2009:00:04:01 +0800] "GET / HTTP/1.1" 200 146325 "-" "-"
123.235.40.242 - - [28/Jun/2009:00:04:01 +0800] "GET / HTTP/1.1" 200 146325 "-" "-"
121.14.234.178 - - [28/Jun/2009:00:04:01 +0800] "GET / HTTP/1.1" 200 146325 "-" "-"
117.23.204.247 - - [28/Jun/2009:00:04:01 +0800] "GET / HTTP/1.1" 200 146325 "-" "-"
119.147.104.181 - - [28/Jun/2009:00:04:01 +0800] "GET / HTTP/1.1" 200 146325 "-" "-"
121.14.234.178 - - [28/Jun/2009:00:04:01 +0800] "GET / HTTP/1.1" 200 146325 "-" "-"
123.235.40.242 - - [28/Jun/2009:00:04:01 +0800] "GET / HTTP/1.1" 200 146325 "-" "-"
123.235.40.242 - - [28/Jun/2009:00:04:01 +0800] "GET / HTTP/1.1" 200 146325 "-" "-"
117.23.204.247 - - [28/Jun/2009:00:04:01 +0800] "GET / HTTP/1.1" 200 146325 "-" "-"
123.235.40.242 - - [28/Jun/2009:00:04:01 +0800] "GET / HTTP/1.1" 200 146325 "-" "-"
219.153.74.114 - - [28/Jun/2009:00:04:01 +0800] "GET / HTTP/1.1" 200 146325 "-" "-"
123.235.40.243 - - [28/Jun/2009:00:04:01 +0800] "GET /tese/2006-08/01/xin_2808030116345152352212.JPG HTTP/1.0" 304 - "http://www.jingjuok.com/bbs/html/2006-8-7/14165560110569.html" "Mozilla/4.0 (compatible; MSIE 6.0; Windows NT 5.1; SV1; Mozilla/4.0 (compatible; MSIE 6.0; Windows NT 5.1; SV1) )"
219.153.74.114 - - [28/Jun/2009:00:04:01 +0800] "GET / HTTP/1.1" 200 146325 "-" "-"
221.192.149.81 - - [28/Jun/2009:00:04:01 +0800] "GET /2008/mb/images/images/qbh.jpg HTTP/1.0" 304 - "http://www.jl.xinhuanet.com/" "Mozilla/4.0 (compatible; MSIE 6.0; Windows NT 5.1; SV1)"
219.153.74.114 - - [28/Jun/2009:00:04:01 +0800] "GET / HTTP/1.1" 200 146325 "-" "-"
59.175.131.253 - - [28/Jun/2009:00:04:01 +0800] "GET / HTTP/1.1" 200 146325 "-" "-"
59.175.131.253 - - [28/Jun/2009:00:04:01 +0800] "GET / HTTP/1.1" 200 146325 "-" "-"
61.164.61.68 - - [28/Jun/2009:00:04:01 +0800] "GET / HTTP/1.1" 200 146325 "-" "-"
59.175.131.253 - - [28/Jun/2009:00:04:01 +0800] "GET / HTTP/1.1" 200 146325 "-" "-"
59.175.131.253 - - [28/Jun/2009:00:04:01 +0800] "GET / HTTP/1.1" 200 146325 "-" "-"
219.153.74.114 - - [28/Jun/2009:00:04:01 +0800] "GET / HTTP/1.1" 200 146325 "-" "-"
61.164.61.68 - - [28/Jun/2009:00:04:01 +0800] "GET / HTTP/1.1" 200 146325 "-" "-"
61.164.61.68 - - [28/Jun/2009:00:04:01 +0800] "GET / HTTP/1.1" 200 146325 "-" "-"
61.164.61.68 - - [28/Jun/2009:00:04:01 +0800] "GET / HTTP/1.1" 200 146325 "-" "-"
221.192.149.81 - - [28/Jun/2009:00:04:01 +0800] "GET /2008/mb/images/images/ybnews.jpg HTTP/1.0" 304 - "http://www.jl.xinhuanet.com/" "Mozilla/4.0 (compatible; MSIE 6.0; Windows NT 5.1; SV1)"
221.192.149.81 - - [28/Jun/2009:00:04:01 +0800] "GET /2008/mb/images/images/ningjiang.jpg HTTP/1.0" 304 - "http://www.jl.xinhuanet.com/" "Mozilla/4.0 (compatible; MSIE 6.0; Windows NT 5.1; SV1)"
221.192.149.81 - - [28/Jun/2009:00:04:01 +0800] "GET /2008/mb/images/images/ybxxg.jpg HTTP/1.0" 304 - "http://www.jl.xinhuanet.com/" "Mozilla/4.0 (compatible; MSIE 6.0; Windows NT 5.1; SV1)"
221.192.149.81 - - [28/Jun/2009:00:04:01 +0800] "GET /2008/mb/images/images/tyx.jpg HTTP/1.0" 304 - "http://www.jl.xinhuanet.com/" "Mozilla/4.0 (compatible; MSIE 6.0; Windows NT 5.1; SV1)"
221.192.149.81 - - [28/Jun/2009:00:04:02 +0800] "GET /2008/mb/images/images/gzlsw.jpg HTTP/1.0" 304 - "http://www.jl.xinhuanet.com/" "Mozilla/4.0 (compatible; MSIE 6.0; Windows NT 5.1; SV1)"
123.235.40.243 - - [28/Jun/2009:00:04:02 +0800] "GET /shangye/2006-05/24/content_7081951.htm HTTP/1.0" 304 - "-" "Mozilla/5.0 (compatible; Yahoo! Slurp China; http://misc.yahoo.com.cn/help.html)"
117.23.204.247 - - [28/Jun/2009:00:04:02 +0800] "GET /index/2006-08/23/xin_320803231452468190315.jpg HTTP/1.0" 304 - "http://image.baidu.com/i?ct=503316480&z=0&tn=baiduimagedetail&word=%BF%AA%C6%BD%C5%AE%C9%FA%CA%DC%C8%E8%CA%C2%BC%FE&in=4866&cl=2&cm=1&sc=0&lm=-1&pn=112&rn=1&di=425765448&ln=246&fr=" "Mozilla/4.0 (compatible; MSIE 7.0; Windows NT 6.0; SLCC1; .NET CLR 2.0.50727; Media Center PC 5.0; .NET CLR 3.0.04506; InfoPath.2)"
219.153.74.114 - - [28/Jun/2009:00:04:02 +0800] "GET /newscenter/jiceng/index.htm HTTP/1.0" 304 - "-" "Mozilla/4.0 (compatible; MSIE 6.0; Windows NT 5.1; SV1; .NET CLR 1.1.4322)"
221.192.149.81 - - [28/Jun/2009:00:04:02 +0800] "GET /2008/mb/images/images/thxcw.jpg HTTP/1.0" 304 - "http://www.jl.xinhuanet.com/" "Mozilla/4.0 (compatible; MSIE 6.0; Windows NT 5.1; SV1)"
221.192.149.81 - - [28/Jun/2009:00:04:02 +0800] "GET /2008/mb/images/images/cbsxww.jpg HTTP/1.0" 304 - "http://www.jl.xinhuanet.com/" "Mozilla/4.0 (compatible; MSIE 6.0; Windows NT 5.1; SV1)"
61.135.220.20 - - [28/Jun/2009:00:04:02 +0800] "GET /media/Report_Pavel_Janik/video.ogg.m3u HTTP/1.1" 404 303 "" "Mozilla/5.0 (compatible; YodaoBot/1.0; http://www.youdao.com/help/webmaster/spider/; )"
221.192.149.81 - - [28/Jun/2009:00:04:03 +0800] "GET /2008/mb/images/images/jlly.jpg HTTP/1.0" 304 - "http://www.jl.xinhuanet.com/" "Mozilla/4.0 (compatible; MSIE 6.0; Windows NT 5.1; SV1)"
121.14.234.178 - - [28/Jun/2009:00:04:03 +0800] "GET /newscenter/2006-11/24/content_8613168.htm HTTP/1.0" 304 - "http://www.google.cn/m/search?q=%E5%AE%8C%E7%BE%8E%E6%97%A5%E7%94%A8%E5%93%81&client=ms-aff-ucweb&output=xhtml&site=images&btnG=%E6%90%9C%E7%BD%91%E9%A1%B5" "-"
121.14.234.178 - - [28/Jun/2009:00:04:03 +0800] "GET /home/images/style.css HTTP/1.0" 304 - "http://www.jl.xinhuanet.com/newscenter/2006-11/24/content_8613168.htm" "-"
121.14.234.178 - - [28/Jun/2009:00:04:03 +0800] "GET /mod2006/top.htm HTTP/1.0" 304 - "http://www.jl.xinhuanet.com/newscenter/2006-11/24/content_8613168.htm" "-"
218.213.69.115 - - [28/Jun/2009:00:04:03 +0800] "GET / HTTP/1.1" 200 146325 "-" "-"
121.14.234.178 - - [28/Jun/2009:00:04:03 +0800] "GET /newscenter/link-news/index.htm HTTP/1.0" 304 - "http://www.jl.xinhuanet.com/newscenter/2006-11/24/content_8613168.htm" "-"
219.153.74.114 - - [28/Jun/2009:00:04:03 +0800] "GET /jujiao/more.htm HTTP/1.0" 304 - "-" "Mozilla/4.0 (compatible; MSIE 6.0; Windows NT 5.1; SV1; .NET CLR 1.1.4322)"
121.14.234.178 - - [28/Jun/2009:00:04:03 +0800] "GET /home/bottom.htm HTTP/1.0" 304 - "http://www.jl.xinhuanet.com/newscenter/2006-11/24/content_8613168.htm" "-"
121.14.234.178 - - [28/Jun/2009:00:04:03 +0800] "GET /favicon.ico HTTP/1.0" 404 279 "-" "-"
221.192.149.81 - - [28/Jun/2009:00:04:03 +0800] "GET /2008/mb/images/images/cbszc.jpg HTTP/1.0" 304 - "http://www.jl.xinhuanet.com/" "Mozilla/4.0 (compatible; MSIE 6.0; Windows NT 5.1; SV1)"
210.51.179.145 - - [28/Jun/2009:00:04:03 +0800] "GET / HTTP/1.0" 200 146325 "-" "User-Agent: Mozilla/5.0 (compatible; MSIE 6.0;Windows XP)"
218.213.69.115 - - [28/Jun/2009:00:04:03 +0800] "GET / HTTP/1.1" 200 146325 "-" "-"
218.213.69.115 - - [28/Jun/2009:00:04:03 +0800] "GET / HTTP/1.1" 200 146325 "-" "-"
218.213.69.115 - - [28/Jun/2009:00:04:04 +0800] "GET / HTTP/1.1" 200 146325 "-" "-"
117.23.204.247 - - [28/Jun/2009:00:04:05 +0800] "GET /shangye/jiaoyu/undefined HTTP/1.0" 404 292 "http://www.jl.xinhuanet.com/shangye/jiaoyu/index.htm" "Mozilla/4.0 (compatible; MSIE 6.0; Windows NT 5.1; SV1)"
