61.164.61.68 - - [28/Jun/2009:00:08:16 +0800] "GET /2008/mb/images/images/lc1.jpg HTTP/1.0" 304 - "http://www.jl.xinhuanet.com/" "Mozilla/4.0 (compatible; MSIE 6.0; Windows NT 5.1; SV1; GTB6)"
61.164.61.68 - - [28/Jun/2009:00:08:16 +0800] "GET /2008/mb/images/images/02_07.jpg HTTP/1.0" 304 - "http://www.jl.xinhuanet.com/" "Mozilla/4.0 (compatible; MSIE 6.0; Windows NT 5.1; SV1; GTB6)"
61.164.61.68 - - [28/Jun/2009:00:08:16 +0800] "GET /2008/mb/images/images/ty1.jpg HTTP/1.0" 304 - "http://www.jl.xinhuanet.com/" "Mozilla/4.0 (compatible; MSIE 6.0; Windows NT 5.1; SV1; GTB6)"
61.164.61.68 - - [28/Jun/2009:00:08:16 +0800] "GET /2008/mb/images/images/02_05.jpg HTTP/1.0" 304 - "http://www.jl.xinhuanet.com/" "Mozilla/4.0 (compatible; MSIE 6.0; Windows NT 5.1; SV1; GTB6)"
61.164.61.68 - - [28/Jun/2009:00:08:16 +0800] "GET /2008/mb/images/images/lc2.jpg HTTP/1.0" 304 - "http://www.jl.xinhuanet.com/" "Mozilla/4.0 (compatible; MSIE 6.0; Windows NT 5.1; SV1; GTB6)"
61.164.61.68 - - [28/Jun/2009:00:08:16 +0800] "GET /2008/mb/images/images/bt1.jpg HTTP/1.0" 304 - "http://www.jl.xinhuanet.com/" "Mozilla/4.0 (compatible; MSIE 6.0; Windows NT 5.1; SV1; GTB6)"
61.164.61.68 - - [28/Jun/2009:00:08:16 +0800] "GET /2008/mb/images/images/gsyy.swf HTTP/1.0" 304 - "http://www.jl.xinhuanet.com/" "Mozilla/4.0 (compatible; MSIE 6.0; Windows NT 5.1; SV1; GTB6)"
61.164.61.68 - - [28/Jun/2009:00:08:16 +0800] "GET /newscenter/photo_news.htm HTTP/1.0" 304 - "http://www.jl.xinhuanet.com/" "Mozilla/4.0 (compatible; MSIE 6.0; Windows NT 5.1; SV1; GTB6)"
61.164.61.68 - - [28/Jun/2009:00:08:16 +0800] "GET /2008/mb/images/images/hw_logo.jpg HTTP/1.0" 304 - "http://www.jl.xinhuanet.com/" "Mozilla/4.0 (compatible; MSIE 6.0; Windows NT 5.1; SV1; GTB6)"
61.164.61.68 - - [28/Jun/2009:00:08:16 +0800] "GET /2008/mb/images/images/bt2.jpg HTTP/1.0" 304 - "http://www.jl.xinhuanet.com/" "Mozilla/4.0 (compatible; MSIE 6.0; Windows NT 5.1; SV1; GTB6)"
61.164.61.68 - - [28/Jun/2009:00:08:16 +0800] "GET /2008/mb/images/images/logo119.jpg HTTP/1.0" 304 - "http://www.jl.xinhuanet.com/" "Mozilla/4.0 (compatible; MSIE 6.0; Windows NT 5.1; SV1; GTB6)"
61.164.61.68 - - [28/Jun/2009:00:08:16 +0800] "GET /2008/mb/images/images/shouji.swf HTTP/1.0" 304 - "http://www.jl.xinhuanet.com/" "Mozilla/4.0 (compatible; MSIE 6.0; Windows NT 5.1; SV1; GTB6)"
61.164.61.68 - - [28/Jun/2009:00:08:16 +0800] "GET /2008/mb/images/images/02_06.jpg HTTP/1.0" 304 - "http://www.jl.xinhuanet.com/" "Mozilla/4.0 (compatible; MSIE 6.0; Windows NT 5.1; SV1; GTB6)"
123.235.40.243 - - [28/Jun/2009:00:08:16 +0800] "GET /2006shangye/2009-06/25/content_16908864.htm HTTP/1.0" 404 311 "-" "Mozilla/4.0+(compatible;+MSIE+7.0;+Windows+NT+5.1;+.NET+CLR+2.0.50727)"
61.164.61.68 - - [28/Jun/2009:00:08:16 +0800] "GET /2008jl/images/sc.swf HTTP/1.0" 304 - "http://www.jl.xinhuanet.com/" "Mozilla/4.0 (compatible; MSIE 6.0; Windows NT 5.1; SV1; GTB6)"
61.164.61.68 - - [28/Jun/2009:00:08:16 +0800] "GET /2008/mb/images/images/logo122.gif HTTP/1.0" 304 - "http://www.jl.xinhuanet.com/" "Mozilla/4.0 (compatible; MSIE 6.0; Windows NT 5.1; SV1; GTB6)"
38.99.13.116 - - [28/Jun/2009:00:08:16 +0800] "GET /2006shangye/2009-05/07/content_16460537.htm HTTP/1.0" 200 17788 "-" "Mozilla/5.0 (Twiceler-0.9 http://www.cuil.com/twiceler/robot.html)"
61.164.61.68 - - [28/Jun/2009:00:08:16 +0800] "GET /2008/mb/images/images/dbh-logo.jpg HTTP/1.0" 304 - "http://www.jl.xinhuanet.com/" "Mozilla/4.0 (compatible; MSIE 6.0; Windows NT 5.1; SV1; GTB6)"
61.164.61.68 - - [28/Jun/2009:00:08:16 +0800] "GET /2008/mb/images/images/03_01a.jpg HTTP/1.0" 304 - "http://www.jl.xinhuanet.com/" "Mozilla/4.0 (compatible; MSIE 6.0; Windows NT 5.1; SV1; GTB6)"
61.164.61.68 - - [28/Jun/2009:00:08:16 +0800] "GET /2008/mb/images/images/03_01.jpg HTTP/1.0" 304 - "http://www.jl.xinhuanet.com/" "Mozilla/4.0 (compatible; MSIE 6.0; Windows NT 5.1; SV1; GTB6)"
61.164.61.68 - - [28/Jun/2009:00:08:16 +0800] "GET /2008/mb/images/images/03_01b.jpg HTTP/1.0" 304 - "http://www.jl.xinhuanet.com/" "Mozilla/4.0 (compatible; MSIE 6.0; Windows NT 5.1; SV1; GTB6)"
61.164.61.68 - - [28/Jun/2009:00:08:16 +0800] "GET /2008/mb/images/images/ly2.jpg HTTP/1.0" 304 - "http://www.jl.xinhuanet.com/" "Mozilla/4.0 (compatible; MSIE 6.0; Windows NT 5.1; SV1; GTB6)"
61.164.61.68 - - [28/Jun/2009:00:08:16 +0800] "GET /2008/mb/images/images/ly3.jpg HTTP/1.0" 304 - "http://www.jl.xinhuanet.com/" "Mozilla/4.0 (compatible; MSIE 6.0; Windows NT 5.1; SV1; GTB6)"
61.164.61.68 - - [28/Jun/2009:00:08:17 +0800] "GET /2008/mb/images/images/ly1.jpg HTTP/1.0" 304 - "http://www.jl.xinhuanet.com/" "Mozilla/4.0 (compatible; MSIE 6.0; Windows NT 5.1; SV1; GTB6)"
61.164.61.68 - - [28/Jun/2009:00:08:17 +0800] "GET /2008/mb/images/images/ly5.jpg HTTP/1.0" 304 - "http://www.jl.xinhuanet.com/" "Mozilla/4.0 (compatible; MSIE 6.0; Windows NT 5.1; SV1; GTB6)"
61.164.61.68 - - [28/Jun/2009:00:08:17 +0800] "GET /2008/mb/images/images/ly4.jpg HTTP/1.0" 304 - "http://www.jl.xinhuanet.com/" "Mozilla/4.0 (compatible; MSIE 6.0; Windows NT 5.1; SV1; GTB6)"
61.164.61.68 - - [28/Jun/2009:00:08:17 +0800] "GET /2008/mb/images/images/sh1.jpg HTTP/1.0" 304 - "http://www.jl.xinhuanet.com/" "Mozilla/4.0 (compatible; MSIE 6.0; Windows NT 5.1; SV1; GTB6)"
61.164.61.68 - - [28/Jun/2009:00:08:17 +0800] "GET /2008/mb/images/images/sh2.jpg HTTP/1.0" 304 - "http://www.jl.xinhuanet.com/" "Mozilla/4.0 (compatible; MSIE 6.0; Windows NT 5.1; SV1; GTB6)"
61.164.61.68 - - [28/Jun/2009:00:08:17 +0800] "GET /2008/mb/images/images/sh4.jpg HTTP/1.0" 304 - "http://www.jl.xinhuanet.com/" "Mozilla/4.0 (compatible; MSIE 6.0; Windows NT 5.1; SV1; GTB6)"
61.164.61.68 - - [28/Jun/2009:00:08:17 +0800] "GET /2008/mb/images/images/sh5.jpg HTTP/1.0" 304 - "http://www.jl.xinhuanet.com/" "Mozilla/4.0 (compatible; MSIE 6.0; Windows NT 5.1; SV1; GTB6)"
61.164.61.68 - - [28/Jun/2009:00:08:17 +0800] "GET /2008/mb/images/images/sh3.jpg HTTP/1.0" 304 - "http://www.jl.xinhuanet.com/" "Mozilla/4.0 (compatible; MSIE 6.0; Windows NT 5.1; SV1; GTB6)"
61.164.61.68 - - [28/Jun/2009:00:08:17 +0800] "GET /2008/mb/images/images/zmkm.jpg HTTP/1.0" 304 - "http://www.jl.xinhuanet.com/" "Mozilla/4.0 (compatible; MSIE 6.0; Windows NT 5.1; SV1; GTB6)"
216.129.119.10 - - [28/Jun/2009:00:08:16 +0800] "GET /yingshi/2009-05/03/content_16414239.htm HTTP/1.0" 200 21161 "-" "Mozilla/5.0 (Twiceler-0.9 http://www.cuil.com/twiceler/robot.html)"
61.164.61.68 - - [28/Jun/2009:00:08:17 +0800] "GET /2008/mb/images/images/01_09b.jpg HTTP/1.0" 304 - "http://www.jl.xinhuanet.com/" "Mozilla/4.0 (compatible; MSIE 6.0; Windows NT 5.1; SV1; GTB6)"
61.164.61.68 - - [28/Jun/2009:00:08:17 +0800] "GET /2008/mb/images/images/mymy.jpg HTTP/1.0" 304 - "http://www.jl.xinhuanet.com/" "Mozilla/4.0 (compatible; MSIE 6.0; Windows NT 5.1; SV1; GTB6)"
61.164.61.68 - - [28/Jun/2009:00:08:17 +0800] "GET /2008/mb/images/images/jcfy.gif HTTP/1.0" 304 - "http://www.jl.xinhuanet.com/" "Mozilla/4.0 (compatible; MSIE 6.0; Windows NT 5.1; SV1; GTB6)"
61.164.61.68 - - [28/Jun/2009:00:08:17 +0800] "GET /2008/mb/images/images/cghly.jpg HTTP/1.0" 304 - "http://www.jl.xinhuanet.com/" "Mozilla/4.0 (compatible; MSIE 6.0; Windows NT 5.1; SV1; GTB6)"
61.164.61.68 - - [28/Jun/2009:00:08:17 +0800] "GET /2008/mb/images/images/04_03.jpg HTTP/1.0" 304 - "http://www.jl.xinhuanet.com/" "Mozilla/4.0 (compatible; MSIE 6.0; Windows NT 5.1; SV1; GTB6)"
61.164.61.68 - - [28/Jun/2009:00:08:17 +0800] "GET /2008/mb/images/images/dfpd.jpg HTTP/1.0" 304 - "http://www.jl.xinhuanet.com/" "Mozilla/4.0 (compatible; MSIE 6.0; Windows NT 5.1; SV1; GTB6)"
61.164.61.68 - - [28/Jun/2009:00:08:17 +0800] "GET /2008/mb/images/images/04_02.jpg HTTP/1.0" 304 - "http://www.jl.xinhuanet.com/" "Mozilla/4.0 (compatible; MSIE 6.0; Windows NT 5.1; SV1; GTB6)"
61.164.61.68 - - [28/Jun/2009:00:08:18 +0800] "GET /2008/mb/images/images/04_14.jpg HTTP/1.0" 304 - "http://www.jl.xinhuanet.com/" "Mozilla/4.0 (compatible; MSIE 6.0; Windows NT 5.1; SV1; GTB6)"
61.164.61.68 - - [28/Jun/2009:00:08:18 +0800] "GET /2008/mb/images/images/04_04.jpg HTTP/1.0" 304 - "http://www.jl.xinhuanet.com/" "Mozilla/4.0 (compatible; MSIE 6.0; Windows NT 5.1; SV1; GTB6)"
61.164.61.68 - - [28/Jun/2009:00:08:18 +0800] "GET /2008/mb/images/images/logo124.gif HTTP/1.0" 304 - "http://www.jl.xinhuanet.com/" "Mozilla/4.0 (compatible; MSIE 6.0; Windows NT 5.1; SV1; GTB6)"
61.164.61.68 - - [28/Jun/2009:00:08:18 +0800] "GET /2008/mb/images/images/04_09.jpg HTTP/1.0" 304 - "http://www.jl.xinhuanet.com/" "Mozilla/4.0 (compatible; MSIE 6.0; Windows NT 5.1; SV1; GTB6)"
61.164.61.68 - - [28/Jun/2009:00:08:18 +0800] "GET /2008/mb/images/images/qc1.jpg HTTP/1.0" 304 - "http://www.jl.xinhuanet.com/" "Mozilla/4.0 (compatible; MSIE 6.0; Windows NT 5.1; SV1; GTB6)"
61.164.61.68 - - [28/Jun/2009:00:08:18 +0800] "GET /2008/mb/images/images/zx.jpg HTTP/1.0" 304 - "http://www.jl.xinhuanet.com/" "Mozilla/4.0 (compatible; MSIE 6.0; Windows NT 5.1; SV1; GTB6)"
61.164.61.68 - - [28/Jun/2009:00:08:18 +0800] "GET /2008/mb/images/images/04_12.jpg HTTP/1.0" 304 - "http://www.jl.xinhuanet.com/" "Mozilla/4.0 (compatible; MSIE 6.0; Windows NT 5.1; SV1; GTB6)"
61.164.61.68 - - [28/Jun/2009:00:08:18 +0800] "GET /2008/mb/images/images/04_11.jpg HTTP/1.0" 304 - "http://www.jl.xinhuanet.com/" "Mozilla/4.0 (compatible; MSIE 6.0; Windows NT 5.1; SV1; GTB6)"
61.164.61.68 - - [28/Jun/2009:00:08:18 +0800] "GET /2008/mb/images/images/yl1.jpg HTTP/1.0" 304 - "http://www.jl.xinhuanet.com/" "Mozilla/4.0 (compatible; MSIE 6.0; Windows NT 5.1; SV1; GTB6)"
61.164.61.68 - - [28/Jun/2009:00:08:18 +0800] "GET /2008/mb/images/images/jk1.jpg HTTP/1.0" 304 - "http://www.jl.xinhuanet.com/" "Mozilla/4.0 (compatible; MSIE 6.0; Windows NT 5.1; SV1; GTB6)"
61.164.61.68 - - [28/Jun/2009:00:08:18 +0800] "GET /2008/mb/images/images/04_13.jpg HTTP/1.0" 304 - "http://www.jl.xinhuanet.com/" "Mozilla/4.0 (compatible; MSIE 6.0; Windows NT 5.1; SV1; GTB6)"
61.164.61.68 - - [28/Jun/2009:00:08:18 +0800] "GET /2008/mb/images/images/fc1.jpg HTTP/1.0" 304 - "http://www.jl.xinhuanet.com/" "Mozilla/4.0 (compatible; MSIE 6.0; Windows NT 5.1; SV1; GTB6)"
61.164.61.68 - - [28/Jun/2009:00:08:18 +0800] "GET /2008/mb/images/images/04_11a.jpg HTTP/1.0" 304 - "http://www.jl.xinhuanet.com/" "Mozilla/4.0 (compatible; MSIE 6.0; Windows NT 5.1; SV1; GTB6)"
61.164.61.68 - - [28/Jun/2009:00:08:18 +0800] "GET /2008/mb/images/images/other_01.jpg HTTP/1.0" 304 - "http://www.jl.xinhuanet.com/" "Mozilla/4.0 (compatible; MSIE 6.0; Windows NT 5.1; SV1; GTB6)"
61.164.61.68 - - [28/Jun/2009:00:08:18 +0800] "GET /2008/mb/images/images/cc.jpg HTTP/1.0" 304 - "http://www.jl.xinhuanet.com/" "Mozilla/4.0 (compatible; MSIE 6.0; Windows NT 5.1; SV1; GTB6)"
61.164.61.68 - - [28/Jun/2009:00:08:18 +0800] "GET /2008/mb/images/images/qg1.jpg HTTP/1.0" 304 - "http://www.jl.xinhuanet.com/" "Mozilla/4.0 (compatible; MSIE 6.0; Windows NT 5.1; SV1; GTB6)"
61.164.61.68 - - [28/Jun/2009:00:08:18 +0800] "GET /2008/mb/images/images/qy.jpg HTTP/1.0" 304 - "http://www.jl.xinhuanet.com/" "Mozilla/4.0 (compatible; MSIE 6.0; Windows NT 5.1; SV1; GTB6)"
61.164.61.68 - - [28/Jun/2009:00:08:18 +0800] "GET /2008/mb/images/images/qbh.jpg HTTP/1.0" 304 - "http://www.jl.xinhuanet.com/" "Mozilla/4.0 (compatible; MSIE 6.0; Windows NT 5.1; SV1; GTB6)"
61.164.61.68 - - [28/Jun/2009:00:08:18 +0800] "GET /2008/mb/images/images/rmyy_logo.jpg HTTP/1.0" 304 - "http://www.jl.xinhuanet.com/" "Mozilla/4.0 (compatible; MSIE 6.0; Windows NT 5.1; SV1; GTB6)"
61.164.61.68 - - [28/Jun/2009:00:08:18 +0800] "GET /2008/mb/images/images/logo125.jpg HTTP/1.0" 304 - "http://www.jl.xinhuanet.com/" "Mozilla/4.0 (compatible; MSIE 6.0; Windows NT 5.1; SV1; GTB6)"
61.164.61.68 - - [28/Jun/2009:00:08:18 +0800] "GET /2008/mb/images/images/cg.jpg HTTP/1.0" 304 - "http://www.jl.xinhuanet.com/" "Mozilla/4.0 (compatible; MSIE 6.0; Windows NT 5.1; SV1; GTB6)"
61.164.61.68 - - [28/Jun/2009:00:08:18 +0800] "GET /2008/mb/images/images/cxyj.jpg HTTP/1.0" 304 - "http://www.jl.xinhuanet.com/" "Mozilla/4.0 (compatible; MSIE 6.0; Windows NT 5.1; SV1; GTB6)"
61.164.61.68 - - [28/Jun/2009:00:08:18 +0800] "GET /2008/mb/images/images/hpdxy-logo.jpg HTTP/1.0" 304 - "http://www.jl.xinhuanet.com/" "Mozilla/4.0 (compatible; MSIE 6.0; Windows NT 5.1; SV1; GTB6)"
61.164.61.68 - - [28/Jun/2009:00:08:18 +0800] "GET /2008/mb/images/images/ningjiang.jpg HTTP/1.0" 304 - "http://www.jl.xinhuanet.com/" "Mozilla/4.0 (compatible; MSIE 6.0; Windows NT 5.1; SV1; GTB6)"
61.164.61.68 - - [28/Jun/2009:00:08:18 +0800] "GET /2008/mb/images/images/logo121.jpg HTTP/1.0" 304 - "http://www.jl.xinhuanet.com/" "Mozilla/4.0 (compatible; MSIE 6.0; Windows NT 5.1; SV1; GTB6)"
61.164.61.68 - - [28/Jun/2009:00:08:18 +0800] "GET /2008/mb/images/images/ybnews.jpg HTTP/1.0" 304 - "http://www.jl.xinhuanet.com/" "Mozilla/4.0 (compatible; MSIE 6.0; Windows NT 5.1; SV1; GTB6)"
61.164.61.68 - - [28/Jun/2009:00:08:18 +0800] "GET /2008/mb/images/images/ybxxg.jpg HTTP/1.0" 304 - "http://www.jl.xinhuanet.com/" "Mozilla/4.0 (compatible; MSIE 6.0; Windows NT 5.1; SV1; GTB6)"
61.164.61.68 - - [28/Jun/2009:00:08:18 +0800] "GET /2008/mb/images/images/tyx.jpg HTTP/1.0" 304 - "http://www.jl.xinhuanet.com/" "Mozilla/4.0 (compatible; MSIE 6.0; Windows NT 5.1; SV1; GTB6)"
61.164.61.68 - - [28/Jun/2009:00:08:18 +0800] "GET /2008/mb/images/images/gzlsw.jpg HTTP/1.0" 304 - "http://www.jl.xinhuanet.com/" "Mozilla/4.0 (compatible; MSIE 6.0; Windows NT 5.1; SV1; GTB6)"
61.164.61.68 - - [28/Jun/2009:00:08:19 +0800] "GET /2008/mb/images/images/thxcw.jpg HTTP/1.0" 304 - "http://www.jl.xinhuanet.com/" "Mozilla/4.0 (compatible; MSIE 6.0; Windows NT 5.1; SV1; GTB6)"
61.164.61.68 - - [28/Jun/2009:00:08:19 +0800] "GET /2008/mb/images/images/cbsxww.jpg HTTP/1.0" 304 - "http://www.jl.xinhuanet.com/" "Mozilla/4.0 (compatible; MSIE 6.0; Windows NT 5.1; SV1; GTB6)"
202.108.251.39 - - [28/Jun/2009:00:08:19 +0800] "GET / HTTP/1.0" 304 - "-" "Mozilla/5.0 (compatible; YodaoBot-News/1.0; http://www.youdao.com/help/webmaster/spider/; )"
65.55.51.161 - - [28/Jun/2009:00:08:18 +0800] "GET / HTTP/1.1" 200 146325 "-" "msnbot-NewsBlogs/1.1 (+http://search.msn.com/msnbot.htm)"
119.147.104.181 - - [28/Jun/2009:00:08:20 +0800] "GET /favicon.ico HTTP/1.0" 404 279 "-" "Mozilla/4.0 (compatible; MSIE 6.0; Windows NT 5.1; SV1; MAXTHON 2.0)"
117.23.204.247 - - [28/Jun/2009:00:08:20 +0800] "GET /shangye/jiaoyu/undefined HTTP/1.0" 404 292 "http://www.jl.xinhuanet.com/shangye/jiaoyu/index.htm" "Mozilla/4.0 (compatible; MSIE 6.0; Windows NT 5.1; SV1)"
123.235.40.243 - - [28/Jun/2009:00:08:20 +0800] "GET /newscenter/2009-06/10/content_16763174.htm HTTP/1.0" 304 - "-" "Mozilla/5.0 (compatible; Yahoo! Slurp China; http://misc.yahoo.com.cn/help.html)"
127.0.0.1 - - [28/Jun/2009:00:08:20 +0800] "GET / HTTP/1.0" 200 146325 "-" "Apache (internal dummy connection)"
72.30.79.39 - - [28/Jun/2009:00:08:21 +0800] "GET /newscenter/2008-02/18/content_12478619.htm HTTP/1.0" 200 23957 "-" "Mozilla/5.0 (compatible; Yahoo! Slurp/3.0; http://help.yahoo.com/help/us/ysearch/slurp)"
202.108.59.143 - - [28/Jun/2009:00:08:22 +0800] "GET /jlzw/2007-06/23/content_10381485.htm HTTP/1.1" 404 301 "-" "Mozilla/4.0 (compatible;MSIE 6.0; MSIE 7.0; Windows NT 5.2; .NET CLR 1.1.4322; .NET CLR 2.0.50727; InfoPath.1) Web-Sniffer/1.0.24"
123.235.40.243 - - [28/Jun/2009:00:08:23 +0800] "GET /news/2004-09/27/content_2942237.htm HTTP/1.0" 200 16649 "-" "Mozilla/5.0 (compatible; Yahoo! Slurp China; http://misc.yahoo.com.cn/help.html)"
59.175.131.253 - - [28/Jun/2009:00:08:24 +0800] "GET /yingshi/xin_4311032709589891606315.jpg HTTP/1.0" 304 - "http://images.google.cn/imglanding?imgurl=http://www.jl.xinhuanet.com/yingshi/xin_4311032709589891606315.jpg&imgrefurl=http://www.jl.xinhuanet.com/yingshi/sptp.htm&usg=__FvLGxyAkJQiS88S-dAHkaIA-qA8%3D&h=315&w=450&sz=24&hl=zh-CN&tbnid=8USRzEzOu1aWEM:&tbnh=89&tbnw=127&prev=/images%3Fq%3D%25E7%25A9%25BF%25E5%25B8%25AE%25E9%2595%259C%25E5%25A4%25B4%26hl%3Dzh-CN%26newwindow%3D1&q=%E7%A9%BF%E5%B8%AE%E9%95%9C%E5%A4%B4&newwindow=1&start=0" "Mozilla/4.0 (compatible; MSIE 6.0; Windows NT 5.1; SV1)"
117.23.204.247 - - [28/Jun/2009:00:08:26 +0800] "GET /shangye/yiyao/images/style.css HTTP/1.0" 304 - "http://www.jl.xinhuanet.com/shangye/yiyao/images/style.css" "Sosonewsspider+(+http://help.soso.com/soso-news-spider.htm)"
117.23.204.247 - - [28/Jun/2009:00:08:26 +0800] "GET /shangye/yiyao/images/style%5B1%5D.css HTTP/1.0" 304 - "http://www.jl.xinhuanet.com/shangye/yiyao/images/style%5B1%5D.css" "Sosonewsspider+(+http://help.soso.com/soso-news-spider.htm)"
117.23.204.247 - - [28/Jun/2009:00:08:26 +0800] "GET /home/top.htm HTTP/1.0" 304 - "http://www.jl.xinhuanet.com/home/top.htm" "Sosonewsspider+(+http://help.soso.com/soso-news-spider.htm)"
117.23.204.247 - - [28/Jun/2009:00:08:26 +0800] "GET /home/bottom.htm HTTP/1.0" 304 - "http://www.jl.xinhuanet.com/home/bottom.htm" "Sosonewsspider+(+http://help.soso.com/soso-news-spider.htm)"
203.200.179.41 - - [28/Jun/2009:00:08:25 +0800] "GET /newscenter/2009-01/11/xin_2430106111245281157837.jpg HTTP/1.0" 206 20568 "http://www.e0335.net.cn/gb/adv/2008-2/25/094318432381890_333.html" "Mozilla/4.0 (compatible; MSIE 6.0; Windows NT 5.1; SV1; GTB6)"
61.135.220.20 - - [28/Jun/2009:00:08:26 +0800] "GET /media/OOo_RedOffice_in_China_Cai_Yong_Hu/video.ogg.m3u HTTP/1.1" 404 319 "" "Mozilla/5.0 (compatible; YodaoBot/1.0; http://www.youdao.com/help/webmaster/spider/; )"
219.153.74.114 - - [28/Jun/2009:00:08:28 +0800] "GET /newscenter/2006-12/04/xin_121203041431118367913.jpg HTTP/1.0" 304 - "http://image.baidu.com/i?ct=503316480&z=0&tn=baiduimagedetail&word=%DE%CF%DE%CE%CA%B1%BF%CC&in=24752&cl=2&cm=1&sc=0&lm=-1&pn=3&rn=1&di=495839761&ln=1537&fr=" "Mozilla/4.0 (compatible; MSIE 6.0; Windows NT 5.1; SV1; TheWorld)"
117.23.204.247 - - [28/Jun/2009:00:08:30 +0800] "GET /shangye/jiaoyu/undefined HTTP/1.0" 404 292 "http://www.jl.xinhuanet.com/shangye/jiaoyu/index.htm" "Mozilla/4.0 (compatible; MSIE 6.0; Windows NT 5.1; SV1)"
121.14.234.178 - - [28/Jun/2009:00:08:30 +0800] "GET /fangchan/2006-04/13/content_6729718.htm HTTP/1.0" 304 - "-" "Baiduspider+(+http://www.baidu.com/search/spider.htm)"
124.115.10.25 - - [28/Jun/2009:00:08:31 +0800] "HEAD / HTTP/1.1" 200 - "http://www.jl.xinhua.org/" "Sosonewsspider+(+http://help.soso.com/soso-news-spider.htm)"
124.115.10.25 - - [28/Jun/2009:00:08:31 +0800] "GET / HTTP/1.1" 200 146325 "http://www.jl.xinhua.org/" "Sosonewsspider+(+http://help.soso.com/soso-news-spider.htm)"
61.164.61.68 - - [28/Jun/2009:00:08:32 +0800] "GET /newscenter/2007-01/25/xin_120104251013299018012.jpg HTTP/1.0" 304 - "http://image.baidu.com/i?ct=503316480&z=0&tn=baiduimagedetail&word=%CA%C0%BD%E7%C9%CF%D7%EE%B8%E3%D0%A6&in=5315&cl=2&cm=1&sc=0&lm=-1&pn=3&rn=1&di=1774065568&ln=678&fr=" "Mozilla/4.0 (compatible; MSIE 6.0; Windows NT 5.1; SV1; Mozilla/4.0 (compatible; MSIE 6.0; Windows NT 5.1; SV1) ; .NET CLR 2.0.50727)"
58.215.110.209 - - [28/Jun/2009:00:08:33 +0800] "GET /newscenter/2006-02/03/xin_13020303095970323341.jpg HTTP/1.0" 304 - "http://beijing2008ofchina.blog.163.com/blog/static/2401320520075104598528/" "Mozilla/4.0 (compatible; MSIE 7.0; Windows NT 6.0; SLCC1; .NET CLR 2.0.50727; .NET CLR 3.5.30729; .NET CLR 3.0.30618; 360SE)"
202.108.251.39 - - [28/Jun/2009:00:08:34 +0800] "GET /favicon.ico HTTP/1.0" 404 279 "-" "Mozilla/4.0 (compatible; MSIE 7.0; Windows NT 5.1; MAXTHON 2.0)"
219.153.74.114 - - [28/Jun/2009:00:08:34 +0800] "GET /newscenter/2009-06/05/content_16720530.htm HTTP/1.0" 304 - "-" "Mozilla/4.0 (compatible; MSIE 5.01; Windows NT 5.0)"
202.108.251.39 - - [28/Jun/2009:00:08:34 +0800] "GET /news/2004-05/31/content_2218941.htm HTTP/1.0" 200 14081 "http://www.baidu.com/s?tn=maxco3_pg&ie=gb2312&bs=%B3%A4%B4%BA%CA%D0%C6%FB%B3%B5%B3%A7%C9%D9%C4%EA%B9%AC&sr=&z=&cl=3&f=8&wd=%B3%A4%B4%BA%CA%D0%D2%BB%C6%FB%C9%D9%C4%EA%B9%AC&ct=0" "Mozilla/4.0 (compatible; MSIE 7.0; Windows NT 5.1; MAXTHON 2.0)"
202.108.251.39 - - [28/Jun/2009:00:08:34 +0800] "GET /news/2004-05/31/xin_360501310931504214144.jpg HTTP/1.0" 200 34913 "http://www.jl.xinhuanet.com/news/2004-05/31/content_2218941.htm" "Mozilla/4.0 (compatible; MSIE 7.0; Windows NT 5.1; MAXTHON 2.0)"
202.108.251.39 - - [28/Jun/2009:00:08:34 +0800] "GET /images/date.js HTTP/1.0" 304 - "http://www.jl.xinhuanet.com/news/2004-05/31/content_2218941.htm" "Mozilla/4.0 (compatible; MSIE 7.0; Windows NT 5.1; MAXTHON 2.0)"
219.153.74.114 - - [28/Jun/2009:00:08:34 +0800] "GET /newscenter/2009-06/05/content_16720526.htm HTTP/1.0" 304 - "-" "Mozilla/4.0 (compatible; MSIE 5.01; Windows NT 5.0)"
202.108.251.39 - - [28/Jun/2009:00:08:34 +0800] "GET /favicon.ico HTTP/1.0" 404 279 "-" "Mozilla/4.0 (compatible; MSIE 7.0; Windows NT 5.1; MAXTHON 2.0)"
219.153.74.114 - - [28/Jun/2009:00:08:35 +0800] "GET /newscenter/2009-06/05/content_16720529.htm HTTP/1.0" 304 - "-" "Mozilla/4.0 (compatible; MSIE 5.01; Windows NT 5.0)"
117.23.204.247 - - [28/Jun/2009:00:08:35 +0800] "GET /shangye/jiaoyu/undefined HTTP/1.0" 404 292 "http://www.jl.xinhuanet.com/shangye/jiaoyu/index.htm" "Mozilla/4.0 (compatible; MSIE 6.0; Windows NT 5.1; SV1)"
114.33.249.69 - - [28/Jun/2009:00:08:34 +0800] "GET /newscenter/2009-01/11/xin_2430106111245281157837.jpg HTTP/1.0" 200 101689 "http://www.e0335.net.cn/gb/adv/2009-4/22/0942211105542076_41.html" "Mozilla/4.0 (compatible; MSIE 6.0; Windows NT 5.2; SV1; .NET CLR 1.1.4322; .NET CLR 2.0.50727; InfoPath.2)"
219.153.74.114 - - [28/Jun/2009:00:08:35 +0800] "GET /newscenter/2009-06/05/content_16720527.htm HTTP/1.0" 304 - "-" "Mozilla/4.0 (compatible; MSIE 5.01; Windows NT 5.0)"
219.153.74.114 - - [28/Jun/2009:00:08:35 +0800] "GET /newscenter/2009-06/05/content_16720531.htm HTTP/1.0" 304 - "-" "Mozilla/4.0 (compatible; MSIE 5.01; Windows NT 5.0)"
219.153.74.114 - - [28/Jun/2009:00:08:35 +0800] "GET /newscenter/2009-06/05/content_16720532.htm HTTP/1.0" 304 - "-" "Mozilla/4.0 (compatible; MSIE 5.01; Windows NT 5.0)"
219.153.74.114 - - [28/Jun/2009:00:08:36 +0800] "GET /newscenter/2009-06/05/content_16720525.htm HTTP/1.0" 304 - "-" "Mozilla/4.0 (compatible; MSIE 5.01; Windows NT 5.0)"
219.153.74.114 - - [28/Jun/2009:00:08:36 +0800] "GET /newscenter/2009-06/05/content_16728273.htm HTTP/1.0" 304 - "-" "Mozilla/4.0 (compatible; MSIE 5.01; Windows NT 5.0)"
219.153.74.114 - - [28/Jun/2009:00:08:37 +0800] "GET /newscenter/2009-06/06/content_16730561.htm HTTP/1.0" 304 - "-" "Mozilla/4.0 (compatible; MSIE 5.01; Windows NT 5.0)"
219.153.74.114 - - [28/Jun/2009:00:08:37 +0800] "GET /newscenter/2009-06/06/content_16730562.htm HTTP/1.0" 304 - "-" "Mozilla/4.0 (compatible; MSIE 5.01; Windows NT 5.0)"
121.14.234.178 - - [28/Jun/2009:00:08:38 +0800] "GET /2008/cdfz/images/tp001.jpg HTTP/1.0" 304 - "http://image.baidu.com/i?ct=503316480&z=0&tn=baiduimagedetail&word=%B4%A8%B5%BA%B7%BC%D7%D3&in=3256&cl=2&cm=1&sc=0&lm=-1&pn=50&rn=1&di=2595557532&ln=1072&fr=" "Mozilla/4.0 (compatible; MSIE 6.0; Windows NT 5.1; SV1; .NET CLR 2.0.50727)"
123.235.40.242 - - [28/Jun/2009:00:08:39 +0800] "GET /newscenter/2009-05/12/content_16495733.htm HTTP/1.0" 304 - "-" "Mozilla/5.0 (compatible; Yahoo! Slurp China; http://misc.yahoo.com.cn/help.html)"
65.55.231.115 - - [28/Jun/2009:00:08:40 +0800] "GET /news/2004-12/27/xin_561201231656577164392.jpg HTTP/1.1" 200 13868 "-" "msnbot-media/1.1 (+http://search.msn.com/msnbot.htm)"
117.23.204.247 - - [28/Jun/2009:00:08:41 +0800] "GET /newscenter/2009-06/24/content_16896620.htm HTTP/1.0" 304 - "http://news.baidu.com/n?cmd=2&page=%68%74%74%70%3a%2f%2f%6e%65%77%73%2e%78%69%6e%6d%69%6e%2e%63%6e%2f%72%6f%6c%6c%6e%65%77%73%2f%32%30%30%39%2f%30%36%2f%32%35%2f%32%31%34%35%31%31%33%2e%68%74%6d%6c&pn=1&tn=newsrela" "Mozilla/4.0 (compatible; MSIE 6.0; Windows NT 5.1; SV1)"
203.208.60.6 - - [28/Jun/2009:00:08:41 +0800] "GET /tese/index.htm HTTP/1.1" 304 - "-" "Mozilla/5.0 (compatible; Googlebot/2.1; +http://www.google.com/bot.html)"
123.235.40.242 - - [28/Jun/2009:00:08:42 +0800] "GET /2006shangye/2009-06/02/content_16691261.htm HTTP/1.0" 304 - "-" "Mozilla/5.0 (compatible; Yahoo! Slurp China; http://misc.yahoo.com.cn/help.html)"
123.235.40.242 - - [28/Jun/2009:00:08:43 +0800] "GET /newscenter/2009-05/26/content_16629154.htm HTTP/1.0" 304 - "-" "Mozilla/5.0 (compatible; Yahoo! Slurp China; http://misc.yahoo.com.cn/help.html)"
123.19.186.107 - - [28/Jun/2009:00:08:42 +0800] "GET /newscenter/2009-01/11/xin_2430106111245281157837.jpg HTTP/1.0" 200 101689 "http://www.e0335.net.cn/gb/adv/2008-5/5/094318200619987_178.html" "Mozilla/4.0 (compatible; MSIE 6.0; Windows NT 5.1)"
117.23.204.247 - - [28/Jun/2009:00:08:45 +0800] "GET /shangye/jiaoyu/undefined HTTP/1.0" 404 292 "http://www.jl.xinhuanet.com/shangye/jiaoyu/index.htm" "Mozilla/4.0 (compatible; MSIE 6.0; Windows NT 5.1; SV1)"
119.147.104.181 - - [28/Jun/2009:00:08:45 +0800] "GET /shangye/2005-11/28/content_5691077.htm HTTP/1.0" 304 - "-" "Baiduspider+(+http://www.baidu.com/search/spider.htm)"
202.108.251.39 - - [28/Jun/2009:00:08:45 +0800] "GET /newscenter/2009-06/24/content_16896620.htm HTTP/1.0" 304 - "http://news.baidu.com/n?cmd=2&page=%68%74%74%70%3a%2f%2f%6e%65%77%73%2e%78%69%6e%6d%69%6e%2e%63%6e%2f%72%6f%6c%6c%6e%65%77%73%2f%32%30%30%39%2f%30%36%2f%32%35%2f%32%31%34%35%31%31%33%2e%68%74%6d%6c&pn=1&tn=newsrela" "Mozilla/4.0 (compatible; MSIE 7.0; Windows NT 5.1; Mozilla/4.0 (compatible; MSIE 6.0; Windows NT 5.1; SV1) )"
115.127.16.4 - - [28/Jun/2009:00:08:42 +0800] "GET / HTTP/1.0" 200 146325 "http://www.sx.xinhuanet.com/" "Mozilla/4.0 (compatible; MSIE 6.0; Windows NT 5.0; Hotbar 4.1.8.0; RogueCleaner; Alexa Toolbar)"
123.235.40.242 - - [28/Jun/2009:00:08:47 +0800] "GET /yingshi/2008-05/28/content_13387464.htm HTTP/1.0" 200 22704 "-" "Mozilla/5.0 (compatible; Yahoo! Slurp China; http://misc.yahoo.com.cn/help.html)"
113.66.99.223 - - [28/Jun/2009:00:08:48 +0800] "GET /1.htm HTTP/1.1" 200 309 "http://mw.0437.gov.cn/bar.asp?id=500&url=http://mw.0437.gov.cn/show/500.html" "Mozilla/4.0 (compatible; MSIE 7.0; Windows NT 5.1; InfoPath.2; .NET CLR 2.0.50727; MAXTHON 2.0)"
117.23.204.247 - - [28/Jun/2009:00:08:50 +0800] "GET /shangye/jiaoyu/undefined HTTP/1.0" 404 292 "http://www.jl.xinhuanet.com/shangye/jiaoyu/index.htm" "Mozilla/4.0 (compatible; MSIE 6.0; Windows NT 5.1; SV1)"
220.181.7.97 - - [28/Jun/2009:00:08:50 +0800] "GET / HTTP/1.1" 200 146325 "-" "Baiduspider+(+http://www.baidu.com/search/spider.htm)"
123.235.40.242 - - [28/Jun/2009:00:08:52 +0800] "GET /newscenter/2009-06/26/content_16920463.htm HTTP/1.0" 304 - "-" "Mozilla/5.0 (compatible; Yahoo! Slurp China; http://misc.yahoo.com.cn/help.html)"
58.215.110.209 - - [28/Jun/2009:00:08:52 +0800] "GET /newscenter/2007-01/09/xin_440104091018594254905.jpg HTTP/1.0" 304 - "http://image.baidu.com/i?ct=503316480&z=0&tn=baiduimagedetail&word=%C3%C0%C5%AE%C9%FA%BB%EE%D5%D5&in=30384&cl=2&cm=1&sc=0&lm=-1&pn=112&rn=1&di=472451448&ln=492&fr=" "Mozilla/4.0 (compatible; MSIE 6.0; Windows NT 5.1; SV1; QQDownload 1.7)"
61.135.220.20 - - [28/Jun/2009:00:08:53 +0800] "GET /xhsjl/news/jiceng/2002/09/mp3files/2002-03-18_GilFronsdal_Investigation.m3u HTTP/1.1" 404 340 "" "Mozilla/5.0 (compatible; YodaoBot/1.0; http://www.youdao.com/help/webmaster/spider/; )"
203.208.60.104 - - [28/Jun/2009:00:08:55 +0800] "GET /2006shangye/kjww.htm HTTP/1.1" 304 - "-" "Mozilla/5.0 (compatible; Googlebot/2.1; +http://www.google.com/bot.html)"
121.14.234.178 - - [28/Jun/2009:00:08:58 +0800] "GET /2006shangye/2009-06/16/content_16819236.htm HTTP/1.0" 304 - "http://www.baidu.com/s?ie=gb2312&bs=%C9%E1%C0%FB%D7%D3%CA%C7%CA%B2%C3%B4&sr=&z=&cl=3&f=3&wd=%CC%EE%B1%A8%D6%BE%D4%B8%BC%BC%C7%C9&ct=0&oq=tianbaozhi&rsp=5" "Mozilla/4.0 (compatible; MSIE 6.0; Windows NT 5.1; SV1; TencentTraveler ; Embedded Web Browser from: http://bsalsa.com/)"
203.208.60.101 - - [28/Jun/2009:00:08:58 +0800] "GET /qcfy/2009-04/29/content_16390643.htm HTTP/1.1" 200 21718 "-" "Mozilla/5.0 (compatible; Googlebot/2.1; +http://www.google.com/bot.html)"
122.163.208.186 - - [28/Jun/2009:00:08:56 +0800] "GET /newscenter/2009-01/11/xin_2430106111245281157837.jpg HTTP/1.0" 200 101689 "http://www.e0436.net.cn/gb/new/2008-5/20/0941817230232302_902.html" "Mozilla/4.0 (compatible; MSIE 6.0; Windows NT 5.1; SV1; GTB6; .NET CLR 2.0.50727; .NET CLR 3.0.04506.30)"
119.147.104.181 - - [28/Jun/2009:00:08:59 +0800] "GET /sqbl/changyou/jingdian/beautiful/imgs/changbaishan.jpg HTTP/1.0" 304 - "http://image.baidu.com/i?ct=503316480&z=0&tn=baiduimagedetail&word=%B6%FE%B5%C0%B0%D7%BA%D3&in=3641&cl=2&cm=1&sc=0&lm=-1&pn=3&rn=1&di=2390224008&ln=747&fr=" "Mozilla/4.0 (compatible; MSIE 6.0; Windows NT 5.1; SV1; GTB6)"
117.23.204.247 - - [28/Jun/2009:00:09:00 +0800] "GET /shangye/jiaoyu/undefined HTTP/1.0" 404 292 "http://www.jl.xinhuanet.com/shangye/jiaoyu/index.htm" "Mozilla/4.0 (compatible; MSIE 6.0; Windows NT 5.1; SV1)"
123.235.40.243 - - [28/Jun/2009:00:09:00 +0800] "GET / HTTP/1.1" 200 146325 "-" "-"
123.235.40.243 - - [28/Jun/2009:00:09:00 +0800] "GET / HTTP/1.1" 200 146325 "-" "-"
123.235.40.243 - - [28/Jun/2009:00:09:00 +0800] "GET / HTTP/1.1" 200 146325 "-" "-"
123.235.40.243 - - [28/Jun/2009:00:09:00 +0800] "GET / HTTP/1.1" 200 146325 "-" "-"
222.141.52.126 - - [28/Jun/2009:00:09:00 +0800] "GET / HTTP/1.1" 200 146325 "-" "-"
222.141.52.126 - - [28/Jun/2009:00:09:00 +0800] "GET / HTTP/1.1" 200 146325 "-" "-"
117.23.204.247 - - [28/Jun/2009:00:09:00 +0800] "GET / HTTP/1.1" 200 146325 "-" "-"
117.23.204.247 - - [28/Jun/2009:00:09:00 +0800] "GET / HTTP/1.1" 200 146325 "-" "-"
222.141.52.126 - - [28/Jun/2009:00:09:00 +0800] "GET / HTTP/1.1" 200 146325 "-" "-"
222.141.52.126 - - [28/Jun/2009:00:09:00 +0800] "GET / HTTP/1.1" 200 146325 "-" "-"
117.23.204.247 - - [28/Jun/2009:00:09:00 +0800] "GET / HTTP/1.1" 200 146325 "-" "-"
123.235.40.242 - - [28/Jun/2009:00:09:00 +0800] "GET / HTTP/1.1" 200 146325 "-" "-"
117.23.204.247 - - [28/Jun/2009:00:09:00 +0800] "GET / HTTP/1.1" 200 146325 "-" "-"
123.235.40.242 - - [28/Jun/2009:00:09:00 +0800] "GET / HTTP/1.1" 200 146325 "-" "-"
123.235.40.242 - - [28/Jun/2009:00:09:00 +0800] "GET / HTTP/1.1" 200 146325 "-" "-"
123.235.40.242 - - [28/Jun/2009:00:09:00 +0800] "GET / HTTP/1.1" 200 146325 "-" "-"
202.108.251.39 - - [28/Jun/2009:00:09:00 +0800] "GET / HTTP/1.1" 200 146325 "-" "-"
202.108.251.39 - - [28/Jun/2009:00:09:00 +0800] "GET / HTTP/1.1" 200 146325 "-" "-"
202.108.251.39 - - [28/Jun/2009:00:09:00 +0800] "GET / HTTP/1.1" 200 146325 "-" "-"
202.108.251.39 - - [28/Jun/2009:00:09:00 +0800] "GET / HTTP/1.1" 200 146325 "-" "-"
121.14.234.178 - - [28/Jun/2009:00:09:01 +0800] "GET /favicon.ico HTTP/1.0" 404 279 "-" "Mozilla/4.0 (compatible; MSIE 6.0; Windows NT 5.1; SV1; TencentTraveler ; Embedded Web Browser from: http://bsalsa.com/)"
218.213.69.115 - - [28/Jun/2009:00:09:00 +0800] "GET / HTTP/1.1" 200 146325 "-" "-"
219.153.74.114 - - [28/Jun/2009:00:09:01 +0800] "GET / HTTP/1.1" 200 146325 "-" "-"
59.175.131.253 - - [28/Jun/2009:00:09:01 +0800] "GET / HTTP/1.1" 200 146325 "-" "-"
59.175.131.253 - - [28/Jun/2009:00:09:01 +0800] "GET / HTTP/1.1" 200 146325 "-" "-"
59.175.131.253 - - [28/Jun/2009:00:09:01 +0800] "GET / HTTP/1.1" 200 146325 "-" "-"
59.175.131.253 - - [28/Jun/2009:00:09:01 +0800] "GET / HTTP/1.1" 200 146325 "-" "-"
219.153.74.114 - - [28/Jun/2009:00:09:01 +0800] "GET / HTTP/1.1" 200 146325 "-" "-"
219.153.74.114 - - [28/Jun/2009:00:09:01 +0800] "GET / HTTP/1.1" 200 146325 "-" "-"
218.213.69.115 - - [28/Jun/2009:00:09:01 +0800] "GET / HTTP/1.1" 200 146325 "-" "-"
218.213.69.115 - - [28/Jun/2009:00:09:01 +0800] "GET / HTTP/1.1" 200 146325 "-" "-"
218.213.69.115 - - [28/Jun/2009:00:09:01 +0800] "GET / HTTP/1.1" 200 146325 "-" "-"
219.153.74.114 - - [28/Jun/2009:00:09:01 +0800] "GET / HTTP/1.1" 200 146325 "-" "-"
58.215.110.209 - - [28/Jun/2009:00:09:01 +0800] "GET / HTTP/1.1" 200 146325 "-" "-"
58.215.110.209 - - [28/Jun/2009:00:09:01 +0800] "GET / HTTP/1.1" 200 146325 "-" "-"
58.215.110.209 - - [28/Jun/2009:00:09:01 +0800] "GET / HTTP/1.1" 200 146325 "-" "-"
58.215.110.209 - - [28/Jun/2009:00:09:01 +0800] "GET / HTTP/1.1" 200 146325 "-" "-"
121.14.234.178 - - [28/Jun/2009:00:09:01 +0800] "GET / HTTP/1.1" 200 146325 "-" "-"
121.14.234.178 - - [28/Jun/2009:00:09:01 +0800] "GET / HTTP/1.1" 200 146325 "-" "-"
119.147.104.181 - - [28/Jun/2009:00:09:01 +0800] "GET / HTTP/1.1" 200 146325 "-" "-"
121.14.234.178 - - [28/Jun/2009:00:09:01 +0800] "GET / HTTP/1.1" 200 146325 "-" "-"
121.14.234.178 - - [28/Jun/2009:00:09:01 +0800] "GET / HTTP/1.1" 200 146325 "-" "-"
61.164.61.68 - - [28/Jun/2009:00:09:01 +0800] "GET / HTTP/1.1" 200 146325 "-" "-"
61.164.61.68 - - [28/Jun/2009:00:09:01 +0800] "GET / HTTP/1.1" 200 146325 "-" "-"
119.147.104.181 - - [28/Jun/2009:00:09:01 +0800] "GET / HTTP/1.1" 200 146325 "-" "-"
119.147.104.181 - - [28/Jun/2009:00:09:01 +0800] "GET / HTTP/1.1" 200 146325 "-" "-"
61.164.61.68 - - [28/Jun/2009:00:09:01 +0800] "GET / HTTP/1.1" 200 146325 "-" "-"
61.164.61.68 - - [28/Jun/2009:00:09:01 +0800] "GET / HTTP/1.1" 200 146325 "-" "-"
119.147.104.181 - - [28/Jun/2009:00:09:01 +0800] "GET / HTTP/1.1" 200 146325 "-" "-"
221.192.149.81 - - [28/Jun/2009:00:09:01 +0800] "GET / HTTP/1.1" 200 146325 "-" "-"
221.192.149.81 - - [28/Jun/2009:00:09:01 +0800] "GET / HTTP/1.1" 200 146325 "-" "-"
221.192.149.81 - - [28/Jun/2009:00:09:01 +0800] "GET / HTTP/1.1" 200 146325 "-" "-"
221.192.149.81 - - [28/Jun/2009:00:09:01 +0800] "GET / HTTP/1.1" 200 146325 "-" "-"
117.23.204.247 - - [28/Jun/2009:00:09:05 +0800] "GET /shangye/jiaoyu/undefined HTTP/1.0" 404 292 "http://www.jl.xinhuanet.com/shangye/jiaoyu/index.htm" "Mozilla/4.0 (compatible; MSIE 6.0; Windows NT 5.1; SV1)"
123.235.40.242 - - [28/Jun/2009:00:09:06 +0800] "GET /newscenter/2009-02/01/content_15569979.htm HTTP/1.0" 200 19445 "-" "Mozilla/5.0 (compatible; Yahoo! Slurp China; http://misc.yahoo.com.cn/help.html)"
122.121.152.218 - - [28/Jun/2009:00:08:56 +0800] "GET /newscenter/2009-01/11/xin_2430106111245281157837.jpg HTTP/1.0" 200 101689 "http://www.e0436.net.cn/gb/new/2008-4/21/0941817234195139_546.html" "Mozilla/4.0 (compatible; MSIE 6.0; Windows NT 5.1; SV1)"
202.160.180.67 - - [28/Jun/2009:00:09:08 +0800] "GET /2006shangye/2007-03/05/content_9422020.htm HTTP/1.0" 200 22673 "-" "Mozilla/5.0 (compatible; Yahoo! Slurp China; http://misc.yahoo.com.cn/help.html)"
121.14.234.178 - - [28/Jun/2009:00:09:10 +0800] "GET /fangchan/2006-04/13/content_6729699.htm HTTP/1.0" 304 - "-" "Baiduspider+(+http://www.baidu.com/search/spider.htm)"
117.23.204.247 - - [28/Jun/2009:00:09:10 +0800] "GET /xhsjzkjl/2003/2005-04/2009-06/24/content_16897449.htm HTTP/1.0" 404 321 "http://www.jl.xinhuanet.com/xhsjzkjl/2003/2005-04/2009-06/24/content_16897449.htm" "Sosospider+(+http://help.soso.com/webspider.htm)"
202.160.180.113 - - [28/Jun/2009:00:09:12 +0800] "GET /xhsjl/news/meiti/2002/09/20020923-03.htm HTTP/1.0" 200 18033 "-" "Mozilla/5.0 (compatible; Yahoo! Slurp China; http://misc.yahoo.com.cn/help.html)"
74.6.18.229 - - [28/Jun/2009:00:09:14 +0800] "GET /shangye/2005-07/15/content_4643544.htm HTTP/1.0" 200 14345 "-" "Mozilla/5.0 (compatible; Yahoo! Slurp/3.0; http://help.yahoo.com/help/us/ysearch/slurp)"
117.23.204.247 - - [28/Jun/2009:00:09:15 +0800] "GET /shangye/jiaoyu/undefined HTTP/1.0" 404 292 "http://www.jl.xinhuanet.com/shangye/jiaoyu/index.htm" "Mozilla/4.0 (compatible; MSIE 6.0; Windows NT 5.1; SV1)"
119.147.104.181 - - [28/Jun/2009:00:09:15 +0800] "GET /shangye/2005-11/21/content_5632413.htm HTTP/1.0" 200 21457 "-" "Baiduspider+(+http://www.baidu.com/search/spider.htm)"
58.205.216.10 - - [28/Jun/2009:00:09:16 +0800] "GET / HTTP/1.1" 200 146325 "-" "-"
58.205.216.10 - - [28/Jun/2009:00:09:16 +0800] "GET / HTTP/1.1" 200 146325 "-" "-"
58.215.110.209 - - [28/Jun/2009:00:09:16 +0800] "GET /news/2004-02/11/xin_02c53f25f7624927865a8d0cdf150a64_123.jpg HTTP/1.0" 304 - "http://image.baidu.com/i?ct=503316480&z=0&tn=baiduimagedetail&word=%CE%E8%CC%FC%D0%A1%BD%E3%B7%E8%BF%F1%C8%C8%CE%E8&in=10091&cl=2&cm=1&sc=0&lm=-1&pn=0&rn=1&di=477955656&ln=12&fr=" "Mozilla/4.0 (compatible; MSIE 6.0; Windows NT 5.1; SV1; QQDownload 551; .NET CLR 2.0.50727)"
58.205.216.10 - - [28/Jun/2009:00:09:16 +0800] "GET / HTTP/1.1" 200 146325 "-" "-"
58.205.216.10 - - [28/Jun/2009:00:09:16 +0800] "GET / HTTP/1.1" 200 146325 "-" "-"
202.160.181.199 - - [28/Jun/2009:00:09:17 +0800] "GET /tese/2008-01/10/content_12964056.htm HTTP/1.0" 200 2070 "-" "Mozilla/5.0 (compatible; Yahoo! Slurp China; http://misc.yahoo.com.cn/help.html)"
203.208.60.102 - - [28/Jun/2009:00:09:17 +0800] "GET /newscenter/yljd/index.htm HTTP/1.1" 304 - "-" "Mozilla/5.0 (compatible; Googlebot/2.1; +http://www.google.com/bot.html)"
123.235.40.242 - - [28/Jun/2009:00:09:17 +0800] "GET /leaders/index.htm HTTP/1.0" 304 - "-" "Mozilla/5.0 (compatible; Yahoo! Slurp China; http://misc.yahoo.com.cn/help.html)"
61.135.249.220 - - [28/Jun/2009:00:09:17 +0800] "GET /shangye/2005-02/25/content_4815695.htm HTTP/1.1" 200 20402 "-" "Mozilla/5.0 (compatible; YoudaoBot/1.0; http://www.youdao.com/help/webmaster/spider/; )"
203.208.60.48 - - [28/Jun/2009:00:09:17 +0800] "GET /shangye/jkq/news.htm HTTP/1.1" 304 - "-" "Mozilla/5.0 (compatible; Googlebot/2.1; +http://www.google.com/bot.html)"
72.30.79.39 - - [28/Jun/2009:00:09:18 +0800] "GET /shangye/dlcs/inc/style.css HTTP/1.0" 304 - "http://www.jl.xinhua.org/shangye/2005-07/15/content_4643544.htm" "Mozilla/5.0 (compatible; Yahoo! Slurp/3.0; http://help.yahoo.com/help/us/ysearch/slurp)"
72.30.79.39 - - [28/Jun/2009:00:09:18 +0800] "GET /newscenter/2009-01/05/content_15362691.htm HTTP/1.0" 200 17888 "-" "Mozilla/5.0 (compatible; Yahoo! Slurp/3.0; http://help.yahoo.com/help/us/ysearch/slurp)"
203.192.6.92 - - [28/Jun/2009:00:09:19 +0800] "GET /yingshi/2006-11/08/content_8501241.htm HTTP/1.1" 200 22266 "-" "Mozilla/5.0 (Windows; U; Windows NT 5.1; zh-CN; rv:1.9.0.10) Gecko/2009042316 Firefox/3.0.10"
123.235.40.243 - - [28/Jun/2009:00:09:19 +0800] "GET /news/2004-12/28/content_3468978.htm HTTP/1.0" 304 - "-" "Mozilla/5.0 (compatible; Yahoo! Slurp China; http://misc.yahoo.com.cn/help.html)"
219.153.74.114 - - [28/Jun/2009:00:09:19 +0800] "GET /yingshi/2006-12/04/xin_1212030414319602249115.jpg HTTP/1.0" 304 - "http://image.baidu.com/i?ct=503316480&z=0&tn=baiduimagedetail&word=%DE%CF%DE%CE%CA%B1%BF%CC&in=24752&cl=2&cm=1&sc=0&lm=-1&pn=3&rn=1&di=495839761&ln=1537&fr=" "Mozilla/4.0 (compatible; MSIE 6.0; Windows NT 5.1; SV1; TheWorld)"
117.23.204.247 - - [28/Jun/2009:00:09:20 +0800] "GET /shangye/jiaoyu/undefined HTTP/1.0" 404 292 "http://www.jl.xinhuanet.com/shangye/jiaoyu/index.htm" "Mozilla/4.0 (compatible; MSIE 6.0; Windows NT 5.1; SV1)"
202.108.251.39 - - [28/Jun/2009:00:09:20 +0800] "GET / HTTP/1.0" 304 - "-" "Mozilla/5.0 (compatible; YodaoBot-News/1.0; http://www.youdao.com/help/webmaster/spider/; )"
61.164.61.68 - - [28/Jun/2009:00:09:20 +0800] "GET /news/2004-06/25/content_2377889_2.htm HTTP/1.0" 304 - "http://www.jl.xinhuanet.com/news/2004-06/25/content_2377889_1.htm" "Mozilla/4.0 (compatible; MSIE 6.0; Windows NT 5.1; SV1; IEShow Toolbar; IEShow kuaidiwoToolBar)"
123.235.40.242 - - [28/Jun/2009:00:09:20 +0800] "GET /xhsjzkjl/2003/2003-07/11/content_698522.htm HTTP/1.0" 304 - "-" "Mozilla/5.0 (compatible; Yahoo! Slurp China; http://misc.yahoo.com.cn/help.html)"
202.108.59.143 - - [28/Jun/2009:00:09:22 +0800] "GET /jlzw/2007-06/23/content_10381485.htm HTTP/1.1" 404 301 "-" "Mozilla/4.0 (compatible;MSIE 6.0; MSIE 7.0; Windows NT 5.2; .NET CLR 1.1.4322; .NET CLR 2.0.50727; InfoPath.1) Web-Sniffer/1.0.24"
65.55.190.31 - - [28/Jun/2009:00:09:20 +0800] "GET / HTTP/1.1" 200 146325 "-" "msnbot-NewsBlogs/1.1 (+http://search.msn.com/msnbot.htm)"
74.6.18.229 - - [28/Jun/2009:00:09:22 +0800] "GET /newscenter/meiti/index.htm HTTP/1.0" 200 56684 "-" "Mozilla/5.0 (compatible; Yahoo! Slurp/3.0; http://help.yahoo.com/help/us/ysearch/slurp)"
203.208.60.13 - - [28/Jun/2009:00:09:24 +0800] "GET /2006shangye/2006-11/01/inhuanet.com/2006shangye/zxdb/index.htm HTTP/1.1" 404 330 "-" "Mozilla/5.0 (compatible; Googlebot/2.1; +http://www.google.com/bot.html)"
202.108.251.39 - - [28/Jun/2009:00:09:24 +0800] "GET /leaders/2008-04/09/xin_293040509080271823831.jpg HTTP/1.0" 200 63537 "http://image.baidu.com/i?ct=503316480&z=0&tn=baiduimagedetail&word=%CC%A9%B9%FA%B9%AB%D6%F7%CA%AB%C1%D5%CD%A8&in=23248&cl=2&cm=1&sc=0&lm=-1&pn=1&rn=1&di=1218514932&ln=278&fr=" "Mozilla/4.0 (compatible; MSIE 6.0; Windows NT 5.1; SV1; TencentTraveler ; QQDownload 1.7; TencentTraveler 4.0; Mozilla/4.0 (compatible; MSIE 6.0; Windows NT 5.1; SV1) ; Alexa Toolbar; InfoPath.1)"
113.66.99.223 - - [28/Jun/2009:00:09:25 +0800] "GET /1.htm HTTP/1.1" 304 - "http://mw.0437.gov.cn/bar.asp?id=500&url=http://mw.0437.gov.cn/show/500.html" "Mozilla/4.0 (compatible; MSIE 7.0; Windows NT 5.1; InfoPath.2; .NET CLR 2.0.50727; MAXTHON 2.0)"
219.153.74.114 - - [28/Jun/2009:00:09:25 +0800] "GET /newscenter/2009-06/06/content_16730853.htm HTTP/1.0" 304 - "-" "Mozilla/4.0 (compatible; MSIE 5.01; Windows NT 5.0)"
117.23.204.247 - - [28/Jun/2009:00:09:25 +0800] "HEAD /newscenter/yaowen/index.htm HTTP/1.0" 304 - "http://www.jl.xinhuanet.com/newscenter/yaowen/index.htm" "Sosonewsspider+(+http://help.soso.com/soso-news-spider.htm)"
219.153.74.114 - - [28/Jun/2009:00:09:25 +0800] "GET /newscenter/2009-06/06/content_16730559.htm HTTP/1.0" 304 - "-" "Mozilla/4.0 (compatible; MSIE 5.01; Windows NT 5.0)"
117.23.204.247 - - [28/Jun/2009:00:09:26 +0800] "GET /newscenter/yaowen/index.htm HTTP/1.0" 304 - "http://www.jl.xinhuanet.com/newscenter/yaowen/index.htm" "Sosonewsspider+(+http://help.soso.com/soso-news-spider.htm)"
219.153.74.114 - - [28/Jun/2009:00:09:26 +0800] "GET /newscenter/2009-06/06/content_16730560.htm HTTP/1.0" 304 - "-" "Mozilla/4.0 (compatible; MSIE 5.01; Windows NT 5.0)"
219.153.74.114 - - [28/Jun/2009:00:09:26 +0800] "GET /newscenter/2009-06/07/content_16736179.htm HTTP/1.0" 304 - "-" "Mozilla/4.0 (compatible; MSIE 5.01; Windows NT 5.0)"
123.17.137.57 - - [28/Jun/2009:00:09:16 +0800] "GET /newscenter/2009-01/11/xin_2430106111245281157837.jpg HTTP/1.0" 200 101689 "http://www.e0436.net.cn/gb/new/2009-1/25/0941817593913617_445.html" "Mozilla/4.0 (compatible; MSIE 7.0; Windows NT 6.0; SLCC1; .NET CLR 2.0.50727; .NET CLR 3.5.21022; InfoPath.2; .NET CLR 3.0.30618; .NET CLR 3.5.30729)"
219.153.74.114 - - [28/Jun/2009:00:09:27 +0800] "GET /newscenter/2009-06/06/content_16730563.htm HTTP/1.0" 304 - "-" "Mozilla/4.0 (compatible; MSIE 5.01; Windows NT 5.0)"
203.208.60.7 - - [28/Jun/2009:00:09:27 +0800] "GET /leaders/hanchangfu/zxbd.htm HTTP/1.1" 200 29657 "-" "Mozilla/5.0 (compatible; Googlebot/2.1; +http://www.google.com/bot.html)"
219.153.74.114 - - [28/Jun/2009:00:09:27 +0800] "GET /newscenter/2009-06/08/content_16737464.htm HTTP/1.0" 304 - "-" "Mozilla/4.0 (compatible; MSIE 5.01; Windows NT 5.0)"
219.153.74.114 - - [28/Jun/2009:00:09:27 +0800] "GET /newscenter/2009-06/08/content_16737650.htm HTTP/1.0" 304 - "-" "Mozilla/4.0 (compatible; MSIE 5.01; Windows NT 5.0)"
203.208.60.101 - - [28/Jun/2009:00:09:27 +0800] "GET /newscenter/2009-06/12/content_16787098.htm HTTP/1.1" 304 - "-" "Mozilla/5.0 (compatible; Googlebot/2.1; +http://www.google.com/bot.html)"
61.164.61.68 - - [28/Jun/2009:00:09:27 +0800] "GET /1.htm HTTP/1.0" 304 - "http://mw.0437.gov.cn/bar.asp?id=938&url=http://mw.0437.gov.cn/show/938.html" "Mozilla/4.0 (compatible; MSIE 6.0; Windows NT 5.1; SV1)"
219.153.74.114 - - [28/Jun/2009:00:09:27 +0800] "GET /newscenter/2009-06/08/content_16737652.htm HTTP/1.0" 304 - "-" "Mozilla/4.0 (compatible; MSIE 5.01; Windows NT 5.0)"
219.153.74.114 - - [28/Jun/2009:00:09:28 +0800] "GET /newscenter/2009-06/08/content_16737653.htm HTTP/1.0" 304 - "-" "Mozilla/4.0 (compatible; MSIE 5.01; Windows NT 5.0)"
219.153.74.114 - - [28/Jun/2009:00:09:28 +0800] "GET /newscenter/2009-06/08/content_16737651.htm HTTP/1.0" 304 - "-" "Mozilla/4.0 (compatible; MSIE 5.01; Windows NT 5.0)"
117.23.204.247 - - [28/Jun/2009:00:09:29 +0800] "HEAD / HTTP/1.0" 304 - "http://www.jl.xinhuanet.com/" "Sosonewsspider+(+http://help.soso.com/soso-news-spider.htm)"
117.23.204.247 - - [28/Jun/2009:00:09:29 +0800] "GET / HTTP/1.0" 304 - "http://www.jl.xinhuanet.com/" "Sosonewsspider+(+http://help.soso.com/soso-news-spider.htm)"
202.160.180.53 - - [28/Jun/2009:00:09:29 +0800] "GET /newscenter/2009-06/09/ HTTP/1.0" 403 291 "-" "Mozilla/5.0 (compatible; Yahoo! Slurp China; http://misc.yahoo.com.cn/help.html)"
123.235.40.242 - - [28/Jun/2009:00:09:29 +0800] "GET /newscenter/2006-12/18/content_8806967.htm HTTP/1.0" 200 18873 "-" "Mozilla/5.0 (compatible; Yahoo! Slurp China; http://misc.yahoo.com.cn/help.html)"
119.147.104.181 - - [28/Jun/2009:00:09:29 +0800] "GET /favicon.ico HTTP/1.0" 404 279 "-" "Mozilla/4.0 (compatible; MSIE 7.0; Windows NT 5.1)"
117.23.204.247 - - [28/Jun/2009:00:09:30 +0800] "GET /shangye/jiaoyu/undefined HTTP/1.0" 404 292 "http://www.jl.xinhuanet.com/shangye/jiaoyu/index.htm" "Mozilla/4.0 (compatible; MSIE 6.0; Windows NT 5.1; SV1)"
117.23.204.247 - - [28/Jun/2009:00:09:30 +0800] "HEAD /newscenter/kjww/index.htm HTTP/1.0" 304 - "http://www.jl.xinhuanet.com/newscenter/kjww/index.htm" "Sosonewsspider+(+http://help.soso.com/soso-news-spider.htm)"
117.23.204.247 - - [28/Jun/2009:00:09:31 +0800] "GET /newscenter/2005-10/21/xin_231002210918281135814.jpg HTTP/1.0" 304 - "http://image.baidu.com/i?ct=503316480&z=0&tn=baiduimagedetail&word=%CB%C4%B4%F3%C3%C0%C5%AE&in=3667&cl=2&cm=1&sc=0&lm=-1&pn=10&rn=1&di=741959644&ln=279&fr=" "Mozilla/4.0 (compatible; MSIE 6.0; Windows NT 5.1; SV1)"
117.23.204.247 - - [28/Jun/2009:00:09:31 +0800] "GET /newscenter/2005-10/21/xin_25100221091823458585.jpg HTTP/1.0" 304 - "http://image.baidu.com/i?ct=503316480&z=0&tn=baiduimagedetail&word=%CB%C4%B4%F3%C3%C0%C5%AE&in=3667&cl=2&cm=1&sc=0&lm=-1&pn=10&rn=1&di=741959644&ln=279&fr=" "Mozilla/4.0 (compatible; MSIE 6.0; Windows NT 5.1; SV1)"
117.23.204.247 - - [28/Jun/2009:00:09:33 +0800] "GET /newscenter/photo_news.htm HTTP/1.0" 304 - "http://www.jl.xinhuanet.com/newscenter/photo_news.htm" "Sosonewsspider+(+http://help.soso.com/soso-news-spider.htm)"
117.23.204.247 - - [28/Jun/2009:00:09:35 +0800] "GET /shangye/jiaoyu/undefined HTTP/1.0" 404 292 "http://www.jl.xinhuanet.com/shangye/jiaoyu/index.htm" "Mozilla/4.0 (compatible; MSIE 6.0; Windows NT 5.1; SV1)"
202.160.178.190 - - [28/Jun/2009:00:09:35 +0800] "GET /main/news/2001/topic/12/20011207-01.htm HTTP/1.0" 200 21239 "-" "Mozilla/5.0 (compatible; Yahoo! Slurp China; http://misc.yahoo.com.cn/help.html)"
221.192.149.81 - - [28/Jun/2009:00:09:36 +0800] "GET /jujiao/2005-02/04/xin_370202040914852143963.jpg HTTP/1.0" 304 - "http://image.baidu.com/i?ct=503316480&z=0&tn=baiduimagedetail&word=%B2%D2%CB%C0%B5%C4%C8%CB&in=14830&cl=2&cm=1&sc=0&lm=-1&pn=37&rn=1&di=1270979368&ln=580&fr=" "Mozilla/4.0 (compatible; MSIE 6.0; Windows NT 5.1; SV1; IEShow Toolbar; IEShow LinkWanToolBar)"
202.108.251.39 - - [28/Jun/2009:00:09:39 +0800] "GET /shangye/2007-12/25/xin_29312042510524841836630.JPG HTTP/1.0" 200 70785 "http://image.baidu.com/i?ct=503316480&z=0&tn=baiduimagedetail&word=2008%B3%A4%B4%BA%BE%BB%D4%C2%CC%B6%CD%DF%C8%F8%B9%FA%BC%CA%B1%F9%D1%A9%CC%EC%CA%B9&in=5467&cl=2&cm=1&sc=0&lm=-1&pn=16&rn=1&di=398971248&ln=26&fr=" "Mozilla/4.0 (compatible; MSIE 6.0; Windows NT 5.1; SV1; QQDownload 538; .NET CLR 2.0.50727)"
202.108.251.39 - - [28/Jun/2009:00:09:39 +0800] "GET /newscenter/2007-04/23/xin_490404230804718190417.jpg HTTP/1.0" 200 65724 "http://image.baidu.com/i?ct=503316480&z=0&tn=baiduimagedetail&word=%D0%A1%C5%D6%B6%D5&in=24752&cl=2&cm=1&sc=0&lm=-1&pn=6&rn=1&di=493059885&ln=1189&fr=" "Mozilla/4.0 (compatible; MSIE 7.0; Windows NT 6.0; WPS; GTB6; SLCC1; .NET CLR 2.0.50727; .NET CLR 3.0.04506)"
202.108.251.39 - - [28/Jun/2009:00:09:40 +0800] "GET /favicon.ico HTTP/1.0" 404 279 "-" "Mozilla/4.0 (compatible; MSIE 6.0; Windows NT 5.1; SV1; QQDownload 1.7; Mozilla/4.0 (compatible; MSIE 6.0; Windows NT 5.1; SV1) ; .NET CLR 2.0.50727; MAXTHON 2.0)"
202.108.251.39 - - [28/Jun/2009:00:09:40 +0800] "GET /xhsjzkjl/2009-06/20/content_16866830.htm HTTP/1.0" 304 - "http://www.google.cn/search?hl=zh-CN&newwindow=1&q=%E9%87%91%E8%9E%8D%E5%8D%B1%E6%9C%BA+%E7%BE%8E%E5%9B%BD%E7%94%9F%E7%89%A9%E4%BA%A7%E4%B8%9A" "Mozilla/4.0 (compatible; MSIE 6.0; Windows NT 5.1; SV1; QQDownload 1.7; Mozilla/4.0 (compatible; MSIE 6.0; Windows NT 5.1; SV1) ; .NET CLR 2.0.50727; MAXTHON 2.0)"
203.208.60.130 - - [28/Jun/2009:00:09:44 +0800] "GET /newscenter/rdwp/index.htm HTTP/1.1" 304 - "-" "Mozilla/5.0 (compatible; Googlebot/2.1; +http://www.google.com/bot.html)"
202.108.251.39 - - [28/Jun/2009:00:09:44 +0800] "GET /newscenter/2009-06/22/xin_2830606220818578154499.gif HTTP/1.0" 404 320 "-" "-"
117.23.204.247 - - [28/Jun/2009:00:09:45 +0800] "GET /shangye/jiaoyu/undefined HTTP/1.0" 404 292 "http://www.jl.xinhuanet.com/shangye/jiaoyu/index.htm" "Mozilla/4.0 (compatible; MSIE 6.0; Windows NT 5.1; SV1)"
119.147.104.181 - - [28/Jun/2009:00:09:45 +0800] "GET /shangye/2005-11/04/content_5507288_2.htm HTTP/1.0" 200 7836 "-" "Baiduspider+(+http://www.baidu.com/search/spider.htm)"
202.160.181.198 - - [28/Jun/2009:00:09:48 +0800] "GET /fangchan/2004-04/30/content_2067094.htm HTTP/1.0" 200 11572 "-" "Mozilla/5.0 (compatible; Yahoo! Slurp China; http://misc.yahoo.com.cn/help.html)"
117.23.204.247 - - [28/Jun/2009:00:09:50 +0800] "GET /shangye/jiaoyu/undefined HTTP/1.0" 404 292 "http://www.jl.xinhuanet.com/shangye/jiaoyu/index.htm" "Mozilla/4.0 (compatible; MSIE 6.0; Windows NT 5.1; SV1)"
38.99.44.101 - - [28/Jun/2009:00:09:50 +0800] "GET /2006shangye/2006-08/25/content_7878903.htm HTTP/1.0" 200 8176 "-" "Mozilla/5.0 (Twiceler-0.9 http://www.cuil.com/twiceler/robot.html)"
123.235.40.242 - - [28/Jun/2009:00:09:50 +0800] "GET /newscenter/2006-01/24/content_6119442.htm HTTP/1.0" 304 - "-" "Mozilla/5.0 (compatible; Yahoo! Slurp China; http://misc.yahoo.com.cn/help.html)"
202.108.251.39 - - [28/Jun/2009:00:09:52 +0800] "GET /favicon.ico HTTP/1.0" 404 279 "-" "Mozilla/4.0 (compatible; MSIE 6.0; Windows NT 5.1; SV1; QQDownload 1.7; Mozilla/4.0 (compatible; MSIE 6.0; Windows NT 5.1; SV1) ; .NET CLR 2.0.50727; MAXTHON 2.0)"
