221.192.149.81 - - [22/Nov/2009:00:21:00 +0800] "GET / HTTP/1.1" 200 145583 "-" "-"
221.192.149.81 - - [22/Nov/2009:00:21:00 +0800] "GET / HTTP/1.1" 200 145583 "-" "-"
202.108.251.39 - - [22/Nov/2009:00:21:01 +0800] "GET / HTTP/1.1" 200 145583 "-" "-"
202.108.251.39 - - [22/Nov/2009:00:21:01 +0800] "GET / HTTP/1.1" 200 145583 "-" "-"
202.108.251.39 - - [22/Nov/2009:00:21:01 +0800] "GET / HTTP/1.1" 200 145583 "-" "-"
202.108.251.39 - - [22/Nov/2009:00:21:01 +0800] "GET / HTTP/1.1" 200 145583 "-" "-"
221.192.149.81 - - [22/Nov/2009:00:21:01 +0800] "GET / HTTP/1.1" 200 145583 "-" "-"
221.192.149.81 - - [22/Nov/2009:00:21:01 +0800] "GET / HTTP/1.1" 200 145583 "-" "-"
119.147.105.245 - - [22/Nov/2009:00:21:01 +0800] "GET / HTTP/1.1" 200 145583 "-" "-"
119.147.105.245 - - [22/Nov/2009:00:21:01 +0800] "GET / HTTP/1.1" 200 145583 "-" "-"
119.147.105.245 - - [22/Nov/2009:00:21:01 +0800] "GET / HTTP/1.1" 200 145583 "-" "-"
119.147.105.245 - - [22/Nov/2009:00:21:01 +0800] "GET / HTTP/1.1" 200 145583 "-" "-"
222.141.52.126 - - [22/Nov/2009:00:21:01 +0800] "GET / HTTP/1.1" 200 145583 "-" "-"
222.141.52.126 - - [22/Nov/2009:00:21:01 +0800] "GET / HTTP/1.1" 200 145583 "-" "-"
222.141.52.126 - - [22/Nov/2009:00:21:01 +0800] "GET / HTTP/1.1" 200 145583 "-" "-"
222.141.52.126 - - [22/Nov/2009:00:21:01 +0800] "GET / HTTP/1.1" 200 145583 "-" "-"
218.213.69.115 - - [22/Nov/2009:00:21:01 +0800] "GET / HTTP/1.1" 200 145583 "-" "-"
218.213.69.115 - - [22/Nov/2009:00:21:01 +0800] "GET / HTTP/1.1" 200 145583 "-" "-"
218.213.69.115 - - [22/Nov/2009:00:21:01 +0800] "GET / HTTP/1.1" 200 145583 "-" "-"
121.194.1.104 - - [22/Nov/2009:00:21:02 +0800] "GET / HTTP/1.1" 200 145583 "-" "-"
222.141.52.126 - - [22/Nov/2009:00:21:02 +0800] "GET /news/news-old.htm HTTP/1.1" 304 - "http://www.jl.xinhuanet.com/newscenter/2009-11/20/content_18281532.htm" "Mozilla/4.0 (compatible; MSIE 7.0; Windows NT 5.1; QQDownload 570; GTB6)"
222.141.52.126 - - [22/Nov/2009:00:21:03 +0800] "GET /news/images/style.css HTTP/1.1" 404 289 "http://www.jl.xinhuanet.com/news/news-old.htm" "Mozilla/4.0 (compatible; MSIE 7.0; Windows NT 5.1; QQDownload 570; GTB6)"
222.141.52.126 - - [22/Nov/2009:00:21:03 +0800] "GET /home/top.htm HTTP/1.1" 304 - "http://www.jl.xinhuanet.com/news/news-old.htm" "Mozilla/4.0 (compatible; MSIE 7.0; Windows NT 5.1; QQDownload 570; GTB6)"
222.141.52.126 - - [22/Nov/2009:00:21:03 +0800] "GET /news/xin_281201291900423279402.jpg HTTP/1.1" 304 - "http://www.jl.xinhuanet.com/news/news-old.htm" "Mozilla/4.0 (compatible; MSIE 7.0; Windows NT 5.1; QQDownload 570; GTB6)"
222.141.52.126 - - [22/Nov/2009:00:21:03 +0800] "GET /news/xin_330703121003468192002.jpg HTTP/1.1" 304 - "http://www.jl.xinhuanet.com/news/news-old.htm" "Mozilla/4.0 (compatible; MSIE 7.0; Windows NT 5.1; QQDownload 570; GTB6)"
222.141.52.126 - - [22/Nov/2009:00:21:03 +0800] "GET /news/xin_0012012819435617952103.jpg HTTP/1.1" 304 - "http://www.jl.xinhuanet.com/news/news-old.htm" "Mozilla/4.0 (compatible; MSIE 7.0; Windows NT 5.1; QQDownload 570; GTB6)"
222.141.52.126 - - [22/Nov/2009:00:21:03 +0800] "GET /news/xin_261201261526855284194.jpg HTTP/1.1" 304 - "http://www.jl.xinhuanet.com/news/news-old.htm" "Mozilla/4.0 (compatible; MSIE 7.0; Windows NT 5.1; QQDownload 570; GTB6)"
222.141.52.126 - - [22/Nov/2009:00:21:03 +0800] "GET /news/xin_321201271126173215565.jpg HTTP/1.1" 304 - "http://www.jl.xinhuanet.com/news/news-old.htm" "Mozilla/4.0 (compatible; MSIE 7.0; Windows NT 5.1; QQDownload 570; GTB6)"
222.141.52.126 - - [22/Nov/2009:00:21:03 +0800] "GET /news/xin_561201231656577164392.jpg HTTP/1.1" 304 - "http://www.jl.xinhuanet.com/news/news-old.htm" "Mozilla/4.0 (compatible; MSIE 7.0; Windows NT 5.1; QQDownload 570; GTB6)"
222.141.52.126 - - [22/Nov/2009:00:21:03 +0800] "GET /news/xin_26120123090907797023.jpg HTTP/1.1" 304 - "http://www.jl.xinhuanet.com/news/news-old.htm" "Mozilla/4.0 (compatible; MSIE 7.0; Windows NT 5.1; QQDownload 570; GTB6)"
222.141.52.126 - - [22/Nov/2009:00:21:03 +0800] "GET /news/xin_51120124092706208449.jpg HTTP/1.1" 304 - "http://www.jl.xinhuanet.com/news/news-old.htm" "Mozilla/4.0 (compatible; MSIE 7.0; Windows NT 5.1; QQDownload 570; GTB6)"
222.141.52.126 - - [22/Nov/2009:00:21:03 +0800] "GET /news/xin_5712012409565932374314.jpg HTTP/1.1" 304 - "http://www.jl.xinhuanet.com/news/news-old.htm" "Mozilla/4.0 (compatible; MSIE 7.0; Windows NT 5.1; QQDownload 570; GTB6)"
218.213.69.115 - - [22/Nov/2009:00:21:03 +0800] "GET / HTTP/1.1" 200 145583 "-" "-"
208.115.111.246 - - [22/Nov/2009:00:21:06 +0800] "GET /main/2001005/liuhe/200125034.htm HTTP/1.1" 200 23027 "-" "Mozilla/5.0 (compatible; DotBot/1.1; http://www.dotnetdotcom.org/, crawler@dotnetdotcom.org)"
203.192.6.86 - - [22/Nov/2009:00:21:07 +0800] "GET /newscenter/2009-11/21/content_18293414.htm HTTP/1.1" 304 - "-" "Mozilla/5.0 (compatible; Googlebot/2.1; +http://www.google.com/bot.html)"
67.195.111.244 - - [22/Nov/2009:00:21:07 +0800] "GET /qcfy/2003-07/11/content_3629763.htm HTTP/1.0" 200 20580 "-" "Mozilla/5.0 (compatible; Yahoo! Slurp/3.0; http://help.yahoo.com/help/us/ysearch/slurp)"
67.195.111.244 - - [22/Nov/2009:00:21:10 +0800] "GET /home/bottom.htm HTTP/1.0" 200 1363 "http://www.jl.xinhuanet.com/qcfy/2003-07/11/content_3629763.htm" "Mozilla/5.0 (compatible; Yahoo! Slurp/3.0; http://help.yahoo.com/help/us/ysearch/slurp)"
123.235.40.242 - - [22/Nov/2009:00:21:10 +0800] "GET /2007shangye/kmszb.htm HTTP/1.1" 304 - "-" "Mozilla/5.0 (en-us) AppleWebKit/525.13 (KHTML, like Gecko; Google Wireless Transcoder) Version/3.1 Safari/525.13"
67.195.111.244 - - [22/Nov/2009:00:21:10 +0800] "GET /home/top.htm HTTP/1.0" 200 12347 "http://www.jl.xinhuanet.com/qcfy/2003-07/11/content_3629763.htm" "Mozilla/5.0 (compatible; Yahoo! Slurp/3.0; http://help.yahoo.com/help/us/ysearch/slurp)"
74.125.74.129 - - [22/Nov/2009:00:21:11 +0800] "GET /2007ztzb/ydh/images/index_06.gif HTTP/1.1" 200 2418 "-" "Mozilla/5.0 (en-us) AppleWebKit/525.13 (KHTML, like Gecko; Google Wireless Transcoder) Version/3.1 Safari/525.13,Mozilla/5.0 (en-us) AppleWebKit/525.13 (KHTML, like Gecko; Google Wireless Transcoder) Version/3.1 Safari/525.13"
74.125.74.129 - - [22/Nov/2009:00:21:11 +0800] "GET /2007ztzb/ydh/images/index_03.gif HTTP/1.1" 200 2249 "-" "Mozilla/5.0 (en-us) AppleWebKit/525.13 (KHTML, like Gecko; Google Wireless Transcoder) Version/3.1 Safari/525.13,Mozilla/5.0 (en-us) AppleWebKit/525.13 (KHTML, like Gecko; Google Wireless Transcoder) Version/3.1 Safari/525.13"
74.125.74.129 - - [22/Nov/2009:00:21:11 +0800] "GET /2007ztzb/ydh/images/index_02.gif HTTP/1.1" 200 2499 "-" "Mozilla/5.0 (en-us) AppleWebKit/525.13 (KHTML, like Gecko; Google Wireless Transcoder) Version/3.1 Safari/525.13,Mozilla/5.0 (en-us) AppleWebKit/525.13 (KHTML, like Gecko; Google Wireless Transcoder) Version/3.1 Safari/525.13"
74.125.74.129 - - [22/Nov/2009:00:21:11 +0800] "GET /2007shangye/xin_00020404101840699814.jpg HTTP/1.1" 200 27504 "-" "Mozilla/5.0 (en-us) AppleWebKit/525.13 (KHTML, like Gecko; Google Wireless Transcoder) Version/3.1 Safari/525.13,Mozilla/5.0 (en-us) AppleWebKit/525.13 (KHTML, like Gecko; Google Wireless Transcoder) Version/3.1 Safari/525.13"
74.125.74.129 - - [22/Nov/2009:00:21:11 +0800] "GET /2007shangye/xin_500204041022032301677.jpg HTTP/1.1" 200 33292 "-" "Mozilla/5.0 (en-us) AppleWebKit/525.13 (KHTML, like Gecko; Google Wireless Transcoder) Version/3.1 Safari/525.13,Mozilla/5.0 (en-us) AppleWebKit/525.13 (KHTML, like Gecko; Google Wireless Transcoder) Version/3.1 Safari/525.13"
74.125.74.129 - - [22/Nov/2009:00:21:11 +0800] "GET /2007shangye/xin_260104311447531259155.JPG HTTP/1.1" 200 83388 "-" "Mozilla/5.0 (en-us) AppleWebKit/525.13 (KHTML, like Gecko; Google Wireless Transcoder) Version/3.1 Safari/525.13,Mozilla/5.0 (en-us) AppleWebKit/525.13 (KHTML, like Gecko; Google Wireless Transcoder) Version/3.1 Safari/525.13"
74.125.74.129 - - [22/Nov/2009:00:21:11 +0800] "GET /2007ztzb/ydh/images/down_bg.gif HTTP/1.1" 200 31597 "-" "Mozilla/5.0 (en-us) AppleWebKit/525.13 (KHTML, like Gecko; Google Wireless Transcoder) Version/3.1 Safari/525.13,Mozilla/5.0 (en-us) AppleWebKit/525.13 (KHTML, like Gecko; Google Wireless Transcoder) Version/3.1 Safari/525.13"
74.125.74.129 - - [22/Nov/2009:00:21:11 +0800] "GET /2007shangye/xin_290104282145254823126.jpg HTTP/1.1" 200 48827 "-" "Mozilla/5.0 (en-us) AppleWebKit/525.13 (KHTML, like Gecko; Google Wireless Transcoder) Version/3.1 Safari/525.13,Mozilla/5.0 (en-us) AppleWebKit/525.13 (KHTML, like Gecko; Google Wireless Transcoder) Version/3.1 Safari/525.13"
74.125.74.129 - - [22/Nov/2009:00:21:11 +0800] "GET /2007ztzb/ydh/images/top_right.gif HTTP/1.1" 200 111259 "-" "Mozilla/5.0 (en-us) AppleWebKit/525.13 (KHTML, like Gecko; Google Wireless Transcoder) Version/3.1 Safari/525.13,Mozilla/5.0 (en-us) AppleWebKit/525.13 (KHTML, like Gecko; Google Wireless Transcoder) Version/3.1 Safari/525.13"
123.235.40.243 - - [22/Nov/2009:00:21:12 +0800] "GET /shengqing/2004-04/02/content_1907844.htm HTTP/1.1" 304 - "-" "Mozilla/5.0 (compatible; Yahoo! Slurp China; http://misc.yahoo.com.cn/help.html)"
74.125.74.129 - - [22/Nov/2009:00:21:11 +0800] "GET /2007shangye/xin_5501042821452513063528.jpg HTTP/1.1" 200 60170 "-" "Mozilla/5.0 (en-us) AppleWebKit/525.13 (KHTML, like Gecko; Google Wireless Transcoder) Version/3.1 Safari/525.13,Mozilla/5.0 (en-us) AppleWebKit/525.13 (KHTML, like Gecko; Google Wireless Transcoder) Version/3.1 Safari/525.13"
67.195.111.244 - - [22/Nov/2009:00:21:12 +0800] "GET /mod2006/images/css.css HTTP/1.0" 200 1043 "http://www.jl.xinhuanet.com/home/top.htm" "Mozilla/5.0 (compatible; Yahoo! Slurp/3.0; http://help.yahoo.com/help/us/ysearch/slurp)"
67.195.111.244 - - [22/Nov/2009:00:21:13 +0800] "GET /home/images/style.css HTTP/1.0" 200 2675 "http://www.jl.xinhuanet.com/home/bottom.htm" "Mozilla/5.0 (compatible; Yahoo! Slurp/3.0; http://help.yahoo.com/help/us/ysearch/slurp)"
221.192.149.81 - - [22/Nov/2009:00:21:13 +0800] "GET /shengqing/errenzhuan/ HTTP/1.1" 304 - "http://www.baidu.com/s?wd=%B6%FE%C8%CB%D7%AA&word=%B6%FE%C8%CB%D7%AA&tn=sitehao123&oq=1&rsp=0&f=3" "Mozilla/4.0 (compatible; MSIE 6.0; Windows NT 5.1; SV1; .NET CLR 1.1.4322)"
208.115.111.246 - - [22/Nov/2009:00:21:13 +0800] "GET /newscenter/2007-07/01/content_10446927.htm HTTP/1.1" 200 17909 "-" "Mozilla/5.0 (compatible; DotBot/1.1; http://www.dotnetdotcom.org/, crawler@dotnetdotcom.org)"
61.135.219.158 - - [22/Nov/2009:00:21:14 +0800] "GET / HTTP/1.1" 200 145583 "-" "Mozilla/5.0 (compatible; YoudaoBot/1.0; http://www.youdao.com/help/webmaster/spider/; )"
202.108.251.39 - - [22/Nov/2009:00:21:15 +0800] "GET /newscenter HTTP/1.1" 301 317 "-" "User-Agent: Mozilla/5.0 (compatible; MSIE 6.0;Windows XP)"
74.125.74.129 - - [22/Nov/2009:00:21:15 +0800] "GET /2007shangye/xin_07010430084707853562.jpg HTTP/1.1" 200 39270 "-" "Mozilla/5.0 (en-us) AppleWebKit/525.13 (KHTML, like Gecko; Google Wireless Transcoder) Version/3.1 Safari/525.13,Mozilla/5.0 (en-us) AppleWebKit/525.13 (KHTML, like Gecko; Google Wireless Transcoder) Version/3.1 Safari/525.13"
202.108.251.39 - - [22/Nov/2009:00:21:15 +0800] "GET /newscenter/ HTTP/1.1" 304 - "-" "User-Agent: Mozilla/5.0 (compatible; MSIE 6.0;Windows XP)"
74.125.74.129 - - [22/Nov/2009:00:21:15 +0800] "GET /2007ztzb/ydh/images/top_left.gif HTTP/1.1" 200 47045 "-" "Mozilla/5.0 (en-us) AppleWebKit/525.13 (KHTML, like Gecko; Google Wireless Transcoder) Version/3.1 Safari/525.13,Mozilla/5.0 (en-us) AppleWebKit/525.13 (KHTML, like Gecko; Google Wireless Transcoder) Version/3.1 Safari/525.13"
74.125.74.129 - - [22/Nov/2009:00:21:15 +0800] "GET /2007shangye/xin_5601042821446772731424.jpg HTTP/1.1" 200 41955 "-" "Mozilla/5.0 (en-us) AppleWebKit/525.13 (KHTML, like Gecko; Google Wireless Transcoder) Version/3.1 Safari/525.13,Mozilla/5.0 (en-us) AppleWebKit/525.13 (KHTML, like Gecko; Google Wireless Transcoder) Version/3.1 Safari/525.13"
117.23.204.247 - - [22/Nov/2009:00:21:16 +0800] "GET /main/2001003/index8/yz/yz09.htm HTTP/1.1" 304 - "-" "Sosospider+(+http://help.soso.com/webspider.htm)"
127.0.0.1 - - [22/Nov/2009:00:21:17 +0800] "GET / HTTP/1.0" 200 145583 "-" "Apache (internal dummy connection)"
127.0.0.1 - - [22/Nov/2009:00:21:18 +0800] "GET / HTTP/1.0" 200 145583 "-" "Apache (internal dummy connection)"
203.192.6.90 - - [22/Nov/2009:00:21:18 +0800] "GET /newscenter/2006-09/18/content_8060730.htm HTTP/1.1" 200 20807 "-" "Mozilla/5.0 (compatible; Googlebot/2.1; +http://www.google.com/bot.html)"
203.208.60.197 - - [22/Nov/2009:00:21:18 +0800] "GET /newscenter/jiceng/index.htm HTTP/1.1" 304 - "-" "Mozilla/5.0 (compatible; Googlebot/2.1; +http://www.google.com/bot.html)"
117.23.204.247 - - [22/Nov/2009:00:21:19 +0800] "GET /2006shangye/2009-10/10/content_17899210.htm HTTP/1.1" 304 - "-" "Sosospider+(+http://help.soso.com/webspider.htm)"
127.0.0.1 - - [22/Nov/2009:00:21:21 +0800] "GET / HTTP/1.0" 200 145583 "-" "Apache (internal dummy connection)"
59.175.131.253 - - [22/Nov/2009:00:21:21 +0800] "GET /newscenter/2005-10/21/xin_231002210918281135814.jpg HTTP/1.1" 304 - "http://image.baidu.com/i?ct=503316480&z=0&tn=baiduimagedetail&word=%B9%C5%B4%FA%CB%C4%B4%F3%C3%C0%C5%AE&in=26185&cl=2&cm=1&sc=0&lm=-1&pn=12&rn=1&di=9737150128&ln=2000&fr=&ic=0&s=0" "Mozilla/4.0 (compatible; MSIE 6.0; Windows NT 5.1; SV1; cafe8; WPS; Sicent; icafe8)"
127.0.0.1 - - [22/Nov/2009:00:21:22 +0800] "GET / HTTP/1.0" 200 145583 "-" "Apache (internal dummy connection)"
203.208.60.165 - - [22/Nov/2009:00:21:22 +0800] "GET /news/jiceng/jiceng.htm HTTP/1.1" 304 - "-" "Mozilla/5.0 (compatible; Googlebot/2.1; +http://www.google.com/bot.html)"
127.0.0.1 - - [22/Nov/2009:00:21:23 +0800] "GET / HTTP/1.0" 200 145583 "-" "Apache (internal dummy connection)"
203.208.60.73 - - [22/Nov/2009:00:21:23 +0800] "GET /jlzw/news.htm HTTP/1.1" 304 - "-" "Mozilla/5.0 (compatible; Googlebot/2.1; +http://www.google.com/bot.html)"
123.235.40.243 - - [22/Nov/2009:00:21:23 +0800] "GET /newscenter/2006-03/15/content_6471630.htm HTTP/1.1" 304 - "-" "Mozilla/5.0 (compatible; Yahoo! Slurp China; http://misc.yahoo.com.cn/help.html)"
127.0.0.1 - - [22/Nov/2009:00:21:27 +0800] "GET / HTTP/1.0" 200 145583 "-" "Apache (internal dummy connection)"
221.192.149.81 - - [22/Nov/2009:00:21:27 +0800] "GET /shangye/shuma/index.htm HTTP/1.1" 304 - "-" "Baiduspider-news+(+http://www.baidu.com/search/spider.htm)"
221.192.149.81 - - [22/Nov/2009:00:21:28 +0800] "GET /jlzw/jjjs.htm HTTP/1.1" 304 - "-" "Baiduspider-news+(+http://www.baidu.com/search/spider.htm)"
127.0.0.1 - - [22/Nov/2009:00:21:28 +0800] "GET / HTTP/1.0" 200 145583 "-" "Apache (internal dummy connection)"
202.160.179.112 - - [22/Nov/2009:00:21:29 +0800] "GET /newscenter/2008-07/26/content_13937120.htm HTTP/1.0" 200 17667 "-" "Mozilla/5.0 (compatible; Yahoo! Slurp China; http://misc.yahoo.com.cn/help.html)"
203.208.60.164 - - [22/Nov/2009:00:21:30 +0800] "GET /?ID=90406040100000000 HTTP/1.1" 304 - "-" "Mozilla/5.0 (compatible; Googlebot/2.1; +http://www.google.com/bot.html)"
203.192.6.90 - - [22/Nov/2009:00:21:30 +0800] "GET /news/kejiao/kejiao.htm HTTP/1.1" 304 - "-" "Mozilla/5.0 (compatible; Googlebot/2.1; +http://www.google.com/bot.html)"
66.249.71.123 - - [22/Nov/2009:00:21:33 +0800] "GET /news/kejiao/kejiao.htm HTTP/1.1" 304 - "-" "Mozilla/5.0 (compatible; Googlebot/2.1; +http://www.google.com/bot.html)"
203.208.60.83 - - [22/Nov/2009:00:21:34 +0800] "GET /news/jiceng/jiceng.htm HTTP/1.1" 304 - "-" "Mozilla/5.0 (compatible; Googlebot/2.1; +http://www.google.com/bot.html)"
203.192.6.76 - - [22/Nov/2009:00:21:34 +0800] "GET /news/jiceng/jiceng.htm HTTP/1.1" 304 - "-" "Mozilla/5.0 (compatible; Googlebot/2.1; +http://www.google.com/bot.html)"
67.195.114.227 - - [22/Nov/2009:00:21:36 +0800] "GET /tese/2008-04/30/content_13126249.htm HTTP/1.0" 200 6335 "-" "Mozilla/5.0 (compatible; Yahoo! Slurp/3.0; http://help.yahoo.com/help/us/ysearch/slurp)"
203.192.6.76 - - [22/Nov/2009:00:21:38 +0800] "GET /newscenter/2007-01/13/content_9034516.htm HTTP/1.1" 200 18404 "-" "Mozilla/5.0 (compatible; Googlebot/2.1; +http://www.google.com/bot.html)"
124.115.0.165 - - [22/Nov/2009:00:21:38 +0800] "GET /xhsjl/news/meiti/2002/09/20020905-03.htm HTTP/1.1" 200 19102 "-" "Sosospider+(+http://help.soso.com/webspider.htm)"
208.115.111.246 - - [22/Nov/2009:00:21:38 +0800] "GET /shangye/shipin/hy/ylzz/cha/cha.htm HTTP/1.1" 200 14783 "-" "Mozilla/5.0 (compatible; DotBot/1.1; http://www.dotnetdotcom.org/, crawler@dotnetdotcom.org)"
121.14.234.178 - - [22/Nov/2009:00:21:40 +0800] "GET /cysh/fyt/dsjg/81.jpg HTTP/1.1" 304 - "http://image.baidu.com/i?ct=503316480&z=0&tn=baiduimagedetail&word=%B6%CB%C4%BE%D0%C2%BB%DC%B5%C4%C0%CF%B9%AB&in=12892&cl=2&cm=1&sc=0&lm=-1&pn=5&rn=1&di=1776493440&ln=79&fr=&ic=0&s=0" "Mozilla/4.0 (compatible; MSIE 6.0; Windows NT 5.1; SV1; icafe8; .NET CLR 2.0.50727)"
202.108.251.39 - - [22/Nov/2009:00:21:41 +0800] "GET / HTTP/1.1" 304 - "-" "MSIE 6.0"
221.192.149.81 - - [22/Nov/2009:00:21:41 +0800] "GET /newscenter/yaowen/index.htm HTTP/1.1" 304 - "-" "Baiduspider-news+(+http://www.baidu.com/search/spider.htm)"
202.160.184.13 - - [22/Nov/2009:00:21:42 +0800] "GET /shangye/2008-09/10/content_14360405.htm HTTP/1.0" 200 17370 "-" "Mozilla/5.0 (compatible; Yahoo! Slurp China; http://misc.yahoo.com.cn/help.html)"
121.14.234.178 - - [22/Nov/2009:00:21:42 +0800] "GET /cysh/2004-03/29/xin_381201222003452104959.jpg HTTP/1.1" 304 - "http://image.baidu.com/i?ct=503316480&z=0&tn=baiduimagedetail&word=%B6%CB%C4%BE%D0%C2%BB%DC%B5%C4%C0%CF%B9%AB&in=12892&cl=2&cm=1&sc=0&lm=-1&pn=5&rn=1&di=1776493440&ln=79&fr=&ic=0&s=0" "Mozilla/4.0 (compatible; MSIE 6.0; Windows NT 5.1; SV1; icafe8; .NET CLR 2.0.50727)"
61.129.34.183 - - [22/Nov/2009:00:21:42 +0800] "GET /1.htm HTTP/1.1" 304 - "http://mw.0437.gov.cn/bar.asp?id=114&url=http://mw.0437.gov.cn/show/114.html" "Mozilla/4.0 (compatible; MSIE 7.0; Windows NT 5.1; .NET CLR 1.1.4322; .NET CLR 2.0.50727)"
203.208.60.165 - - [22/Nov/2009:00:21:42 +0800] "GET /?ID=90406040100000000 HTTP/1.1" 304 - "-" "Mozilla/5.0 (compatible; Googlebot/2.1; +http://www.google.com/bot.html)"
121.14.234.178 - - [22/Nov/2009:00:21:43 +0800] "GET /cysh/2004-03/29/xin_3812012220037491623310.jpg HTTP/1.1" 304 - "http://image.baidu.com/i?ct=503316480&z=0&tn=baiduimagedetail&word=%B6%CB%C4%BE%D0%C2%BB%DC%B5%C4%C0%CF%B9%AB&in=12892&cl=2&cm=1&sc=0&lm=-1&pn=5&rn=1&di=1776493440&ln=79&fr=&ic=0&s=0" "Mozilla/4.0 (compatible; MSIE 6.0; Windows NT 5.1; SV1; icafe8; .NET CLR 2.0.50727)"
121.14.234.178 - - [22/Nov/2009:00:21:44 +0800] "GET /cysh/2004-03/29/xin_38120122200317022268.jpg HTTP/1.1" 304 - "http://image.baidu.com/i?ct=503316480&z=0&tn=baiduimagedetail&word=%B6%CB%C4%BE%D0%C2%BB%DC%B5%C4%C0%CF%B9%AB&in=12892&cl=2&cm=1&sc=0&lm=-1&pn=5&rn=1&di=1776493440&ln=79&fr=&ic=0&s=0" "Mozilla/4.0 (compatible; MSIE 6.0; Windows NT 5.1; SV1; icafe8; .NET CLR 2.0.50727)"
203.208.60.77 - - [22/Nov/2009:00:21:44 +0800] "GET /news/meiti/meiti.htm HTTP/1.1" 304 - "-" "Mozilla/5.0 (compatible; Googlebot/2.1; +http://www.google.com/bot.html)"
123.235.40.242 - - [22/Nov/2009:00:21:45 +0800] "GET /shengqing/2006-12/19/content_8821121.htm HTTP/1.1" 304 - "-" "Mozilla/4.0 (compatible; MSIE 6.0; Windows NT 5.1; SV1; 360SE)"
221.192.149.81 - - [22/Nov/2009:00:21:46 +0800] "GET /newscenter/index.htm HTTP/1.1" 304 - "-" "Baiduspider-news+(+http://www.baidu.com/search/spider.htm)"
67.195.114.244 - - [22/Nov/2009:00:21:46 +0800] "GET /1.htm HTTP/1.0" 200 309 "http://mw.0437.gov.cn/bar.asp?id=150&url=http://mw.0437.gov.cn/show/150.html" "Mozilla/5.0 (compatible; Yahoo! Slurp/3.0; http://help.yahoo.com/help/us/ysearch/slurp)"
208.115.111.246 - - [22/Nov/2009:00:21:47 +0800] "GET /shipin/laogongye/laogongye_jidi.htm HTTP/1.1" 200 4797 "-" "Mozilla/5.0 (compatible; DotBot/1.1; http://www.dotnetdotcom.org/, crawler@dotnetdotcom.org)"
123.235.40.242 - - [22/Nov/2009:00:21:48 +0800] "GET /favicon.ico HTTP/1.1" 404 279 "-" "Mozilla/4.0 (compatible; MSIE 6.0; Windows NT 5.1; SV1; 360SE; 360SE)"
123.235.40.242 - - [22/Nov/2009:00:21:48 +0800] "GET /favicon.ico HTTP/1.1" 404 279 "-" "Mozilla/4.0 (compatible; MSIE 6.0; Windows NT 5.1; SV1; 360SE; 360SE)"
123.235.40.242 - - [22/Nov/2009:00:21:48 +0800] "GET /favicon.ico HTTP/1.1" 404 279 "-" "Mozilla/4.0 (compatible; MSIE 6.0; Windows NT 5.1; SV1; 360SE; 360SE)"
123.235.40.242 - - [22/Nov/2009:00:21:48 +0800] "GET /favicon.ico HTTP/1.1" 404 279 "-" "Mozilla/4.0 (compatible; MSIE 6.0; Windows NT 5.1; SV1; 360SE; 360SE)"
123.235.40.242 - - [22/Nov/2009:00:21:48 +0800] "GET /favicon.ico HTTP/1.1" 404 279 "-" "Mozilla/4.0 (compatible; MSIE 6.0; Windows NT 5.1; SV1; 360SE; 360SE)"
123.235.40.242 - - [22/Nov/2009:00:21:48 +0800] "GET /favicon.ico HTTP/1.1" 404 279 "-" "Mozilla/4.0 (compatible; MSIE 6.0; Windows NT 5.1; SV1; 360SE; 360SE)"
123.235.40.242 - - [22/Nov/2009:00:21:49 +0800] "GET /favicon.ico HTTP/1.1" 404 279 "-" "Mozilla/4.0 (compatible; MSIE 6.0; Windows NT 5.1; SV1; 360SE; 360SE)"
124.115.0.165 - - [22/Nov/2009:00:21:49 +0800] "GET /xhsjl/image/date.js HTTP/1.1" 200 539 "http://www.jl.xinhua.org/xhsjl/news/meiti/2002/09/20020905-03.htm" "Sosospider+(+http://help.soso.com/webspider.htm)"
123.235.40.242 - - [22/Nov/2009:00:21:49 +0800] "GET /favicon.ico HTTP/1.1" 404 279 "-" "Mozilla/4.0 (compatible; MSIE 6.0; Windows NT 5.1; SV1; 360SE; 360SE)"
123.235.40.242 - - [22/Nov/2009:00:21:49 +0800] "GET /favicon.ico HTTP/1.1" 404 279 "-" "Mozilla/4.0 (compatible; MSIE 6.0; Windows NT 5.1; SV1; 360SE; 360SE)"
123.235.40.242 - - [22/Nov/2009:00:21:49 +0800] "GET /favicon.ico HTTP/1.1" 404 279 "-" "Mozilla/4.0 (compatible; MSIE 6.0; Windows NT 5.1; SV1; 360SE; 360SE)"
123.235.40.242 - - [22/Nov/2009:00:21:49 +0800] "GET /favicon.ico HTTP/1.1" 404 279 "-" "Mozilla/4.0 (compatible; MSIE 6.0; Windows NT 5.1; SV1; 360SE; 360SE)"
117.23.204.247 - - [22/Nov/2009:00:21:49 +0800] "GET /newscenter/toutiao/index.htm HTTP/1.1" 304 - "-" "Sosospider+(+http://help.soso.com/webspider.htm)"
123.235.40.242 - - [22/Nov/2009:00:21:50 +0800] "GET /favicon.ico HTTP/1.1" 404 279 "-" "Mozilla/4.0 (compatible; MSIE 6.0; Windows NT 5.1; SV1; 360SE; 360SE)"
61.135.223.30 - - [22/Nov/2009:00:21:50 +0800] "GET / HTTP/1.0" 200 145583 "-" "User-Agent: Mozilla/5.0 (compatible; MSIE 6.0;Windows XP)"
123.235.40.242 - - [22/Nov/2009:00:21:50 +0800] "GET /favicon.ico HTTP/1.1" 404 279 "-" "Mozilla/4.0 (compatible; MSIE 6.0; Windows NT 5.1; SV1; 360SE; 360SE)"
123.235.40.242 - - [22/Nov/2009:00:21:50 +0800] "GET /favicon.ico HTTP/1.1" 404 279 "-" "Mozilla/4.0 (compatible; MSIE 6.0; Windows NT 5.1; SV1; 360SE; 360SE)"
123.235.40.242 - - [22/Nov/2009:00:21:50 +0800] "GET /favicon.ico HTTP/1.1" 404 279 "-" "Mozilla/4.0 (compatible; MSIE 6.0; Windows NT 5.1; SV1; 360SE; 360SE)"
123.235.40.242 - - [22/Nov/2009:00:21:50 +0800] "GET /favicon.ico HTTP/1.1" 404 279 "-" "Mozilla/4.0 (compatible; MSIE 6.0; Windows NT 5.1; SV1; 360SE; 360SE)"
65.55.207.137 - - [22/Nov/2009:00:21:53 +0800] "GET /xcbb/mt1/index002.htm HTTP/1.1" 304 - "-" "msnbot/2.0b (+http://search.msn.com/msnbot.htm)"
65.55.106.206 - - [22/Nov/2009:00:21:54 +0800] "GET /newscenter/2006-01/05/content_5967924.htm HTTP/1.1" 304 - "-" "msnbot/2.0b (+http://search.msn.com/msnbot.htm)"
117.23.204.247 - - [22/Nov/2009:00:21:54 +0800] "GET /2006shangye/2006-10/16/content_8268032.htm HTTP/1.1" 304 - "-" "Sosospider+(+http://help.soso.com/webspider.htm)"
117.23.204.247 - - [22/Nov/2009:00:21:55 +0800] "HEAD / HTTP/1.1" 304 - "http://www.jl.xinhuanet.com/" "Sosonewsspider+(+http://help.soso.com/soso-news-spider.htm)"
117.23.204.247 - - [22/Nov/2009:00:21:56 +0800] "GET / HTTP/1.1" 304 - "http://www.jl.xinhuanet.com/" "Sosonewsspider+(+http://help.soso.com/soso-news-spider.htm)"
202.160.179.137 - - [22/Nov/2009:00:21:56 +0800] "GET /dfwq/2007-11/09/content_11623180.htm HTTP/1.0" 200 11354 "-" "Mozilla/5.0 (compatible; Yahoo! Slurp China; http://misc.yahoo.com.cn/help.html)"
208.115.111.246 - - [22/Nov/2009:00:21:56 +0800] "GET /xhsjzkjl/2003/2009-07/16/content_17117602.htm HTTP/1.1" 200 13524 "-" "Mozilla/5.0 (compatible; DotBot/1.1; http://www.dotnetdotcom.org/, crawler@dotnetdotcom.org)"
202.108.251.39 - - [22/Nov/2009:00:21:58 +0800] "GET /newscenter/2007-01/22/content_9103045.htm HTTP/1.1" 304 - "-" "Mozilla/5.0 (compatible; Yahoo! Slurp China; http://misc.yahoo.com.cn/help.html)"
123.235.40.242 - - [22/Nov/2009:00:21:59 +0800] "GET / HTTP/1.1" 304 - "-" "Mozilla/4.0+(compatible;+MSIE+7.0;+Windows+NT+5.1;+.NET+CLR+2.0.50727)"
123.235.40.242 - - [22/Nov/2009:00:21:59 +0800] "GET /newscenter/jiceng/index.htm HTTP/1.1" 304 - "-" "Mozilla/4.0 (compatible; MSIE 6.0; Windows NT 5.1; SV1; .NET CLR 1.1.4322)"
202.108.251.39 - - [22/Nov/2009:00:22:00 +0800] "GET / HTTP/1.1" 200 145583 "-" "-" 202.10