123.235.40.243 - - [22/Nov/2009:00:18:28 +0800] "GET /yingshi/2006-11/09/xin_0711030911005132317226.jpg HTTP/1.1" 304 - "http://pic.sogou.com/d?query=%C8%CB%CC%E5%CD%BC%C6%AC&mood=0&mode=1&di=2&p=40230500&dp=1&page=2&did=21" "Mozilla/4.0 (compatible; MSIE 6.0; Windows NT 5.1; SV1; .NET CLR 2.0.50727; .NET CLR 3.0.04506.30)"
123.235.40.243 - - [22/Nov/2009:00:18:28 +0800] "GET /yingshi/2006-11/09/xin_0511030911008511147020.jpg HTTP/1.1" 304 - "http://pic.sogou.com/d?query=%C8%CB%CC%E5%CD%BC%C6%AC&mood=0&mode=1&di=2&p=40230500&dp=1&page=2&did=21" "Mozilla/4.0 (compatible; MSIE 6.0; Windows NT 5.1; SV1; .NET CLR 2.0.50727; .NET CLR 3.0.04506.30)"
67.195.114.244 - - [22/Nov/2009:00:18:29 +0800] "GET /qcfy/image/main.css HTTP/1.0" 200 646 "http://www.jl.xinhuanet.com/qcfy/yiqi/0709.htm" "Mozilla/5.0 (compatible; Yahoo! Slurp/3.0; http://help.yahoo.com/help/us/ysearch/slurp)"
124.115.0.162 - - [22/Nov/2009:00:18:29 +0800] "GET /newscenter/2009-01/22/content_15522903.htm HTTP/1.1" 200 17532 "-" "Sosospider+(+http://help.soso.com/webspider.htm)"
64.4.54.152 - - [22/Nov/2009:00:18:26 +0800] "GET / HTTP/1.1" 200 145583 "-" "msnbot-NewsBlogs/1.1 (+http://search.msn.com/msnbot.htm)"
117.23.204.247 - - [22/Nov/2009:00:18:32 +0800] "GET /news/2003-10/21/content_1083609.htm HTTP/1.1" 304 - "-" "Sosospider+(+http://help.soso.com/webspider.htm)"
202.108.251.39 - - [22/Nov/2009:00:18:36 +0800] "GET / HTTP/1.1" 304 - "-" "MSIE 6.0"
117.23.204.247 - - [22/Nov/2009:00:18:40 +0800] "GET /home/bottom.htm HTTP/1.1" 304 - "http://www.jl.xinhua.org/newscenter/2009-01/22/content_15522903.htm" "Sosospider+(+http://help.soso.com/webspider.htm)"
222.141.52.126 - - [22/Nov/2009:00:18:41 +0800] "GET /1.htm HTTP/1.1" 304 - "http://mw.0437.gov.cn/bar.asp?id=53&url=http://mw.0437.gov.cn/show/53.html" "Mozilla/4.0 (compatible; MSIE 6.0; Windows NT 5.1; SV1)"
117.23.204.247 - - [22/Nov/2009:00:18:43 +0800] "GET /newscenter/2005-07/08/content_4594008.htm HTTP/1.1" 304 - "-" "Sosospider+(+http://help.soso.com/webspider.htm)"
69.191.211.202 - - [22/Nov/2009:00:18:44 +0800] "GET / HTTP/1.1" 200 145583 "-" "BLP_bbot/0.1"
203.208.60.211 - - [22/Nov/2009:00:18:46 +0800] "GET /home/shequ/caibian/lfs.htm HTTP/1.1" 304 - "-" "Mozilla/5.0 (compatible; Googlebot/2.1; +http://www.google.com/bot.html)"
203.208.60.164 - - [22/Nov/2009:00:18:48 +0800] "GET /news/kejiao/kejiao.htm HTTP/1.1" 304 - "-" "Mozilla/5.0 (compatible; Googlebot/2.1; +http://www.google.com/bot.html)"
222.141.52.126 - - [22/Nov/2009:00:18:48 +0800] "GET /newscenter/2005-02/16/xin_33020216100265921901.jpg HTTP/1.1" 304 - "http://image.baidu.com/i?ct=503316480&z=0&tn=baiduimagedetail&word=%BB%C6%C9%AB%D3%CE%CF%B7&in=5976&cl=2&cm=1&sc=0&lm=-1&pn=7&rn=1&di=11106843472&ln=320&fr=&ic=0&s=0" "Mozilla/4.0 (compatible; MSIE 6.0; Windows NT 5.1; SV1)"
221.1.12.227 - - [22/Nov/2009:00:18:47 +0800] "GET /yingshi/2008-12/18/xin_17312051809178431583310.jpg HTTP/1.1" 200 115894 "http://pic.sogou.com/d?query=%CA%E6%E4%BF%CF%E3%B8%DB%C8%FD%BC%B6%D3%B0%C6%AC&mood=0&mode=1&di=2&p=50340201&dp=1&w=05002600&dr=1&page=2&did=21" "Mozilla/4.0 (compatible; MSIE 6.0; Windows NT 5.1; SV1)"
203.192.6.86 - - [22/Nov/2009:00:18:50 +0800] "GET /newscenter/2007-01/27/content_9154902.htm HTTP/1.1" 200 33355 "-" "Mozilla/5.0 (compatible; Googlebot/2.1; +http://www.google.com/bot.html)"
124.115.4.205 - - [22/Nov/2009:00:18:53 +0800] "GET /xhsjzkjl/2003/2003-07/21/content_727979.htm HTTP/1.1" 200 14726 "-" "Sosospider+(+http://help.soso.com/webspider.htm)"
67.218.116.164 - - [22/Nov/2009:00:18:53 +0800] "GET /newscenter/2009-11/11/content_18195986.htm HTTP/1.0" 200 17836 "-" "Mozilla/5.0 (Twiceler-0.9 http://www.cuil.com/twiceler/robot.html)"
202.160.178.47 - - [22/Nov/2009:00:18:56 +0800] "GET /newscenter/2009-04/23/content_16332741.htm HTTP/1.0" 200 19254 "-" "Mozilla/5.0 (compatible; Yahoo! Slurp China; http://misc.yahoo.com.cn/help.html)"
202.108.251.39 - - [22/Nov/2009:00:18:57 +0800] "GET /xhsjl/news/yaowen/2002/07/20020720-08.htm HTTP/1.1" 200 17276 "-" "Mozilla/5.0 (compatible; Yahoo! Slurp China; http://misc.yahoo.com.cn/help.html)"
121.194.1.104 - - [22/Nov/2009:00:18:59 +0800] "GET / HTTP/1.1" 200 145583 "-" "-"
121.194.1.104 - - [22/Nov/2009:00:18:59 +0800] "GET / HTTP/1.1" 200 145583 "-" "-"
121.194.1.104 - - [22/Nov/2009:00:18:59 +0800] "GET / HTTP/1.1" 200 145583 "-" "-"
123.235.40.242 - - [22/Nov/2009:00:19:00 +0800] "GET / HTTP/1.1" 200 145583 "-" "-"
123.235.40.242 - - [22/Nov/2009:00:19:00 +0800] "GET / HTTP/1.1" 200 145583 "-" "-"
123.235.40.242 - - [22/Nov/2009:00:19:00 +0800] "GET / HTTP/1.1" 200 145583 "-" "-"
123.235.40.242 - - [22/Nov/2009:00:19:00 +0800] "GET / HTTP/1.1" 200 145583 "-" "-"
61.129.34.183 - - [22/Nov/2009:00:19:00 +0800] "GET / HTTP/1.1" 200 145583 "-" "-"
61.129.34.183 - - [22/Nov/2009:00:19:00 +0800] "GET / HTTP/1.1" 200 145583 "-" "-"
61.129.34.183 - - [22/Nov/2009:00:19:00 +0800] "GET / HTTP/1.1" 200 145583 "-" "-"
61.129.34.183 - - [22/Nov/2009:00:19:00 +0800] "GET / HTTP/1.1" 200 145583 "-" "-"
61.164.61.68 - - [22/Nov/2009:00:19:00 +0800] "GET / HTTP/1.1" 200 145583 "-" "-"
61.164.61.68 - - [22/Nov/2009:00:19:00 +0800] "GET / HTTP/1.1" 200 145583 "-" "-"
61.164.61.68 - - [22/Nov/2009:00:19:00 +0800] "GET / HTTP/1.1" 200 145583 "-" "-"
61.164.61.68 - - [22/Nov/2009:00:19:00 +0800] "GET / HTTP/1.1" 200 145583 "-" "-"
59.175.131.253 - - [22/Nov/2009:00:19:00 +0800] "GET / HTTP/1.1" 200 145583 "-" "-"
59.175.131.253 - - [22/Nov/2009:00:19:00 +0800] "GET / HTTP/1.1" 200 145583 "-" "-"
123.235.40.243 - - [22/Nov/2009:00:19:00 +0800] "GET / HTTP/1.1" 200 145583 "-" "-"
59.175.131.253 - - [22/Nov/2009:00:19:00 +0800] "GET / HTTP/1.1" 200 145583 "-" "-"
123.235.40.243 - - [22/Nov/2009:00:19:00 +0800] "GET / HTTP/1.1" 200 145583 "-" "-"
123.235.40.243 - - [22/Nov/2009:00:19:00 +0800] "GET / HTTP/1.1" 200 145583 "-" "-"
123.235.40.243 - - [22/Nov/2009:00:19:00 +0800] "GET / HTTP/1.1" 200 145583 "-" "-"
59.175.131.253 - - [22/Nov/2009:00:19:00 +0800] "GET / HTTP/1.1" 200 145583 "-" "-"
67.195.111.244 - - [22/Nov/2009:00:18:59 +0800] "GET /xhsjzkjl/2003/03.htm HTTP/1.0" 200 33020 "-" "Mozilla/5.0 (compatible; Yahoo! Slurp/3.0; http://help.yahoo.com/help/us/ysearch/slurp)"
222.141.52.126 - - [22/Nov/2009:00:19:00 +0800] "GET / HTTP/1.1" 200 145583 "-" "-"
222.141.52.126 - - [22/Nov/2009:00:19:00 +0800] "GET / HTTP/1.1" 200 145583 "-" "-"
222.141.52.126 - - [22/Nov/2009:00:19:00 +0800] "GET / HTTP/1.1" 200 145583 "-" "-"
58.215.110.209 - - [22/Nov/2009:00:19:00 +0800] "GET / HTTP/1.1" 200 145583 "-" "-"
58.215.110.209 - - [22/Nov/2009:00:19:00 +0800] "GET / HTTP/1.1" 200 145583 "-" "-"
58.215.110.209 - - [22/Nov/2009:00:19:00 +0800] "GET / HTTP/1.1" 200 145583 "-" "-"
58.215.110.209 - - [22/Nov/2009:00:19:00 +0800] "GET / HTTP/1.1" 200 145583 "-" "-"
222.141.52.126 - - [22/Nov/2009:00:19:00 +0800] "GET / HTTP/1.1" 200 145583 "-" "-"
117.23.204.247 - - [22/Nov/2009:00:19:00 +0800] "GET / HTTP/1.1" 200 145583 "-" "-"
117.23.204.247 - - [22/Nov/2009:00:19:00 +0800] "GET / HTTP/1.1" 200 145583 "-" "-"
117.23.204.247 - - [22/Nov/2009:00:19:00 +0800] "GET / HTTP/1.1" 200 145583 "-" "-"
121.14.234.178 - - [22/Nov/2009:00:19:00 +0800] "GET / HTTP/1.1" 200 145583 "-" "-"
117.23.204.247 - - [22/Nov/2009:00:19:00 +0800] "GET / HTTP/1.1" 200 145583 "-" "-"
121.14.234.178 - - [22/Nov/2009:00:19:00 +0800] "GET / HTTP/1.1" 200 145583 "-" "-"
121.14.234.178 - - [22/Nov/2009:00:19:00 +0800] "GET / HTTP/1.1" 200 145583 "-" "-"
121.14.234.178 - - [22/Nov/2009:00:19:00 +0800] "GET / HTTP/1.1" 200 145583 "-" "-"
202.108.251.39 - - [22/Nov/2009:00:19:00 +0800] "GET / HTTP/1.1" 200 145583 "-" "-"
202.108.251.39 - - [22/Nov/2009:00:19:00 +0800] "GET / HTTP/1.1" 200 145583 "-" "-"
202.108.251.39 - - [22/Nov/2009:00:19:00 +0800] "GET / HTTP/1.1" 200 145583 "-" "-"
202.108.251.39 - - [22/Nov/2009:00:19:00 +0800] "GET / HTTP/1.1" 200 145583 "-" "-"
119.147.105.245 - - [22/Nov/2009:00:19:00 +0800] "GET / HTTP/1.1" 200 145583 "-" "-"
119.147.105.245 - - [22/Nov/2009:00:19:00 +0800] "GET / HTTP/1.1" 200 145583 "-" "-"
119.147.105.245 - - [22/Nov/2009:00:19:01 +0800] "GET / HTTP/1.1" 200 145583 "-" "-"
119.147.105.245 - - [22/Nov/2009:00:19:01 +0800] "GET / HTTP/1.1" 200 145583 "-" "-"
221.192.149.81 - - [22/Nov/2009:00:19:01 +0800] "GET / HTTP/1.1" 200 145583 "-" "-"
221.192.149.81 - - [22/Nov/2009:00:19:01 +0800] "GET / HTTP/1.1" 200 145583 "-" "-"
221.192.149.81 - - [22/Nov/2009:00:19:01 +0800] "GET / HTTP/1.1" 200 145583 "-" "-"
221.192.149.81 - - [22/Nov/2009:00:19:01 +0800] "GET / HTTP/1.1" 200 145583 "-" "-"
218.213.69.115 - - [22/Nov/2009:00:19:01 +0800] "GET / HTTP/1.1" 200 145583 "-" "-"
218.213.69.115 - - [22/Nov/2009:00:19:01 +0800] "GET / HTTP/1.1" 200 145583 "-" "-"
218.213.69.115 - - [22/Nov/2009:00:19:01 +0800] "GET / HTTP/1.1" 200 145583 "-" "-"
202.108.251.39 - - [22/Nov/2009:00:19:02 +0800] "GET /2006shangye/2007-02/01/content_9206498.htm HTTP/1.1" 200 16710 "-" "Mozilla/5.0 (compatible; Yahoo! Slurp China; http://misc.yahoo.com.cn/help.html)"
218.213.69.115 - - [22/Nov/2009:00:19:02 +0800] "GET / HTTP/1.1" 200 145583 "-" "-"
124.115.4.205 - - [22/Nov/2009:00:19:04 +0800] "GET /AdPreview/adv_display.js HTTP/1.1" 200 3984 "http://www.jilin.xinhua.org/xhsjzkjl/2003/2003-07/21/content_727979.htm" "Sosospider+(+http://help.soso.com/webspider.htm)"
67.195.114.244 - - [22/Nov/2009:00:19:04 +0800] "GET /xhsjzkjl/2003/2003-07/16/content_714186.htm HTTP/1.0" 200 7040 "-" "Mozilla/5.0 (compatible; Yahoo! Slurp/3.0; http://help.yahoo.com/help/us/ysearch/slurp)"
203.208.60.211 - - [22/Nov/2009:00:19:06 +0800] "GET /news/2004-12/28/xin_5bdfd69cfa0343789858e7bfe4f900ca.jpg HTTP/1.1" 200 9932 "-" "Googlebot-Image/1.0"
117.23.204.247 - - [22/Nov/2009:00:19:06 +0800] "GET /shangye/2009-07/31/content_17258311.htm HTTP/1.1" 304 - "-" "Sosospider+(+http://help.soso.com/webspider.htm)"
202.108.251.39 - - [22/Nov/2009:00:19:10 +0800] "GET /shangye/jingyueski/pali.htm HTTP/1.1" 304 - "http://www.jl.xinhuanet.com/shangye/jingyueski/index.htm" "Mozilla/4.0 (compatible; MSIE 7.0; Windows NT 6.0; Trident/4.0; GTB6; Mozilla/4.0 (compatible; MSIE 6.0; Windows NT 5.1; SV1) ; 51Logon.com; SLCC1; .NET CLR 2.0.50727; .NET CLR 3.5.30729; .NET CLR 3.0.30729; 360SE)"
202.108.251.39 - - [22/Nov/2009:00:19:11 +0800] "GET /shangye/jingyueski/pali.jpg HTTP/1.1" 304 - "http://www.jl.xinhuanet.com/shangye/jingyueski/pali.htm" "Mozilla/4.0 (compatible; MSIE 7.0; Windows NT 6.0; Trident/4.0; GTB6; Mozilla/4.0 (compatible; MSIE 6.0; Windows NT 5.1; SV1) ; 51Logon.com; SLCC1; .NET CLR 2.0.50727; .NET CLR 3.5.30729; .NET CLR 3.0.30729; 360SE)"
222.141.52.126 - - [22/Nov/2009:00:19:17 +0800] "GET / HTTP/1.1" 304 - "-" "Mozilla/5.0 (compatible; YodaoBot-News/1.0; http://www.youdao.com/help/webmaster/spider/; )"
123.235.40.242 - - [22/Nov/2009:00:19:18 +0800] "GET /maomao.gif HTTP/1.1" 304 - "http://sxshy.com/" "Mozilla/4.0 (compatible; MSIE 6.0; Windows NT 5.1; SV1; GTB6)"
123.235.40.242 - - [22/Nov/2009:00:19:19 +0800] "GET / HTTP/1.1" 304 - "-" "Mozilla/5.0 (compatible; YodaoBot-News/1.0; http://www.youdao.com/help/webmaster/spider/; )"
123.235.40.243 - - [22/Nov/2009:00:19:20 +0800] "GET /fangchan/2005-04/13/content_4055560.htm HTTP/1.1" 200 27308 "-" "Mozilla/5.0 (compatible; Yahoo! Slurp China; http://misc.yahoo.com.cn/help.html)"
202.108.251.39 - - [22/Nov/2009:00:19:22 +0800] "GET /1.htm HTTP/1.1" 304 - "http://mw.0437.gov.cn/bar.asp?id=53&url=http://mw.0437.gov.cn/show/53.html" "Mozilla/4.0 (compatible; MSIE 6.0; Windows NT 5.1; SV1)"
65.55.207.72 - - [22/Nov/2009:00:19:25 +0800] "GET /xhsjzkjl/2003/2004-08/14/content_2685338.htm HTTP/1.1" 304 - "-" "msnbot/2.0b (+http://search.msn.com/msnbot.htm)"
65.55.107.180 - - [22/Nov/2009:00:19:25 +0800] "GET /main/2001005/badaojiang/country/shijiao_subwebs/s_zybk.htm HTTP/1.1" 304 - "-" "msnbot/2.0b (+http://search.msn.com/msnbot.htm)"
117.23.204.247 - - [22/Nov/2009:00:19:26 +0800] "GET /news/2004-07/27/content_2571375.htm HTTP/1.1" 304 - "-" "Sosospider+(+http://help.soso.com/webspider.htm)"
123.235.40.243 - - [22/Nov/2009:00:19:27 +0800] "GET /shangye/2005-07/18/content_4815700.htm HTTP/1.1" 304 - "-" "Mozilla/5.0 (compatible; Yahoo! Slurp China; http://misc.yahoo.com.cn/help.html)"
123.235.40.243 - - [22/Nov/2009:00:19:29 +0800] "GET /shangye/2007-04/17/content_9816447.htm HTTP/1.1" 304 - "-" "Mozilla/5.0 (compatible; Yahoo! Slurp China; http://misc.yahoo.com.cn/help.html)"
202.160.181.191 - - [22/Nov/2009:00:19:32 +0800] "GET /newscenter/2005-07/20/content_4679041.htm HTTP/1.0" 200 15621 "-" "Mozilla/5.0 (compatible; Yahoo! Slurp China; http://misc.yahoo.com.cn/help.html)"
222.141.52.126 - - [22/Nov/2009:00:19:32 +0800] "GET /xhsjzkjl/2004-01/06/xin_aa8586f10c374a43a831725637bb0962.jpg HTTP/1.1" 304 - "http://image.baidu.com/i?ct=503316480&z=0&tn=baiduimagedetail&word=%B3%A4%B4%BA%BB%F0%B3%B5%D5%BE%CD%BC%C6%AC&in=24752&cl=2&cm=1&sc=0&lm=-1&pn=1&rn=1&di=1721533297&ln=2000&fr=ala0&ic=0&s=0" "Mozilla/4.0 (compatible; MSIE 6.0; Windows NT 5.1; SV1; Mozilla/4.0 (compatible; MSIE 6.0; Windows NT 5.1; SV1) ; .NET CLR 2.0.50727; .NET CLR 1.1.4322)"
202.108.251.39 - - [22/Nov/2009:00:19:33 +0800] "GET /jujiao/huawen/huawen1.htm HTTP/1.1" 304 - "-" "Mozilla/5.0 (compatible; Yahoo! Slurp China; http://misc.yahoo.com.cn/help.html)"
117.23.204.247 - - [22/Nov/2009:00:19:34 +0800] "GET /newscenter/2005-11/18/content_5614687_2.htm HTTP/1.1" 304 - "-" "Sosospider+(+http://help.soso.com/webspider.htm)"
202.108.251.39 - - [22/Nov/2009:00:19:35 +0800] "GET / HTTP/1.1" 304 - "-" "MSIE 6.0"
117.23.204.247 - - [22/Nov/2009:00:19:35 +0800] "GET /newscenter/2009-09/30/content_17857056.htm HTTP/1.1" 304 - "-" "Sosospider+(+http://help.soso.com/webspider.htm)"
117.23.204.247 - - [22/Nov/2009:00:19:38 +0800] "GET /newscenter/2005-11/20/content_5628075.htm?n=1&p=1851 HTTP/1.1" 304 - "-" "Sosospider+(+http://help.soso.com/webspider.htm)"
123.235.40.243 - - [22/Nov/2009:00:19:38 +0800] "GET /newscenter/2005-07/20/content_4676420.htm HTTP/1.1" 304 - "-" "Mozilla/5.0 (compatible; Yahoo! Slurp China; http://misc.yahoo.com.cn/help.html)"
58.215.110.209 - - [22/Nov/2009:00:19:38 +0800] "GET /qcfy/2009-11/13/content_18221365.htm HTTP/1.1" 304 - "http://www.baidu.com/s?wd=%C0%B6%C9%AB%D0%C2%BE%FD%CD%FE&pn=10" "Mozilla/4.0 (compatible; MSIE 7.0; Windows NT 6.0; Mozilla/4.0 (compatible; MSIE 6.0; Windows NT 5.1; SV1) ; SLCC1; .NET CLR 2.0.50727; .NET CLR 3.0.04506)"
58.215.110.209 - - [22/Nov/2009:00:19:39 +0800] "GET /qcfy/2009-11/13/ HTTP/1.1" 403 288 "http://www.jl.xinhuanet.com/qcfy/2009-11/13/content_18221365.htm" "Mozilla/4.0 (compatible; MSIE 7.0; Windows NT 6.0; Mozilla/4.0 (compatible; MSIE 6.0; Windows NT 5.1; SV1) ; SLCC1; .NET CLR 2.0.50727; .NET CLR 3.0.04506)"
58.215.110.209 - - [22/Nov/2009:00:19:39 +0800] "GET /qcfy/image/yqfy_top.js HTTP/1.1" 304 - "http://www.jl.xinhuanet.com/qcfy/2009-11/13/content_18221365.htm" "Mozilla/4.0 (compatible; MSIE 7.0; Windows NT 6.0; Mozilla/4.0 (compatible; MSIE 6.0; Windows NT 5.1; SV1) ; SLCC1; .NET CLR 2.0.50727; .NET CLR 3.0.04506)"
58.215.110.209 - - [22/Nov/2009:00:19:39 +0800] "GET /home/top.htm HTTP/1.1" 304 - "http://www.jl.xinhuanet.com/qcfy/2009-11/13/content_18221365.htm" "Mozilla/4.0 (compatible; MSIE 7.0; Windows NT 6.0; Mozilla/4.0 (compatible; MSIE 6.0; Windows NT 5.1; SV1) ; SLCC1; .NET CLR 2.0.50727; .NET CLR 3.0.04506)"
58.215.110.209 - - [22/Nov/2009:00:19:40 +0800] "GET /qcfy/image/yqfy5.jpg HTTP/1.1" 304 - "http://www.jl.xinhuanet.com/qcfy/2009-11/13/content_18221365.htm" "Mozilla/4.0 (compatible; MSIE 7.0; Windows NT 6.0; Mozilla/4.0 (compatible; MSIE 6.0; Windows NT 5.1; SV1) ; SLCC1; .NET CLR 2.0.50727; .NET CLR 3.0.04506)"
58.215.110.209 - - [22/Nov/2009:00:19:40 +0800] "GET /qcfy/2009-11/13/xin_1102021615125462507010.jpg HTTP/1.1" 404 314 "http://www.jl.xinhuanet.com/qcfy/2009-11/13/content_18221365.htm" "Mozilla/4.0 (compatible; MSIE 7.0; Windows NT 6.0; Mozilla/4.0 (compatible; MSIE 6.0; Windows NT 5.1; SV1) ; SLCC1; .NET CLR 2.0.50727; .NET CLR 3.0.04506)"
58.215.110.209 - - [22/Nov/2009:00:19:40 +0800] "GET /qcfy/image/banner.swf HTTP/1.1" 304 - "http://www.jl.xinhuanet.com/qcfy/2009-11/13/content_18221365.htm" "Mozilla/4.0 (compatible; MSIE 7.0; Windows NT 6.0; Mozilla/4.0 (compatible; MSIE 6.0; Windows NT 5.1; SV1) ; SLCC1; .NET CLR 2.0.50727; .NET CLR 3.0.04506)"
58.215.110.209 - - [22/Nov/2009:00:19:40 +0800] "GET /xhsjzkjl/2003/2007-07/13/xin_360704131746593269605.JPG HTTP/1.1" 304 - "http://www.jl.xinhuanet.com/qcfy/2009-11/13/content_18221365.htm" "Mozilla/4.0 (compatible; MSIE 7.0; Windows NT 6.0; Mozilla/4.0 (compatible; MSIE 6.0; Windows NT 5.1; SV1) ; SLCC1; .NET CLR 2.0.50727; .NET CLR 3.0.04506)"
58.215.110.209 - - [22/Nov/2009:00:19:40 +0800] "GET /qcfy/2009-11/13/xin_15020216151192181248.jpg HTTP/1.1" 404 312 "http://www.jl.xinhuanet.com/qcfy/2009-11/13/content_18221365.htm" "Mozilla/4.0 (compatible; MSIE 7.0; Windows NT 6.0; Mozilla/4.0 (compatible; MSIE 6.0; Windows NT 5.1; SV1) ; SLCC1; .NET CLR 2.0.50727; .NET CLR 3.0.04506)"
58.215.110.209 - - [22/Nov/2009:00:19:40 +0800] "GET /qcfy/2009-11/13/xin_58020216150926597546.jpg HTTP/1.1" 404 312 "http://www.jl.xinhuanet.com/qcfy/2009-11/13/content_18221365.htm" "Mozilla/4.0 (compatible; MSIE 7.0; Windows NT 6.0; Mozilla/4.0 (compatible; MSIE 6.0; Windows NT 5.1; SV1) ; SLCC1; .NET CLR 2.0.50727; .NET CLR 3.0.04506)"
58.215.110.209 - - [22/Nov/2009:00:19:40 +0800] "GET /qcfy/2009-11/13/xin_310202161507234289834.jpg HTTP/1.1" 404 313 "http://www.jl.xinhuanet.com/qcfy/2009-11/13/content_18221365.htm" "Mozilla/4.0 (compatible; MSIE 7.0; Windows NT 6.0; Mozilla/4.0 (compatible; MSIE 6.0; Windows NT 5.1; SV1) ; SLCC1; .NET CLR 2.0.50727; .NET CLR 3.0.04506)"
58.215.110.209 - - [22/Nov/2009:00:19:40 +0800] "GET /qcfy/2009-11/13/xin_f90db0851d114049ac15df66c3851188.jpg HTTP/1.1" 404 324 "http://www.jl.xinhuanet.com/qcfy/2009-11/13/content_18221365.htm" "Mozilla/4.0 (compatible; MSIE 7.0; Windows NT 6.0; Mozilla/4.0 (compatible; MSIE 6.0; Windows NT 5.1; SV1) ; SLCC1; .NET CLR 2.0.50727; .NET CLR 3.0.04506)"
58.215.110.209 - - [22/Nov/2009:00:19:40 +0800] "GET /qcfy/2009-11/13/xin_2e6c0d3a07254631816f88c4894aba35.jpg HTTP/1.1" 404 324 "http://www.jl.xinhuanet.com/qcfy/2009-11/13/content_18221365.htm" "Mozilla/4.0 (compatible; MSIE 7.0; Windows NT 6.0; Mozilla/4.0 (compatible; MSIE 6.0; Windows NT 5.1; SV1) ; SLCC1; .NET CLR 2.0.50727; .NET CLR 3.0.04506)"
58.215.110.209 - - [22/Nov/2009:00:19:40 +0800] "GET /home/bottom.htm HTTP/1.1" 304 - "http://www.jl.xinhuanet.com/qcfy/2009-11/13/content_18221365.htm" "Mozilla/4.0 (compatible; MSIE 7.0; Windows NT 6.0; Mozilla/4.0 (compatible; MSIE 6.0; Windows NT 5.1; SV1) ; SLCC1; .NET CLR 2.0.50727; .NET CLR 3.0.04506)"
58.215.110.209 - - [22/Nov/2009:00:19:40 +0800] "GET /qcfy/image/qcfy14.gif HTTP/1.1" 304 - "http://www.jl.xinhuanet.com/qcfy/2009-11/13/content_18221365.htm" "Mozilla/4.0 (compatible; MSIE 7.0; Windows NT 6.0; Mozilla/4.0 (compatible; MSIE 6.0; Windows NT 5.1; SV1) ; SLCC1; .NET CLR 2.0.50727; .NET CLR 3.0.04506)"
58.215.110.209 - - [22/Nov/2009:00:19:40 +0800] "GET /qcfy/image/yqfy3.gif HTTP/1.1" 304 - "http://www.jl.xinhuanet.com/qcfy/2009-11/13/content_18221365.htm" "Mozilla/4.0 (compatible; MSIE 7.0; Windows NT 6.0; Mozilla/4.0 (compatible; MSIE 6.0; Windows NT 5.1; SV1) ; SLCC1; .NET CLR 2.0.50727; .NET CLR 3.0.04506)"
58.215.110.209 - - [22/Nov/2009:00:19:40 +0800] "GET /qcfy/2009-11/13/xin_daa536012f6a445a95b4cb915d4b78d0.jpg HTTP/1.1" 404 324 "http://www.jl.xinhuanet.com/qcfy/2009-11/13/content_18221365.htm" "Mozilla/4.0 (compatible; MSIE 7.0; Windows NT 6.0; Mozilla/4.0 (compatible; MSIE 6.0; Windows NT 5.1; SV1) ; SLCC1; .NET CLR 2.0.50727; .NET CLR 3.0.04506)"
58.215.110.209 - - [22/Nov/2009:00:19:40 +0800] "GET /qcfy/2009-11/13/xin_3c0ba8ece48345efb3e1634a17971964.gif HTTP/1.1" 404 324 "http://www.jl.xinhuanet.com/qcfy/2009-11/13/content_18221365.htm" "Mozilla/4.0 (compatible; MSIE 7.0; Windows NT 6.0; Mozilla/4.0 (compatible; MSIE 6.0; Windows NT 5.1; SV1) ; SLCC1; .NET CLR 2.0.50727; .NET CLR 3.0.04506)"
58.215.110.209 - - [22/Nov/2009:00:19:40 +0800] "GET /qcfy/2009-11/13/xin_27216933e73f48c1b418213066de84c3.jpg HTTP/1.1" 404 324 "http://www.jl.xinhuanet.com/qcfy/2009-11/13/content_18221365.htm" "Mozilla/4.0 (compatible; MSIE 7.0; Windows NT 6.0; Mozilla/4.0 (compatible; MSIE 6.0; Windows NT 5.1; SV1) ; SLCC1; .NET CLR 2.0.50727; .NET CLR 3.0.04506)"
58.215.110.209 - - [22/Nov/2009:00:19:40 +0800] "GET /qcfy/2009-11/13/xin_683378098dde49fbae430bd662720c92.jpg HTTP/1.1" 404 324 "http://www.jl.xinhuanet.com/qcfy/2009-11/13/content_18221365.htm" "Mozilla/4.0 (compatible; MSIE 7.0; Windows NT 6.0; Mozilla/4.0 (compatible; MSIE 6.0; Windows NT 5.1; SV1) ; SLCC1; .NET CLR 2.0.50727; .NET CLR 3.0.04506)"
58.215.110.209 - - [22/Nov/2009:00:19:41 +0800] "GET /qcfy/2009-11/13/xin_a14e85fd0ffe4d5c99ce468ca312a634.gif HTTP/1.1" 404 324 "http://www.jl.xinhuanet.com/qcfy/2009-11/13/content_18221365.htm" "Mozilla/4.0 (compatible; MSIE 7.0; Windows NT 6.0; Mozilla/4.0 (compatible; MSIE 6.0; Windows NT 5.1; SV1) ; SLCC1; .NET CLR 2.0.50727; .NET CLR 3.0.04506)"
58.215.110.209 - - [22/Nov/2009:00:19:41 +0800] "GET /qcfy/image/ht13.gif HTTP/1.1" 304 - "http://www.jl.xinhuanet.com/qcfy/2009-11/13/content_18221365.htm" "Mozilla/4.0 (compatible; MSIE 7.0; Windows NT 6.0; Mozilla/4.0 (compatible; MSIE 6.0; Windows NT 5.1; SV1) ; SLCC1; .NET CLR 2.0.50727; .NET CLR 3.0.04506)"
58.215.110.209 - - [22/Nov/2009:00:19:41 +0800] "GET /qcfy/image/yqfy4.gif HTTP/1.1" 304 - "http://www.jl.xinhuanet.com/qcfy/2009-11/13/content_18221365.htm" "Mozilla/4.0 (compatible; MSIE 7.0; Windows NT 6.0; Mozilla/4.0 (compatible; MSIE 6.0; Windows NT 5.1; SV1) ; SLCC1; .NET CLR 2.0.50727; .NET CLR 3.0.04506)"
58.215.110.209 - - [22/Nov/2009:00:19:41 +0800] "GET /qcfy/2009-11/13/xin_09469aeff2134fd9aac919850d91f5d0.gif HTTP/1.1" 404 324 "http://www.jl.xinhuanet.com/qcfy/2009-11/13/content_18221365.htm" "Mozilla/4.0 (compatible; MSIE 7.0; Windows NT 6.0; Mozilla/4.0 (compatible; MSIE 6.0; Windows NT 5.1; SV1) ; SLCC1; .NET CLR 2.0.50727; .NET CLR 3.0.04506)"
58.215.110.209 - - [22/Nov/2009:00:19:41 +0800] "GET /mod2006/images/css.css HTTP/1.1" 304 - "http://www.jl.xinhuanet.com/home/top.htm" "Mozilla/4.0 (compatible; MSIE 7.0; Windows NT 6.0; Mozilla/4.0 (compatible; MSIE 6.0; Windows NT 5.1; SV1) ; SLCC1; .NET CLR 2.0.50727; .NET CLR 3.0.04506)"
58.215.110.209 - - [22/Nov/2009:00:19:41 +0800] "GET /qcfy/2009-11/13/xin_298796aa79814f5eb149736abff82dcb.gif HTTP/1.1" 404 324 "http://www.jl.xinhuanet.com/qcfy/2009-11/13/content_18221365.htm" "Mozilla/4.0 (compatible; MSIE 7.0; Windows NT 6.0; Mozilla/4.0 (compatible; MSIE 6.0; Windows NT 5.1; SV1) ; SLCC1; .NET CLR 2.0.50727; .NET CLR 3.0.04506)"
58.215.110.209 - - [22/Nov/2009:00:19:41 +0800] "GET /qcfy/2009-11/13/xin_96b9ace1206249b3b5de7a4a41d6326a.gif HTTP/1.1" 404 324 "http://www.jl.xinhuanet.com/qcfy/2009-11/13/content_18221365.htm" "Mozilla/4.0 (compatible; MSIE 7.0; Windows NT 6.0; Mozilla/4.0 (compatible; MSIE 6.0; Windows NT 5.1; SV1) ; SLCC1; .NET CLR 2.0.50727; .NET CLR 3.0.04506)"
58.215.110.209 - - [22/Nov/2009:00:19:41 +0800] "GET /qcfy/2009-11/13/xin_762914955e304862980b945d37e4d782.jpg HTTP/1.1" 404 324 "http://www.jl.xinhuanet.com/qcfy/2009-11/13/content_18221365.htm" "Mozilla/4.0 (compatible; MSIE 7.0; Windows NT 6.0; Mozilla/4.0 (compatible; MSIE 6.0; Windows NT 5.1; SV1) ; SLCC1; .NET CLR 2.0.50727; .NET CLR 3.0.04506)"
58.215.110.209 - - [22/Nov/2009:00:19:41 +0800] "GET /qcfy/2009-11/13/xin_3c453c7265ee4f209cbd59e373679463.gif HTTP/1.1" 404 324 "http://www.jl.xinhuanet.com/qcfy/2009-11/13/content_18221365.htm" "Mozilla/4.0 (compatible; MSIE 7.0; Windows NT 6.0; Mozilla/4.0 (compatible; MSIE 6.0; Windows NT 5.1; SV1) ; SLCC1; .NET CLR 2.0.50727; .NET CLR 3.0.04506)"
58.215.110.209 - - [22/Nov/2009:00:19:41 +0800] "GET /qcfy/image/yqfy9.gif HTTP/1.1" 304 - "http://www.jl.xinhuanet.com/qcfy/2009-11/13/content_18221365.htm" "Mozilla/4.0 (compatible; MSIE 7.0; Windows NT 6.0; Mozilla/4.0 (compatible; MSIE 6.0; Windows NT 5.1; SV1) ; SLCC1; .NET CLR 2.0.50727; .NET CLR 3.0.04506)"
58.215.110.209 - - [22/Nov/2009:00:19:41 +0800] "GET /home/images/style.css HTTP/1.1" 304 - "http://www.jl.xinhuanet.com/home/bottom.htm" "Mozilla/4.0 (compatible; MSIE 7.0; Windows NT 6.0; Mozilla/4.0 (compatible; MSIE 6.0; Windows NT 5.1; SV1) ; SLCC1; .NET CLR 2.0.50727; .NET CLR 3.0.04506)"
83.167.62.162 - - [22/Nov/2009:00:19:41 +0800] "GET /shangye/2005-12/20/content_5856177.htm HTTP/1.1" 200 19511 "-" "Mozilla/5.0 (compatible; Exabot/3.0 (BiggerBetter); +http://www.exabot.com/go/robot)"
202.108.251.39 - - [22/Nov/2009:00:19:47 +0800] "GET /shangye/2009-09/17/xin_2530906171003171083812.jpg HTTP/1.1" 404 317 "-" "-"
208.115.111.246 - - [22/Nov/2009:00:19:48 +0800] "GET /fangchan/2004-04/20/content_2005321.htm HTTP/1.1" 200 15732 "-" "Mozilla/5.0 (compatible; DotBot/1.1; http://www.dotnetdotcom.org/, crawler@dotnetdotcom.org)"
123.235.40.243 - - [22/Nov/2009:00:19:50 +0800] "GET /newscenter/2009-11/11/content_18195986.htm HTTP/1.1" 304 - "http://image.baidu.com/i?tn=baiduimage&ct=201326592&cl=2&lm=-1&pv=&word=%BC%AA%C1%D6%CA%A1%C9%D9%CA%FD%C3%F1%D7%E5%D0%C2%B8%E8%B4%F3%C8%FC&z=0" "Mozilla/4.0 (compatible; MSIE 7.0; Windows NT 5.1; Maxthon 2.0)"
123.235.40.243 - - [22/Nov/2009:00:19:50 +0800] "GET /newscenter/2009-11/11/xin_1631106110913093242812.gif HTTP/1.1" 304 - "http://www.jl.xinhuanet.com/newscenter/2009-11/11/content_18195986.htm" "Mozilla/4.0 (compatible; MSIE 7.0; Windows NT 5.1; Maxthon 2.0)"
203.192.6.92 - - [22/Nov/2009:00:19:51 +0800] "GET /news/wenti/wenti.htm HTTP/1.1" 304 - "-" "Mozilla/5.0 (compatible; Googlebot/2.1; +http://www.google.com/bot.html)"
123.235.40.243 - - [22/Nov/2009:00:19:52 +0800] "GET /shangye/2006-04/16/content_6754752.htm HTTP/1.1" 304 - "-" "Mozilla/5.0 (compatible; Yahoo! Slurp China; http://misc.yahoo.com.cn/help.html)"
59.175.131.253 - - [22/Nov/2009:00:19:52 +0800] "GET /newscenter/2007-01/08/xin_490104081005870231978.jpg HTTP/1.1" 304 - "http://image.baidu.com/i?ct=503316480&z=0&tn=baiduimagedetail&word=%C3%C0%C5%AE%C9%AB%C7%E9&in=12913&cl=2&cm=1&sc=0&lm=-1&pn=17&rn=1&di=11054963248&ln=2000&fr=&ic=0&s=0" "Mozilla/4.0 (compatible; MSIE 6.0; Windows NT 5.1; SV1; Sicent1; Sicent)"
123.235.40.243 - - [22/Nov/2009:00:19:53 +0800] "GET /favicon.ico HTTP/1.1" 404 279 "-" "Mozilla/4.0 (compatible; MSIE 7.0; Windows NT 5.1; Maxthon 2.0)"
208.115.111.246 - - [22/Nov/2009:00:19:52 +0800] "GET /fangchan/2004-04/20/content_2005655.htm HTTP/1.1" 200 26711 "-" "Mozilla/5.0 (compatible; DotBot/1.1; http://www.dotnetdotcom.org/, crawler@dotnetdotcom.org)"
202.160.178.165 - - [22/Nov/2009:00:19:57 +0800] "GET /fangchan/2005-08/01/content_4770666.htm HTTP/1.0" 200 44917 "-" "Mozilla/5.0 (compatible; Yahoo! Slurp China; http://misc.yahoo.com.cn/help.html)"
123.235.40.243 - - [22/Nov/2009:00:19:58 +0800] "GET /news/2002-12/29/xin_9eb6c6dd8d9f406aa6266b603e90c1ba.jpg HTTP/1.1" 200 25564 "http://image.baidu.com/i?ct=503316480&z=0&tn=baiduimagedetail&word=%B6%AC%BC%BE%B2%B6%D3%E3%BD%DA&in=30817&cl=2&cm=1&sc=0&lm=-1&pn=101&rn=1&di=7249453776&ln=645&fr=&ic=0&s=0" "Mozilla/4.0 (compatible; MSIE 7.0; Windows NT 5.1; .NET CLR 1.1.4322)"
123.235.40.243 - - [22/Nov/2009:00:20:00 +0800] "GET / HTTP/1.1" 200 145583 "-" "-"
123.235.40.243 - - [22/Nov/2009:00:20:00 +0800] "GET / HTTP/1.1" 200 145583 "-" "-"
123.235.40.243 - - [22/Nov/2009:00:20:00 +0800] "GET / HTTP/1.1" 200 145583 "-" "-"
123.235.40.243 - - [22/Nov/2009:00:20:00 +0800] "GET / HTTP/1.1" 200 145583 "-" "-"
61.129.34.183 - - [22/Nov/2009:00:20:00 +0800] "GET / HTTP/1.1" 200 145583 "-" "-"
61.129.34.183 - - [22/Nov/2009:00:20:00 +0800] "GET / HTTP/1.1" 200 145583 "-" "-"
61.129.34.183 - - [22/Nov/2009:00:20:00 +0800] "GET / HTTP/1.1" 200 145583 "-" "-"
61.129.34.183 - - [22/Nov/2009:00:20:00 +0800] "GET / HTTP/1.1" 200 145583 "-" "-"
121.14.234.178 - - [22/Nov/2009:00:20:00 +0800] "GET / HTTP/1.1" 200 145583 "-" "-"
121.14.234.178 - - [22/Nov/2009:00:20:00 +0800] "GET / HTTP/1.1" 200 145583 "-" "-"
121.14.234.178 - - [22/Nov/2009:00:20:00 +0800] "GET / HTTP/1.1" 200 145583 "-" "-"
119.147.105.245 - - [22/Nov/2009:00:20:00 +0800] "GET / HTTP/1.1" 200 145583 "-" "-"
121.14.234.178 - - [22/Nov/2009:00:20:00 +0800] "GET / HTTP/1.1" 200 145583 "-" "-"
119.147.105.245 - - [22/Nov/2009:00:20:00 +0800] "GET / HTTP/1.1" 200 145583 "-" "-"
119.147.105.245 - - [22/Nov/2009:00:20:00 +0800] "GET / HTTP/1.1" 200 145583 "-" "-"
123.235.40.242 - - [22/Nov/2009:00:20:00 +0800] "GET / HTTP/1.1" 200 145583 "-" "-"
119.147.105.245 - - [22/Nov/2009:00:20:00 +0800] "GET / HTTP/1.1" 200 145583 "-" "-"
123.235.40.242 - - [22/Nov/2009:00:20:00 +0800] "GET / HTTP/1.1" 200 145583 "-" "-"
123.235.40.242 - - [22/Nov/2009:00:20:00 +0800] "GET / HTTP/1.1" 200 145583 "-" "-"
123.235.40.242 - - [22/Nov/2009:00:20:00 +0800] "GET / HTTP/1.1" 200 145583 "-" "-"
117.23.204.247 - - [22/Nov/2009:00:20:00 +0800] "GET / HTTP/1.1" 200 145583 "-" "-"
117.23.204.247 - - [22/Nov/2009:00:20:00 +0800] "GET / HTTP/1.1" 200 145583 "-" "-"
117.23.204.247 - - [22/Nov/2009:00:20:00 +0800] "GET / HTTP/1.1" 200 145583 "-" "-"
117.23.204.247 - - [22/Nov/2009:00:20:00 +0800] "GET / HTTP/1.1" 200 145583 "-" "-"
58.215.110.209 - - [22/Nov/2009:00:20:00 +0800] "GET / HTTP/1.1" 200 145583 "-" "-"
58.215.110.209 - - [22/Nov/2009:00:20:00 +0800] "GET / HTTP/1.1" 200 145583 "-" "-"
58.215.110.209 - - [22/Nov/2009:00:20:00 +0800] "GET / HTTP/1.1" 200 145583 "-" "-"
58.215.110.209 - - [22/Nov/2009:00:20:00 +0800] "GET / HTTP/1.1" 200 145583 "-" "-"
61.164.61.68 - - [22/Nov/2009:00:20:01 +0800] "GET / HTTP/1.1" 200 145583 "-" "-"
61.164.61.68 - - [22/Nov/2009:00:20:01 +0800] "GET / HTTP/1.1" 200 145583 "-" "-"
221.192.149.81 - - [22/Nov/2009:00:20:01 +0800] "GET / HTTP/1.1" 200 145583 "-" "-"
202.108.251.39 - - [22/Nov/2009:00:20:01 +0800] "GET / HTTP/1.1" 200 145583 "-" "-"
202.108.251.39 - - [22/Nov/2009:00:20:01 +0800] "GET / HTTP/1.1" 200 145583 "-" "-"
221.192.149.81 - - [22/Nov/2009:00:20:01 +0800] "GET / HTTP/1.1" 200 145583 "-" "-"
202.108.251.39 - - [22/Nov/2009:00:20:01 +0800] "GET / HTTP/1.1" 200 145583 "-" "-"
202.108.251.39 - - [22/Nov/2009:00:20:01 +0800] "GET / HTTP/1.1" 200 145583 "-" "-"
221.192.149.81 - - [22/Nov/2009:00:20:01 +0800] "GET / HTTP/1.1" 200 145583 "-" "-"
61.164.61.68 - - [22/Nov/2009:00:20:01 +0800] "GET / HTTP/1.1" 200 145583 "-" "-"
61.164.61.68 - - [22/Nov/2009:00:20:01 +0800] "GET / HTTP/1.1" 200 145583 "-" "-"
221.192.149.81 - - [22/Nov/2009:00:20:01 +0800] "GET / HTTP/1.1" 200 145583 "-" "-"
59.175.131.253 - - [22/Nov/2009:00:20:01 +0800] "GET / HTTP/1.1" 200 145583 "-" "-"
59.175.131.253 - - [22/Nov/2009:00:20:01 +0800] "GET / HTTP/1.1" 200 145583 "-" "-"
59.175.131.253 - - [22/Nov/2009:00:20:01 +0800] "GET / HTTP/1.1" 200 145583 "-" "-"
59.175.131.253 - - [22/Nov/2009:00:20:01 +0800] "GET / HTTP/1.1" 200 145583 "-" "-"
222.141.52.126 - - [22/Nov/2009:00:20:01 +0800] "GET / HTTP/1.1" 200 145583 "-" "-"
222.141.52.126 - - [22/Nov/2009:00:20:01 +0800] "GET / HTTP/1.1" 200 145583 "-" "-"
123.235.40.243 - - [22/Nov/2009:00:20:01 +0800] "GET /shengqing/2004-04/03/content_1908755.htm HTTP/1.1" 304 - "-" "Mozilla/5.0 (compatible; Yahoo! Slurp China; http://misc.yahoo.com.cn/help.html)"
222.141.52.126 - - [22/Nov/2009:00:20:01 +0800] "GET / HTTP/1.1" 200 145583 "-" "-"
222.141.52.126 - - [22/Nov/2009:00:20:01 +0800] "GET / HTTP/1.1" 200 145583 "-" "-"
218.213.69.115 - - [22/Nov/2009:00:20:01 +0800] "GET / HTTP/1.1" 200 145583 "-" "-"
218.213.69.115 - - [22/Nov/2009:00:20:01 +0800] "GET / HTTP/1.1" 200 145583 "-" "-"
218.213.69.115 - - [22/Nov/2009:00:20:02 +0800] "GET / HTTP/1.1" 200 145583 "-" "-"
123.235.40.242 - - [22/Nov/2009:00:20:02 +0800] "GET /newscenter/2009-11/21/content_18293411.htm HTTP/1.1" 304 - "-" "-"
203.208.60.91 - - [22/Nov/2009:00:20:02 +0800] "GET /newscenter/yaowen/index.htm HTTP/1.1" 304 - "-" "Mozilla/5.0 (compatible; Googlebot/2.1; +http://www.google.com/bot.html)"
218.213.69.115 - - [22/Nov/2009:00:20:02 +0800] "GET / HTTP/1.1" 200 145583 "-" "-"
202.108.251.39 - - [22/Nov/2009:00:20:04 +0800] "GET /newscenter/yaowen/index.htm HTTP/1.1" 304 - "-" "Microsoft URL Control - 6.00.8862"
202.108.251.39 - - [22/Nov/2009:00:20:05 +0800] "GET /newscenter/2009-11/21/content_18293416.htm HTTP/1.1" 304 - "-" "Mozilla/5.0 (compatible; Yahoo! Slurp China; http://misc.yahoo.com.cn/help.html)"
123.235.40.243 - - [22/Nov/2009:00:20:06 +0800] "GET /2006shangye/2009-11/18/content_18265026.htm HTTP/1.1" 304 - "-" "Mozilla/4.0+(compatible;+MSIE+7.0;+Windows+NT+5.1;+.NET+CLR+2.0.50727)"
208.115.111.246 - - [22/Nov/2009:00:20:06 +0800] "GET /fangchan/2004-04/20/content_2005674.htm HTTP/1.1" 200 27529 "-" "Mozilla/5.0 (compatible; DotBot/1.1; http://www.dotnetdotcom.org/, crawler@dotnetdotcom.org)"
117.23.204.247 - - [22/Nov/2009:00:20:07 +0800] "HEAD /shangye/yiyao/index.htm HTTP/1.1" 304 - "http://www.jl.xinhuanet.com/shangye/yiyao/index.htm" "Sosonewsspider+(+http://help.soso.com/soso-news-spider.htm)"
117.23.204.247 - - [22/Nov/2009:00:20:07 +0800] "GET /shangye/yiyao/index.htm HTTP/1.1" 304 - "http://www.jl.xinhuanet.com/shangye/yiyao/index.htm" "Sosonewsspider+(+http://help.soso.com/soso-news-spider.htm)"
67.195.114.227 - - [22/Nov/2009:00:20:07 +0800] "GET /2006shangye/2009-11/19/content_18277051.htm HTTP/1.0" 200 20168 "-" "Mozilla/5.0 (compatible; Yahoo! Slurp/3.0; http://help.yahoo.com/help/us/ysearch/slurp)"
67.195.114.227 - - [22/Nov/2009:00:20:08 +0800] "GET /jujiao/changzheng/changzheng/text2.htm HTTP/1.0" 200 14121 "-" "Mozilla/5.0 (compatible; Yahoo! Slurp/3.0; http://help.yahoo.com/help/us/ysearch/slurp)"
59.175.131.253 - - [22/Nov/2009:00:20:08 +0800] "GET /newscenter/2007-01/08/xin_510104081005543181519.jpg HTTP/1.1" 304 - "http://image.baidu.com/i?ct=503316480&z=0&tn=baiduimagedetail&word=%C3%C0%C5%AE%C9%AB%C7%E9&in=12913&cl=2&cm=1&sc=0&lm=-1&pn=17&rn=1&di=11054963248&ln=2000&fr=&ic=0&s=0" "Mozilla/4.0 (compatible; MSIE 6.0; Windows NT 5.1; SV1; Sicent1; Sicent)"
221.192.149.81 - - [22/Nov/2009:00:20:09 +0800] "GET /newscenter/2009-07/29/content_17240662.htm HTTP/1.1" 304 - "http://www.baidu.com/s?wd=%C4%CF%B9%D8%B7%B7%B6%BE%C8%CB%D4%B1++++++++&word=%C4%CF%B9%D8%B7%B7%B6%BE%C8%CB%D4%B1++++++++&tn=sitehao123" "Mozilla/4.0 (compatible; MSIE 6.0; Windows NT 5.1; SV1; GTB6)"
221.192.149.81 - - [22/Nov/2009:00:20:09 +0800] "GET /home/images/style.css HTTP/1.1" 304 - "http://www.jl.xinhuanet.com/newscenter/2009-07/29/content_17240662.htm" "Mozilla/4.0 (compatible; MSIE 6.0; Windows NT 5.1; SV1; GTB6)"
221.192.149.81 - - [22/Nov/2009:00:20:09 +0800] "GET /newscenter/2009-07/29/xin_163070629150635912101.jpg HTTP/1.1" 304 - "http://www.jl.xinhuanet.com/newscenter/2009-07/29/content_17240662.htm" "Mozilla/4.0 (compatible; MSIE 6.0; Windows NT 5.1; SV1; GTB6)"
221.192.149.81 - - [22/Nov/2009:00:20:09 +0800] "GET /home/images/forum.gif HTTP/1.1" 304 - "http://www.jl.xinhuanet.com/newscenter/2009-07/29/content_17240662.htm" "Mozilla/4.0 (compatible; MSIE 6.0; Windows NT 5.1; SV1; GTB6)"
221.192.149.81 - - [22/Nov/2009:00:20:09 +0800] "GET /home/images/email.gif HTTP/1.1" 304 - "http://www.jl.xinhuanet.com/newscenter/2009-07/29/content_17240662.htm" "Mozilla/4.0 (compatible; MSIE 6.0; Windows NT 5.1; SV1; GTB6)"
221.192.149.81 - - [22/Nov/2009:00:20:09 +0800] "GET /home/images/close_c.gif HTTP/1.1" 304 - "http://www.jl.xinhuanet.com/newscenter/2009-07/29/content_17240662.htm" "Mozilla/4.0 (compatible; MSIE 6.0; Windows NT 5.1; SV1; GTB6)"
221.192.149.81 - - [22/Nov/2009:00:20:09 +0800] "GET /home/images/print.gif HTTP/1.1" 304 - "http://www.jl.xinhuanet.com/newscenter/2009-07/29/content_17240662.htm" "Mozilla/4.0 (compatible; MSIE 6.0; Windows NT 5.1; SV1; GTB6)"
221.192.149.81 - - [22/Nov/2009:00:20:09 +0800] "GET /newscenter/2009-07/29/xin_1630706291506859325412.jpg HTTP/1.1" 304 - "http://www.jl.xinhuanet.com/newscenter/2009-07/29/content_17240662.htm" "Mozilla/4.0 (compatible; MSIE 6.0; Windows NT 5.1; SV1; GTB6)"
221.192.149.81 - - [22/Nov/2009:00:20:09 +0800] "GET /mod2006/images/css.css HTTP/1.1" 304 - "http://www.jl.xinhuanet.com/mod2006/top.htm" "Mozilla/4.0 (compatible; MSIE 6.0; Windows NT 5.1; SV1; GTB6)"
221.192.149.81 - - [22/Nov/2009:00:20:09 +0800] "GET /newscenter/link-news/index.htm HTTP/1.1" 304 - "http://www.jl.xinhuanet.com/newscenter/2009-07/29/content_17240662.htm" "Mozilla/4.0 (compatible; MSIE 6.0; Windows NT 5.1; SV1; GTB6)"
221.192.149.81 - - [22/Nov/2009:00:20:09 +0800] "GET /home/bottom.htm HTTP/1.1" 304 - "http://www.jl.xinhuanet.com/newscenter/2009-07/29/content_17240662.htm" "Mozilla/4.0 (compatible; MSIE 6.0; Windows NT 5.1; SV1; GTB6)"
221.192.149.81 - - [22/Nov/2009:00:20:09 +0800] "GET /newscenter/link-news/xin_48311062009091091938212.jpg HTTP/1.1" 304 - "http://www.jl.xinhuanet.com/newscenter/link-news/index.htm" "Mozilla/4.0 (compatible; MSIE 6.0; Windows NT 5.1; SV1; GTB6)"
221.192.149.81 - - [22/Nov/2009:00:20:09 +0800] "GET /newscenter/link-news/xin_09311061909156871179521.jpg HTTP/1.1" 304 - "http://www.jl.xinhuanet.com/newscenter/link-news/index.htm" "Mozilla/4.0 (compatible; MSIE 6.0; Windows NT 5.1; SV1; GTB6)"
221.192.149.81 - - [22/Nov/2009:00:20:09 +0800] "GET /newscenter/link-news/xin_4531106180900453290489.jpg HTTP/1.1" 304 - "http://www.jl.xinhuanet.com/newscenter/link-news/index.htm" "Mozilla/4.0 (compatible; MSIE 6.0; Windows NT 5.1; SV1; GTB6)"
221.192.149.81 - - [22/Nov/2009:00:20:09 +0800] "GET /newscenter/link-news/xin_13311061710289211472119.jpg HTTP/1.1" 304 - "http://www.jl.xinhuanet.com/newscenter/link-news/index.htm" "Mozilla/4.0 (compatible; MSIE 6.0; Windows NT 5.1; SV1; GTB6)"
221.192.149.81 - - [22/Nov/2009:00:20:09 +0800] "GET /newscenter/link-news/xin_1131106170905140981510.jpg HTTP/1.1" 304 - "http://www.jl.xinhuanet.com/newscenter/link-news/index.htm" "Mozilla/4.0 (compatible; MSIE 6.0; Windows NT 5.1; SV1; GTB6)"
221.192.149.81 - - [22/Nov/2009:00:20:09 +0800] "GET /newscenter/link-news/xin_0031106151150718146348.jpg HTTP/1.1" 304 - "http://www.jl.xinhuanet.com/newscenter/link-news/index.htm" "Mozilla/4.0 (compatible; MSIE 6.0; Windows NT 5.1; SV1; GTB6)"
202.160.180.25 - - [22/Nov/2009:00:20:13 +0800] "GET /newscenter/2008-06/24/content_13621193.htm HTTP/1.0" 200 17290 "-" "Mozilla/5.0 (compatible; Yahoo! Slurp China; http://misc.yahoo.com.cn/help.html)"
202.108.251.39 - - [22/Nov/2009:00:20:15 +0800] "GET /newscenter/2009-08/20/content_17457181.htm HTTP/1.1" 304 - "-" "Mozilla/5.0 (compatible; Yahoo! Slurp China; http://misc.yahoo.com.cn/help.html)"
117.23.204.247 - - [22/Nov/2009:00:20:15 +0800] "GET /shangye/2007-08/15/content_10866843.htm HTTP/1.1" 304 - "-" "Sosospider+(+http://help.soso.com/webspider.htm)"
210.184.130.138 - - [22/Nov/2009:00:20:17 +0800] "GET /newscenter/link-news/xin_0031106151150718146348.jpg HTTP/1.1" 304 - "-" "Mozilla/4.0 (compatible;)"
208.115.111.246 - - [22/Nov/2009:00:20:17 +0800] "GET /fangchan/2004-04/20/content_2005677.htm HTTP/1.1" 200 23899 "-" "Mozilla/5.0 (compatible; DotBot/1.1; http://www.dotnetdotcom.org/, crawler@dotnetdotcom.org)"
71.185.108.208 - - [22/Nov/2009:00:20:19 +0800] "GET /maomao.gif HTTP/1.0" 200 43 "http://www.sxshy.com/" "Mozilla/4.0 (compatible; MSIE 7.0; Windows NT 6.0; SLCC1; .NET CLR 2.0.50727; Media Center PC 5.0; Tablet PC 2.0; .NET CLR 3.5.30729; .NET CLR 3.0.30618)"
117.23.204.247 - - [22/Nov/2009:00:20:19 +0800] "GET /newscenter/2006-06/15/content_7264869.htm HTTP/1.1" 304 - "-" "Sosospider+(+http://help.soso.com/webspider.htm)"
203.208.60.168 - - [22/Nov/2009:00:20:19 +0800] "GET /xhsjzkjl/index.htm HTTP/1.1" 304 - "-" "Mozilla/5.0 (compatible; Googlebot/2.1; +http://www.google.com/bot.html)"
202.160.178.121 - - [22/Nov/2009:00:20:22 +0800] "GET /newscenter/2005-01/09/content_3530764.htm HTTP/1.0" 200 15076 "-" "Mozilla/5.0 (compatible; Yahoo! Slurp China; http://misc.yahoo.com.cn/help.html)"
58.215.110.209 - - [22/Nov/2009:00:20:23 +0800] "GET /favicon.ico HTTP/1.1" 404 279 "-" "Mozilla/4.0 (compatible; MSIE 7.0; Windows NT 6.0; Mozilla/4.0 (compatible; MSIE 6.0; Windows NT 5.1; SV1) ; SLCC1; .NET CLR 2.0.50727; .NET CLR 3.0.04506)"
123.235.40.243 - - [22/Nov/2009:00:20:25 +0800] "GET /newscenter/2007-02/26/content_9359302.htm HTTP/1.1" 304 - "-" "Mozilla/5.0 (compatible; Yahoo! Slurp China; http://misc.yahoo.com.cn/help.html)"
117.23.204.247 - - [22/Nov/2009:00:20:26 +0800] "GET /shangye/2007-08/15/image/yangshi.css HTTP/1.1" 404 300 "http://jl.xinhuanet.com/shangye/2007-08/15/content_10866843.htm" "Sosospider+(+http://help.soso.com/webspider.htm)"
117.23.204.247 - - [22/Nov/2009:00:20:26 +0800] "GET /shangye/2007-08/15/image/http%7C/www.jl.xinhuanet.com/shangye/jiaoyu/image/yangshi.css HTTP/1.1" 404 348 "http://jl.xinhuanet.com/shangye/2007-08/15/content_10866843.htm" "Sosospider+(+http://help.soso.com/webspider.htm)"
124.115.4.226 - - [22/Nov/2009:00:20:28 +0800] "GET /fangchan/2005-03/31/xin_11030231092659319751.JPG HTTP/1.1" 200 70566 "http://image.soso.com" "Sosoimagespider+(+http://help.soso.com/soso-image-spider.htm)"
208.115.111.246 - - [22/Nov/2009:00:20:28 +0800] "GET /jujiao/2007-03/27/content_9624612.htm HTTP/1.1" 200 14923 "-" "Mozilla/5.0 (compatible; DotBot/1.1; http://www.dotnetdotcom.org/, crawler@dotnetdotcom.org)"
203.208.60.75 - - [22/Nov/2009:00:20:30 +0800] "GET /newscenter/rdwp/index.htm HTTP/1.1" 304 - "-" "Mozilla/5.0 (compatible; Googlebot/2.1; +http://www.google.com/bot.html)"
117.23.204.247 - - [22/Nov/2009:00:20:31 +0800] "GET /newscenter/2005-08/04/content_4796068.htm HTTP/1.1" 200 15927 "-" "Sosospider+(+http://help.soso.com/webspider.htm)"
203.208.60.227 - - [22/Nov/2009:00:20:32 +0800] "GET /newscenter/tupian/index.htm HTTP/1.1" 304 - "-" "Mozilla/5.0 (compatible; Googlebot/2.1; +http://www.google.com/bot.html)"
202.108.251.39 - - [22/Nov/2009:00:20:33 +0800] "GET /2006shangye/2009-11/03/content_18126680.htm HTTP/1.1" 304 - "-" "Mozilla/5.0 (compatible; Yahoo! Slurp China; http://misc.yahoo.com.cn/help.html)"
67.195.114.244 - - [22/Nov/2009:00:20:32 +0800] "GET /newscenter/2005-10/31/content_5470554.htm HTTP/1.0" 200 18513 "-" "Mozilla/5.0 (compatible; Yahoo! Slurp/3.0; http://help.yahoo.com/help/us/ysearch/slurp)"
58.215.110.209 - - [22/Nov/2009:00:20:34 +0800] "GET /1.htm HTTP/1.1" 304 - "http://mw.0437.gov.cn/bar.asp?id=500&url=http://mw.0437.gov.cn/show/500.html" "Mozilla/4.0 (compatible; MSIE 6.0; Windows NT 5.1; SV1; Mozilla/4.0 (compatible; MSIE 6.0; Windows NT 5.1; SV1) ; .NET CLR 2.0.50727)"
121.14.234.178 - - [22/Nov/2009:00:20:36 +0800] "GET /cysh/2005-01/27/xin_050102271519937269605.jpg HTTP/1.1" 304 - "-" "Mozilla/4.0 (compatible; MSIE 6.0; Windows NT 5.1; SV1; .NET CLR 1.1.4322)"
121.14.234.178 - - [22/Nov/2009:00:20:36 +0800] "GET /cysh/2005-01/27/content_3643571_1.htm HTTP/1.1" 304 - "-" "Mozilla/4.0 (compatible; MSIE 6.0; Windows NT 5.1; SV1; .NET CLR 1.1.4322)"
208.115.111.246 - - [22/Nov/2009:00:20:37 +0800] "GET /jujiao/qiche/qiche1.htm HTTP/1.1" 200 12368 "-" "Mozilla/5.0 (compatible; DotBot/1.1; http://www.dotnetdotcom.org/, crawler@dotnetdotcom.org)"
203.192.6.83 - - [22/Nov/2009:00:20:38 +0800] "GET /newscenter/2008-03/23/content_12766582.htm HTTP/1.1" 200 17467 "-" "Mozilla/5.0 (compatible; Googlebot/2.1; +http://www.google.com/bot.html)"
61.135.152.119 - - [22/Nov/2009:00:20:39 +0800] "GET /cysh/2005-01/27/xin_03010227151607802931.jpg HTTP/1.1" 200 33308 "-" "Mozilla/4.0 (compatible; MSIE 6.0; Windows NT 5.1; SV1; .NET CLR 1.1.4322)"
61.135.152.119 - - [22/Nov/2009:00:20:39 +0800] "GET /cysh/2005-01/27/content_3643571.htm HTTP/1.1" 200 21913 "-" "Mozilla/4.0 (compatible; MSIE 6.0; Windows NT 5.1; SV1; .NET CLR 1.1.4322)"
221.192.149.81 - - [22/Nov/2009:00:20:39 +0800] "GET /newscenter/picture/index.htm HTTP/1.1" 304 - "-" "Baiduspider-news+(+http://www.baidu.com/search/spider.htm)"
222.141.52.126 - - [22/Nov/2009:00:20:40 +0800] "GET /newscenter/2009-11/20/content_18281532.htm HTTP/1.1" 304 - "http://www.soso.com/q?w=%B4%F2%BB%F7%BC%D9%B1%D2&sc=web&ch=w.h&gid=&cin=Ggaft0d8d4WoQ1PtPDAUl34v2M83pz6X&site=&num=10&lr=&htn=5" "Mozilla/4.0 (compatible; MSIE 7.0; Windows NT 5.1; QQDownload 570; GTB6)"
124.115.0.15 - - [22/Nov/2009:00:20:40 +0800] "GET /shangye/tongyu/zhaoshangyinzi/30.htm HTTP/1.1" 200 4560 "-" "Sosospider+(+http://help.soso.com/webspider.htm)"
117.23.204.247 - - [22/Nov/2009:00:20:40 +0800] "GET /mod2006/top.htm HTTP/1.1" 304 - "http://www.jl.xinhuanet.com/mod2006/top.htm" "Mozilla/4.0 (compatible; MSIE 6.0; Windows NT 5.1)"
117.23.204.247 - - [22/Nov/2009:00:20:40 +0800] "GET /newscenter/link-news/index.htm HTTP/1.1" 304 - "http://www.jl.xinhuanet.com/newscenter/link-news/index.htm" "Mozilla/4.0 (compatible; MSIE 6.0; Windows NT 5.1)"
203.208.60.211 - - [22/Nov/2009:00:20:43 +0800] "GET /news/2004-12/28/xin_a84db7f6b84b4b00851a6bc0915c66bb_33.jpg HTTP/1.1" 200 6779 "-" "Googlebot-Image/1.0"
203.208.60.77 - - [22/Nov/2009:00:20:43 +0800] "GET /newscenter/fzsh/index.htm HTTP/1.1" 304 - "-" "Mozilla/5.0 (compatible; Googlebot/2.1; +http://www.google.com/bot.html)"
65.55.104.142 - - [22/Nov/2009:00:20:44 +0800] "GET / HTTP/1.1" 200 145583 "-" "msnbot-NewsBlogs/1.1 (+http://search.msn.com/msnbot.htm)"
203.192.6.88 - - [22/Nov/2009:00:20:47 +0800] "GET /newscenter/2007-11/23/content_11747904.htm HTTP/1.1" 200 17592 "-" "Mozilla/5.0 (compatible; Googlebot/2.1; +http://www.google.com/bot.html)"
208.115.111.246 - - [22/Nov/2009:00:20:46 +0800] "GET /lhzt/index.htm HTTP/1.1" 200 36251 "-" "Mozilla/5.0 (compatible; DotBot/1.1; http://www.dotnetdotcom.org/, crawler@dotnetdotcom.org)"
203.192.6.76 - - [22/Nov/2009:00:20:48 +0800] "GET /newscenter/2009-02/17/content_15717233.htm HTTP/1.1" 200 17838 "-" "Mozilla/5.0 (compatible; Googlebot/2.1; +http://www.google.com/bot.html)"
69.191.211.202 - - [22/Nov/2009:00:20:47 +0800] "GET / HTTP/1.1" 200 145583 "-" "BLP_bbot/0.1"
202.108.251.39 - - [22/Nov/2009:00:20:50 +0800] "GET /newscenter/2005-11/13/content_5572398_2.htm HTTP/1.1" 200 16587 "-" "Mozilla/5.0 (compatible; Yahoo! Slurp China; http://misc.yahoo.com.cn/help.html)"
203.192.6.86 - - [22/Nov/2009:00:20:51 +0800] "GET /fangchan/2004-04/30/content_2067090.htm HTTP/1.1" 200 11573 "-" "Mozilla/5.0 (compatible; Yahoo! Slurp/3.0; http://help.yahoo.com/help/us/ysearch/slurp)"
202.108.251.39 - - [22/Nov/2009:00:20:51 +0800] "GET /misc/2008-12/09/content_15134082.htm HTTP/1.1" 304 - "-" "Mozilla/5.0 (compatible; Yahoo! Slurp China; http://misc.yahoo.com.cn/help.html)"
65.55.207.74 - - [22/Nov/2009:00:20:54 +0800] "GET /leaders/2007-12/28/content_12076934.htm HTTP/1.1" 304 - "-" "msnbot/2.0b (+http://search.msn.com/msnbot.htm)"
208.115.111.246 - - [22/Nov/2009:00:20:55 +0800] "GET /main/2001005/liuhe/200125019.htm HTTP/1.1" 200 7898 "-" "Mozilla/5.0 (compatible; DotBot/1.1; http://www.dotnetdotcom.org/, crawler@dotnetdotcom.org)"
117.23.204.247 - - [22/Nov/2009:00:20:56 +0800] "GET /news/2003-11/28/content_1264477.htm HTTP/1.1" 304 - "-" "Sosospider+(+http://help.soso.com/webspider.htm)"
203.208.60.67 - - [22/Nov/2009:00:21:00 +0800] "GET /newscenter/yljd/index.htm HTTP/1.1" 304 - "-" "Mozilla/5.0 (compatible; Googlebot/2.1; +http://www.google.com/bot.html)"
123.235.40.243 - - [22/Nov/2009:00:21:00 +0800] "GET / HTTP/1.1" 200 145583 "-" "-"
123.235.40.243 - - [22/Nov/2009:00:21:00 +0800] "GET / HTTP/1.1" 200 145583 "-" "-"
123.235.40.243 - - [22/Nov/2009:00:21:00 +0800] "GET / HTTP/1.1" 200 145583 "-" "-"
123.235.40.243 - - [22/Nov/2009:00:21:00 +0800] "GET / HTTP/1.1" 200 145583 "-" "-"
121.194.1.104 - - [22/Nov/2009:00:21:00 +0800] "GET / HTTP/1.1" 200 145583 "-" "-"
61.129.34.183 - - [22/Nov/2009:00:21:00 +0800] "GET / HTTP/1.1" 200 145583 "-" "-"
61.129.34.183 - - [22/Nov/2009:00:21:00 +0800] "GET / HTTP/1.1" 200 145583 "-" "-"
117.23.204.247 - - [22/Nov/2009:00:21:00 +0800] "GET / HTTP/1.1" 200 145583 "-" "-"
117.23.204.247 - - [22/Nov/2009:00:21:00 +0800] "GET / HTTP/1.1" 200 145583 "-" "-"
61.129.34.183 - - [22/Nov/2009:00:21:00 +0800] "GET / HTTP/1.1" 200 145583 "-" "-"
61.129.34.183 - - [22/Nov/2009:00:21:00 +0800] "GET / HTTP/1.1" 200 145583 "-" "-"
117.23.204.247 - - [22/Nov/2009:00:21:00 +0800] "GET / HTTP/1.1" 200 145583 "-" "-"
121.14.234.178 - - [22/Nov/2009:00:21:00 +0800] "GET / HTTP/1.1" 200 145583 "-" "-"
121.14.234.178 - - [22/Nov/2009:00:21:00 +0800] "GET / HTTP/1.1" 200 145583 "-" "-"
123.235.40.242 - - [22/Nov/2009:00:21:00 +0800] "GET / HTTP/1.1" 200 145583 "-" "-"
117.23.204.247 - - [22/Nov/2009:00:21:00 +0800] "GET / HTTP/1.1" 200 145583 "-" "-"
121.14.234.178 - - [22/Nov/2009:00:21:00 +0800] "GET / HTTP/1.1" 200 145583 "-" "-"
123.235.40.242 - - [22/Nov/2009:00:21:00 +0800] "GET / HTTP/1.1" 200 145583 "-" "-"
123.235.40.242 - - [22/Nov/2009:00:21:00 +0800] "GET / HTTP/1.1" 200 145583 "-" "-"
58.215.110.209 - - [22/Nov/2009:00:21:00 +0800] "GET / HTTP/1.1" 200 145583 "-" "-"
121.14.234.178 - - [22/Nov/2009:00:21:00 +0800] "GET / HTTP/1.1" 200 145583 "-" "-"
58.215.110.209 - - [22/Nov/2009:00:21:00 +0800] "GET / HTTP/1.1" 200 145583 "-" "-"
123.235.40.242 - - [22/Nov/2009:00:21:00 +0800] "GET / HTTP/1.1" 200 145583 "-" "-"
61.164.61.68 - - [22/Nov/2009:00:21:00 +0800] "GET / HTTP/1.1" 200 145583 "-" "-"
61.164.61.68 - - [22/Nov/2009:00:21:00 +0800] "GET / HTTP/1.1" 200 145583 "-" "-"
58.215.110.209 - - [22/Nov/2009:00:21:00 +0800] "GET / HTTP/1.1" 200 145583 "-" "-"
58.215.110.209 - - [22/Nov/2009:00:21:00 +0800] "GET / HTTP/1.1" 200 145583 "-" "-"
61.164.61.68 - - [22/Nov/2009:00:21:00 +0800] "GET / HTTP/1.1" 200 145583 "-" "-"
61.164.61.68 - - [22/Nov/2009:00:21:00 +0800] "GET / HTTP/1.1" 200 145583 "-" "-"
59.175.131.253 - - [22/Nov/2009:00:21:00 +0800] "GET / HTTP/1.1" 200 145583 "-" "-"
59.175.131.253 - - [22/Nov/2009:00:21:00 +0800] "GET / HTTP/1.1" 200 145583 "-" "-"
59.175.131.253 - - [22/Nov/2009:00:21:00 +0800] "GET / HTTP/1.1" 200 145583 "-" "-"
59.175.131.253 - - [22/Nov/2009:00:21:00 +0800] "GET / HTTP/1.1" 200 145583 "-" "-"
