119.147.104.181 - - [28/Jun/2009:00:13:00 +0800] "GET / HTTP/1.1" 200 146325 "-" "-"
123.235.40.242 - - [28/Jun/2009:00:13:00 +0800] "GET / HTTP/1.1" 200 146325 "-" "-"
119.147.104.181 - - [28/Jun/2009:00:13:00 +0800] "GET / HTTP/1.1" 200 146325 "-" "-"
123.235.40.242 - - [28/Jun/2009:00:13:00 +0800] "GET / HTTP/1.1" 200 146325 "-" "-"
119.147.104.181 - - [28/Jun/2009:00:13:00 +0800] "GET / HTTP/1.1" 200 146325 "-" "-"
117.23.204.247 - - [28/Jun/2009:00:13:00 +0800] "GET / HTTP/1.1" 200 146325 "-" "-"
117.23.204.247 - - [28/Jun/2009:00:13:00 +0800] "GET / HTTP/1.1" 200 146325 "-" "-"
117.23.204.247 - - [28/Jun/2009:00:13:01 +0800] "GET / HTTP/1.1" 200 146325 "-" "-"
117.23.204.247 - - [28/Jun/2009:00:13:01 +0800] "GET / HTTP/1.1" 200 146325 "-" "-"
61.164.61.68 - - [28/Jun/2009:00:13:01 +0800] "GET / HTTP/1.1" 200 146325 "-" "-"
61.164.61.68 - - [28/Jun/2009:00:13:01 +0800] "GET / HTTP/1.1" 200 146325 "-" "-"
61.164.61.68 - - [28/Jun/2009:00:13:01 +0800] "GET / HTTP/1.1" 200 146325 "-" "-"
58.215.110.209 - - [28/Jun/2009:00:13:01 +0800] "GET / HTTP/1.1" 200 146325 "-" "-"
61.164.61.68 - - [28/Jun/2009:00:13:01 +0800] "GET / HTTP/1.1" 200 146325 "-" "-"
58.215.110.209 - - [28/Jun/2009:00:13:01 +0800] "GET / HTTP/1.1" 200 146325 "-" "-"
58.215.110.209 - - [28/Jun/2009:00:13:01 +0800] "GET / HTTP/1.1" 200 146325 "-" "-"
58.215.110.209 - - [28/Jun/2009:00:13:01 +0800] "GET / HTTP/1.1" 200 146325 "-" "-"
221.192.149.81 - - [28/Jun/2009:00:13:01 +0800] "GET / HTTP/1.1" 200 146325 "-" "-"
221.192.149.81 - - [28/Jun/2009:00:13:01 +0800] "GET / HTTP/1.1" 200 146325 "-" "-"
221.192.149.81 - - [28/Jun/2009:00:13:01 +0800] "GET / HTTP/1.1" 200 146325 "-" "-"
221.192.149.81 - - [28/Jun/2009:00:13:01 +0800] "GET / HTTP/1.1" 200 146325 "-" "-"
218.213.69.115 - - [28/Jun/2009:00:13:01 +0800] "GET / HTTP/1.1" 200 146325 "-" "-"
218.213.69.115 - - [28/Jun/2009:00:13:01 +0800] "GET / HTTP/1.1" 200 146325 "-" "-"
218.103.219.168 - - [28/Jun/2009:00:13:00 +0800] "GET /newscenter/2009-01/11/xin_2430106111245281157837.jpg HTTP/1.0" 200 101689 "http://www.e0436.net.cn/gb/new/2008-1/15/0941818134663780_362.html" "Mozilla/4.0 (compatible; MSIE 7.0; Windows NT 6.0; GTB6; SLCC1; .NET CLR 2.0.50727; Media Center PC 5.0; .NET CLR 3.0.04506; InfoPath.1)"
218.213.69.115 - - [28/Jun/2009:00:13:01 +0800] "GET / HTTP/1.1" 200 146325 "-" "-"
218.213.69.115 - - [28/Jun/2009:00:13:01 +0800] "GET / HTTP/1.1" 200 146325 "-" "-"
127.0.0.1 - - [28/Jun/2009:00:13:03 +0800] "GET / HTTP/1.0" 200 146325 "-" "Apache (internal dummy connection)"
219.68.34.24 - - [28/Jun/2009:00:13:01 +0800] "GET /newscenter/2009-01/11/xin_2430106111245281157837.jpg HTTP/1.0" 200 101689 "http://www.e0436.net.cn/gb/new/2009-5/6/095721445984472_881.html" "Mozilla/4.0 (compatible; MSIE 6.0; Windows NT 5.1; Foxy/1; SV1; GTB6)"
127.0.0.1 - - [28/Jun/2009:00:13:04 +0800] "GET / HTTP/1.0" 200 146325 "-" "Apache (internal dummy connection)"
202.108.251.39 - - [28/Jun/2009:00:13:04 +0800] "GET /jlzw/jjjs.htm HTTP/1.0" 304 - "-" "Baiduspider+(+http://www.baidu.com/search/spider.htm)"
202.108.251.39 - - [28/Jun/2009:00:13:04 +0800] "GET /shangye/shuma/index.htm HTTP/1.0" 304 - "-" "Baiduspider+(+http://www.baidu.com/search/spider.htm)"
202.108.251.39 - - [28/Jun/2009:00:13:04 +0800] "GET /jlzw/index.htm HTTP/1.0" 304 - "-" "Baiduspider+(+http://www.baidu.com/search/spider.htm)"
117.23.204.247 - - [28/Jun/2009:00:13:05 +0800] "GET /shangye/jiaoyu/undefined HTTP/1.0" 404 292 "http://www.jl.xinhuanet.com/shangye/jiaoyu/index.htm" "Mozilla/4.0 (compatible; MSIE 6.0; Windows NT 5.1; SV1)"
124.115.4.204 - - [28/Jun/2009:00:13:06 +0800] "HEAD /fangchan/2009-03/25/content_16057973.htm HTTP/1.1" 200 - "http://www.jl.xinhua.org/fangchan/2009-03/25/content_16057973.htm" "Sosospider+(+http://help.soso.com/webspider.htm)"
124.115.4.204 - - [28/Jun/2009:00:13:06 +0800] "GET /fangchan/2009-03/25/content_16057973.htm HTTP/1.1" 200 26525 "http://www.jl.xinhua.org/fangchan/2009-03/25/content_16057973.htm" "Sosospider+(+http://help.soso.com/webspider.htm)"
121.14.234.178 - - [28/Jun/2009:00:13:07 +0800] "GET /cysh/yishujia/content/bkc.htm HTTP/1.0" 200 13313 "-" "Baiduspider+(+http://www.baidu.com/search/spider.htm)"
222.141.52.126 - - [28/Jun/2009:00:13:08 +0800] "GET /1.htm HTTP/1.0" 304 - "http://mw.0437.gov.cn/bar.asp?id=500&url=http://mw.0437.gov.cn/show/500.html" "Mozilla/4.0 (compatible; MSIE 7.0; Windows NT 5.1; .NET CLR 1.1.4322)"
123.235.40.242 - - [28/Jun/2009:00:13:08 +0800] "GET /xhsjzkjl/2003/2003-09/29/content_1005460.htm HTTP/1.0" 200 5753 "-" "Mozilla/5.0 (compatible; Yahoo! Slurp China; http://misc.yahoo.com.cn/help.html)"
127.0.0.1 - - [28/Jun/2009:00:13:09 +0800] "GET / HTTP/1.0" 200 146325 "-" "Apache (internal dummy connection)"
123.235.40.243 - - [28/Jun/2009:00:13:13 +0800] "GET /newscenter/2009-04/30/content_16395160.htm HTTP/1.0" 304 - "-" "Mozilla/5.0 (compatible; Yahoo! Slurp China; http://misc.yahoo.com.cn/help.html)"
219.153.74.114 - - [28/Jun/2009:00:13:13 +0800] "GET /newscenter/2009-06/09/content_16752392.htm HTTP/1.0" 304 - "-" "Mozilla/4.0 (compatible; MSIE 5.01; Windows NT 5.0)"
123.235.40.243 - - [28/Jun/2009:00:13:13 +0800] "GET /newscenter/2008-http://www.56.com/u22/v_MzQyNjk0OTk.html HTTP/1.0" 404 320 "http://www.jl.xinhuanet.com/2008/erz/index.htm" "Mozilla/4.0 (compatible; MSIE 6.0; Windows NT 5.1; SV1)"
123.235.40.243 - - [28/Jun/2009:00:13:14 +0800] "GET /xhsjzkjl/2009-06/20/content_16866830.htm HTTP/1.0" 304 - "-" "Mozilla/5.0 (compatible; Yahoo! Slurp China; http://misc.yahoo.com.cn/help.html)"
219.153.74.114 - - [28/Jun/2009:00:13:14 +0800] "GET /newscenter/2009-06/09/content_16758602.htm HTTP/1.0" 304 - "-" "Mozilla/4.0 (compatible; MSIE 5.01; Windows NT 5.0)"
219.153.74.114 - - [28/Jun/2009:00:13:14 +0800] "GET /newscenter/2009-06/10/content_16762530.htm HTTP/1.0" 304 - "-" "Mozilla/4.0 (compatible; MSIE 5.01; Windows NT 5.0)"
119.147.104.181 - - [28/Jun/2009:00:13:14 +0800] "GET /images_new/images_2006/09_bk_05.jpg HTTP/1.0" 404 303 "http://www.jl.xinhuanet.com/" "Mozilla/5.0(compatible;MSIE/6.0+http://www.myspace.com)"
219.153.74.114 - - [28/Jun/2009:00:13:14 +0800] "GET /newscenter/2009-06/10/content_16762443.htm HTTP/1.0" 304 - "-" "Mozilla/4.0 (compatible; MSIE 5.01; Windows NT 5.0)"
203.208.60.104 - - [28/Jun/2009:00:13:14 +0800] "GET /jlzw/xwfb.htm HTTP/1.1" 304 - "-" "Mozilla/5.0 (compatible; Googlebot/2.1; +http://www.google.com/bot.html)"
219.153.74.114 - - [28/Jun/2009:00:13:15 +0800] "GET /newscenter/2009-06/10/content_16762812.htm HTTP/1.0" 304 - "-" "Mozilla/4.0 (compatible; MSIE 5.01; Windows NT 5.0)"
117.23.204.247 - - [28/Jun/2009:00:13:15 +0800] "GET /shangye/jiaoyu/undefined HTTP/1.0" 404 292 "http://www.jl.xinhuanet.com/shangye/jiaoyu/index.htm" "Mozilla/4.0 (compatible; MSIE 6.0; Windows NT 5.1; SV1)"
219.153.74.114 - - [28/Jun/2009:00:13:15 +0800] "GET /newscenter/2009-06/10/content_16763176.htm HTTP/1.0" 304 - "-" "Mozilla/4.0 (compatible; MSIE 5.01; Windows NT 5.0)"
203.208.60.141 - - [28/Jun/2009:00:13:15 +0800] "GET /jlzw/news.htm HTTP/1.1" 304 - "-" "Mozilla/5.0 (compatible; Googlebot/2.1; +http://www.google.com/bot.html)"
58.205.216.10 - - [28/Jun/2009:00:13:15 +0800] "GET / HTTP/1.1" 200 146325 "-" "-"
58.205.216.10 - - [28/Jun/2009:00:13:15 +0800] "GET / HTTP/1.1" 200 146325 "-" "-"
58.205.216.10 - - [28/Jun/2009:00:13:15 +0800] "GET / HTTP/1.1" 200 146325 "-" "-"
58.205.216.10 - - [28/Jun/2009:00:13:15 +0800] "GET / HTTP/1.1" 200 146325 "-" "-"
202.108.251.39 - - [28/Jun/2009:00:13:16 +0800] "GET /newscenter/yaowen/index.htm HTTP/1.0" 304 - "-" "Microsoft URL Control - 6.00.8862"
219.153.74.114 - - [28/Jun/2009:00:13:16 +0800] "GET /newscenter/2009-06/10/content_16763253.htm HTTP/1.0" 304 - "-" "Mozilla/4.0 (compatible; MSIE 5.01; Windows NT 5.0)"
219.153.74.114 - - [28/Jun/2009:00:13:16 +0800] "GET /newscenter/2009-06/10/content_16763177.htm HTTP/1.0" 304 - "-" "Mozilla/4.0 (compatible; MSIE 5.01; Windows NT 5.0)"
219.153.74.114 - - [28/Jun/2009:00:13:16 +0800] "GET /newscenter/2009-06/10/content_16763178.htm HTTP/1.0" 304 - "-" "Mozilla/4.0 (compatible; MSIE 5.01; Windows NT 5.0)"
219.153.74.114 - - [28/Jun/2009:00:13:17 +0800] "GET /newscenter/2009-06/10/content_16763179.htm HTTP/1.0" 304 - "-" "Mozilla/4.0 (compatible; MSIE 5.01; Windows NT 5.0)"
202.108.251.39 - - [28/Jun/2009:00:13:18 +0800] "GET /fangchan/zuixin.htm HTTP/1.0" 304 - "-" "Baiduspider+(+http://www.baidu.com/search/spider.htm)"
117.23.204.247 - - [28/Jun/2009:00:13:18 +0800] "GET /newscenter/2005-09/24/content_5207109.htm HTTP/1.0" 404 309 "http://www.jl.xinhuanet.com/newscenter/2005-09/24/content_5207109.htm" "Sosospider+(+http://help.soso.com/webspider.htm)"
119.147.104.181 - - [28/Jun/2009:00:13:19 +0800] "GET /shangye/2005-09/14/content_5125537.htm HTTP/1.0" 304 - "-" "Baiduspider+(+http://www.baidu.com/search/spider.htm)"
202.108.251.39 - - [28/Jun/2009:00:13:19 +0800] "GET /newscenter/jiceng/index.htm HTTP/1.0" 304 - "-" "Baiduspider+(+http://www.baidu.com/search/spider.htm)"
117.23.204.247 - - [28/Jun/2009:00:13:20 +0800] "GET /shangye/jiaoyu/undefined HTTP/1.0" 404 292 "http://www.jl.xinhuanet.com/shangye/jiaoyu/index.htm" "Mozilla/4.0 (compatible; MSIE 6.0; Windows NT 5.1; SV1)"
222.141.52.126 - - [28/Jun/2009:00:13:20 +0800] "GET /qcfy/2009-06/25/content_16908923.htm HTTP/1.0" 304 - "http://www.jl.xinhuanet.com/" "Mozilla/4.0 (compatible; MSIE 6.0; Windows NT 5.1; SV1; Mozilla/4.0 (compatible; MSIE 6.0; Windows NT 5.1; SV1) ; 360SE)"
123.235.40.243 - - [28/Jun/2009:00:13:20 +0800] "GET /newscenter/2008-http://www.56.com/u22/v_MzQyNjk0OTk.html HTTP/1.0" 404 320 "http://www.jl.xinhuanet.com/2008/erz/index.htm" "Mozilla/4.0 (compatible; MSIE 6.0; Windows NT 5.1; SV1)"
202.108.251.39 - - [28/Jun/2009:00:13:21 +0800] "GET / HTTP/1.0" 304 - "-" "Mozilla/5.0 (compatible; YodaoBot-News/1.0; http://www.youdao.com/help/webmaster/spider/; )"
222.141.52.126 - - [28/Jun/2009:00:13:21 +0800] "GET /qcfy/image/yqfy_top.js HTTP/1.0" 304 - "http://www.jl.xinhuanet.com/qcfy/2009-06/25/content_16908923.htm" "Mozilla/4.0 (compatible; MSIE 6.0; Windows NT 5.1; SV1; Mozilla/4.0 (compatible; MSIE 6.0; Windows NT 5.1; SV1) ; 360SE)"
222.141.52.126 - - [28/Jun/2009:00:13:21 +0800] "GET /home/top.htm HTTP/1.0" 304 - "http://www.jl.xinhuanet.com/qcfy/2009-06/25/content_16908923.htm" "Mozilla/4.0 (compatible; MSIE 6.0; Windows NT 5.1; SV1; Mozilla/4.0 (compatible; MSIE 6.0; Windows NT 5.1; SV1) ; 360SE)"
222.141.52.126 - - [28/Jun/2009:00:13:21 +0800] "GET /qcfy/2009-06/25/ HTTP/1.0" 403 288 "http://www.jl.xinhuanet.com/qcfy/2009-06/25/content_16908923.htm" "Mozilla/4.0 (compatible; MSIE 6.0; Windows NT 5.1; SV1; Mozilla/4.0 (compatible; MSIE 6.0; Windows NT 5.1; SV1) ; 360SE)"
74.6.18.229 - - [28/Jun/2009:00:13:20 +0800] "GET /shangye/2009-02/19/content_15739905.htm HTTP/1.0" 200 18025 "-" "Mozilla/5.0 (compatible; Yahoo! Slurp/3.0; http://help.yahoo.com/help/us/ysearch/slurp)"
203.192.6.92 - - [28/Jun/2009:00:13:21 +0800] "GET /shangye/2009-06/22/content_16873891.htm HTTP/1.1" 200 19726 "-" "Mozilla/5.0 (Windows; U; Windows NT 5.1; zh-CN; rv:1.9.0.10) Gecko/2009042316 Firefox/3.0.10"
222.141.52.126 - - [28/Jun/2009:00:13:21 +0800] "GET /qcfy/image/yqfy5.jpg HTTP/1.0" 304 - "http://www.jl.xinhuanet.com/qcfy/2009-06/25/content_16908923.htm" "Mozilla/4.0 (compatible; MSIE 6.0; Windows NT 5.1; SV1; Mozilla/4.0 (compatible; MSIE 6.0; Windows NT 5.1; SV1) ; 360SE)"
222.141.52.126 - - [28/Jun/2009:00:13:21 +0800] "GET /xhsjzkjl/2003/2007-07/13/xin_360704131746593269605.JPG HTTP/1.0" 304 - "http://www.jl.xinhuanet.com/qcfy/2009-06/25/content_16908923.htm" "Mozilla/4.0 (compatible; MSIE 6.0; Windows NT 5.1; SV1; Mozilla/4.0 (compatible; MSIE 6.0; Windows NT 5.1; SV1) ; 360SE)"
222.141.52.126 - - [28/Jun/2009:00:13:21 +0800] "GET /qcfy/2009-06/25/xin_1102021615125462507010.jpg HTTP/1.0" 404 314 "http://www.jl.xinhuanet.com/qcfy/2009-06/25/content_16908923.htm" "Mozilla/4.0 (compatible; MSIE 6.0; Windows NT 5.1; SV1; Mozilla/4.0 (compatible; MSIE 6.0; Windows NT 5.1; SV1) ; 360SE)"
219.153.74.114 - - [28/Jun/2009:00:13:22 +0800] "GET /1.htm HTTP/1.0" 304 - "http://mw.0437.gov.cn/bar.asp?id=500&url=http://mw.0437.gov.cn/show/500.html" "Mozilla/4.0 (compatible; MSIE 6.0; Windows NT 5.1; SV1; QQDownload 1.7; TencentTraveler 4.0; .NET CLR 1.1.4322)"
202.108.251.39 - - [28/Jun/2009:00:13:22 +0800] "GET /shangye/shuma/xin_05080308130981247297.jpg HTTP/1.0" 304 - "http://image.baidu.com/i?ct=503316480&z=0&tn=baiduimagedetail&word=%D0%A1%C5%D6%B6%D5&in=24752&cl=2&cm=1&sc=0&lm=-1&pn=6&rn=1&di=493059885&ln=1189&fr=" "Mozilla/4.0 (compatible; MSIE 7.0; Windows NT 6.0; WPS; GTB6; SLCC1; .NET CLR 2.0.50727; .NET CLR 3.0.04506)"
222.141.52.126 - - [28/Jun/2009:00:13:22 +0800] "GET /qcfy/image/banner.swf HTTP/1.0" 304 - "http://www.jl.xinhuanet.com/qcfy/2009-06/25/content_16908923.htm" "Mozilla/4.0 (compatible; MSIE 6.0; Windows NT 5.1; SV1; Mozilla/4.0 (compatible; MSIE 6.0; Windows NT 5.1; SV1) ; 360SE)"
222.141.52.126 - - [28/Jun/2009:00:13:22 +0800] "GET /qcfy/2009-06/25/xin_27216933e73f48c1b418213066de84c3.jpg HTTP/1.0" 404 324 "http://www.jl.xinhuanet.com/qcfy/2009-06/25/content_16908923.htm" "Mozilla/4.0 (compatible; MSIE 6.0; Windows NT 5.1; SV1; Mozilla/4.0 (compatible; MSIE 6.0; Windows NT 5.1; SV1) ; 360SE)"
203.208.60.113 - - [28/Jun/2009:00:13:22 +0800] "GET /xhsjzkjl/2003/2003-08/19/content_835091.htm HTTP/1.1" 200 8925 "-" "Mozilla/5.0 (compatible; Googlebot/2.1; +http://www.google.com/bot.html)"
222.141.52.126 - - [28/Jun/2009:00:13:22 +0800] "GET /qcfy/2009-06/25/xin_15020216151192181248.jpg HTTP/1.0" 404 312 "http://www.jl.xinhuanet.com/qcfy/2009-06/25/content_16908923.htm" "Mozilla/4.0 (compatible; MSIE 6.0; Windows NT 5.1; SV1; Mozilla/4.0 (compatible; MSIE 6.0; Windows NT 5.1; SV1) ; 360SE)"
222.141.52.126 - - [28/Jun/2009:00:13:22 +0800] "GET /qcfy/2009-06/25/xin_58020216150926597546.jpg HTTP/1.0" 404 312 "http://www.jl.xinhuanet.com/qcfy/2009-06/25/content_16908923.htm" "Mozilla/4.0 (compatible; MSIE 6.0; Windows NT 5.1; SV1; Mozilla/4.0 (compatible; MSIE 6.0; Windows NT 5.1; SV1) ; 360SE)"
222.141.52.126 - - [28/Jun/2009:00:13:22 +0800] "GET /qcfy/2009-06/25/xin_310202161507234289834.jpg HTTP/1.0" 404 313 "http://www.jl.xinhuanet.com/qcfy/2009-06/25/content_16908923.htm" "Mozilla/4.0 (compatible; MSIE 6.0; Windows NT 5.1; SV1; Mozilla/4.0 (compatible; MSIE 6.0; Windows NT 5.1; SV1) ; 360SE)"
222.141.52.126 - - [28/Jun/2009:00:13:22 +0800] "GET /qcfy/2009-06/25/xin_f90db0851d114049ac15df66c3851188.jpg HTTP/1.0" 404 324 "http://www.jl.xinhuanet.com/qcfy/2009-06/25/content_16908923.htm" "Mozilla/4.0 (compatible; MSIE 6.0; Windows NT 5.1; SV1; Mozilla/4.0 (compatible; MSIE 6.0; Windows NT 5.1; SV1) ; 360SE)"
222.141.52.126 - - [28/Jun/2009:00:13:22 +0800] "GET /qcfy/2009-06/25/xin_2e6c0d3a07254631816f88c4894aba35.jpg HTTP/1.0" 404 324 "http://www.jl.xinhuanet.com/qcfy/2009-06/25/content_16908923.htm" "Mozilla/4.0 (compatible; MSIE 6.0; Windows NT 5.1; SV1; Mozilla/4.0 (compatible; MSIE 6.0; Windows NT 5.1; SV1) ; 360SE)"
222.141.52.126 - - [28/Jun/2009:00:13:22 +0800] "GET /qcfy/2009-06/25/xin_daa536012f6a445a95b4cb915d4b78d0.jpg HTTP/1.0" 404 324 "http://www.jl.xinhuanet.com/qcfy/2009-06/25/content_16908923.htm" "Mozilla/4.0 (compatible; MSIE 6.0; Windows NT 5.1; SV1; Mozilla/4.0 (compatible; MSIE 6.0; Windows NT 5.1; SV1) ; 360SE)"
217.212.224.179 - - [28/Jun/2009:00:13:23 +0800] "GET /jujiao/erz/erz2.htm HTTP/1.0" 200 10608 "-" "psbot/0.1 (+http://www.picsearch.com/bot.html)"
123.235.40.242 - - [28/Jun/2009:00:13:23 +0800] "GET /qcfy/image/qcfy14.gif HTTP/1.0" 304 - "http://www.jl.xinhuanet.com/qcfy/2009-06/25/content_16908923.htm" "Mozilla/4.0 (compatible; MSIE 6.0; Windows NT 5.1; SV1; Mozilla/4.0 (compatible; MSIE 6.0; Windows NT 5.1; SV1) ; 360SE)"
222.141.52.126 - - [28/Jun/2009:00:13:23 +0800] "GET /qcfy/2009-06/25/xin_683378098dde49fbae430bd662720c92.jpg HTTP/1.0" 404 324 "http://www.jl.xinhuanet.com/qcfy/2009-06/25/content_16908923.htm" "Mozilla/4.0 (compatible; MSIE 6.0; Windows NT 5.1; SV1; Mozilla/4.0 (compatible; MSIE 6.0; Windows NT 5.1; SV1) ; 360SE)"
222.141.52.126 - - [28/Jun/2009:00:13:23 +0800] "GET /qcfy/2009-06/25/xin_a14e85fd0ffe4d5c99ce468ca312a634.gif HTTP/1.0" 404 324 "http://www.jl.xinhuanet.com/qcfy/2009-06/25/content_16908923.htm" "Mozilla/4.0 (compatible; MSIE 6.0; Windows NT 5.1; SV1; Mozilla/4.0 (compatible; MSIE 6.0; Windows NT 5.1; SV1) ; 360SE)"
222.141.52.126 - - [28/Jun/2009:00:13:23 +0800] "GET /qcfy/2009-06/25/xin_3c0ba8ece48345efb3e1634a17971964.gif HTTP/1.0" 404 324 "http://www.jl.xinhuanet.com/qcfy/2009-06/25/content_16908923.htm" "Mozilla/4.0 (compatible; MSIE 6.0; Windows NT 5.1; SV1; Mozilla/4.0 (compatible; MSIE 6.0; Windows NT 5.1; SV1) ; 360SE)"
222.141.52.126 - - [28/Jun/2009:00:13:23 +0800] "GET /qcfy/2009-06/25/xin_09469aeff2134fd9aac919850d91f5d0.gif HTTP/1.0" 404 324 "http://www.jl.xinhuanet.com/qcfy/2009-06/25/content_16908923.htm" "Mozilla/4.0 (compatible; MSIE 6.0; Windows NT 5.1; SV1; Mozilla/4.0 (compatible; MSIE 6.0; Windows NT 5.1; SV1) ; 360SE)"
222.141.52.126 - - [28/Jun/2009:00:13:23 +0800] "GET /qcfy/2009-06/25/xin_298796aa79814f5eb149736abff82dcb.gif HTTP/1.0" 404 324 "http://www.jl.xinhuanet.com/qcfy/2009-06/25/content_16908923.htm" "Mozilla/4.0 (compatible; MSIE 6.0; Windows NT 5.1; SV1; Mozilla/4.0 (compatible; MSIE 6.0; Windows NT 5.1; SV1) ; 360SE)"
222.141.52.126 - - [28/Jun/2009:00:13:23 +0800] "GET /qcfy/2009-06/25/xin_96b9ace1206249b3b5de7a4a41d6326a.gif HTTP/1.0" 404 324 "http://www.jl.xinhuanet.com/qcfy/2009-06/25/content_16908923.htm" "Mozilla/4.0 (compatible; MSIE 6.0; Windows NT 5.1; SV1; Mozilla/4.0 (compatible; MSIE 6.0; Windows NT 5.1; SV1) ; 360SE)"
222.141.52.126 - - [28/Jun/2009:00:13:23 +0800] "GET /qcfy/2009-06/25/xin_762914955e304862980b945d37e4d782.jpg HTTP/1.0" 404 324 "http://www.jl.xinhuanet.com/qcfy/2009-06/25/content_16908923.htm" "Mozilla/4.0 (compatible; MSIE 6.0; Windows NT 5.1; SV1; Mozilla/4.0 (compatible; MSIE 6.0; Windows NT 5.1; SV1) ; 360SE)"
222.141.52.126 - - [28/Jun/2009:00:13:23 +0800] "GET /qcfy/2009-06/25/xin_3c453c7265ee4f209cbd59e373679463.gif HTTP/1.0" 404 324 "http://www.jl.xinhuanet.com/qcfy/2009-06/25/content_16908923.htm" "Mozilla/4.0 (compatible; MSIE 6.0; Windows NT 5.1; SV1; Mozilla/4.0 (compatible; MSIE 6.0; Windows NT 5.1; SV1) ; 360SE)"
222.141.52.126 - - [28/Jun/2009:00:13:24 +0800] "GET /qcfy/image/yqfy9.gif HTTP/1.0" 304 - "http://www.jl.xinhuanet.com/qcfy/2009-06/25/content_16908923.htm" "Mozilla/4.0 (compatible; MSIE 6.0; Windows NT 5.1; SV1; Mozilla/4.0 (compatible; MSIE 6.0; Windows NT 5.1; SV1) ; 360SE)"
222.141.52.126 - - [28/Jun/2009:00:13:24 +0800] "GET /qcfy/image/ht13.gif HTTP/1.0" 304 - "http://www.jl.xinhuanet.com/qcfy/2009-06/25/content_16908923.htm" "Mozilla/4.0 (compatible; MSIE 6.0; Windows NT 5.1; SV1; Mozilla/4.0 (compatible; MSIE 6.0; Windows NT 5.1; SV1) ; 360SE)"
222.141.52.126 - - [28/Jun/2009:00:13:24 +0800] "GET /qcfy/image/yqfy4.gif HTTP/1.0" 304 - "http://www.jl.xinhuanet.com/qcfy/2009-06/25/content_16908923.htm" "Mozilla/4.0 (compatible; MSIE 6.0; Windows NT 5.1; SV1; Mozilla/4.0 (compatible; MSIE 6.0; Windows NT 5.1; SV1) ; 360SE)"
222.141.52.126 - - [28/Jun/2009:00:13:24 +0800] "GET /qcfy/image/yqfy3.gif HTTP/1.0" 304 - "http://www.jl.xinhuanet.com/qcfy/2009-06/25/content_16908923.htm" "Mozilla/4.0 (compatible; MSIE 6.0; Windows NT 5.1; SV1; Mozilla/4.0 (compatible; MSIE 6.0; Windows NT 5.1; SV1) ; 360SE)"
65.55.211.156 - - [28/Jun/2009:00:13:24 +0800] "GET /robots.txt HTTP/1.1" 404 278 "-" "msnbot/1.1 (+http://search.msn.com/msnbot.htm)"
65.55.211.156 - - [28/Jun/2009:00:13:25 +0800] "GET /2006shangye/2009-04/15/content_16255310.htm HTTP/1.1" 304 - "-" "msnbot/1.1 (+http://search.msn.com/msnbot.htm)"
222.141.52.126 - - [28/Jun/2009:00:13:25 +0800] "GET /2006shangye/2009-06/26/content_16926937.htm HTTP/1.0" 304 - "http://www.jl.xinhuanet.com/" "Mozilla/4.0 (compatible; MSIE 6.0; Windows NT 5.1; SV1; Mozilla/4.0 (compatible; MSIE 6.0; Windows NT 5.1; SV1) ; 360SE)"
203.192.6.83 - - [28/Jun/2009:00:13:26 +0800] "GET /xhsjzkjl/2009-06/25/content_16909576.htm HTTP/1.1" 200 18118 "-" "Mozilla/5.0 (Windows; U; Windows NT 5.1; zh-CN; rv:1.9.0.10) Gecko/2009042316 Firefox/3.0.10"
79.240.61.240 - - [28/Jun/2009:00:13:23 +0800] "GET /newscenter/2009-03/30/xin_0830306301254562311496.JPG HTTP/1.1" 200 198727 "http://www.e0436.net.cn/gb/new/2009-3/30/0941818203019139_576.html" "Mozilla/4.0 (compatible; MSIE 6.0; Windows NT 5.1; SV1; .NET CLR 2.0.50727)"
79.240.61.240 - - [28/Jun/2009:00:13:23 +0800] "GET /newscenter/2009-03/30/xin_073030630125431236095.JPG HTTP/1.1" 200 207688 "http://www.e0436.net.cn/gb/new/2009-3/30/0941818203019139_576.html" "Mozilla/4.0 (compatible; MSIE 6.0; Windows NT 5.1; SV1; .NET CLR 2.0.50727)"
64.4.54.168 - - [28/Jun/2009:00:13:26 +0800] "GET / HTTP/1.1" 200 146325 "-" "msnbot-NewsBlogs/1.1 (+http://search.msn.com/msnbot.htm)"
222.141.52.126 - - [28/Jun/2009:00:13:27 +0800] "GET /2006shangye/2009-06/26/content_16926980.htm HTTP/1.0" 304 - "http://www.jl.xinhuanet.com/" "Mozilla/4.0 (compatible; MSIE 6.0; Windows NT 5.1; SV1; Mozilla/4.0 (compatible; MSIE 6.0; Windows NT 5.1; SV1) ; 360SE)"
203.208.60.109 - - [28/Jun/2009:00:13:28 +0800] "GET /newscenter/yljd/index.htm HTTP/1.1" 304 - "-" "Mozilla/5.0 (compatible; Googlebot/2.1; +http://www.google.com/bot.html)"
123.235.40.243 - - [28/Jun/2009:00:13:28 +0800] "GET /newscenter/2006-12/07/xin_021203071023731190918.jpg HTTP/1.0" 304 - "http://image.baidu.com/i?ct=503316480&z=0&tn=baiduimagedetail&word=%D0%D4%B8%D0%C4%DA%D2%C2&in=31409&cl=2&cm=1&sc=0&lm=-1&pn=0&rn=1&di=2557348044&ln=787&fr=" "Mozilla/4.0 (compatible; MSIE 6.0; Windows NT 5.1; SV1; TencentTraveler 4.0; MAXTHON 2.0)"
123.235.40.242 - - [28/Jun/2009:00:13:29 +0800] "GET /newscenter/2005-03/07/content_3825919.htm HTTP/1.0" 200 15258 "-" "Mozilla/5.0 (compatible; Yahoo! Slurp China; http://misc.yahoo.com.cn/help.html)"
203.208.60.107 - - [28/Jun/2009:00:13:29 +0800] "GET /tese/index.htm HTTP/1.1" 304 - "-" "Mozilla/5.0 (compatible; Googlebot/2.1; +http://www.google.com/bot.html)"
203.208.60.6 - - [28/Jun/2009:00:13:29 +0800] "GET /qcfy/qcfy.htm HTTP/1.1" 304 - "-" "Mozilla/5.0 (compatible; Googlebot/2.1; +http://www.google.com/bot.html)"
202.160.180.199 - - [28/Jun/2009:00:13:29 +0800] "GET /newscenter/2008-03/15/content_12705962.htm HTTP/1.0" 200 17455 "-" "Mozilla/5.0 (compatible; Yahoo! Slurp China; http://misc.yahoo.com.cn/help.html)"
117.23.204.247 - - [28/Jun/2009:00:13:30 +0800] "GET /shangye/jiaoyu/undefined HTTP/1.0" 404 292 "http://www.jl.xinhuanet.com/shangye/jiaoyu/index.htm" "Mozilla/4.0 (compatible; MSIE 6.0; Windows NT 5.1; SV1)"
202.108.251.39 - - [28/Jun/2009:00:13:30 +0800] "GET /newscenter/picture/index.htm HTTP/1.0" 304 - "-" "Baiduspider+(+http://www.baidu.com/search/spider.htm)"
202.108.251.39 - - [28/Jun/2009:00:13:30 +0800] "GET /newscenter/index.htm HTTP/1.0" 304 - "-" "Baiduspider+(+http://www.baidu.com/search/spider.htm)"
79.240.61.240 - - [28/Jun/2009:00:13:29 +0800] "GET /newscenter/2009-03/30/xin_0930306301254765143577.JPG HTTP/1.1" 200 211644 "http://www.e0436.net.cn/gb/new/2009-3/30/0941818203019139_576.html" "Mozilla/4.0 (compatible; MSIE 6.0; Windows NT 5.1; SV1; .NET CLR 2.0.50727)"
79.240.61.240 - - [28/Jun/2009:00:13:29 +0800] "GET /newscenter/2009-01/11/xin_2430106111245281157837.jpg HTTP/1.1" 200 101689 "http://www.e0436.net.cn/gb/new/2009-3/30/0941818203019139_576.html" "Mozilla/4.0 (compatible; MSIE 6.0; Windows NT 5.1; SV1; .NET CLR 2.0.50727)"
172.16.34.109 - - [28/Jun/2009:00:13:33 +0800] "GET / HTTP/1.1" 200 146325 "-" "Mozilla/4.0 (compatible; MSIE 6.0)"
123.235.40.243 - - [28/Jun/2009:00:13:33 +0800] "GET /newscenter/2008-http://www.56.com/u22/v_MzQyNjk0OTk.html HTTP/1.0" 404 320 "http://www.jl.xinhuanet.com/2008/erz/index.htm" "Mozilla/4.0 (compatible; MSIE 6.0; Windows NT 5.1; SV1)"
117.23.204.247 - - [28/Jun/2009:00:13:35 +0800] "GET /shangye/jiaoyu/undefined HTTP/1.0" 404 292 "http://www.jl.xinhuanet.com/shangye/jiaoyu/index.htm" "Mozilla/4.0 (compatible; MSIE 6.0; Windows NT 5.1; SV1)"
127.0.0.1 - - [28/Jun/2009:00:13:36 +0800] "GET / HTTP/1.0" 200 146325 "-" "Apache (internal dummy connection)"
123.235.40.243 - - [28/Jun/2009:00:13:37 +0800] "GET / HTTP/1.0" 304 - "-" "Mozilla/4.0 (compatible; MSIE 6.0; Windows NT 5.1; SV1)"
123.235.40.243 - - [28/Jun/2009:00:13:38 +0800] "GET /xin_5230606270923109775118.gif HTTP/1.0" 200 4590 "http://jl.xinhuanet.com/" "Mozilla/4.0 (compatible; MSIE 6.0; Windows NT 5.1; SV1)"
123.235.40.243 - - [28/Jun/2009:00:13:38 +0800] "GET /images_new/images_2006/09_bk_05.jpg HTTP/1.0" 404 299 "http://jl.xinhuanet.com/" "Mozilla/4.0 (compatible; MSIE 6.0; Windows NT 5.1; SV1)"
123.235.40.242 - - [28/Jun/2009:00:13:38 +0800] "GET /2008/mb/images/images/02_01.jpg HTTP/1.0" 304 - "http://jl.xinhuanet.com/" "Mozilla/4.0 (compatible; MSIE 6.0; Windows NT 5.1; SV1)"
123.235.40.243 - - [28/Jun/2009:00:13:39 +0800] "GET /xin_18306062708397961799817.jpg HTTP/1.0" 200 48696 "http://www.jl.xinhuanet.com/pv.swf" "Mozilla/4.0 (compatible; MSIE 6.0; Windows NT 5.1; SV1)"
123.235.40.242 - - [28/Jun/2009:00:13:39 +0800] "GET /newscenter/xin_0830606241055140834119.jpg HTTP/1.0" 304 - "http://www.jl.xinhuanet.com/newscenter/photo_news.htm" "Mozilla/4.0 (compatible; MSIE 6.0; Windows NT 5.1; SV1)"
123.235.40.242 - - [28/Jun/2009:00:13:39 +0800] "GET /newscenter/xin_40305