59.151.110.125 - - [28/Jun/2009:00:04:59 +0800] "GET /shangye/wlmtjlx/index.htm HTTP/1.0" 200 29852 "http://www.jl.xinhua.org/shangye/wlmtjlx/index.htm" "Mozilla/4.0 (compatible; MSIE 6.0; Windows NT 5.0)"
203.208.60.105 - - [28/Jun/2009:00:04:59 +0800] "GET /newscenter/yljd/index.htm HTTP/1.1" 304 - "-" "Mozilla/5.0 (compatible; Googlebot/2.1; +http://www.google.com/bot.html)"
61.164.61.68 - - [28/Jun/2009:00:04:59 +0800] "GET /news/2004-06/25/xin_57060125083357803165.jpg HTTP/1.0" 304 - "http://www.jl.xinhuanet.com/news/2004-06/25/content_2377889_1.htm" "Mozilla/4.0 (compatible; MSIE 6.0; Windows NT 5.1; SV1; IEShow Toolbar; IEShow kuaidiwoToolBar)"
59.151.110.125 - - [28/Jun/2009:00:04:59 +0800] "GET /shangye/tyspx/index.htm HTTP/1.0" 200 23862 "http://www.jl.xinhua.org/shangye/tyspx/index.htm" "Mozilla/4.0 (compatible; MSIE 6.0; Windows NT 5.0)"
60.167.216.166 - - [28/Jun/2009:00:04:44 +0800] "GET /jujiao/bingxue/image/5-1.jpg HTTP/1.1" 200 292723 "http://user.qzone.qq.com/443647136?ptlang=2052" "Mozilla/4.0 (compatible; MSIE 6.0; Windows NT 5.1; SV1; .NET CLR 2.0.50727)"
72.30.79.39 - - [28/Jun/2009:00:04:59 +0800] "GET / HTTP/1.0" 304 - "-" "Mozilla/5.0 (compatible; Yahoo! Slurp/3.0; http://help.yahoo.com/help/us/ysearch/slurp)"
117.23.204.247 - - [28/Jun/2009:00:05:00 +0800] "GET /shangye/jiaoyu/undefined HTTP/1.0" 404 292 "http://www.jl.xinhuanet.com/shangye/jiaoyu/index.htm" "Mozilla/4.0 (compatible; MSIE 6.0; Windows NT 5.1; SV1)"
59.151.110.125 - - [28/Jun/2009:00:05:00 +0800] "GET /fangchan/jiaju.htm HTTP/1.0" 200 37634 "http://www.jl.xinhua.org/fangchan/jiaju.htm" "Mozilla/4.0 (compatible; MSIE 6.0; Windows NT 5.0)"
59.151.110.125 - - [28/Jun/2009:00:05:00 +0800] "GET /jlzw/index.htm HTTP/1.0" 200 72642 "http://www.jl.xinhua.org/jlzw/index.htm" "Mozilla/4.0 (compatible; MSIE 6.0; Windows NT 5.0)"
221.192.149.81 - - [28/Jun/2009:00:05:00 +0800] "GET / HTTP/1.1" 200 146325 "-" "-"
58.215.110.209 - - [28/Jun/2009:00:05:00 +0800] "GET / HTTP/1.1" 200 146325 "-" "-"
58.215.110.209 - - [28/Jun/2009:00:05:00 +0800] "GET / HTTP/1.1" 200 146325 "-" "-"
58.215.110.209 - - [28/Jun/2009:00:05:00 +0800] "GET / HTTP/1.1" 200 146325 "-" "-"
58.215.110.209 - - [28/Jun/2009:00:05:00 +0800] "GET / HTTP/1.1" 200 146325 "-" "-"
221.192.149.81 - - [28/Jun/2009:00:05:00 +0800] "GET / HTTP/1.1" 200 146325 "-" "-"
221.192.149.81 - - [28/Jun/2009:00:05:00 +0800] "GET / HTTP/1.1" 200 146325 "-" "-"
221.192.149.81 - - [28/Jun/2009:00:05:00 +0800] "GET / HTTP/1.1" 200 146325 "-" "-"
123.235.40.243 - - [28/Jun/2009:00:05:00 +0800] "GET / HTTP/1.1" 200 146325 "-" "-"
123.235.40.243 - - [28/Jun/2009:00:05:00 +0800] "GET / HTTP/1.1" 200 146325 "-" "-"
123.235.40.243 - - [28/Jun/2009:00:05:00 +0800] "GET / HTTP/1.1" 200 146325 "-" "-"
123.235.40.243 - - [28/Jun/2009:00:05:00 +0800] "GET / HTTP/1.1" 200 146325 "-" "-"
123.235.40.242 - - [28/Jun/2009:00:05:00 +0800] "GET / HTTP/1.1" 200 146325 "-" "-"
123.235.40.242 - - [28/Jun/2009:00:05:00 +0800] "GET / HTTP/1.1" 200 146325 "-" "-"
123.235.40.242 - - [28/Jun/2009:00:05:00 +0800] "GET / HTTP/1.1" 200 146325 "-" "-"
123.235.40.242 - - [28/Jun/2009:00:05:00 +0800] "GET / HTTP/1.1" 200 146325 "-" "-"
119.147.104.181 - - [28/Jun/2009:00:05:01 +0800] "GET /tese/2007-11/20/xin_20311042018108902178510.JPG HTTP/1.0" 304 - "http://images.google.cn/imglanding?imgurl=http://upload.17u.com/uploadfile/2006/08/14/2/2006081416321691596.jpg&imgrefurl=http://www.17u.com/destination/scenery/214&usg=__0gLllk6H1URNPV9xB3uW1BBuxJ4%3D&h=269&w=400&sz=23&hl=zh-CN&um=1&tbnid=7MA7XuQ6nHmu3M:&tbnh=83&tbnw=124&prev=/images%3Fq%3D%25E5%2590%2589%25E6%259E%2597%25E5%2586%259C%25E4%25B8%259A%25E5%25A4%25A7%25E5%25AD%25A6%26hl%3Dzh-CN%26sa%3DN%26um%3D1%26newwindow%3D1&q=%E5%90%89%E6%9E%97%E5%86%9C%E4%B8%9A%E5%A4%A7%E5%AD%A6&sa=N&um=1&newwindow=1&start=0" "Mozilla/4.0 (compatible; MSIE 6.0; Windows NT 5.1; SV1)"
202.108.251.39 - - [28/Jun/2009:00:05:01 +0800] "GET / HTTP/1.1" 200 146325 "-" "-"
202.108.251.39 - - [28/Jun/2009:00:05:01 +0800] "GET / HTTP/1.1" 200 146325 "-" "-"
202.108.251.39 - - [28/Jun/2009:00:05:01 +0800] "GET / HTTP/1.1" 200 146325 "-" "-"
202.108.251.39 - - [28/Jun/2009:00:05:01 +0800] "GET / HTTP/1.1" 200 146325 "-" "-"
61.164.61.68 - - [28/Jun/2009:00:05:01 +0800] "GET / HTTP/1.1" 200 146325 "-" "-"
117.23.204.247 - - [28/Jun/2009:00:05:01 +0800] "GET / HTTP/1.1" 200 146325 "-" "-"
117.23.204.247 - - [28/Jun/2009:00:05:01 +0800] "GET / HTTP/1.1" 200 146325 "-" "-"
61.164.61.68 - - [28/Jun/2009:00:05:01 +0800] "GET / HTTP/1.1" 200 146325 "-" "-"
61.164.61.68 - - [28/Jun/2009:00:05:01 +0800] "GET / HTTP/1.1" 200 146325 "-" "-"
117.23.204.247 - - [28/Jun/2009:00:05:01 +0800] "GET / HTTP/1.1" 200 146325 "-" "-"
61.164.61.68 - - [28/Jun/2009:00:05:01 +0800] "GET / HTTP/1.1" 200 146325 "-" "-"
117.23.204.247 - - [28/Jun/2009:00:05:01 +0800] "GET / HTTP/1.1" 200 146325 "-" "-"
121.14.234.178 - - [28/Jun/2009:00:05:01 +0800] "GET / HTTP/1.1" 200 146325 "-" "-"
59.175.131.253 - - [28/Jun/2009:00:05:01 +0800] "GET / HTTP/1.1" 200 146325 "-" "-"
121.14.234.178 - - [28/Jun/2009:00:05:01 +0800] "GET / HTTP/1.1" 200 146325 "-" "-"
119.147.104.181 - - [28/Jun/2009:00:05:01 +0800] "GET / HTTP/1.1" 200 146325 "-" "-"
121.14.234.178 - - [28/Jun/2009:00:05:01 +0800] "GET / HTTP/1.1" 200 146325 "-" "-"
59.175.131.253 - - [28/Jun/2009:00:05:01 +0800] "GET / HTTP/1.1" 200 146325 "-" "-"
59.175.131.253 - - [28/Jun/2009:00:05:01 +0800] "GET / HTTP/1.1" 200 146325 "-" "-"
59.175.131.253 - - [28/Jun/2009:00:05:01 +0800] "GET / HTTP/1.1" 200 146325 "-" "-"
119.147.104.181 - - [28/Jun/2009:00:05:01 +0800] "GET / HTTP/1.1" 200 146325 "-" "-"
222.141.52.126 - - [28/Jun/2009:00:05:01 +0800] "GET / HTTP/1.1" 200 146325 "-" "-"
222.141.52.126 - - [28/Jun/2009:00:05:01 +0800] "GET / HTTP/1.1" 200 146325 "-" "-"
219.153.74.114 - - [28/Jun/2009:00:05:01 +0800] "GET / HTTP/1.1" 200 146325 "-" "-"
219.153.74.114 - - [28/Jun/2009:00:05:01 +0800] "GET / HTTP/1.1" 200 146325 "-" "-"
121.14.234.178 - - [28/Jun/2009:00:05:01 +0800] "GET / HTTP/1.1" 200 146325 "-" "-"
119.147.104.181 - - [28/Jun/2009:00:05:01 +0800] "GET / HTTP/1.1" 200 146325 "-" "-"
219.153.74.114 - - [28/Jun/2009:00:05:01 +0800] "GET / HTTP/1.1" 200 146325 "-" "-"
119.147.104.181 - - [28/Jun/2009:00:05:01 +0800] "GET / HTTP/1.1" 200 146325 "-" "-"
222.141.52.126 - - [28/Jun/2009:00:05:01 +0800] "GET / HTTP/1.1" 200 146325 "-" "-"
222.141.52.126 - - [28/Jun/2009:00:05:01 +0800] "GET / HTTP/1.1" 200 146325 "-" "-"
219.153.74.114 - - [28/Jun/2009:00:05:01 +0800] "GET / HTTP/1.1" 200 146325 "-" "-"
72.30.79.39 - - [28/Jun/2009:00:05:01 +0800] "GET /newscenter/photo_news.htm HTTP/1.0" 304 - "http://www.jl.xinhuanet.com/" "Mozilla/5.0 (compatible; Yahoo! Slurp/3.0; http://help.yahoo.com/help/us/ysearch/slurp)"
218.213.69.115 - - [28/Jun/2009:00:05:01 +0800] "GET / HTTP/1.1" 200 146325 "-" "-"
218.213.69.115 - - [28/Jun/2009:00:05:02 +0800] "GET / HTTP/1.1" 200 146325 "-" "-"
218.213.69.115 - - [28/Jun/2009:00:05:02 +0800] "GET / HTTP/1.1" 200 146325 "-" "-"
218.213.69.115 - - [28/Jun/2009:00:05:02 +0800] "GET / HTTP/1.1" 200 146325 "-" "-"
119.147.104.181 - - [28/Jun/2009:00:05:03 +0800] "GET /main/news/2001/jilin/12/20011207-11.htm HTTP/1.0" 304 - "-" "Baiduspider+(+http://www.baidu.com/search/spider.htm)"
127.0.0.1 - - [28/Jun/2009:00:05:04 +0800] "GET / HTTP/1.0" 200 146325 "-" "Apache (internal dummy connection)"
117.23.204.247 - - [28/Jun/2009:00:05:05 +0800] "GET /shangye/jiaoyu/undefined HTTP/1.0" 404 292 "http://www.jl.xinhuanet.com/shangye/jiaoyu/index.htm" "Mozilla/4.0 (compatible; MSIE 6.0; Windows NT 5.1; SV1)"
121.97.145.235 - - [28/Jun/2009:00:05:00 +0800] "GET /newscenter/2009-01/11/xin_2430106111245281157837.jpg HTTP/1.0" 200 101689 "http://www.e0436.net.cn/gb/new/2008-9/11/0941817292656988_269.html" "Mozilla/4.0 (compatible; MSIE 5.01; Windows NT 5.0)"
65.55.211.151 - - [28/Jun/2009:00:05:05 +0800] "GET /xhsjzkjl/2003/2005-08/10/content_4847005.htm HTTP/1.1" 304 - "-" "msnbot/1.1 (+http://search.msn.com/msnbot.htm)"
123.235.40.242 - - [28/Jun/2009:00:05:05 +0800] "GET /newscenter/2008-11/03/xin_43311050309542651405625.jpg HTTP/1.0" 304 - "http://user.qzone.qq.com/418315782" "Mozilla/4.0 (compatible; MSIE 6.0; Windows NT 5.1; SV1)"
59.151.110.125 - - [28/Jun/2009:00:05:06 +0800] "GET /shangye/food/index.htm HTTP/1.0" 200 84660 "http://www.jl.xinhua.org/shangye/food/index.htm" "Mozilla/4.0 (compatible; MSIE 6.0; Windows NT 5.0)"
59.151.110.125 - - [28/Jun/2009:00:05:07 +0800] "GET /fangchan/zhengce.htm HTTP/1.0" 200 38090 "http://www.jl.xinhua.org/fangchan/zhengce.htm" "Mozilla/4.0 (compatible; MSIE 6.0; Windows NT 5.0)"
59.151.110.125 - - [28/Jun/2009:00:05:07 +0800] "GET /cysh/yskx/index.htm HTTP/1.0" 200 44991 "http://www.jl.xinhua.org/cysh/yskx/index.htm" "Mozilla/4.0 (compatible; MSIE 6.0; Windows NT 5.0)"
123.235.40.243 - - [28/Jun/2009:00:05:07 +0800] "GET /2007shangye/gongzhuling/index.htm HTTP/1.0" 304 - "-" "Mozilla/5.0 (compatible; Yahoo! Slurp China; http://misc.yahoo.com.cn/help.html)"
99.29.77.161 - - [28/Jun/2009:00:05:08 +0800] "GET /newscenter/2005-05/30/xin_340502301317337990513.jpg HTTP/1.1" 304 - "http://image.youdao.com/imageslice?q=%E8%B4%B9%E7%BF%94&pos=0&keyfrom=image.resultpage" "Mozilla/4.0 (compatible; MSIE 7.0; Windows NT 5.1)"
121.14.234.178 - - [28/Jun/2009:00:05:10 +0800] "GET /htd/zbk/z9.htm HTTP/1.0" 200 13251 "-" "Baiduspider+(+http://www.baidu.com/search/spider.htm)"
121.14.234.178 - - [28/Jun/2009:00:05:15 +0800] "GET /cbs/2006-04/03/content_6636230.htm HTTP/1.0" 304 - "http://www.baidu.com/s?wd=%B3%A4%B0%D7%C9%BD%B1%B1%C6%C2%BE%B0%B5%E3&lm=0&si=&rn=10&tn=sitehao123&ie=gb2312&ct=0&cl=3&f=1&rsp=7&oq=%B3%A4%B0%D7%C9%BD%C2%C3%D3%CE%BE%B0%B5%E3%BD%E9%C9%DC" "Mozilla/4.0 (compatible; MSIE 6.0; Windows NT 5.1; SV1; QQDownload 1.7; TencentTraveler 4.0; Mozilla/4.0 (compatible; MSIE 6.0; Windows NT 5.1; SV1) )"
117.23.204.247 - - [28/Jun/2009:00:05:15 +0800] "GET /shangye/jiaoyu/undefined HTTP/1.0" 404 292 "http://www.jl.xinhuanet.com/shangye/jiaoyu/index.htm" "Mozilla/4.0 (compatible; MSIE 6.0; Windows NT 5.1; SV1)"
127.0.0.1 - - [28/Jun/2009:00:05:15 +0800] "GET / HTTP/1.0" 200 146325 "-" "Apache (internal dummy connection)"
58.205.216.10 - - [28/Jun/2009:00:05:16 +0800] "GET / HTTP/1.1" 200 146325 "-" "-"
58.205.216.10 - - [28/Jun/2009:00:05:16 +0800] "GET / HTTP/1.1" 200 146325 "-" "-"
58.205.216.10 - - [28/Jun/2009:00:05:16 +0800] "GET / HTTP/1.1" 200 146325 "-" "-"
58.205.216.10 - - [28/Jun/2009:00:05:16 +0800] "GET / HTTP/1.1" 200 146325 "-" "-"
121.14.234.178 - - [28/Jun/2009:00:05:17 +0800] "GET /AdPreview/adv_display.js HTTP/1.0" 304 - "http://www.jl.xinhuanet.com/cbs/2006-04/03/content_6636230.htm" "Mozilla/4.0 (compatible; MSIE 6.0; Windows NT 5.1; SV1; QQDownload 1.7; TencentTraveler 4.0; Mozilla/4.0 (compatible; MSIE 6.0; Windows NT 5.1; SV1) )"
121.14.234.178 - - [28/Jun/2009:00:05:17 +0800] "GET /home/top.htm HTTP/1.0" 304 - "http://www.jl.xinhuanet.com/cbs/2006-04/03/content_6636230.htm" "Mozilla/4.0 (compatible; MSIE 6.0; Windows NT 5.1; SV1; QQDownload 1.7; TencentTraveler 4.0; Mozilla/4.0 (compatible; MSIE 6.0; Windows NT 5.1; SV1) )"
121.14.234.178 - - [28/Jun/2009:00:05:18 +0800] "GET /AdPreview/ad_17_57571.xml HTTP/1.0" 404 293 "http://www.jl.xinhuanet.com/cbs/2006-04/03/content_6636230.htm" "Mozilla/4.0 (compatible; MSIE 6.0; Windows NT 5.1; SV1; QQDownload 1.7; TencentTraveler 4.0; Mozilla/4.0 (compatible; MSIE 6.0; Windows NT 5.1; SV1) )"
202.108.251.39 - - [28/Jun/2009:00:05:18 +0800] "GET / HTTP/1.0" 304 - "-" "Mozilla/5.0 (compatible; YodaoBot-News/1.0; http://www.youdao.com/help/webmaster/spider/; )"
202.160.181.51 - - [28/Jun/2009:00:05:18 +0800] "GET /newscenter/2009-06/16/content_16819979.htm HTTP/1.0" 200 17694 "-" "Mozilla/5.0 (compatible; Yahoo! Slurp China; http://misc.yahoo.com.cn/help.html)"
121.178.91.143 - - [28/Jun/2009:00:05:18 +0800] "GET /newscenter/2009-01/11/xin_2430106111245281157837.jpg HTTP/1.1" 200 101689 "http://www.e0436.net.cn/gb/new/2009-1/5/0941817331172253_401.html" "Mozilla/4.0 (compatible; MSIE 6.0; Windows NT 5.1; SV1; .NET CLR 2.0.50727)"
117.23.204.247 - - [28/Jun/2009:00:05:20 +0800] "GET /shangye/jiaoyu/undefined HTTP/1.0" 404 292 "http://www.jl.xinhuanet.com/shangye/jiaoyu/index.htm" "Mozilla/4.0 (compatible; MSIE 6.0; Windows NT 5.1; SV1)"
202.108.251.39 - - [28/Jun/2009:00:05:20 +0800] "GET /qcfy/2005-05/30/xin_1905023016566871551719.jpg HTTP/1.0" 200 34612 "http://www.xici.net/b216149/d79018275.htm" "Mozilla/4.0 (compatible; MSIE 6.0; Windows NT 5.1; SV1; iCafeMedia)"
117.23.204.247 - - [28/Jun/2009:00:05:21 +0800] "GET /newscenter/2009-04/08/content_16192578.htm HTTP/1.0" 304 - "http://info.search.news.cn/result.jspa?pno=2&t1=0&btn=%BD%E1%B9%FB%D6%D0%D5%D2&t=1&n1=%CE%D2%B9%FA%C3%E6%B6%D4%BD%F0%C8%DA%CE%A3%BB%FA%CC%E1%B3%F6%B5%C4%A1%B0%D2%BB%C0%BF%D7%D3%A1%B1%BC%C6%BB%AE%B5%C4%D6%F7%D2%AA%C4%DA%C8%DD&np=1&ss=2" "Mozilla/4.0 (compatible; MSIE 6.0; Windows NT 5.1; SV1; QQDownload 1.7; KuGooSoft; .NET CLR 1.1.4322)"
123.235.40.243 - - [28/Jun/2009:00:05:21 +0800] "GET /newscenter/toutiao/index.htm HTTP/1.0" 304 - "-" "Mozilla/5.0 (compatible; Yahoo! Slurp China; http://misc.yahoo.com.cn/help.html)"
202.108.59.143 - - [28/Jun/2009:00:05:21 +0800] "GET /jlzw/2007-06/23/content_10381485.htm HTTP/1.1" 404 301 "-" "Mozilla/4.0 (compatible;MSIE 6.0; MSIE 7.0; Windows NT 5.2; .NET CLR 1.1.4322; .NET CLR 2.0.50727; InfoPath.1) Web-Sniffer/1.0.24"
117.23.204.247 - - [28/Jun/2009:00:05:21 +0800] "GET /home/images/style.css HTTP/1.0" 304 - "http://www.jl.xinhuanet.com/newscenter/2009-04/08/content_16192578.htm" "Mozilla/4.0 (compatible; MSIE 6.0; Windows NT 5.1; SV1; QQDownload 1.7; KuGooSoft; .NET CLR 1.1.4322)"
219.153.74.114 - - [28/Jun/2009:00:05:22 +0800] "GET /newscenter/2009-06/01/content_16673756.htm HTTP/1.0" 304 - "-" "Mozilla/4.0 (compatible; MSIE 5.01; Windows NT 5.0)"
123.235.40.243 - - [28/Jun/2009:00:05:22 +0800] "GET /newscenter/2007-10/08/xin_3231004081510437165356.jpg HTTP/1.0" 304 - "http://image.baidu.com/i?ct=503316480&z=0&tn=baiduimagedetail&word=%CA%C0%BD%E7%D6%AE%D7%EE&in=28402&cl=2&cm=1&sc=0&lm=-1&pn=5&rn=1&di=959703360&ln=2000&fr=" "Mozilla/4.0 (compatible; MSIE 6.0; Windows NT 5.1; SV1)"
123.235.40.242 - - [28/Jun/2009:00:05:22 +0800] "GET / HTTP/1.0" 304 - "http://www.xinhuanet.com/" "Mozilla/4.0 (compatible; MSIE 7.0; Windows NT 5.1; Trident/4.0; QQDownload 538; .NET CLR 2.0.50727; MAXTHON 2.0)"
123.235.40.242 - - [28/Jun/2009:00:05:22 +0800] "GET /favicon.ico HTTP/1.0" 404 279 "-" "Mozilla/4.0 (compatible; MSIE 7.0; Windows NT 5.1; Trident/4.0; QQDownload 538; .NET CLR 2.0.50727; MAXTHON 2.0)"
219.153.74.114 - - [28/Jun/2009:00:05:22 +0800] "GET /newscenter/2009-06/01/content_16673758.htm HTTP/1.0" 304 - "-" "Mozilla/4.0 (compatible; MSIE 5.01; Windows NT 5.0)"
117.23.204.247 - - [28/Jun/2009:00:05:22 +0800] "GET /mod2006/top.htm HTTP/1.0" 304 - "http://www.jl.xinhuanet.com/newscenter/2009-04/08/content_16192578.htm" "Mozilla/4.0 (compatible; MSIE 6.0; Windows NT 5.1; SV1; QQDownload 1.7; KuGooSoft; .NET CLR 1.1.4322)"
219.153.74.114 - - [28/Jun/2009:00:05:23 +0800] "GET /newscenter/2009-06/01/content_16673759.htm HTTP/1.0" 304 - "-" "Mozilla/4.0 (compatible; MSIE 5.01; Windows NT 5.0)"
219.153.74.114 - - [28/Jun/2009:00:05:23 +0800] "GET /newscenter/2009-06/01/content_16673760.htm HTTP/1.0" 304 - "-" "Mozilla/4.0 (compatible; MSIE 5.01; Windows NT 5.0)"
219.153.74.114 - - [28/Jun/2009:00:05:23 +0800] "GET /newscenter/2009-06/01/content_16673762.htm HTTP/1.0" 304 - "-" "Mozilla/4.0 (compatible; MSIE 5.01; Windows NT 5.0)"
219.153.74.114 - - [28/Jun/2009:00:05:23 +0800] "GET /newscenter/2009-06/01/content_16673755.htm HTTP/1.0" 304 - "-" "Mozilla/4.0 (compatible; MSIE 5.01; Windows NT 5.0)"
117.23.204.247 - - [28/Jun/2009:00:05:23 +0800] "GET /mod2006/images/css.css HTTP/1.0" 304 - "http://www.jl.xinhuanet.com/mod2006/top.htm" "Mozilla/4.0 (compatible; MSIE 6.0; Windows NT 5.1; SV1; QQDownload 1.7; KuGooSoft; .NET CLR 1.1.4322)"
219.153.74.114 - - [28/Jun/2009:00:05:24 +0800] "GET /newscenter/2009-06/02/content_16683144.htm HTTP/1.0" 304 - "-" "Mozilla/4.0 (compatible; MSIE 5.01; Windows NT 5.0)"
219.153.74.114 - - [28/Jun/2009:00:05:24 +0800] "GET /newscenter/2009-06/02/content_16683256.htm HTTP/1.0" 304 - "-" "Mozilla/4.0 (compatible; MSIE 5.01; Windows NT 5.0)"
117.23.204.247 - - [28/Jun/2009:00:05:24 +0800] "GET /dfwq/index.htm HTTP/1.0" 304 - "http://www.jl.xinhuanet.com/dfwq/index.htm" "Sosonewsspider+(+http://help.soso.com/soso-news-spider.htm)"
219.153.74.114 - - [28/Jun/2009:00:05:24 +0800] "GET /newscenter/2009-06/02/content_16683893.htm HTTP/1.0" 304 - "-" "Mozilla/4.0 (compatible; MSIE 5.01; Windows NT 5.0)"
61.164.61.68 - - [28/Jun/2009:00:05:25 +0800] "GET /2006shangye/2009-03/18/content_15984233.htm HTTP/1.0" 304 - "http://www.jl.xinhuanet.com/2006shangye/2009-03/18/content_15984233.htm" "Mozilla/4.0 (compatible; MSIE 5.00; Windows 98)"
219.153.74.114 - - [28/Jun/2009:00:05:25 +0800] "GET /newscenter/2009-06/02/content_16683894.htm HTTP/1.0" 304 - "-" "Mozilla/4.0 (compatible; MSIE 5.01; Windows NT 5.0)"
123.235.40.243 - - [28/Jun/2009:00:05:27 +0800] "GET /newscenter/2009-04/03/content_16146867.htm HTTP/1.0" 304 - "-" "Mozilla/5.0 (compatible; Yahoo! Slurp China; http://misc.yahoo.com.cn/help.html)"
123.235.40.242 - - [28/Jun/2009:00:05:28 +0800] "GET /images_new/images_2006/09_bk_05.jpg HTTP/1.0" 404 303 "http://www.jl.xinhuanet.com/" "Mozilla/4.0 (compatible; MSIE 7.0; Windows NT 5.1; Trident/4.0; QQDownload 538; .NET CLR 2.0.50727; MAXTHON 2.0)"
123.235.40.242 - - [28/Jun/2009:00:05:28 +0800] "GET /2008/mb/images/images/ws1.jpg HTTP/1.0" 304 - "http://www.jl.xinhuanet.com/" "Mozilla/4.0 (compatible; MSIE 7.0; Windows NT 5.1; Trident/4.0; QQDownload 538; .NET CLR 2.0.50727; MAXTHON 2.0)"
123.235.40.242 - - [28/Jun/2009:00:05:28 +0800] "GET /2008/mb/images/images/09_bn_stop.jpg HTTP/1.0" 304 - "http://www.jl.xinhuanet.com/" "Mozilla/4.0 (compatible; MSIE 7.0; Windows NT 5.1; Trident/4.0; QQDownload 538; .NET CLR 2.0.50727; MAXTHON 2.0)"
123.235.40.242 - - [28/Jun/2009:00:05:29 +0800] "GET /2008/mb/images/images/09_bn_player.jpg HTTP/1.0" 304 - "http://www.jl.xinhuanet.com/" "Mozilla/4.0 (compatible; MSIE 7.0; Windows NT 5.1; Trident/4.0; QQDownload 538; .NET CLR 2.0.50727; MAXTHON 2.0)"
123.235.40.242 - - [28/Jun/2009:00:05:29 +0800] "GET /2008/mb/images/images/09_bn_pause.jpg HTTP/1.0" 304 - "http://www.jl.xinhuanet.com/" "Mozilla/4.0 (compatible; MSIE 7.0; Windows NT 5.1; Trident/4.0; QQDownload 538; .NET CLR 2.0.50727; MAXTHON 2.0)"
123.235.40.242 - - [28/Jun/2009:00:05:29 +0800] "GET /2008/mb/images/images/icon_09.gif HTTP/1.0" 304 - "http://www.jl.xinhuanet.com/" "Mozilla/4.0 (compatible; MSIE 7.0; Windows NT 5.1; Trident/4.0; QQDownload 538; .NET CLR 2.0.50727; MAXTHON 2.0)"
123.235.40.242 - - [28/Jun/2009:00:05:29 +0800] "GET /2008/mb/images/images/icon_02.gif HTTP/1.0" 304 - "http://www.jl.xinhuanet.com/" "Mozilla/4.0 (compatible; MSIE 7.0; Windows NT 5.1; Trident/4.0; QQDownload 538; .NET CLR 2.0.50727; MAXTHON 2.0)"
123.235.40.243 - - [28/Jun/2009:00:05:29 +0800] "GET /tese/2006-08/01/content_7667955_3.htm HTTP/1.0" 304 - "http://image.baidu.com/i?ct=503316480&z=0&tn=baiduimagedetail&word=%B5%A9%BD%C7%BB%AF%D7%B1%B9%FD%B3%CC&in=3699&cl=2&cm=1&sc=0&lm=-1&pn=18&rn=1&di=628180972&ln=2000&fr=ala0" "Mozilla/4.0 (compatible; MSIE 6.0; Windows NT 5.1; SV1; Mozilla/4.0 (compatible; MSIE 6.0; Windows NT 5.1; SV1) )"
123.235.40.242 - - [28/Jun/2009:00:05:29 +0800] "GET /2008/mb/images/images/icon_01.gif HTTP/1.0" 304 - "http://www.jl.xinhuanet.com/" "Mozilla/4.0 (compatible; MSIE 7.0; Windows NT 5.1; Trident/4.0; QQDownload 538; .NET CLR 2.0.50727; MAXTHON 2.0)"
123.235.40.242 - - [28/Jun/2009:00:05:29 +0800] "GET /2008/mb/images/images/icon_04.gif HTTP/1.0" 304 - "http://www.jl.xinhuanet.com/" "Mozilla/4.0 (compatible; MSIE 7.0; Windows NT 5.1; Trident/4.0; QQDownload 538; .NET CLR 2.0.50727; MAXTHON 2.0)"
123.235.40.242 - - [28/Jun/2009:00:05:29 +0800] "GET /2008/mb/images/images/icon_03.gif HTTP/1.0" 304 - "http://www.jl.xinhuanet.com/" "Mozilla/4.0 (compatible; MSIE 7.0; Windows NT 5.1; Trident/4.0; QQDownload 538; .NET CLR 2.0.50727; MAXTHON 2.0)"
123.235.40.242 - - [28/Jun/2009:00:05:29 +0800] "GET /2008/mb/images/images/icon_06.gif HTTP/1.0" 304 - "http://www.jl.xinhuanet.com/" "Mozilla/4.0 (compatible; MSIE 7.0; Windows NT 5.1; Trident/4.0; QQDownload 538; .NET CLR 2.0.50727; MAXTHON 2.0)"
123.235.40.242 - - [28/Jun/2009:00:05:29 +0800] "GET /2008/mb/images/images/icon_05.gif HTTP/1.0" 304 - "http://www.jl.xinhuanet.com/" "Mozilla/4.0 (compatible; MSIE 7.0; Windows NT 5.1; Trident/4.0; QQDownload 538; .NET CLR 2.0.50727; MAXTHON 2.0)"
123.235.40.242 - - [28/Jun/2009:00:05:29 +0800] "GET /2008/mb/images/images/icon_07.gif HTTP/1.0" 304 - "http://www.jl.xinhuanet.com/" "Mozilla/4.0 (compatible; MSIE 7.0; Windows NT 5.1; Trident/4.0; QQDownload 538; .NET CLR 2.0.50727; MAXTHON 2.0)"
117.23.204.247 - - [28/Jun/2009:00:05:30 +0800] "GET /shangye/jiaoyu/undefined HTTP/1.0" 404 292 "http://www.jl.xinhuanet.com/shangye/jiaoyu/index.htm" "Mozilla/4.0 (compatible; MSIE 6.0; Windows NT 5.1; SV1)"
123.235.40.242 - - [28/Jun/2009:00:05:30 +0800] "GET /newscenter/2009-04/10/content_16213646.htm HTTP/1.0" 304 - "-" "Mozilla/5.0 (compatible; Yahoo! Slurp China; http://misc.yahoo.com.cn/help.html)"
61.135.249.220 - - [28/Jun/2009:00:05:30 +0800] "GET /xhsjzkjl/2003/2007-05/12/content_10008599.htm HTTP/1.1" 200 20652 "-" "Mozilla/5.0 (compatible; YoudaoBot/1.0; http://www.youdao.com/help/webmaster/spider/; )"
202.108.251.39 - - [28/Jun/2009:00:05:30 +0800] "GET /newscenter/2008-11/03/xin_50311050309463591259118.jpg HTTP/1.0" 304 - "http://image.baidu.com/i?ct=503316480&z=0&tn=baiduimagedetail&word=cba%C0%B2%C0%B2%B6%D3&in=17542&cl=2&cm=1&sc=0&lm=-1&pn=0&rn=1&di=2242721&ln=1144&fr=" "Mozilla/4.0 (compatible; MSIE 6.0; Windows NT 5.1; SV1)"
123.235.40.243 - - [28/Jun/2009:00:05:30 +0800] "GET /shangye/2004-12/30/content_3486289_9.htm HTTP/1.0" 200 20304 "-" "Mozilla/5.0 (compatible; Yahoo! Slurp China; http://misc.yahoo.com.cn/help.html)"
123.235.40.242 - - [28/Jun/2009:00:05:31 +0800] "GET /2008/mb/images/images/icon_08.gif HTTP/1.0" 304 - "http://www.jl.xinhuanet.com/" "Mozilla/4.0 (compatible; MSIE 7.0; Windows NT 5.1; Trident/4.0; QQDownload 538; .NET CLR 2.0.50727; MAXTHON 2.0)"
123.235.40.242 - - [28/Jun/2009:00:05:31 +0800] "GET /2008/mb/images/images/icon_10.gif HTTP/1.0" 304 - "http://www.jl.xinhuanet.com/" "Mozilla/4.0 (compatible; MSIE 7.0; Windows NT 5.1; Trident/4.0; QQDownload 538; .NET CLR 2.0.50727; MAXTHON 2.0)"
123.235.40.242 - - [28/Jun/2009:00:05:31 +0800] "GET /2008/mb/images/images/01_05.jpg HTTP/1.0" 304 - "http://www.jl.xinhuanet.com/" "Mozilla/4.0 (compatible; MSIE 7.0; Windows NT 5.1; Trident/4.0; QQDownload 538; .NET CLR 2.0.50727; MAXTHON 2.0)"
123.235.40.242 - - [28/Jun/2009:00:05:31 +0800] "GET /2008/mb/images/images/01_07.jpg HTTP/1.0" 304 - "http://www.jl.xinhuanet.com/" "Mozilla/4.0 (compatible; MSIE 7.0; Windows NT 5.1; Trident/4.0; QQDownload 538; .NET CLR 2.0.50727; MAXTHON 2.0)"
122.30.57.56 - - [28/Jun/2009:00:05:24 +0800] "GET /newscenter/2009-01/11/xin_2430106111245281157837.jpg HTTP/1.0" 200 101689 "http://www.e0335.net.cn/gb/adv/2008-3/26/094318242197675_114.html" "Mozilla/4.0 (compatible; MSIE 6.0; Windows NT 5.0; .NET CLR 1.1.4322; .NET CLR 2.0.50727)"
203.208.60.104 - - [28/Jun/2009:00:05:32 +0800] "GET /jlzw/zfjs.htm HTTP/1.1" 304 - "-" "Mozilla/5.0 (compatible; Googlebot/2.1; +http://www.google.com/bot.html)"
123.235.40.242 - - [28/Jun/2009:00:05:33 +0800] "GET /2008/mb/images/images/01_08a.jpg HTTP/1.0" 304 - "http://www.jl.xinhuanet.com/" "Mozilla/4.0 (compatible; MSIE 7.0; Windows NT 5.1; Trident/4.0; QQDownload 538; .NET CLR 2.0.50727; MAXTHON 2.0)"
123.235.40.242 - - [28/Jun/2009:00:05:33 +0800] "GET /2008/mb/images/images/gsyy.swf HTTP/1.0" 304 - "http://www.jl.xinhuanet.com/" "Mozilla/4.0 (compatible; MSIE 7.0; Windows NT 5.1; Trident/4.0; QQDownload 538; .NET CLR 2.0.50727; MAXTHON 2.0)"
123.235.40.242 - - [28/Jun/2009:00:05:33 +0800] "GET /2008/mb/images/images/02_02.jpg HTTP/1.0" 304 - "http://www.jl.xinhuanet.com/" "Mozilla/4.0 (compatible; MSIE 7.0; Windows NT 5.1; Trident/4.0; QQDownload 538; .NET CLR 2.0.50727; MAXTHON 2.0)"
123.235.40.242 - - [28/Jun/2009:00:05:33 +0800] "GET /2008/mb/images/images/ybfq1.jpg HTTP/1.0" 304 - "http://www.jl.xinhuanet.com/" "Mozilla/4.0 (compatible; MSIE 7.0; Windows NT 5.1; Trident/4.0; QQDownload 538; .NET CLR 2.0.50727; MAXTHON 2.0)"
123.235.40.242 - - [28/Jun/2009:00:05:34 +0800] "GET /2008/mb/images/images/ybfq.jpg HTTP/1.0" 304 - "http://www.jl.xinhuanet.com/" "Mozilla/4.0 (compatible; MSIE 7.0; Windows NT 5.1; Trident/4.0; QQDownload 538; .NET CLR 2.0.50727; MAXTHON 2.0)"
202.108.251.39 - - [28/Jun/2009:00:05:34 +0800] "GET /shangye/2007-12/25/xin_36312042510491561670523.JPG HTTP/1.0" 200 78738 "http://image.baidu.com/i?ct=503316480&z=0&tn=baiduimagedetail&word=08%B1%F9%D1%A9%CC%EC%CA%B9&in=21771&cl=2&cm=1&sc=0&lm=-1&pn=47&rn=1&di=332227368&ln=61&fr=" "Mozilla/4.0 (compatible; MSIE 6.0; Windows NT 5.1; SV1; QQDownload 538; .NET CLR 2.0.50727)"
123.235.40.242 - - [28/Jun/2009:00:05:34 +0800] "GET /2008/mb/images/images/shouji.swf HTTP/1.0" 304 - "http://www.jl.xinhuanet.com/" "Mozilla/4.0 (compatible; MSIE 7.0; Windows NT 5.1; Trident/4.0; QQDownload 538; .NET CLR 2.0.50727; MAXTHON 2.0)"
123.235.40.242 - - [28/Jun/2009:00:05:34 +0800] "GET /2008/mb/images/images/02_04.jpg HTTP/1.0" 304 - "http://www.jl.xinhuanet.com/" "Mozilla/4.0 (compatible; MSIE 7.0; Windows NT 5.1; Trident/4.0; QQDownload 538; .NET CLR 2.0.50727; MAXTHON 2.0)"
117.23.204.247 - - [28/Jun/2009:00:05:35 +0800] "GET /shangye/jiaoyu/undefined HTTP/1.0" 404 292 "http://www.jl.xinhuanet.com/shangye/jiaoyu/index.htm" "Mozilla/4.0 (compatible; MSIE 6.0; Windows NT 5.1; SV1)"
123.235.40.242 - - [28/Jun/2009:00:05:36 +0800] "GET /newscenter/photo_news.htm HTTP/1.0" 304 - "http://www.jl.xinhuanet.com/" "Mozilla/4.0 (compatible; MSIE 7.0; Windows NT 5.1; Trident/4.0; QQDownload 538; .NET CLR 2.0.50727; MAXTHON 2.0)"
221.192.149.81 - - [28/Jun/2009:00:05:37 +0800] "GET /newscenter/2006-12/14/content_8779259.htm HTTP/1.0" 304 - "http://www.baidu.com/s?word=%CF%E3%B8%DB%C1%F9%BA%CF%B2%CA&tn=sitehao123" "Mozilla/4.0 (compatible; MSIE 6.0; Windows NT 5.1; SV1; Sicent; icafe8; .NET CLR 2.0.50727)"
123.235.40.242 - - [28/Jun/2009:00:05:37 +0800] "GET /2008/mb/images/images/02_07.jpg HTTP/1.0" 304 - "http://www.jl.xinhuanet.com/" "Mozilla/4.0 (compatible; MSIE 7.0; Windows NT 5.1; Trident/4.0; QQDownload 538; .NET CLR 2.0.50727; MAXTHON 2.0)"
59.175.131.253 - - [28/Jun/2009:00:05:37 +0800] "GET /newscenter/2005-11/29/xin_52110229111290659243.jpg HTTP/1.0" 304 - "http://image.baidu.com/i?ct=503316480&z=0&tn=baiduimagedetail&word=%CA%C0%BD%E7%D7%EE%C6%AF%C1%C1%C4%A3%CC%D8%D0%A1%BD%E3&in=9138&cl=2&cm=1&sc=0&lm=-1&pn=0&rn=1&di=2202585600&ln=2000&fr=ala0" "Mozilla/4.0 (compatible; MSIE 6.0; Windows NT 5.1; SV1; GTB6)"
123.235.40.242 - - [28/Jun/2009:00:05:37 +0800] "GET /2008/mb/images/images/02_08.jpg HTTP/1.0" 304 - "http://www.jl.xinhuanet.com/" "Mozilla/4.0 (compatible; MSIE 7.0; Windows NT 5.1; Trident/4.0; QQDownload 538; .NET CLR 2.0.50727; MAXTHON 2.0)"
123.235.40.242 - - [28/Jun/2009:00:05:37 +0800] "GET /2008/mb/images/images/ty1.jpg HTTP/1.0" 304 - "http://www.jl.xinhuanet.com/" "Mozilla/4.0 (compatible; MSIE 7.0; Windows NT 5.1; Trident/4.0; QQDownload 538; .NET CLR 2.0.50727; MAXTHON 2.0)"
119.147.104.181 - - [28/Jun/2009:00:05:39 +0800] "GET /main/news/2001/jilin/11/20011105-17.htm HTTP/1.0" 304 - "-" "Baiduspider+(+http://www.baidu.com/search/spider.htm)"
61.164.61.68 - - [28/Jun/2009:00:05:40 +0800] "GET /shangye/2006-04/11/xin_3004031111208592273116.jpg HTTP/1.0" 304 - "http://image.baidu.com/i?ct=503316480&z=0&tn=baiduimagedetail&word=%D6%A3%D3%EA%CA%A2&in=30028&cl=2&cm=1&sc=0&lm=-1&pn=0&rn=1&di=1766447360&ln=292&fr=" "Mozilla/4.0 (compatible; MSIE 6.0; Windows NT 5.1; SV1; InfoPath.1)"
123.235.40.242 - - [28/Jun/2009:00:05:41 +0800] "GET /2008/mb/images/images/lc1.jpg HTTP/1.0" 304 - "http://www.jl.xinhuanet.com/" "Mozilla/4.0 (compatible; MSIE 7.0; Windows NT 5.1; Trident/4.0; QQDownload 538; .NET CLR 2.0.50727; MAXTHON 2.0)"
72.30.79.39 - - [28/Jun/2009:00:05:41 +0800] "GET /newscenter/2009-06/08/content_16745078.htm HTTP/1.0" 200 17028 "-" "Mozilla/5.0 (compatible; Yahoo! Slurp/3.0; http://help.yahoo.com/help/us/ysearch/slurp)"
72.167.232.10 - - [28/Jun/2009:00:05:42 +0800] "GET /newscenter/2009-05/21/content_16586638.htm HTTP/1.1" 200 17985 "http://www.jl.xinhuanet.com/newscenter/2009-05/21/content_16586638.htm" "Mozilla/4.0 (compatible; MSIE 5.00; Windows 98)"
123.235.40.242 - - [28/Jun/2009:00:05:42 +0800] "GET /2008/mb/images/images/lc2.jpg HTTP/1.0" 304 - "http://www.jl.xinhuanet.com/" "Mozilla/4.0 (compatible; MSIE 7.0; Windows NT 5.1; Trident/4.0; QQDownload 538; .NET CLR 2.0.50727; MAXTHON 2.0)"
72.30.79.39 - - [28/Jun/2009:00:05:42 +0800] "GET /newscenter/link-news/index.htm HTTP/1.0" 304 - "http://www.jl.xinhuanet.com/newscenter/2009-06/08/content_16745078.htm" "Mozilla/5.0 (compatible; Yahoo! Slurp/3.0; http://help.yahoo.com/help/us/ysearch/slurp)"
125.224.202.139 - - [28/Jun/2009:00:05:42 +0800] "GET /newscenter/2009-01/11/xin_2430106111245281157837.jpg HTTP/1.0" 200 101689 "http://www.e0335.net.cn/gb/adv/2009-1/25/094318192991588_974.html" "Mozilla/4.0 (compatible; MSIE 6.0; Windows NT 5.1; SV1)"
72.167.232.10 - - [28/Jun/2009:00:05:42 +0800] "GET /newscenter/2009-05/21/content_16586638.htm HTTP/1.0" 200 17985 "-" "-"
123.235.40.242 - - [28/Jun/2009:00:05:43 +0800] "GET /2008/mb/images/images/02_05.jpg HTTP/1.0" 304 - "http://www.jl.xinhuanet.com/" "Mozilla/4.0 (compatible; MSIE 7.0; Windows NT 5.1; Trident/4.0; QQDownload 538; .NET CLR 2.0.50727; MAXTHON 2.0)"
123.235.40.242 - - [28/Jun/2009:00:05:45 +0800] "GET /2008/mb/images/images/bt1.jpg HTTP/1.0" 304 - "http://www.jl.xinhuanet.com/" "Mozilla/4.0 (compatible; MSIE 7.0; Windows NT 5.1; Trident/4.0; QQDownload 538; .NET CLR 2.0.50727; MAXTHON 2.0)"
123.235.40.242 - - [28/Jun/2009:00:05:45 +0800] "GET /newscenter/2005-12/28/content_5921309_2.htm HTTP/1.0" 304 - "-" "Mozilla/5.0 (compatible; Yahoo! Slurp China; http://misc.yahoo.com.cn/help.html)"
117.23.204.247 - - [28/Jun/2009:00:05:45 +0800] "GET /shangye/jiaoyu/undefined HTTP/1.0" 404 292 "http://www.jl.xinhuanet.com/shangye/jiaoyu/index.htm" "Mozilla/4.0 (compatible; MSIE 6.0; Windows NT 5.1; SV1)"
123.235.40.242 - - [28/Jun/2009:00:05:45 +0800] "GET /2008/mb/images/images/02_06.jpg HTTP/1.0" 304 - "http://www.jl.xinhuanet.com/" "Mozilla/4.0 (compatible; MSIE 7.0; Windows NT 5.1; Trident/4.0; QQDownload 538; .NET CLR 2.0.50727; MAXTHON 2.0)"
202.108.251.39 - - [28/Jun/2009:00:05:46 +0800] "GET /home/shequ/yingxiao/images/dy01.jpg HTTP/1.0" 304 - "http://image.youdao.com/imagesa?q=youdao&ue=utf8&thumbpos=7#pos=12&stid=509e418f9b33f9f3" "Mozilla/5.0 (compatible;YodaoBot-Image/1.0;http://www.youdao.com/help/webmaster/spider/;)"
202.108.251.39 - - [28/Jun/2009:00:05:46 +0800] "GET /newscenter/2008-05/15/xin_3530505151306500846314.jpg HTTP/1.0" 304 - "http://image.youdao.com/imagesa?q=youdao&ue=utf8&thumbpos=7#pos=12&stid=509e418f9b33f9f3" "Mozilla/5.0 (compatible;YodaoBot-Image/1.0;http://www.youdao.com/help/webmaster/spider/;)"
203.208.60.131 - - [28/Jun/2009:00:05:46 +0800] "GET /2006shangye/2009-05/15/content_16537533.htm HTTP/1.1" 200 17511 "-" "Mozilla/5.0 (compatible; Googlebot/2.1; +http://www.google.com/bot.html)"
222.141.52.126 - - [28/Jun/2009:00:05:46 +0800] "GET /newscenter/2006-12/04/xin_121203041431118367913.jpg HTTP/1.0" 304 - "http://image.baidu.com/i?ct=503316480&z=0&tn=baiduimagedetail&word=%C3%F7%D0%C7%B5%C4%DE%CF%DE%CE%B3%F6%B3%F3%CA%B1%BF%CC&in=29432&cl=2&cm=1&sc=0&lm=-1&pn=0&rn=1&di=257427220&ln=2000&fr=" "Mozilla/4.0 (compatible; MSIE 6.0; Windows NT 5.1; SV1; GTB6; QQDownload 534)"
219.153.74.114 - - [28/Jun/2009:00:05:46 +0800] "GET /newscenter/2007-08/14/xin_2708041411258593180312.jpg HTTP/1.0" 304 - "http://image.baidu.com/i?ct=503316480&z=0&tn=baiduimagedetail&word=%D0%A3%BB%A8&in=11528&cl=2&cm=1&sc=0&lm=-1&pn=1&rn=1&di=571625132&ln=2000&fr=" "Mozilla/4.0 (compatible; MSIE 6.0; Windows NT 5.1; SV1; GTB6; Mozilla/4.0 (compatible; MSIE 6.0; Windows NT 5.1; SV1) )"
203.208.60.115 - - [28/Jun/2009:00:05:46 +0800] "GET /newscenter/fzsh/index.htm HTTP/1.1" 304 - "-" "Mozilla/5.0 (compatible; Googlebot/2.1; +http://www.google.com/bot.html)"
123.235.40.242 - - [28/Jun/2009:00:05:47 +0800] "GET /2008/mb/images/images/bt2.jpg HTTP/1.0" 304 - "http://www.jl.xinhuanet.com/" "Mozilla/4.0 (compatible; MSIE 7.0; Windows NT 5.1; Trident/4.0; QQDownload 538; .NET CLR 2.0.50727; MAXTHON 2.0)"
203.208.60.47 - - [28/Jun/2009:00:05:47 +0800] "GET /news/toutiao/toutiao.htm HTTP/1.1" 304 - "-" "Mozilla/5.0 (compatible; Googlebot/2.1; +http://www.google.com/bot.html)"
61.164.61.68 - - [28/Jun/2009:00:05:47 +0800] "GET /newscenter/2009-01/11/xin_2430106111245281157837.jpg HTTP/1.0" 304 - "http://www.e0436.net.cn/gb/new/2009-3/30/0941818152741472_593.html" "Mozilla/4.0 (compatible; MSIE 6.0; Windows NT 5.1; SV1)"
203.208.60.10 - - [28/Jun/2009:00:05:47 +0800] "GET /news/jiceng/jiceng.htm HTTP/1.1" 304 - "-" "Mozilla/5.0 (compatible; Googlebot/2.1; +http://www.google.com/bot.html)"
203.208.60.106 - - [28/Jun/2009:00:05:48 +0800] "GET /news/zongheng/zongheng.htm HTTP/1.1" 304 - "-" "Mozilla/5.0 (compatible; Googlebot/2.1; +http://www.google.com/bot.html)"
123.235.40.242 - - [28/Jun/2009:00:05:48 +0800] "GET /2008/mb/images/images/hw_logo.jpg HTTP/1.0" 304 - "http://www.jl.xinhuanet.com/" "Mozilla/4.0 (compatible; MSIE 7.0; Windows NT 5.1; Trident/4.0; QQDownload 538; .NET CLR 2.0.50727; MAXTHON 2.0)"
123.235.40.243 - - [28/Jun/2009:00:05:48 +0800] "GET /tese/2006-08/01/content_7667955_4.htm HTTP/1.0" 304 - "http://www.jl.xinhuanet.com/tese/2006-08/01/content_7667955_3.htm" "Mozilla/4.0 (compatible; MSIE 6.0; Windows NT 5.1; SV1; Mozilla/4.0 (compatible; MSIE 6.0; Windows NT 5.1; SV1) )"
123.235.40.243 - - [28/Jun/2009:00:05:49 +0800] "GET /tese/2006-08/01/xin_2908030116342501424713.JPG HTTP/1.0" 200 84852 "http://www.jl.xinhuanet.com/tese/2006-08/01/content_7667955_4.htm" "Mozilla/4.0 (compatible; MSIE 6.0; Windows NT 5.1; SV1; Mozilla/4.0 (compatible; MSIE 6.0; Windows NT 5.1; SV1) )"
123.235.40.243 - - [28/Jun/2009:00:05:49 +0800] "GET /tese/2006-08/01/xin_300803011634890220915.JPG HTTP/1.0" 200 90293 "http://www.jl.xinhuanet.com/tese/2006-08/01/content_7667955_4.htm" "Mozilla/4.0 (compatible; MSIE 6.0; Windows NT 5.1; SV1; Mozilla/4.0 (compatible; MSIE 6.0; Windows NT 5.1; SV1) )"
121.14.234.178 - - [28/Jun/2009:00:05:49 +0800] "GET /htd/htdlt/l5.htm HTTP/1.0" 304 - "-" "Baiduspider+(+http://www.baidu.com/search/spider.htm)"
117.23.204.247 - - [28/Jun/2009:00:05:50 +0800] "GET /shangye/jiaoyu/undefined HTTP/1.0" 404 292 "http://www.jl.xinhuanet.com/shangye/jiaoyu/index.htm" "Mozilla/4.0 (compatible; MSIE 6.0; Windows NT 5.1; SV1)"
123.235.40.242 - - [28/Jun/2009:00:05:50 +0800] "GET /2008/mb/images/images/logo119.jpg HTTP/1.0" 304 - "http://www.jl.xinhuanet.com/" "Mozilla/4.0 (compatible; MSIE 7.0; Windows NT 5.1; Trident/4.0; QQDownload 538; .NET CLR 2.0.50727; MAXTHON 2.0)"
123.235.40.242 - - [28/Jun/2009:00:05:51 +0800] "GET /2008/mb/images/images/dbh-logo.jpg HTTP/1.0" 304 - "http://www.jl.xinhuanet.com/" "Mozilla/4.0 (compatible; MSIE 7.0; Windows NT 5.1; Trident/4.0; QQDownload 538; .NET CLR 2.0.50727; MAXTHON 2.0)"
123.235.40.242 - - [28/Jun/2009:00:05:51 +0800] "GET /2008/mb/images/images/logo122.gif HTTP/1.0" 304 - "http://www.jl.xinhuanet.com/" "Mozilla/4.0 (compatible; MSIE 7.0; Windows NT 5.1; Trident/4.0; QQDownload 538; .NET CLR 2.0.50727; MAXTHON 2.0)"
123.235.40.242 - - [28/Jun/2009:00:05:51 +0800] "GET /2008/mb/images/images/03_01a.jpg HTTP/1.0" 304 - "http://www.jl.xinhuanet.com/" "Mozilla/4.0 (compatible; MSIE 7.0; Windows NT 5.1; Trident/4.0; QQDownload 538; .NET CLR 2.0.50727; MAXTHON 2.0)"
123.235.40.242 - - [28/Jun/2009:00:05:52 +0800] "GET /2008/mb/images/images/03_01.jpg HTTP/1.0" 304 - "http://www.jl.xinhuanet.com/" "Mozilla/4.0 (compatible; MSIE 7.0; Windows NT 5.1; Trident/4.0; QQDownload 538; .NET CLR 2.0.50727; MAXTHON 2.0)"
123.235.40.242 - - [28/Jun/2009:00:05:52 +0800] "GET /2008/mb/images/images/03_01b.jpg HTTP/1.0" 304 - "http://www.jl.xinhuanet.com/" "Mozilla/4.0 (compatible; MSIE 7.0; Windows NT 5.1; Trident/4.0; QQDownload 538; .NET CLR 2.0.50727; MAXTHON 2.0)"
123.235.40.243 - - [28/Jun/2009:00:05:52 +0800] "GET /tese/2006-08/01/xin_290803011634906586614.JPG HTTP/1.0" 200 175488 "http://www.jl.xinhuanet.com/tese/2006-08/01/content_7667955_4.htm" "Mozilla/4.0 (compatible; MSIE 6.0; Windows NT 5.1; SV1; Mozilla/4.0 (compatible; MSIE 6.0; Windows NT 5.1; SV1) )"
123.235.40.242 - - [28/Jun/2009:00:05:52 +0800] "GET /2008/mb/images/images/ly1.jpg HTTP/1.0" 304 - "http://www.jl.xinhuanet.com/" "Mozilla/4.0 (compatible; MSIE 7.0; Windows NT 5.1; Trident/4.0; QQDownload 538; .NET CLR 2.0.50727; MAXTHON 2.0)"
123.235.40.242 - - [28/Jun/2009:00:05:52 +0800] "GET /2008/mb/images/images/ly2.jpg HTTP/1.0" 304 - "http://www.jl.xinhuanet.com/" "Mozilla/4.0 (compatible; MSIE 7.0; Windows NT 5.1; Trident/4.0; QQDownload 538; .NET CLR 2.0.50727; MAXTHON 2.0)"
123.235.40.242 - - [28/Jun/2009:00:05:52 +0800] "GET /2008/mb/images/images/ly3.jpg HTTP/1.0" 304 - "http://www.jl.xinhuanet.com/" "Mozilla/4.0 (compatible; MSIE 7.0; Windows NT 5.1; Trident/4.0; QQDownload 538; .NET CLR 2.0.50727; MAXTHON 2.0)"
123.235.40.242 - - [28/Jun/2009:00:05:53 +0800] "GET /2008/mb/images/images/ly4.jpg HTTP/1.0" 304 - "http://www.jl.xinhuanet.com/" "Mozilla/4.0 (compatible; MSIE 7.0; Windows NT 5.1; Trident/4.0; QQDownload 538; .NET CLR 2.0.50727; MAXTHON 2.0)"
123.235.40.242 - - [28/Jun/2009:00:05:53 +0800] "GET /2008/mb/images/images/ly5.jpg HTTP/1.0" 304 - "http://www.jl.xinhuanet.com/" "Mozilla/4.0 (compatible; MSIE 7.0; Windows NT 5.1; Trident/4.0; QQDownload 538; .NET CLR 2.0.50727; MAXTHON 2.0)"
123.235.40.242 - - [28/Jun/2009:00:05:53 +0800] "GET /2008/mb/images/images/sh1.jpg HTTP/1.0" 304 - "http://www.jl.xinhuanet.com/" "Mozilla/4.0 (compatible; MSIE 7.0; Windows NT 5.1; Trident/4.0; QQDownload 538; .NET CLR 2.0.50727; MAXTHON 2.0)"
123.235.40.242 - - [28/Jun/2009:00:05:53 +0800] "GET /2008/mb/images/images/sh2.jpg HTTP/1.0" 304 - "http://www.jl.xinhuanet.com/" "Mozilla/4.0 (compatible; MSIE 7.0; Windows NT 5.1; Trident/4.0; QQDownload 538; .NET CLR 2.0.50727; MAXTHON 2.0)"
123.235.40.242 - - [28/Jun/2009:00:05:53 +0800] "GET /2008/mb/images/images/sh3.jpg HTTP/1.0" 304 - "http://www.jl.xinhuanet.com/" "Mozilla/4.0 (compatible; MSIE 7.0; Windows NT 5.1; Trident/4.0; QQDownload 538; .NET CLR 2.0.50727; MAXTHON 2.0)"
127.0.0.1 - - [28/Jun/2009:00:05:53 +0800] "GET / HTTP/1.0" 200 146325 "-" "Apache (internal dummy connection)"
123.235.40.242 - - [28/Jun/2009:00:05:53 +0800] "GET /2008/mb/images/images/sh4.jpg HTTP/1.0" 304 - "http://www.jl.xinhuanet.com/" "Mozilla/4.0 (compatible; MSIE 7.0; Windows NT 5.1; Trident/4.0; QQDownload 538; .NET CLR 2.0.50727; MAXTHON 2.0)"
123.235.40.242 - - [28/Jun/2009:00:05:54 +0800] "GET /2008/mb/images/images/sh5.jpg HTTP/1.0" 304 - "http://www.jl.xinhuanet.com/" "Mozilla/4.0 (compatible; MSIE 7.0; Windows NT 5.1; Trident/4.0; QQDownload 538; .NET CLR 2.0.50727; MAXTHON 2.0)"
123.235.40.242 - - [28/Jun/2009:00:05:54 +0800] "GET /2008/mb/images/images/zmkm.jpg HTTP/1.0" 304 - "http://www.jl.xinhuanet.com/" "Mozilla/4.0 (compatible; MSIE 7.0; Windows NT 5.1; Trident/4.0; QQDownload 538; .NET CLR 2.0.50727; MAXTHON 2.0)"
123.235.40.242 - - [28/Jun/2009:00:05:54 +0800] "GET /2008/mb/images/images/01_09b.jpg HTTP/1.0" 304 - "http://www.jl.xinhuanet.com/" "Mozilla/4.0 (compatible; MSIE 7.0; Windows NT 5.1; Trident/4.0; QQDownload 538; .NET CLR 2.0.50727; MAXTHON 2.0)"
123.235.40.242 - - [28/Jun/2009:00:05:54 +0800] "GET /2008/mb/images/images/mymy.jpg HTTP/1.0" 304 - "http://www.jl.xinhuanet.com/" "Mozilla/4.0 (compatible; MSIE 7.0; Windows NT 5.1; Trident/4.0; QQDownload 538; .NET CLR 2.0.50727; MAXTHON 2.0)"
123.235.40.242 - - [28/Jun/2009:00:05:54 +0800] "GET /2008/mb/images/images/jcfy.gif HTTP/1.0" 304 - "http://www.jl.xinhuanet.com/" "Mozilla/4.0 (compatible; MSIE 7.0; Windows NT 5.1; Trident/4.0; QQDownload 538; .NET CLR 2.0.50727; MAXTHON 2.0)"
123.235.40.242 - - [28/Jun/2009:00:05:55 +0800] "GET /2008jl/images/sc.swf HTTP/1.0" 304 - "http://www.jl.xinhuanet.com/" "Mozilla/4.0 (compatible; MSIE 7.0; Windows NT 5.1; Trident/4.0; QQDownload 538; .NET CLR 2.0.50727; MAXTHON 2.0)"
202.108.251.39 - - [28/Jun/2009:00:05:55 +0800] "GET /2008jl/images/logo119.jpg HTTP/1.0" 304 - "http://image.youdao.com/imagesa?q=youdao&ue=utf8&thumbpos=7#pos=12&stid=509e418f9b33f9f3" "Mozilla/5.0 (compatible;YodaoBot-Image/1.0;http://www.youdao.com/help/webmaster/spider/;)"
119.147.104.181 - - [28/Jun/2009:00:05:55 +0800] "GET /newscenter/2009-05/25/content_16618394.htm HTTP/1.0" 304 - "http://www.baidu.com/s?tn=77682_pg&word=%CC%E5%CF%D6%D7%C5%B3%C7%CA%D0%CE%C4%C3%F7%D0%CE%CF%F3" "Mozilla/4.0 (compatible; MSIE 6.0; Windows NT 5.1; SV1; QQDownload 1.7; .NET CLR 2.0.50727; .NET CLR 1.1.4322; CIBA; InfoPath.1)"
222.141.52.126 - - [28/Jun/2009:00:05:55 +0800] "GET /yingshi/2006-12/04/xin_121203041431609002214.jpg HTTP/1.0" 304 - "http://image.baidu.com/i?ct=503316480&z=0&tn=baiduimagedetail&word=%C3%F7%D0%C7%B5%C4%DE%CF%DE%CE%B3%F6%B3%F3%CA%B1%BF%CC&in=29432&cl=2&cm=1&sc=0&lm=-1&pn=0&rn=1&di=257427220&ln=2000&fr=" "Mozilla/4.0 (compatible; MSIE 6.0; Windows NT 5.1; SV1; GTB6; QQDownload 534)"
123.235.40.242 - - [28/Jun/2009:00:05:56 +0800] "GET /2008/mb/images/images/cghly.jpg HTTP/1.0" 304 - "http://www.jl.xinhuanet.com/" "Mozilla/4.0 (compatible; MSIE 7.0; Windows NT 5.1; Trident/4.0; QQDownload 538; .NET CLR 2.0.50727; MAXTHON 2.0)"
123.235.40.242 - - [28/Jun/2009:00:05:56 +0800] "GET /2008/mb/images/images/04_02.jpg HTTP/1.0" 304 - "http://www.jl.xinhuanet.com/" "Mozilla/4.0 (compatible; MSIE 7.0; Windows NT 5.1; Trident/4.0; QQDownload 538; .NET CLR 2.0.50727; MAXTHON 2.0)"
123.235.40.243 - - [28/Jun/2009:00:05:57 +0800] "GET /news/2003-09/02/content_891876.htm HTTP/1.0" 200 15431 "-" "Mozilla/5.0 (compatible; Yahoo! Slurp China; http://misc.yahoo.com.cn/help.html)"
219.153.74.114 - - [28/Jun/2009:00:05:57 +0800] "GET /news/2004-09/17/xin_06090117091790605364.jpg HTTP/1.0" 304 - "http://image.baidu.com/i?ct=503316480&z=0&tn=baiduimagedetail&word=%C8%CB%D1%FD&in=11036&cl=2&cm=1&sc=0&lm=-1&pn=8&rn=1&di=2037106764&ln=1292&fr=ala0" "Mozilla/4.0 (compatible; MSIE 7.0; Windows NT 5.1; TencentTraveler 4.0)"
202.108.251.39 - - [28/Jun/2009:00:05:58 +0800] "GET /newscenter/2009-06/23/content_16884564.htm HTTP/1.0" 404 310 "-" "Mozilla/4.0+(compatible;+MSIE+7.0;+Windows+NT+5.1;+.NET+CLR+2.0.50727)"
122.127.117.142 - - [28/Jun/2009:00:05:54 +0800] "GET /newscenter/2009-01/11/xin_2430106111245281157837.jpg HTTP/1.0" 200 101689 "http://www.e0436.net.cn/gb/new/2009-2/17/0941817354199697_216.html" "Mozilla/4.0 (compatible; MSIE 6.0; Windows NT 5.1; SV1)"
123.235.40.242 - - [28/Jun/2009:00:05:58 +0800] "GET /2008/mb/images/images/dfpd.jpg HTTP/1.0" 304 - "http://www.jl.xinhuanet.com/" "Mozilla/4.0 (compatible; MSIE 7.0; Windows NT 5.1; Trident/4.0; QQDownload 538; .NET CLR 2.0.50727; MAXTHON 2.0)"
123.235.40.242 - - [28/Jun/2009:00:05:58 +0800] "GET /2008/mb/images/images/04_03.jpg HTTP/1.0" 304 - "http://www.jl.xinhuanet.com/" "Mozilla/4.0 (compatible; MSIE 7.0; Windows NT 5.1; Trident/4.0; QQDownload 538; .NET CLR 2.0.50727; MAXTHON 2.0)"
202.108.251.39 - - [28/Jun/2009:00:05:59 +0800] "GET /main/2001005/cbsstspc/neiye1/1111_r9_c1.jpg HTTP/1.0" 304 - "http://image.youdao.com/imagesa?q=youdao&ue=utf8&thumbpos=7#pos=12&stid=509e418f9b33f9f3" "Mozilla/5.0 (compatible;YodaoBot-Image/1.0;http://www.youdao.com/help/webmaster/spider/;)"
123.235.40.242 - - [28/Jun/2009:00:06:00 +0800] "GET /2008/mb/images/images/04_04.jpg HTTP/1.0" 304 - "http://www.jl.xinhuanet.com/" "Mozilla/4.0 (compatible; MSIE 7.0; Windows NT 5.1; Trident/4.0; QQDownload 538; .NET CLR 2.0.50727; MAXTHON 2.0)"
117.23.204.247 - - [28/Jun/2009:00:06:00 +0800] "GET /shangye/jiaoyu/undefined HTTP/1.0" 404 292 "http://www.jl.xinhuanet.com/shangye/jiaoyu/index.htm" "Mozilla/4.0 (compatible; MSIE 6.0; Windows NT 5.1; SV1)"
202.108.251.39 - - [28/Jun/2009:00:06:00 +0800] "GET / HTTP/1.1" 200 146325 "-" "-"
202.108.251.39 - - [28/Jun/2009:00:06:00 +0800] "GET / HTTP/1.1" 200 146325 "-" "-"
202.108.251.39 - - [28/Jun/2009:00:06:00 +0800] "GET / HTTP/1.1" 200 146325 "-" "-"
202.108.251.39 - - [28/Jun/2009:00:06:00 +0800] "GET / HTTP/1.1" 200 146325 "-" "-"
123.235.40.242 - - [28/Jun/2009:00:06:00 +0800] "GET / HTTP/1.1" 200 146325 "-" "-"
123.235.40.243 - - [28/Jun/2009:00:06:00 +0800] "GET / HTTP/1.1" 200 146325 "-" "-"
123.235.40.242 - - [28/Jun/2009:00:06:00 +0800] "GET / HTTP/1.1" 200 146325 "-" "-"
123.235.40.242 - - [28/Jun/2009:00:06:00 +0800] "GET / HTTP/1.1" 200 146325 "-" "-"
123.235.40.242 - - [28/Jun/2009:00:06:00 +0800] "GET / HTTP/1.1" 200 146325 "-" "-"
123.235.40.243 - - [28/Jun/2009:00:06:00 +0800] "GET / HTTP/1.1" 200 146325 "-" "-"
123.235.40.243 - - [28/Jun/2009:00:06:00 +0800] "GET / HTTP/1.1" 200 146325 "-" "-"
123.235.40.243 - - [28/Jun/2009:00:06:00 +0800] "GET / HTTP/1.1" 200 146325 "-" "-"
58.215.110.209 - - [28/Jun/2009:00:06:00 +0800] "GET / HTTP/1.1" 200 146325 "-" "-"
58.215.110.209 - - [28/Jun/2009:00:06:00 +0800] "GET / HTTP/1.1" 200 146325 "-" "-"
123.235.40.242 - - [28/Jun/2009:00:06:00 +0800] "GET /2008/mb/images/images/logo124.gif HTTP/1.0" 304 - "http://www.jl.xinhuanet.com/" "Mozilla/4.0 (compatible; MSIE 7.0; Windows NT 5.1; Trident/4.0; QQDownload 538; .NET CLR 2.0.50727; MAXTHON 2.0)"
58.215.110.209 - - [28/Jun/2009:00:06:00 +0800] "GET / HTTP/1.1" 200 146325 "-" "-"
58.215.110.209 - - [28/Jun/2009:00:06:00 +0800] "GET / HTTP/1.1" 200 146325 "-" "-"
203.208.60.131 - - [28/Jun/2009:00:06:00 +0800] "GET /leaders/2009-05/22/content_16601001.htm HTTP/1.1" 304 - "-" "Mozilla/5.0 (compatible; Googlebot/2.1; +http://www.google.com/bot.html)"
119.147.104.181 - - [28/Jun/2009:00:06:01 +0800] "GET / HTTP/1.1" 200 146325 "-" "-"
117.23.204.247 - - [28/Jun/2009:00:06:01 +0800] "GET / HTTP/1.1" 200 146325 "-" "-"
221.192.149.81 - - [28/Jun/2009:00:06:01 +0800] "GET / HTTP/1.1" 200 146325 "-" "-"
119.147.104.181 - - [28/Jun/2009:00:06:01 +0800] "GET / HTTP/1.1" 200 146325 "-" "-"
221.192.149.81 - - [28/Jun/2009:00:06:01 +0800] "GET / HTTP/1.1" 200 146325 "-" "-"
121.14.234.178 - - [28/Jun/2009:00:06:01 +0800] "GET / HTTP/1.1" 200 146325 "-" "-"
119.147.104.181 - - [28/Jun/2009:00:06:01 +0800] "GET / HTTP/1.1" 200 146325 "-" "-"
59.175.131.253 - - [28/Jun/2009:00:06:01 +0800] "GET / HTTP/1.1" 200 146325 "-" "-"
121.14.234.178 - - [28/Jun/2009:00:06:01 +0800] "GET / HTTP/1.1" 200 146325 "-" "-"
61.164.61.68 - - [28/Jun/2009:00:06:01 +0800] "GET / HTTP/1.1" 200 146325 "-" "-"
221.192.149.81 - - [28/Jun/2009:00:06:01 +0800] "GET / HTTP/1.1" 200 146325 "-" "-"
61.164.61.68 - - [28/Jun/2009:00:06:01 +0800] "GET / HTTP/1.1" 200 146325 "-" "-"
117.23.204.247 - - [28/Jun/2009:00:06:01 +0800] "GET / HTTP/1.1" 200 146325 "-" "-"
59.175.131.253 - - [28/Jun/2009:00:06:01 +0800] "GET / HTTP/1.1" 200 146325 "-" "-"
117.23.204.247 - - [28/Jun/2009:00:06:01 +0800] "GET / HTTP/1.1" 200 146325 "-" "-"
61.164.61.68 - - [28/Jun/2009:00:06:01 +0800] "GET / HTTP/1.1" 200 146325 "-" "-"
119.147.104.181 - - [28/Jun/2009:00:06:01 +0800] "GET / HTTP/1.1" 200 146325 "-" "-"
59.175.131.253 - - [28/Jun/2009:00:06:01 +0800] "GET / HTTP/1.1" 200 146325 "-" "-"
117.23.204.247 - - [28/Jun/2009:00:06:01 +0800] "GET / HTTP/1.1" 200 146325 "-" "-"
61.164.61.68 - - [28/Jun/2009:00:06:01 +0800] "GET / HTTP/1.1" 200 146325 "-" "-"
222.141.52.126 - - [28/Jun/2009:00:06:01 +0800] "GET / HTTP/1.1" 200 146325 "-" "-"
59.175.131.253 - - [28/Jun/2009:00:06:01 +0800] "GET / HTTP/1.1" 200 146325 "-" "-"
222.141.52.126 - - [28/Jun/2009:00:06:01 +0800] "GET / HTTP/1.1" 200 146325 "-" "-"
221.192.149.81 - - [28/Jun/2009:00:06:01 +0800] "GET / HTTP/1.1" 200 146325 "-" "-"
121.14.234.178 - - [28/Jun/2009:00:06:01 +0800] "GET / HTTP/1.1" 200 146325 "-" "-"
121.14.234.178 - - [28/Jun/2009:00:06:01 +0800] "GET / HTTP/1.1" 200 146325 "-" "-"
219.153.74.114 - - [28/Jun/2009:00:06:01 +0800] "GET / HTTP/1.1" 200 146325 "-" "-"
219.153.74.114 - - [28/Jun/2009:00:06:01 +0800] "GET / HTTP/1.1" 200 146325 "-" "-"
222.141.52.126 - - [28/Jun/2009:00:06:01 +0800] "GET / HTTP/1.1" 200 146325 "-" "-"
219.153.74.114 - - [28/Jun/2009:00:06:01 +0800] "GET / HTTP/1.1" 200 146325 "-" "-"
222.141.52.126 - - [28/Jun/2009:00:06:01 +0800] "GET / HTTP/1.1" 200 146325 "-" "-"
219.153.74.114 - - [28/Jun/2009:00:06:01 +0800] "GET / HTTP/1.1" 200 146325 "-" "-"
218.213.69.115 - - [28/Jun/2009:00:06:01 +0800] "GET / HTTP/1.1" 200 146325 "-" "-"
218.213.69.115 - - [28/Jun/2009:00:06:01 +0800] "GET / HTTP/1.1" 200 146325 "-" "-"
218.213.69.115 - - [28/Jun/2009:00:06:01 +0800] "GET / HTTP/1.1" 200 146325 "-" "-"
218.213.69.115 - - [28/Jun/2009:00:06:01 +0800] "GET / HTTP/1.1" 200 146325 "-" "-"
123.235.40.242 - - [28/Jun/2009:00:06:02 +0800] "GET /favicon.ico HTTP/1.0" 404 279 "-" "Mozilla/4.0 (compatible; MSIE 7.0; Windows NT 5.1; QQDownload 1.7; GTB6; InfoPath.2; .NET CLR 2.0.50727)"
123.235.40.242 - - [28/Jun/2009:00:06:02 +0800] "GET /2006shangye/2009-04/20/content_16297310.htm HTTP/1.0" 304 - "http://www.google.cn/search?hl=zh-CN&newwindow=1&q=%E5%80%9F%E6%AC%BE%E4%BA%BA%E4%BD%8F%E6%88%BF%E5%85%AC%E7%A7%AF%E9%87%91%E7%BC%B4%E5%AD%98%E8%AF%81%E6%98%8E&btnG=Google+%E6%90%9C%E7%B4%A2" "Mozilla/4.0 (compatible; MSIE 7.0; Windows NT 5.1; QQDownload 1.7; GTB6; InfoPath.2; .NET CLR 2.0.50727)"
