205.203.134.3 - - [22/Nov/2009:00:16:10 +0800] "GET /newscenter/2007-02/15/content_9320924.htm HTTP/1.1" 200 32275 "http://www.greenfood.org.cn/Html/2007-1-9/2_2411_2007-1-9_2412.html" "Mozilla/4.0 (compatible; MSIE 6.0; Windows NT 5.1; .NET CLR 1.1.4322)"
123.235.40.243 - - [22/Nov/2009:00:16:11 +0800] "HEAD /2008/mb/images/images/logo.gif HTTP/1.1" 304 - "-" "-"
61.164.61.68 - - [22/Nov/2009:00:16:11 +0800] "GET /xcbb/auto/xin_35fad145bdd64a19bd073c84c20b40a8_162.jpg HTTP/1.1" 304 - "http://pic.gougou.com/pic_detail?search=%e6%a8%a1%e7%89%b9&mode=1&mood=0&height=0&width=0&dim=0&id=9999999&item=20&page=3" "Mozilla/4.0 (compatible; MSIE 6.0; Windows NT 5.1; SV1; QQPinyinSetup 620)"
121.14.234.178 - - [22/Nov/2009:00:16:13 +0800] "GET /newscenter/2006-09/09/xin_140903091439250785818.jpg HTTP/1.1" 304 - "pic.sogou.com" "Sogou Pic Spider/3.0(+http://www.sogou.com/docs/help/webmasters.htm#07)"
203.192.6.76 - - [22/Nov/2009:00:16:15 +0800] "GET /newscenter/2006-10/16/content_8265405.htm HTTP/1.1" 200 37844 "-" "Mozilla/5.0 (compatible; Googlebot/2.1; +http://www.google.com/bot.html)"
123.235.40.243 - - [22/Nov/2009:00:16:15 +0800] "GET /newscenter/2009-11/13/content_18225579.htm HTTP/1.1" 304 - "-" "Mozilla/5.0 (compatible; Yahoo! Slurp China; http://misc.yahoo.com.cn/help.html)"
203.208.60.206 - - [22/Nov/2009:00:16:16 +0800] "GET /newscenter/rdwp/index.htm HTTP/1.1" 304 - "-" "Mozilla/5.0 (compatible; Googlebot/2.1; +http://www.google.com/bot.html)"
203.192.6.92 - - [22/Nov/2009:00:16:16 +0800] "GET /newscenter/2007-01/24/content_9130022.htm HTTP/1.1" 200 16547 "-" "Mozilla/5.0 (compatible; Googlebot/2.1; +http://www.google.com/bot.html)"
123.235.40.243 - - [22/Nov/2009:00:16:18 +0800] "GET /news/2004-02/27/xin_e1d698e27a204ebebfde32a5c8b4b813.jpg HTTP/1.1" 304 - "http://image.baidu.com/i?ct=503316480&z=0&tn=baiduimagedetail&word=%C0%EE%B3%AC%C1%E1&in=28053&cl=2&cm=1&sc=0&lm=-1&pn=20&rn=1&di=1709876656&ln=76&fr=&ic=0&s=0" "Mozilla/4.0 (compatible; MSIE 6.0; Windows NT 5.1; SV1)"
121.14.234.178 - - [22/Nov/2009:00:16:18 +0800] "GET /cysh/fyt/qnmzd/11.jpg HTTP/1.1" 304 - "http://image.baidu.com/i?ct=503316480&z=0&tn=baiduimagedetail&word=%C3%AB%D4%F3%B6%AB%BA%CD%D1%EE%BF%AA%BB%DB%D2%BB%BC%D2%B5%C4%D5%D5%C6%AC&in=24752&cl=2&cm=1&sc=0&lm=-1&pn=1&rn=1&di=14415194641&ln=1310&fr=ala0&ic=0&s=0" "Mozilla/4.0 (compatible; MSIE 6.0; Windows NT 5.1; SV1; Mozilla/4.0(Compatible Mozilla/4.0(Compatible-EmbeddedWB 14.59 http://bsalsa.com/ EmbeddedWB- 14.59 from: http://bsalsa.com/ )"
202.108.251.39 - - [22/Nov/2009:00:16:20 +0800] "GET / HTTP/1.1" 304 - "-" "MSIE 6.0"
117.23.204.247 - - [22/Nov/2009:00:16:21 +0800] "GET /newscenter/2009-10/20/content_17988787.htm HTTP/1.1" 304 - "-" "Sosospider+(+http://help.soso.com/webspider.htm)"
202.108.251.39 - - [22/Nov/2009:00:16:22 +0800] "GET /shangye/jingyueski/menu/2.gif HTTP/1.1" 304 - "http://www.jl.xinhuanet.com/shangye/jingyueski/baojia.htm" "Mozilla/4.0 (compatible; MSIE 7.0; Windows NT 6.0; Trident/4.0; GTB6; Mozilla/4.0 (compatible; MSIE 6.0; Windows NT 5.1; SV1) ; 51Logon.com; SLCC1; .NET CLR 2.0.50727; .NET CLR 3.5.30729; .NET CLR 3.0.30729; 360SE)"
124.115.4.226 - - [22/Nov/2009:00:16:22 +0800] "GET /xhsjzkjl/2003/2003-11/26/xin_ca1e2b3b5203421385e0337dfd731549_027.jpg HTTP/1.1" 200 22833 "http://image.soso.com" "Sosoimagespider+(+http://help.soso.com/soso-image-spider.htm)"
67.195.114.244 - - [22/Nov/2009:00:16:23 +0800] "GET /xhsjzkjl/2003/2003-07/11/content_698785.htm HTTP/1.0" 200 10558 "-" "Mozilla/5.0 (compatible; Yahoo! Slurp/3.0; http://help.yahoo.com/help/us/ysearch/slurp)"
117.23.204.247 - - [22/Nov/2009:00:16:23 +0800] "GET /AdPreview/adv_display.js HTTP/1.1" 304 - "http://jl.xinhuanet.com/shangye/2006-08/17/content_7803461.htm" "Sosospider+(+http://help.soso.com/webspider.htm)"
123.235.40.243 - - [22/Nov/2009:00:16:24 +0800] "GET /news/2004-02/27/xin_a67a26d5991b429d944c05cfeb81f314.jpg HTTP/1.1" 304 - "http://image.baidu.com/i?ct=503316480&z=0&tn=baiduimagedetail&word=%C0%EE%B3%AC%C1%E1&in=15925&cl=2&cm=1&sc=0&lm=-1&pn=32&rn=1&di=10059122800&ln=76&fr=&ic=0&s=0" "Mozilla/4.0 (compatible; MSIE 6.0; Windows NT 5.1; SV1)"
203.208.60.81 - - [22/Nov/2009:00:16:24 +0800] "GET /newscenter/tupian/index.htm HTTP/1.1" 304 - "-" "Mozilla/5.0 (compatible; Googlebot/2.1; +http://www.google.com/bot.html)"
203.209.252.23 - - [22/Nov/2009:00:16:25 +0800] "GET /shangye/2005-06/08/content_4401944.htm HTTP/1.0" 200 55194 "-" "Mozilla/5.0 (compatible; Yahoo! Slurp China; http://misc.yahoo.com.cn/help.html)"
117.23.204.247 - - [22/Nov/2009:00:16:26 +0800] "GET /qcfy/2005-08/02/xin_290802021055093215423.jpg HTTP/1.1" 200 16411 "http://image.baidu.com/i?ct=503316480&z=0&tn=baiduimagedetail&word=ae86%B6%E0%C9%D9%C7%AE&in=26161&cl=2&cm=1&sc=0&lm=-1&pn=0&rn=1&di=448973888&ln=490&fr=&ic=0&s=0" "Mozilla/4.0 (compatible; MSIE 6.0; Windows NT 5.1; SV1)"
117.23.204.247 - - [22/Nov/2009:00:16:27 +0800] "GET /2006shangye/zxdb/qydt.htm HTTP/1.1" 200 24187 "-" "Sosospider+(+http://help.soso.com/webspider.htm)"
203.192.6.76 - - [22/Nov/2009:00:16:29 +0800] "GET /newscenter/2007-09/13/content_11133086.htm HTTP/1.1" 200 883 "-" "Mozilla/5.0 (compatible; Googlebot/2.1; +http://www.google.com/bot.html)"
67.218.116.164 - - [22/Nov/2009:00:16:29 +0800] "GET /newscenter/2009-10/15/content_17954643.htm HTTP/1.0" 200 17493 "-" "Mozilla/5.0 (Twiceler-0.9 http://www.cuil.com/twiceler/robot.html)"
117.23.204.247 - - [22/Nov/2009:00:16:30 +0800] "GET /newscenter/2009-11/04/content_18132666.htm HTTP/1.1" 304 - "-" "Sosospider+(+http://help.soso.com/webspider.htm)"
222.141.52.126 - - [22/Nov/2009:00:16:31 +0800] "GET /newscenter/2006-11/24/content_8613168.htm HTTP/1.1" 304 - "-" "Mozilla/5.0 (en-us) AppleWebKit/525.13 (KHTML, like Gecko; Google Wireless Transcoder) Version/3.1 Safari/525.13"
123.235.40.243 - - [22/Nov/2009:00:16:32 +0800] "GET /news/2004-02/27/xin_865ccbc7e51a4afcb04cdaee361144b5_00.jpg HTTP/1.1" 304 - "http://image.baidu.com/i?ct=503316480&z=0&tn=baiduimagedetail&word=%C0%EE%B3%AC%C1%E1&in=15925&cl=2&cm=1&sc=0&lm=-1&pn=40&rn=1&di=4451145968&ln=76&fr=&ic=0&s=0" "Mozilla/4.0 (compatible; MSIE 6.0; Windows NT 5.1; SV1)"
123.235.40.243 - - [22/Nov/2009:00:16:33 +0800] "GET /newscenter/2006-06/06/content_7182378.htm HTTP/1.1" 200 17686 "-" "Mozilla/5.0 (compatible; Yahoo! Slurp China; http://misc.yahoo.com.cn/help.html)"
123.235.40.243 - - [22/Nov/2009:00:16:33 +0800] "GET /newscenter/2009-05/19/xin_10305061908597501228715.jpg HTTP/1.1" 200 66944 "http://image.baidu.com/i?ct=503316480&z=0&tn=baiduimagedetail&word=%D1%D3%BC%AA&in=24752&cl=2&cm=1&sc=0&lm=-1&pn=0&rn=1&di=4312096673&ln=2000&fr=&ic=0&s=0" "Mozilla/5.0 (Windows; U; Windows NT 6.1; zh-CN; rv:1.9.1.3) Gecko/20090824 Firefox/3.5.3 QQDownload/1.7"
202.160.180.54 - - [22/Nov/2009:00:16:33 +0800] "GET /cysh/2004-03/29/content_1869191.htm HTTP/1.0" 200 14849 "-" "Mozilla/5.0 (compatible; Yahoo! Slurp China; http://misc.yahoo.com.cn/help.html)"
61.129.34.183 - - [22/Nov/2009:00:16:34 +0800] "GET /newscenter/2009-11/21/content_18293412.htm HTTP/1.1" 304 - "-" "Mozilla/4.0 (compatible; MSIE 6.0; Windows NT 5.1)"
203.208.60.238 - - [22/Nov/2009:00:16:36 +0800] "GET /newscenter/fzsh/index.htm HTTP/1.1" 304 - "-" "Mozilla/5.0 (compatible; Googlebot/2.1; +http://www.google.com/bot.html)"
121.14.234.178 - - [22/Nov/2009:00:16:37 +0800] "GET /main/2001005/jy/img/jy005.gif HTTP/1.1" 304 - "http://image.baidu.com/i?ct=503316480&z=0&tn=baiduimagedetail&word=rr%C8%CB%CC%E5&in=25211&cl=2&cm=1&sc=0&lm=-1&pn=15&rn=1&di=4159573184&ln=1645&fr=ala0&ic=0&s=0" "Mozilla/4.0 (compatible; MSIE 7.0; Windows NT 5.1; 360SE)"
117.23.204.247 - - [22/Nov/2009:00:16:38 +0800] "GET /zxdbw/images/style.css HTTP/1.1" 304 - "http://www.jl.xinhuanet.com/2006shangye/zxdb/qydt.htm" "Sosospider+(+http://help.soso.com/webspider.htm)"
58.215.110.209 - - [22/Nov/2009:00:16:39 +0800] "GET /newscenter/2008-06/17/xin_2130605170840140326672.jpg HTTP/1.1" 304 - "http://image.baidu.com/i?ct=503316480&z=0&tn=baiduimagedetail&word=%D6%D0%B9%FA%B5%D8%CD%BC%CA%A1%B7%D6%B2%BC%CD%BC&in=16178&cl=2&cm=1&sc=0&lm=-1&pn=15&rn=1&di=5790513184&ln=2000&fr=&ic=0&s=0" "Mozilla/4.0 (compatible; MSIE 6.0; Windows NT 5.1; SV1; QQDownload 1.7)"
61.164.61.68 - - [22/Nov/2009:00:16:41 +0800] "GET /newscenter/2009-01/08/xin_1430106081445468701838.jpg HTTP/1.1" 304 - "http://tieba.baidu.com/f?kz=591023891" "Mozilla/4.0 (compatible; MSIE 6.0; Windows NT 5.1; SV1; Maxthon)"
202.108.251.39 - - [22/Nov/2009:00:16:42 +0800] "GET /newscenter/2009-10/25/content_18039163.htm HTTP/1.1" 304 - "-" "Mozilla/5.0 (compatible; Yahoo! Slurp China; http://misc.yahoo.com.cn/help.html)"
69.191.211.202 - - [22/Nov/2009:00:16:42 +0800] "GET / HTTP/1.1" 200 145583 "-" "BLP_bbot/0.1"
117.23.204.247 - - [22/Nov/2009:00:16:45 +0800] "GET /newscenter/2005-11/20/content_5628075.htm?n=1&p=1722 HTTP/1.1" 304 - "-" "Sosospider+(+http://help.soso.com/webspider.htm)"
125.32.227.245 - - [22/Nov/2009:00:15:02 +0800] "GET /jujiao/bingxue/image/1-1.jpg HTTP/1.1" 200 172157 "http://ic.qzone.qq.com/cgi-bin/feeds/feeds_ic2_cgi?uin=729637946&imgd=cnc.imgcache.qq.com&flag=0&view=0&scope=0&grzopt=1&style=8&filter=all&ua=&grz=1" "Mozilla/4.0 (compatible; MSIE 6.0; Windows NT 5.1; SV1; TencentTraveler 4.0; .NET CLR 1.1.4322; aff-kingsoft-ciba; staticlogin:product=cboxf09&act=login&info=ZmlsZW5hbWU9UG93ZXJ3b3JkMjAwOU94Zi4yNTI2OS40MDExLmV4ZSZtYWM9MERGM0M1QzJCMTE1NDRGRUEwMjlEODJGNjQ5QTRBMkEmcGFzc3BvcnQ9JnZlcnNpb249MjAwOS4wNS4yNS4zLjI3MiZjcmFzaHR5cGU9MQ==&verify=d3c2b56531b300ed7ff8b994b0987756; 360SE)"
221.192.149.81 - - [22/Nov/2009:00:16:48 +0800] "GET /newscenter/jiceng/index.htm HTTP/1.1" 304 - "-" "Baiduspider-news+(+http://www.baidu.com/search/spider.htm)"
127.0.0.1 - - [22/Nov/2009:00:16:48 +0800] "GET / HTTP/1.0" 200 145583 "-" "Apache (internal dummy connection)"
203.192.6.83 - - [22/Nov/2009:00:16:48 +0800] "GET /newscenter/2008-12/05/content_15099726.htm HTTP/1.1" 200 18120 "-" "Mozilla/5.0 (compatible; Googlebot/2.1; +http://www.google.com/bot.html)"
203.192.6.92 - - [22/Nov/2009:00:16:49 +0800] "GET /shangye/2005-12/15/content_5826031.htm HTTP/1.1" 304 - "-" "Mozilla/5.0 (compatible; Googlebot/2.1; +http://www.google.com/bot.html)"
67.195.114.227 - - [22/Nov/2009:00:16:49 +0800] "GET /newscenter/2007-11/05/content_11579263.htm HTTP/1.0" 200 17054 "-" "Mozilla/5.0 (compatible; Yahoo! Slurp/3.0; http://help.yahoo.com/help/us/ysearch/slurp)"
123.235.40.243 - - [22/Nov/2009:00:16:50 +0800] "GET /xhsjzkjl/2003-07/10/content_696743.htm HTTP/1.1" 304 - "-" "Mozilla/5.0 (compatible; Yahoo! Slurp China; http://misc.yahoo.com.cn/help.html)"
203.192.6.88 - - [22/Nov/2009:00:16:50 +0800] "GET /newscenter/2009-11/18/content_18258361.htm HTTP/1.1" 200 17433 "-" "Mozilla/5.0 (compatible; Googlebot/2.1; +http://www.google.com/bot.html)"
203.192.6.76 - - [22/Nov/2009:00:16:51 +0800] "GET /shangye/2009-10/12/content_17911756.htm HTTP/1.1" 200 18126 "-" "Mozilla/5.0 (compatible; Googlebot/2.1; +http://www.google.com/bot.html)"
203.192.6.88 - - [22/Nov/2009:00:16:52 +0800] "GET /newscenter/2009-11/17/content_18247166.htm HTTP/1.1" 200 17298 "-" "Mozilla/5.0 (compatible; Googlebot/2.1; +http://www.google.com/bot.html)"
203.208.60.181 - - [22/Nov/2009:00:16:53 +0800] "GET /newscenter/yljd/index.htm HTTP/1.1" 304 - "-" "Mozilla/5.0 (compatible; Googlebot/2.1; +http://www.google.com/bot.html)"
65.55.207.117 - - [22/Nov/2009:00:16:54 +0800] "GET /fangchan/2005-04/02/content_2005655.htm HTTP/1.1" 304 - "-" "msnbot/2.0b (+http://search.msn.com/msnbot.htm)"
61.164.61.68 - - [22/Nov/2009:00:16:54 +0800] "GET /shangye/2007-09/21/xin_463090421102414024374.jpg HTTP/1.1" 304 - "http://image.baidu.com/i?ct=503316480&z=0&tn=baiduimagedetail&word=%CC%A8%CD%E5%BA%DA%B0%EF%D6%F1%C1%AA%B0%EF%B5%C4%BE%AB%C9%F1%C1%EC%D0%E4%B3%C2%C6%F4%C0%F1&in=28740&cl=2&cm=1&sc=0&lm=-1&pn=23&rn=1&di=7997459712&ln=339&fr=&ic=0&s=0" "Mozilla/4.0 (compatible; MSIE 6.0; Windows NT 5.1; SV1; iCafeMedia; Mozilla/4.0 (compatible; MSIE 6.0; Windows NT 5.1; SV1) )"
67.195.114.244 - - [22/Nov/2009:00:16:55 +0800] "GET /xhsjzkjl/2003/2006-05/29/content_7114871.htm HTTP/1.0" 200 9028 "-" "Mozilla/5.0 (compatible; Yahoo! Slurp/3.0; http://help.yahoo.com/help/us/ysearch/slurp)"
67.195.114.244 - - [22/Nov/2009:00:16:57 +0800] "GET /shangye/ff/images/style.css HTTP/1.0" 200 4475 "http://www.jl.xinhuanet.com/xhsjzkjl/2003/2006-05/29/content_7114871.htm" "Mozilla/5.0 (compatible; Yahoo! Slurp/3.0; http://help.yahoo.com/help/us/ysearch/slurp)"
67.195.114.244 - - [22/Nov/2009:00:16:57 +0800] "GET /jzwt/2003-05/04/content_459491.htm HTTP/1.0" 200 6581 "-" "Mozilla/5.0 (compatible; Yahoo! Slurp/3.0; http://help.yahoo.com/help/us/ysearch/slurp)"
121.194.1.104 - - [22/Nov/2009:00:16:59 +0800] "GET / HTTP/1.1" 200 145583 "-" "-"
59.175.131.253 - - [22/Nov/2009:00:16:59 +0800] "GET /2007ztzb/aiwozhonghua/images/jh.mp3 HTTP/1.1" 304 - "http://www.jl.xinhuanet.com/" "Mozilla/4.0 (compatible; MSIE 6.0; Windows NT 5.1; .NET CLR 2.0.50727; .NET CLR 3.0.4506.2152; .NET CLR 3.5.30729; InfoPath.1)"
121.194.1.104 - - [22/Nov/2009:00:17:00 +0800] "GET / HTTP/1.1" 200 145583 "-" "-"
123.235.40.243 - - [22/Nov/2009:00:17:00 +0800] "GET / HTTP/1.1" 200 145583 "-" "-"
59.175.131.253 - - [22/Nov/2009:00:17:00 +0800] "GET / HTTP/1.1" 200 145583 "-" "-"
123.235.40.243 - - [22/Nov/2009:00:17:00 +0800] "GET / HTTP/1.1" 200 145583 "-" "-"
59.175.131.253 - - [22/Nov/2009:00:17:00 +0800] "GET / HTTP/1.1" 200 145583 "-" "-"
123.235.40.243 - - [22/Nov/2009:00:17:00 +0800] "GET / HTTP/1.1" 200 145583 "-" "-"
123.235.40.243 - - [22/Nov/2009:00:17:00 +0800] "GET / HTTP/1.1" 200 145583 "-" "-"
61.129.34.183 - - [22/Nov/2009:00:17:00 +0800] "GET / HTTP/1.1" 200 145583 "-" "-"
59.175.131.253 - - [22/Nov/2009:00:17:00 +0800] "GET / HTTP/1.1" 200 145583 "-" "-"
61.129.34.183 - - [22/Nov/2009:00:17:00 +0800] "GET / HTTP/1.1" 200 145583 "-" "-"
59.175.131.253 - - [22/Nov/2009:00:17:00 +0800] "GET / HTTP/1.1" 200 145583 "-" "-"
61.129.34.183 - - [22/Nov/2009:00:17:00 +0800] "GET / HTTP/1.1" 200 145583 "-" "-"
222.141.52.126 - - [22/Nov/2009:00:17:00 +0800] "GET / HTTP/1.1" 200 145583 "-" "-"
222.141.52.126 - - [22/Nov/2009:00:17:00 +0800] "GET / HTTP/1.1" 200 145583 "-" "-"
222.141.52.126 - - [22/Nov/2009:00:17:00 +0800] "GET / HTTP/1.1" 200 145583 "-" "-"
61.129.34.183 - - [22/Nov/2009:00:17:00 +0800] "GET / HTTP/1.1" 200 145583 "-" "-"
222.141.52.126 - - [22/Nov/2009:00:17:00 +0800] "GET / HTTP/1.1" 200 145583 "-" "-"
202.108.251.39 - - [22/Nov/2009:00:17:00 +0800] "GET / HTTP/1.1" 304 - "-" "Mozilla/4.0 (compatible; MSIE 5.00)"
117.23.204.247 - - [22/Nov/2009:00:17:00 +0800] "GET / HTTP/1.1" 200 145583 "-" "-"
121.14.234.178 - - [22/Nov/2009:00:17:00 +0800] "GET / HTTP/1.1" 200 145583 "-" "-"
117.23.204.247 - - [22/Nov/2009:00:17:00 +0800] "GET / HTTP/1.1" 200 145583 "-" "-"
121.14.234.178 - - [22/Nov/2009:00:17:00 +0800] "GET / HTTP/1.1" 200 145583 "-" "-"
121.14.234.178 - - [22/Nov/2009:00:17:00 +0800] "GET / HTTP/1.1" 200 145583 "-" "-"
117.23.204.247 - - [22/Nov/2009:00:17:00 +0800] "GET / HTTP/1.1" 200 145583 "-" "-"
58.215.110.209 - - [22/Nov/2009:00:17:00 +0800] "GET / HTTP/1.1" 200 145583 "-" "-"
117.23.204.247 - - [22/Nov/2009:00:17:00 +0800] "GET / HTTP/1.1" 200 145583 "-" "-"
58.215.110.209 - - [22/Nov/2009:00:17:00 +0800] "GET / HTTP/1.1" 200 145583 "-" "-"
121.14.234.178 - - [22/Nov/2009:00:17:00 +0800] "GET / HTTP/1.1" 200 145583 "-" "-"
58.215.110.209 - - [22/Nov/2009:00:17:00 +0800] "GET / HTTP/1.1" 200 145583 "-" "-"
58.215.110.209 - - [22/Nov/2009:00:17:00 +0800] "GET / HTTP/1.1" 200 145583 "-" "-"
123.235.40.242 - - [22/Nov/2009:00:17:00 +0800] "GET / HTTP/1.1" 200 145583 "-" "-"
123.235.40.242 - - [22/Nov/2009:00:17:00 +0800] "GET / HTTP/1.1" 200 145583 "-" "-"
123.235.40.242 - - [22/Nov/2009:00:17:00 +0800] "GET / HTTP/1.1" 200 145583 "-" "-"
123.235.40.242 - - [22/Nov/2009:00:17:00 +0800] "GET / HTTP/1.1" 200 145583 "-" "-"
61.164.61.68 - - [22/Nov/2009:00:17:00 +0800] "GET / HTTP/1.1" 200 145583 "-" "-"
61.164.61.68 - - [22/Nov/2009:00:17:00 +0800] "GET / HTTP/1.1" 200 145583 "-" "-"
221.192.149.81 - - [22/Nov/2009:00:17:00 +0800] "GET / HTTP/1.1" 200 145583 "-" "-"
221.192.149.81 - - [22/Nov/2009:00:17:00 +0800] "GET / HTTP/1.1" 200 145583 "-" "-"
221.192.149.81 - - [22/Nov/2009:00:17:00 +0800] "GET / HTTP/1.1" 200 145583 "-" "-"
61.164.61.68 - - [22/Nov/2009:00:17:00 +0800] "GET / HTTP/1.1" 200 145583 "-" "-"
61.164.61.68 - - [22/Nov/2009:00:17:00 +0800] "GET / HTTP/1.1" 200 145583 "-" "-"
221.192.149.81 - - [22/Nov/2009:00:17:00 +0800] "GET / HTTP/1.1" 200 145583 "-" "-"
202.108.251.39 - - [22/Nov/2009:00:17:01 +0800] "GET /xhsjzkjl/2003/2004-08/16/content_2690809.htm HTTP/1.1" 304 - "-" "Mozilla/5.0 (compatible; Yahoo! Slurp China; http://misc.yahoo.com.cn/help.html)"
202.108.251.39 - - [22/Nov/2009:00:17:01 +0800] "GET / HTTP/1.1" 200 145583 "-" "-"
202.108.251.39 - - [22/Nov/2009:00:17:01 +0800] "GET / HTTP/1.1" 200 145583 "-" "-"
202.108.251.39 - - [22/Nov/2009:00:17:01 +0800] "GET / HTTP/1.1" 200 145583 "-" "-"
202.108.251.39 - - [22/Nov/2009:00:17:01 +0800] "GET / HTTP/1.1" 200 145583 "-" "-"
119.147.105.245 - - [22/Nov/2009:00:17:01 +0800] "GET / HTTP/1.1" 200 145583 "-" "-"
119.147.105.245 - - [22/Nov/2009:00:17:01 +0800] "GET / HTTP/1.1" 200 145583 "-" "-"
119.147.105.245 - - [22/Nov/2009:00:17:01 +0800] "GET / HTTP/1.1" 200 145583 "-" "-"
119.147.105.245 - - [22/Nov/2009:00:17:01 +0800] "GET / HTTP/1.1" 200 145583 "-" "-"
218.213.69.115 - - [22/Nov/2009:00:17:01 +0800] "GET / HTTP/1.1" 200 145583 "-" "-"
218.213.69.115 - - [22/Nov/2009:00:17:01 +0800] "GET / HTTP/1.1" 200 145583 "-" "-"
218.213.69.115 - - [22/Nov/2009:00:17:01 +0800] "GET / HTTP/1.1" 200 145583 "-" "-"
218.213.69.115 - - [22/Nov/2009:00:17:02 +0800] "GET / HTTP/1.1" 200 145583 "-" "-"
123.235.40.243 - - [22/Nov/2009:00:17:04 +0800] "GET /cysh/fyt/dsjg/81.jpg HTTP/1.1" 304 - "http://image.baidu.com/i?ct=503316480&z=0&tn=baiduimagedetail&word=%B6%CB%C4%BE%D0%C2%BB%DC&in=2691&cl=2&cm=1&sc=0&lm=-1&pn=7&rn=1&di=6400440496&ln=596&fr=&ic=0&s=0" "Mozilla/4.0 (compatible; MSIE 6.0; Windows NT 5.1; SV1; .NET CLR 1.1.4322)"
203.192.6.92 - - [22/Nov/2009:00:17:04 +0800] "GET /newscenter/2009-11/18/content_18258362.htm HTTP/1.1" 200 17501 "-" "Mozilla/5.0 (compatible; Googlebot/2.1; +http://www.google.com/bot.html)"
202.160.179.104 - - [22/Nov/2009:00:17:11 +0800] "GET /main/news/2001/jilin/08/20010816-04.htm HTTP/1.0" 200 22360 "-" "Mozilla/5.0 (compatible; Yahoo! Slurp China; http://misc.yahoo.com.cn/help.html)"
203.208.60.163 - - [22/Nov/2009:00:17:12 +0800] "GET /news/yaowen/yaowen.htm HTTP/1.1" 304 - "-" "Mozilla/5.0 (compatible; Googlebot/2.1; +http://www.google.com/bot.html)"
117.23.204.247 - - [22/Nov/2009:00:17:12 +0800] "GET /newscenter/2009-03/17/content_15979869.htm HTTP/1.1" 304 - "-" "Sosospider+(+http://help.soso.com/webspider.htm)"
123.235.40.243 - - [22/Nov/2009:00:17:13 +0800] "GET /newscenter/2006-01/24/content_6108148.htm HTTP/1.1" 304 - "-" "Mozilla/5.0 (compatible; Yahoo! Slurp China; http://misc.yahoo.com.cn/help.html)"
202.160.179.104 - - [22/Nov/2009:00:17:13 +0800] "GET /newscenter/2008-12/11/content_15156177.htm HTTP/1.0" 200 17849 "-" "Mozilla/5.0 (compatible; Yahoo! Slurp China; http://misc.yahoo.com.cn/help.html)"
123.235.40.243 - - [22/Nov/2009:00:17:14 +0800] "GET /cysh/fyt/dsjg/101.jpg HTTP/1.1" 304 - "http://image.baidu.com/i?ct=503316480&z=0&tn=baiduimagedetail&word=%B6%CB%C4%BE%D0%C2%BB%DC&in=2691&cl=2&cm=1&sc=0&lm=-1&pn=7&rn=1&di=6400440496&ln=596&fr=&ic=0&s=0" "Mozilla/4.0 (compatible; MSIE 6.0; Windows NT 5.1; SV1; .NET CLR 1.1.4322)"
119.147.105.245 - - [22/Nov/2009:00:17:14 +0800] "GET /newscenter/2005-10/15/xin_00100215114434355452.jpg HTTP/1.1" 304 - "http://image.baidu.com/i?ct=503316480&z=0&tn=baiduimagedetail&word=%C9%AB%C7%E9&in=22699&cl=2&cm=1&sc=0&lm=-1&pn=0&rn=1&di=9536784816&ln=2000&fr=&ic=0&s=0" "Mozilla/4.0 (compatible; MSIE 7.0; Windows NT 5.1; Trident/4.0; GTB6; QQPinyinSetup 620; QQDownload 598)"
67.195.114.244 - - [22/Nov/2009:00:17:15 +0800] "GET /main/news/05/20010522-04.htm HTTP/1.0" 200 16269 "-" "Mozilla/5.0 (compatible; Yahoo! Slurp/3.0; http://help.yahoo.com/help/us/ysearch/slurp)"
202.108.251.39 - - [22/Nov/2009:00:17:18 +0800] "GET /misc/2009-10/01/content_17863085.htm HTTP/1.1" 304 - "-" "Mozilla/5.0 (compatible; Yahoo! Slurp China; http://misc.yahoo.com.cn/help.html)"
221.192.149.81 - - [22/Nov/2009:00:17:19 +0800] "GET /jlzw/index.htm HTTP/1.1" 304 - "-" "Baiduspider-news+(+http://www.baidu.com/search/spider.htm)"
117.23.204.247 - - [22/Nov/2009:00:17:20 +0800] "GET /shangye/2008-02/05/content_12412278.htm HTTP/1.1" 304 - "-" "Sosospider+(+http://help.soso.com/webspider.htm)"
222.141.52.126 - - [22/Nov/2009:00:17:22 +0800] "GET /newscenter/2007-03/05/xin_15030405153723408021.jpg HTTP/1.1" 304 - "http://tieba.baidu.com/f?kz=512209419" "Mozilla/4.0 (compatible; MSIE 6.0; Windows NT 5.1; SV1; QQDownload 1.7)"
121.14.234.178 - - [22/Nov/2009:00:17:22 +0800] "GET / HTTP/1.1" 304 - "-" "-"
124.115.0.164 - - [22/Nov/2009:00:17:26 +0800] "GET /jlzw/index.htm HTTP/1.1" 200 72647 "-" "Sosospider+(+http://help.soso.com/webspider.htm)"
117.23.204.247 - - [22/Nov/2009:00:17:27 +0800] "GET /xhsjzkjl/2003/2005-01/12/content_3552456.htm HTTP/1.1" 304 - "-" "Sosospider+(+http://help.soso.com/webspider.htm)"
203.208.60.165 - - [22/Nov/2009:00:17:30 +0800] "GET /jlzw/2007-01/10/xin_381003271549193150592.jpg HTTP/1.1" 200 72069 "-" "Googlebot-Image/1.0"
121.14.234.178 - - [22/Nov/2009:00:17:31 +0800] "GET /cysh/fyt/qnmzd/31.jpg HTTP/1.1" 304 - "http://image.baidu.com/i?ct=503316480&z=0&tn=baiduimagedetail&word=%C3%AB%D4%F3%B6%AB%BA%CD%D1%EE%BF%AA%BB%DB%D2%BB%BC%D2%B5%C4%D5%D5%C6%AC&in=24752&cl=2&cm=1&sc=0&lm=-1&pn=1&rn=1&di=14415194641&ln=1310&fr=ala0&ic=0&s=0" "Mozilla/4.0 (compatible; MSIE 6.0; Windows NT 5.1; SV1; Mozilla/4.0(Compatible Mozilla/4.0(Compatible-EmbeddedWB 14.59 http://bsalsa.com/ EmbeddedWB- 14.59 from: http://bsalsa.com/ )"
123.235.40.242 - - [22/Nov/2009:00:17:32 +0800] "GET /2008/mb/images/images/cbszc.jpg HTTP/1.1" 304 - "http://kr.blog.yahoo.com/pwx0907/9909.html" "Mozilla/4.0 (compatible; MSIE 6.0; Windows NT 5.1; SV1; GTB6.3; .NET CLR 2.0.50727; MAXTHON 2.0)"
123.235.40.243 - - [22/Nov/2009:00:17:33 +0800] "GET /cbs/2006-04/26/content_6852728_1.htm HTTP/1.1" 304 - "-" "Mozilla/5.0 (compatible; Yahoo! Slurp China; http://misc.yahoo.com.cn/help.html)"
67.195.111.244 - - [22/Nov/2009:00:17:33 +0800] "GET /jlzw/2006-03/28/content_6586571.htm HTTP/1.0" 200 7549 "-" "Mozilla/5.0 (compatible; Yahoo! Slurp/3.0; http://help.yahoo.com/help/us/ysearch/slurp)"
203.208.60.185 - - [22/Nov/2009:00:17:34 +0800] "GET /newscenter/jiceng/index.htm HTTP/1.1" 304 - "-" "Mozilla/5.0 (compatible; Googlebot/2.1; +http://www.google.com/bot.html)"
67.195.111.244 - - [22/Nov/2009:00:17:34 +0800] "GET /jlzw/images/style.css HTTP/1.0" 200 5026 "http://www.jl.xinhuanet.com/jlzw/2006-03/28/content_6586571.htm" "Mozilla/5.0 (compatible; Yahoo! Slurp/3.0; http://help.yahoo.com/help/us/ysearch/slurp)"
123.235.40.243 - - [22/Nov/2009:00:17:36 +0800] "GET /jlzw/2007-05/26/content_10130751.htm HTTP/1.1" 304 - "-" "Mozilla/5.0 (compatible; Yahoo! Slurp China; http://misc.yahoo.com.cn/help.html)"
203.208.60.167 - - [22/Nov/2009:00:17:44 +0800] "GET /jlzw/news.htm HTTP/1.1" 304 - "-" "Mozilla/5.0 (compatible; Googlebot/2.1; +http://www.google.com/bot.html)"
222.141.52.126 - - [22/Nov/2009:00:17:45 +0800] "GET /newscenter/tupian/index.htm HTTP/1.1" 304 - "-" "Sogou News Spider/3.0(+http://www.sogou.com/docs/help/webmasters.htm#07)"
222.141.52.126 - - [22/Nov/2009:00:17:46 +0800] "GET /shangye/shuma/index.htm HTTP/1.1" 304 - "-" "Sogou News Spider/3.0(+http://www.sogou.com/docs/help/webmasters.htm#07)"
65.55.234.14 - - [22/Nov/2009:00:17:44 +0800] "GET / HTTP/1.1" 200 145583 "-" "msnbot-NewsBlogs/1.1 (+http://search.msn.com/msnbot.htm)"
222.141.52.126 - - [22/Nov/2009:00:17:51 +0800] "GET /leaders/index.htm HTTP/1.1" 304 - "-" "Mozilla/4.0 (compatible; MSIE 7.0; Windows NT 5.1)"
119.147.105.245 - - [22/Nov/2009:00:17:54 +0800] "GET /tese/2008-02/18/xin_56302051817030622032385.jpg HTTP/1.1" 304 - "http://www.google.cn/imglanding?imgurl=http://www.gxta.gov.cn/ImageDB/2003/9/ImgS-4773-Na--01%25E5%258D%2597%25E5%25AE%2581%25E5%25A4%259C%25E6%2599%25AF.jpg&imgrefurl=http://www.gxta.gov.cn/Public/Photo/ShowPhoto.asp%3FImage_ID%3D4773&h=316&w=400&sz=144&tbnid=0lDpLhfA0oj_NM:&tbnh=98&tbnw=124&prev=/images%3Fq%3D%25E5%258D%2597%25E5%25AE%2581%25E5%25A4%259C%25E6%2599%25AF&hl=zh-CN&usg=__yMWwjUIYzd3t78O8o6Hv0ZNVpms%3D&ei=Zg8IS__TKpuDkAWx7ZzXCQ&sa=X&oi=image_result&resnum=1&ct=image&ved=0CAoQ9QEwAA&q=%E5%8D%97%E5%AE%81%E5%A4%9C%E6%99%AF&start=0" "Mozilla/4.0 (compatible; MSIE 7.0; Windows NT 5.1; Sicent)"
121.14.234.178 - - [22/Nov/2009:00:17:54 +0800] "GET /newscenter/2009-11/19/content_18279687.htm HTTP/1.1" 304 - "http://news.baidu.com/ns?cl=2&rn=20&tn=news&word=%F5%CC%C8%AD%B5%C0" "Mozilla/4.0 (compatible; MSIE 7.0; Windows NT 5.1; Trident/4.0; .NET CLR 2.0.50727)"
121.14.234.178 - - [22/Nov/2009:00:17:55 +0800] "GET /mod2006/top.htm HTTP/1.1" 304 - "http://www.jl.xinhuanet.com/newscenter/2009-11/19/content_18279687.htm" "Mozilla/4.0 (compatible; MSIE 7.0; Windows NT 5.1; Trident/4.0; .NET CLR 2.0.50727)"
123.178.199.98 - - [22/Nov/2009:00:17:51 +0800] "GET /2007ztzb/aiwozhonghua/images/jh.mp3 HTTP/1.1" 206 4511744 "www.jl.xinhuanet.com" "Mozilla/4.0 (compatible; MSIE 6.0; Windows NT 5.0)"
124.115.4.226 - - [22/Nov/2009:00:17:57 +0800] "GET /jujiao/2005-06/07/xin_300602071410687108142.jpg HTTP/1.1" 200 69390 "http://image.soso.com" "Sosoimagespider+(+http://help.soso.com/soso-image-spider.htm)"
67.218.116.164 - - [22/Nov/2009:00:17:56 +0800] "GET /newscenter/2009-11/17/content_18246211.htm HTTP/1.0" 200 18893 "-" "Mozilla/5.0 (Twiceler-0.9 http://www.cuil.com/twiceler/robot.html)"
123.178.199.98 - - [22/Nov/2009:00:17:55 +0800] "GET /2007ztzb/aiwozhonghua/images/jh.mp3 HTTP/1.1" 206 2807808 "www.jl.xinhuanet.com" "Mozilla/4.0 (compatible; MSIE 6.0; Windows NT 5.0)"
65.55.207.100 - - [22/Nov/2009:00:17:54 +0800] "GET /shangye/lxqg/index.htm HTTP/1.1" 200 54236 "-" "msnbot/2.0b (+http://search.msn.com/msnbot.htm)"
67.195.111.244 - - [22/Nov/2009:00:17:57 +0800] "GET /newscenter/2008-12/17/content_15201291.htm HTTP/1.0" 200 17916 "-" "Mozilla/5.0 (compatible; Yahoo! Slurp/3.0; http://help.yahoo.com/help/us/ysearch/slurp)"
222.141.52.126 - - [22/Nov/2009:00:17:59 +0800] "GET / HTTP/1.1" 304 - "-" "Mozilla/4.0+(compatible;+MSIE+7.0;+Windows+NT+5.1;+.NET+CLR+2.0.50727)"
121.194.1.104 - - [22/Nov/2009:00:17:59 +0800] "GET / HTTP/1.1" 200 145583 "-" "-"
123.178.199.98 - - [22/Nov/2009:00:17:48 +0800] "GET /2007ztzb/aiwozhonghua/images/jh.mp3 HTTP/1.1" 206 5429248 "www.jl.xinhuanet.com" "Mozilla/4.0 (compatible; MSIE 6.0; Windows NT 5.0)"
123.178.199.98 - - [22/Nov/2009:00:17:57 +0800] "GET /2007ztzb/aiwozhonghua/images/jh.mp3 HTTP/1.1" 206 907264 "www.jl.xinhuanet.com" "Mozilla/4.0 (compatible; MSIE 6.0; Windows NT 5.0)"
121.194.1.104 - - [22/Nov/2009:00:18:00 +0800] "GET / HTTP/1.1" 200 145583 "-" "-"
221.192.149.81 - - [22/Nov/2009:00:18:00 +0800] "GET / HTTP/1.1" 200 145583 "-" "-"
221.192.149.81 - - [22/Nov/2009:00:18:00 +0800] "GET / HTTP/1.1" 200 145583 "-" "-"
221.192.149.81 - - [22/Nov/2009:00:18:00 +0800] "GET / HTTP/1.1" 200 145583 "-" "-"
221.192.149.81 - - [22/Nov/2009:00:18:00 +0800] "GET / HTTP/1.1" 200 145583 "-" "-"
61.129.34.183 - - [22/Nov/2009:00:18:00 +0800] "GET / HTTP/1.1" 200 145583 "-" "-"
61.129.34.183 - - [22/Nov/2009:00:18:00 +0800] "GET / HTTP/1.1" 200 145583 "-" "-"
123.235.40.243 - - [22/Nov/2009:00:18:00 +0800] "GET / HTTP/1.1" 200 145583 "-" "-"
123.235.40.243 - - [22/Nov/2009:00:18:00 +0800] "GET / HTTP/1.1" 200 145583 "-" "-"
123.235.40.243 - - [22/Nov/2009:00:18:00 +0800] "GET / HTTP/1.1" 200 145583 "-" "-"
123.235.40.243 - - [22/Nov/2009:00:18:00 +0800] "GET / HTTP/1.1" 200 145583 "-" "-"
61.129.34.183 - - [22/Nov/2009:00:18:00 +0800] "GET / HTTP/1.1" 200 145583 "-" "-"
123.235.40.242 - - [22/Nov/2009:00:18:00 +0800] "GET / HTTP/1.1" 200 145583 "-" "-"
61.129.34.183 - - [22/Nov/2009:00:18:00 +0800] "GET / HTTP/1.1" 200 145583 "-" "-"
123.235.40.242 - - [22/Nov/2009:00:18:00 +0800] "GET / HTTP/1.1" 200 145583 "-" "-"
123.235.40.242 - - [22/Nov/2009:00:18:00 +0800] "GET / HTTP/1.1" 200 145583 "-" "-"
117.23.204.247 - - [22/Nov/2009:00:18:00 +0800] "GET / HTTP/1.1" 200 145583 "-" "-"
123.235.40.242 - - [22/Nov/2009:00:18:00 +0800] "GET / HTTP/1.1" 200 145583 "-" "-"
117.23.204.247 - - [22/Nov/2009:00:18:00 +0800] "GET / HTTP/1.1" 200 145583 "-" "-"
119.147.105.245 - - [22/Nov/2009:00:18:00 +0800] "GET / HTTP/1.1" 200 145583 "-" "-"
119.147.105.245 - - [22/Nov/2009:00:18:00 +0800] "GET / HTTP/1.1" 200 145583 "-" "-"
119.147.105.245 - - [22/Nov/2009:00:18:00 +0800] "GET / HTTP/1.1" 200 145583 "-" "-"
117.23.204.247 - - [22/Nov/2009:00:18:00 +0800] "GET / HTTP/1.1" 200 145583 "-" "-"
119.147.105.245 - - [22/Nov/2009:00:18:00 +0800] "GET / HTTP/1.1" 200 145583 "-" "-"
117.23.204.247 - - [22/Nov/2009:00:18:00 +0800] "GET / HTTP/1.1" 200 145583 "-" "-"
121.14.234.178 - - [22/Nov/2009:00:18:00 +0800] "GET / HTTP/1.1" 200 145583 "-" "-"
121.14.234.178 - - [22/Nov/2009:00:18:00 +0800] "GET / HTTP/1.1" 200 145583 "-" "-"
121.14.234.178 - - [22/Nov/2009:00:18:00 +0800] "GET / HTTP/1.1" 200 145583 "-" "-"
121.14.234.178 - - [22/Nov/2009:00:18:00 +0800] "GET / HTTP/1.1" 200 145583 "-" "-"
202.108.251.39 - - [22/Nov/2009:00:18:00 +0800] "GET / HTTP/1.1" 200 145583 "-" "-"
202.108.251.39 - - [22/Nov/2009:00:18:00 +0800] "GET / HTTP/1.1" 200 145583 "-" "-"
202.108.251.39 - - [22/Nov/2009:00:18:00 +0800] "GET / HTTP/1.1" 200 145583 "-" "-"
202.108.251.39 - - [22/Nov/2009:00:18:00 +0800] "GET / HTTP/1.1" 200 145583 "-" "-"
59.175.131.253 - - [22/Nov/2009:00:18:00 +0800] "GET / HTTP/1.1" 200 145583 "-" "-"
59.175.131.253 - - [22/Nov/2009:00:18:00 +0800] "GET / HTTP/1.1" 200 145583 "-" "-"
222.141.52.126 - - [22/Nov/2009:00:18:00 +0800] "GET /newscenter/jiceng/index.htm HTTP/1.1" 304 - "-" "Mozilla/4.0+(compatible;+MSIE+7.0;+Windows+NT+5.1;+.NET+CLR+2.0.50727)"
59.175.131.253 - - [22/Nov/2009:00:18:00 +0800] "GET / HTTP/1.1" 200 145583 "-" "-"
59.175.131.253 - - [22/Nov/2009:00:18:00 +0800] "GET / HTTP/1.1" 200 145583 "-" "-"
123.178.199.98 - - [22/Nov/2009:00:17:59 +0800] "GET /2007ztzb/aiwozhonghua/images/jh.mp3 HTTP/1.1" 206 1169408 "www.jl.xinhuanet.com" "Mozilla/4.0 (compatible; MSIE 6.0; Windows NT 5.0)"
222.141.52.126 - - [22/Nov/2009:00:18:01 +0800] "GET / HTTP/1.1" 200 145583 "-" "-"
222.141.52.126 - - [22/Nov/2009:00:18:01 +0800] "GET / HTTP/1.1" 200 145583 "-" "-"
222.141.52.126 - - [22/Nov/2009:00:18:01 +0800] "GET / HTTP/1.1" 200 145583 "-" "-"
222.141.52.126 - - [22/Nov/2009:00:18:01 +0800] "GET / HTTP/1.1" 200 145583 "-" "-"
123.178.199.98 - - [22/Nov/2009:00:18:00 +0800] "GET /2007ztzb/aiwozhonghua/images/jh.mp3 HTTP/1.1" 206 2873344 "www.jl.xinhuanet.com" "Mozilla/4.0 (compatible; MSIE 6.0; Windows NT 5.0)"
58.215.110.209 - - [22/Nov/2009:00:18:01 +0800] "GET / HTTP/1.1" 200 145583 "-" "-"
58.215.110.209 - - [22/Nov/2009:00:18:01 +0800] "GET / HTTP/1.1" 200 145583 "-" "-"
58.215.110.209 - - [22/Nov/2009:00:18:01 +0800] "GET / HTTP/1.1" 200 145583 "-" "-"
58.215.110.209 - - [22/Nov/2009:00:18:01 +0800] "GET / HTTP/1.1" 200 145583 "-" "-"
61.164.61.68 - - [22/Nov/2009:00:18:01 +0800] "GET / HTTP/1.1" 200 145583 "-" "-"
61.164.61.68 - - [22/Nov/2009:00:18:01 +0800] "GET / HTTP/1.1" 200 145583 "-" "-"
222.141.52.126 - - [22/Nov/2009:00:18:01 +0800] "GET /tese/index.htm HTTP/1.1" 304 - "-" "Mozilla/4.0+(compatible;+MSIE+7.0;+Windows+NT+5.1;+.NET+CLR+2.0.50727)"
61.164.61.68 - - [22/Nov/2009:00:18:01 +0800] "GET / HTTP/1.1" 200 145583 "-" "-"
61.164.61.68 - - [22/Nov/2009:00:18:01 +0800] "GET / HTTP/1.1" 200 145583 "-" "-"
221.192.149.81 - - [22/Nov/2009:00:18:01 +0800] "GET /newscenter/tupian/index.htm HTTP/1.1" 304 - "http://www.jl.xinhuanet.com/newscenter/tupian/index.htm" "Mozilla/4.0 (compatible; MSIE 6.0; Windows NT 5.0)"
222.141.52.126 - - [22/Nov/2009:00:18:01 +0800] "GET /jujiao/more.htm HTTP/1.1" 304 - "-" "Mozilla/4.0+(compatible;+MSIE+7.0;+Windows+NT+5.1;+.NET+CLR+2.0.50727)"
222.141.52.126 - - [22/Nov/2009:00:18:01 +0800] "GET /newscenter/wzsx/index.htm HTTP/1.1" 304 - "-" "Mozilla/4.0+(compatible;+MSIE+7.0;+Windows+NT+5.1;+.NET+CLR+2.0.50727)"
123.178.199.98 - - [22/Nov/2009:00:18:01 +0800] "GET /2007ztzb/aiwozhonghua/images/jh.mp3 HTTP/1.1" 206 1234944 "www.jl.xinhuanet.com" "Mozilla/4.0 (compatible; MSIE 6.0; Windows NT 5.0)"
123.178.199.98 - - [22/Nov/2009:00:18:01 +0800] "GET /2007ztzb/aiwozhonghua/images/jh.mp3 HTTP/1.1" 206 1234944 "www.jl.xinhuanet.com" "Mozilla/4.0 (compatible; MSIE 6.0; Windows NT 5.0)"
218.213.69.115 - - [22/Nov/2009:00:18:02 +0800] "GET / HTTP/1.1" 200 145583 "-" "-"
222.141.52.126 - - [22/Nov/2009:00:18:02 +0800] "GET /newscenter/photo_news.htm HTTP/1.1" 304 - "-" "Mozilla/4.0+(compatible;+MSIE+7.0;+Windows+NT+5.1;+.NET+CLR+2.0.50727)"
67.195.114.244 - - [22/Nov/2009:00:18:02 +0800] "GET /leaders/2008-10/24/content_14725660.htm HTTP/1.0" 200 20091 "-" "Mozilla/5.0 (compatible; Yahoo! Slurp/3.0; http://help.yahoo.com/help/us/ysearch/slurp)"
222.141.52.126 - - [22/Nov/2009:00:18:03 +0800] "GET /jlzw/index.htm HTTP/1.1" 304 - "-" "Mozilla/4.0+(compatible;+MSIE+7.0;+Windows+NT+5.1;+.NET+CLR+2.0.50727)"
222.141.52.126 - - [22/Nov/2009:00:18:03 +0800] "GET /newscenter/fzsh/index.htm HTTP/1.1" 304 - "-" "Mozilla/4.0+(compatible;+MSIE+7.0;+Windows+NT+5.1;+.NET+CLR+2.0.50727)"
218.213.69.115 - - [22/Nov/2009:00:18:02 +0800] "GET / HTTP/1.1" 200 145583 "-" "-"
222.141.52.126 - - [22/Nov/2009:00:18:03 +0800] "GET /newscenter/xhsp.htm HTTP/1.1" 304 - "-" "Mozilla/4.0+(compatible;+MSIE+7.0;+Windows+NT+5.1;+.NET+CLR+2.0.50727)"
218.213.69.115 - - [22/Nov/2009:00:18:03 +0800] "GET / HTTP/1.1" 200 145583 "-" "-"
65.55.51.161 - - [22/Nov/2009:00:18:02 +0800] "GET / HTTP/1.1" 200 145583 "-" "msnbot-NewsBlogs/1.1 (+http://search.msn.com/msnbot.htm)"
218.213.69.115 - - [22/Nov/2009:00:18:03 +0800] "GET / HTTP/1.1" 200 145583 "-" "-"
74.6.22.124 - - [22/Nov/2009:00:18:04 +0800] "GET /2006shangye/2009-11/20/content_18288074.htm HTTP/1.0" 304 - "-" "Mozilla/5.0 (compatible; Yahoo! Slurp/3.0; http://help.yahoo.com/help/us/ysearch/slurp)"
222.141.52.126 - - [22/Nov/2009:00:18:04 +0800] "GET /2007shangye/xinhuaduanxin0926/index.htm HTTP/1.1" 304 - "-" "Mozilla/4.0+(compatible;+MSIE+7.0;+Windows+NT+5.1;+.NET+CLR+2.0.50727)"
222.141.52.126 - - [22/Nov/2009:00:18:04 +0800] "GET /fangchan/index.htm HTTP/1.1" 304 - "-" "Mozilla/4.0+(compatible;+MSIE+7.0;+Windows+NT+5.1;+.NET+CLR+2.0.50727)"
222.141.52.126 - - [22/Nov/2009:00:18:05 +0800] "GET /qcfy/qcfy.htm HTTP/1.1" 304 - "-" "Mozilla/4.0+(compatible;+MSIE+7.0;+Windows+NT+5.1;+.NET+CLR+2.0.50727)"
222.141.52.126 - - [22/Nov/2009:00:18:05 +0800] "GET /yingshi/index.htm HTTP/1.1" 304 - "-" "Mozilla/4.0+(compatible;+MSIE+7.0;+Windows+NT+5.1;+.NET+CLR+2.0.50727)"
221.192.149.81 - - [22/Nov/2009:00:18:07 +0800] "GET /newscenter/2009-11/21/content_18293414.htm HTTP/1.1" 304 - "-" "libcurl-agent/1.0"
222.141.52.126 - - [22/Nov/2009:00:18:07 +0800] "GET /2006shangye/dssh.htm HTTP/1.1" 304 - "-" "Mozilla/4.0+(compatible;+MSIE+7.0;+Windows+NT+5.1;+.NET+CLR+2.0.50727)"
94.100.181.91 - - [22/Nov/2009:00:18:07 +0800] "GET /robots.txt HTTP/1.0" 404 275 "-" "Mail.Ru/1.0"
222.141.52.126 - - [22/Nov/2009:00:18:08 +0800] "GET /newscenter/yljd/index.htm HTTP/1.1" 304 - "-" "Mozilla/4.0+(compatible;+MSIE+7.0;+Windows+NT+5.1;+.NET+CLR+2.0.50727)"
222.141.52.126 - - [22/Nov/2009:00:18:08 +0800] "GET /2006shangye/zcjy.htm HTTP/1.1" 304 - "-" "Mozilla/4.0+(compatible;+MSIE+7.0;+Windows+NT+5.1;+.NET+CLR+2.0.50727)"
222.141.52.126 - - [22/Nov/2009:00:18:09 +0800] "GET /2006shangye/shzx.htm HTTP/1.1" 304 - "-" "Mozilla/4.0+(compatible;+MSIE+7.0;+Windows+NT+5.1;+.NET+CLR+2.0.50727)"
123.235.40.242 - - [22/Nov/2009:00:18:09 +0800] "GET /shengqing/errenzhuan/ HTTP/1.1" 304 - "http://www.baidu.com/s?wd=%B6%FE%C8%CB%D7%AA&word=%B6%FE%C8%CB%D7%AA&tn=sitehao123&oq=1&rsp=2&f=3" "Mozilla/4.0 (compatible; MSIE 6.0; Windows NT 5.1; SV1)"
222.141.52.126 - - [22/Nov/2009:00:18:09 +0800] "GET /shangye/lxqg/index.htm HTTP/1.1" 304 - "-" "Mozilla/4.0+(compatible;+MSIE+7.0;+Windows+NT+5.1;+.NET+CLR+2.0.50727)"
222.141.52.126 - - [22/Nov/2009:00:18:10 +0800] "GET /newscenter/toutiao/index.htm HTTP/1.1" 304 - "-" "Mozilla/4.0+(compatible;+MSIE+7.0;+Windows+NT+5.1;+.NET+CLR+2.0.50727)"
121.14.234.178 - - [22/Nov/2009:00:18:10 +0800] "GET /favicon.ico HTTP/1.1" 404 279 "-" "Mozilla/4.0 (compatible; MSIE 6.0; Windows NT 5.1; SV1; QQDownload 534; TheWorld; TheWorld)"
121.14.234.178 - - [22/Nov/2009:00:18:10 +0800] "GET /shangye/2004-12/30/content_3486290.htm HTTP/1.1" 304 - "http://www.baidu.com/s?wd=%D6%D0%B9%FA%C8%CB%CA%D9%B9%C9%B7%DD%D3%D0%CF%DE%B9%AB%CB%BE%B9%E3%D6%DD%B7%D6%B9%AB%CB%BE&pn=10&tn=ichuner_4_pg" "Mozilla/4.0 (compatible; MSIE 6.0; Windows NT 5.1; SV1; QQDownload 534; TheWorld)"
121.14.234.178 - - [22/Nov/2009:00:18:10 +0800] "GET /shangye/2004-12/30/image/yangshi.css HTTP/1.1" 404 304 "http://www.jl.xinhuanet.com/shangye/2004-12/30/content_3486290.htm" "Mozilla/4.0 (compatible; MSIE 6.0; Windows NT 5.1; SV1; QQDownload 534; TheWorld)"
121.14.234.178 - - [22/Nov/2009:00:18:10 +0800] "GET /shangye/2004-12/30/image/http|//www.jl.xinhuanet.com/shangye/jiaoyu/image/yangshi.css HTTP/1.1" 404 353 "http://www.jl.xinhuanet.com/shangye/2004-12/30/content_3486290.htm" "Mozilla/4.0 (compatible; MSIE 6.0; Windows NT 5.1; SV1; QQDownload 534; TheWorld)"
121.14.234.178 - - [22/Nov/2009:00:18:10 +0800] "GET /shangye/jiaoyu/image/yangshi.css HTTP/1.1" 304 - "http://www.jl.xinhuanet.com/shangye/2004-12/30/content_3486290.htm" "Mozilla/4.0 (compatible; MSIE 6.0; Windows NT 5.1; SV1; QQDownload 534; TheWorld)"
121.14.234.178 - - [22/Nov/2009:00:18:10 +0800] "GET /shangye/jiaoyu/image/cysk_top.js HTTP/1.1" 304 - "http://www.jl.xinhuanet.com/shangye/2004-12/30/content_3486290.htm" "Mozilla/4.0 (compatible; MSIE 6.0; Windows NT 5.1; SV1; QQDownload 534; TheWorld)"
121.14.234.178 - - [22/Nov/2009:00:18:10 +0800] "GET /shangye/jiaoyu/image/top2.gif HTTP/1.1" 304 - "http://www.jl.xinhuanet.com/shangye/2004-12/30/content_3486290.htm" "Mozilla/4.0 (compatible; MSIE 6.0; Windows NT 5.1; SV1; QQDownload 534; TheWorld)"
121.14.234.178 - - [22/Nov/2009:00:18:11 +0800] "GET /shangye/jiaoyu/image/bg.gif HTTP/1.1" 304 - "http://www.jl.xinhuanet.com/shangye/2004-12/30/content_3486290.htm" "Mozilla/4.0 (compatible; MSIE 6.0; Windows NT 5.1; SV1; QQDownload 534; TheWorld)"
121.14.234.178 - - [22/Nov/2009:00:18:11 +0800] "GET /shangye/jiaoyu/image/01.gif HTTP/1.1" 304 - "http://www.jl.xinhuanet.com/shangye/2004-12/30/content_3486290.htm" "Mozilla/4.0 (compatible; MSIE 6.0; Windows NT 5.1; SV1; QQDownload 534; TheWorld)"
121.14.234.178 - - [22/Nov/2009:00:18:11 +0800] "GET /home/top.htm HTTP/1.1" 304 - "http://www.jl.xinhuanet.com/shangye/2004-12/30/content_3486290.htm" "Mozilla/4.0 (compatible; MSIE 6.0; Windows NT 5.1; SV1; QQDownload 534; TheWorld)"
121.14.234.178 - - [22/Nov/2009:00:18:11 +0800] "GET /shangye/jiaoyu/image/di3.gif HTTP/1.1" 304 - "http://www.jl.xinhuanet.com/shangye/2004-12/30/content_3486290.htm" "Mozilla/4.0 (compatible; MSIE 6.0; Windows NT 5.1; SV1; QQDownload 534; TheWorld)"
121.14.234.178 - - [22/Nov/2009:00:18:11 +0800] "GET /shangye/jiaoyu/image/06.gif HTTP/1.1" 304 - "http://www.jl.xinhuanet.com/shangye/2004-12/30/content_3486290.htm" "Mozilla/4.0 (compatible; MSIE 6.0; Windows NT 5.1; SV1; QQDownload 534; TheWorld)"
121.14.234.178 - - [22/Nov/2009:00:18:11 +0800] "GET /shangye/jiaoyu/bottom.htm HTTP/1.1" 304 - "http://www.jl.xinhuanet.com/shangye/2004-12/30/content_3486290.htm" "Mozilla/4.0 (compatible; MSIE 6.0; Windows NT 5.1; SV1; QQDownload 534; TheWorld)"
94.100.181.91 - - [22/Nov/2009:00:18:09 +0800] "GET / HTTP/1.0" 200 145583 "-" "Mail.Ru/1.0"
202.108.251.39 - - [22/Nov/2009:00:18:11 +0800] "GET /shangye/jingyueski/index.htm HTTP/1.1" 304 - "http://www.jl.xinhuanet.com/shangye/jingyueski/baojia.htm" "Mozilla/4.0 (compatible; MSIE 7.0; Windows NT 6.0; Trident/4.0; GTB6; Mozilla/4.0 (compatible; MSIE 6.0; Windows NT 5.1; SV1) ; 51Logon.com; SLCC1; .NET CLR 2.0.50727; .NET CLR 3.5.30729; .NET CLR 3.0.30729; 360SE)"
121.14.234.178 - - [22/Nov/2009:00:18:11 +0800] "GET /shangye/jiaoyu/image/di7.gif HTTP/1.1" 304 - "http://www.jl.xinhuanet.com/shangye/jiaoyu/bottom.htm" "Mozilla/4.0 (compatible; MSIE 6.0; Windows NT 5.1; SV1; QQDownload 534; TheWorld)"
222.141.52.126 - - [22/Nov/2009:00:18:11 +0800] "GET /2008/erz/index.htm HTTP/1.1" 304 - "-" "Mozilla/4.0+(compatible;+MSIE+7.0;+Windows+NT+5.1;+.NET+CLR+2.0.50727)"
222.141.52.126 - - [22/Nov/2009:00:18:12 +0800] "GET /xhsjzkjl/index.htm HTTP/1.1" 304 - "-" "Mozilla/4.0+(compatible;+MSIE+7.0;+Windows+NT+5.1;+.NET+CLR+2.0.50727)"
123.235.40.242 - - [22/Nov/2009:00:18:12 +0800] "HEAD /2008/mb/images/images/logo.gif HTTP/1.1" 304 - "-" "-"
67.195.114.227 - - [22/Nov/2009:00:18:13 +0800] "GET /newscenter/2008-11/13/content_14911767.htm HTTP/1.0" 200 20286 "-" "Mozilla/5.0 (compatible; Yahoo! Slurp/3.0; http://help.yahoo.com/help/us/ysearch/slurp)"
222.141.52.126 - - [22/Nov/2009:00:18:13 +0800] "GET /shangye/hzsc/index.htm HTTP/1.1" 304 - "-" "Mozilla/4.0+(compatible;+MSIE+7.0;+Windows+NT+5.1;+.NET+CLR+2.0.50727)"
65.55.115.140 - - [22/Nov/2009:00:18:11 +0800] "GET / HTTP/1.1" 200 145583 "-" "msnbot-NewsBlogs/1.1 (+http://search.msn.com/msnbot.htm)"
222.141.52.126 - - [22/Nov/2009:00:18:14 +0800] "GET /2007ztzb/aiwozhonghua/images/jh.mp3 HTTP/1.1" 304 - "-" "Mozilla/4.0 (compatible; MSIE 6.0; Windows NT 5.1; SV1; .NET CLR 1.1.4322; .NET CLR 2.0.50727)"
222.141.52.126 - - [22/Nov/2009:00:18:15 +0800] "GET /2008/mymy/mymy.html HTTP/1.1" 304 - "-" "Mozilla/4.0+(compatible;+MSIE+7.0;+Windows+NT+5.1;+.NET+CLR+2.0.50727)"
222.141.52.126 - - [22/Nov/2009:00:18:15 +0800] "GET /2007ztzb/fenglin/index.htm HTTP/1.1" 304 - "-" "Mozilla/4.0+(compatible;+MSIE+7.0;+Windows+NT+5.1;+.NET+CLR+2.0.50727)"
202.108.251.39 - - [22/Nov/2009:00:18:15 +0800] "GET /shangye/jingyueski/daoyou.htm HTTP/1.1" 304 - "http://www.jl.xinhuanet.com/shangye/jingyueski/index.htm" "Mozilla/4.0 (compatible; MSIE 7.0; Windows NT 6.0; Trident/4.0; GTB6; Mozilla/4.0 (compatible; MSIE 6.0; Windows NT 5.1; SV1) ; 51Logon.com; SLCC1; .NET CLR 2.0.50727; .NET CLR 3.5.30729; .NET CLR 3.0.30729; 360SE)"
202.108.251.39 - - [22/Nov/2009:00:18:15 +0800] "GET /shangye/jingyueski/daoyou.jpg HTTP/1.1" 304 - "http://www.jl.xinhuanet.com/shangye/jingyueski/daoyou.htm" "Mozilla/4.0 (compatible; MSIE 7.0; Windows NT 6.0; Trident/4.0; GTB6; Mozilla/4.0 (compatible; MSIE 6.0; Windows NT 5.1; SV1) ; 51Logon.com; SLCC1; .NET CLR 2.0.50727; .NET CLR 3.5.30729; .NET CLR 3.0.30729; 360SE)"
202.108.251.39 - - [22/Nov/2009:00:18:15 +0800] "GET /shangye/jingyueski/image/daoyouxiao1.jpg HTTP/1.1" 304 - "http://www.jl.xinhuanet.com/shangye/jingyueski/daoyou.htm" "Mozilla/4.0 (compatible; MSIE 7.0; Windows NT 6.0; Trident/4.0; GTB6; Mozilla/4.0 (compatible; MSIE 6.0; Windows NT 5.1; SV1) ; 51Logon.com; SLCC1; .NET CLR 2.0.50727; .NET CLR 3.5.30729; .NET CLR 3.0.30729; 360SE)"
202.108.251.39 - - [22/Nov/2009:00:18:15 +0800] "GET /shangye/jingyueski/image/daoyouxiao2.jpg HTTP/1.1" 304 - "http://www.jl.xinhuanet.com/shangye/jingyueski/daoyou.htm" "Mozilla/4.0 (compatible; MSIE 7.0; Windows NT 6.0; Trident/4.0; GTB6; Mozilla/4.0 (compatible; MSIE 6.0; Windows NT 5.1; SV1) ; 51Logon.com; SLCC1; .NET CLR 2.0.50727; .NET CLR 3.5.30729; .NET CLR 3.0.30729; 360SE)"
202.108.251.39 - - [22/Nov/2009:00:18:15 +0800] "GET /shangye/jingyueski/image/daoyouxiao3.jpg HTTP/1.1" 304 - "http://www.jl.xinhuanet.com/shangye/jingyueski/daoyou.htm" "Mozilla/4.0 (compatible; MSIE 7.0; Windows NT 6.0; Trident/4.0; GTB6; Mozilla/4.0 (compatible; MSIE 6.0; Windows NT 5.1; SV1) ; 51Logon.com; SLCC1; .NET CLR 2.0.50727; .NET CLR 3.5.30729; .NET CLR 3.0.30729; 360SE)"
222.141.52.126 - - [22/Nov/2009:00:18:16 +0800] "GET /2007ztzb/jiangongjituan/index.htm HTTP/1.1" 304 - "-" "Mozilla/4.0+(compatible;+MSIE+7.0;+Windows+NT+5.1;+.NET+CLR+2.0.50727)"
123.235.40.242 - - [22/Nov/2009:00:18:16 +0800] "GET /favicon.ico HTTP/1.1" 404 279 "-" "Mozilla/4.0 (compatible; MSIE 5.00; Windows 98)"
222.141.52.126 - - [22/Nov/2009:00:18:16 +0800] "GET /2007ztzb/qckfq/index.htm HTTP/1.1" 304 - "-" "Mozilla/4.0+(compatible;+MSIE+7.0;+Windows+NT+5.1;+.NET+CLR+2.0.50727)"
222.141.52.126 - - [22/Nov/2009:00:18:17 +0800] "GET /2008/shaji/index.htm HTTP/1.1" 304 - "-" "Mozilla/4.0+(compatible;+MSIE+7.0;+Windows+NT+5.1;+.NET+CLR+2.0.50727)"
222.141.52.126 - - [22/Nov/2009:00:18:18 +0800] "GET /shangye/jkq/index.htm HTTP/1.1" 304 - "-" "Mozilla/4.0+(compatible;+MSIE+7.0;+Windows+NT+5.1;+.NET+CLR+2.0.50727)"
123.235.40.243 - - [22/Nov/2009:00:18:18 +0800] "GET / HTTP/1.1" 304 - "http://www.xinhuanet.com/" "Mozilla/4.0 (compatible; MSIE 6.0; Windows NT 5.1; SV1; .NET CLR 2.0.50727)"
123.235.40.243 - - [22/Nov/2009:00:18:18 +0800] "GET /2008/mb/images/images/other_02.jpg HTTP/1.1" 304 - "http://www.jl.xinhuanet.com/" "Mozilla/4.0 (compatible; MSIE 6.0; Windows NT 5.1; SV1; .NET CLR 2.0.50727)"
123.235.40.243 - - [22/Nov/2009:00:18:18 +0800] "GET /2008/mb/images/images/other_03.jpg HTTP/1.1" 304 - "http://www.jl.xinhuanet.com/" "Mozilla/4.0 (compatible; MSIE 6.0; Windows NT 5.1; SV1; .NET CLR 2.0.50727)"
222.141.52.126 - - [22/Nov/2009:00:18:18 +0800] "GET /2007shangye/antu/index.htm HTTP/1.1" 304 - "-" "Mozilla/4.0+(compatible;+MSIE+7.0;+Windows+NT+5.1;+.NET+CLR+2.0.50727)"
123.235.40.243 - - [22/Nov/2009:00:18:18 +0800] "GET /images_new/images_2006/09_bk_05.jpg HTTP/1.1" 404 303 "http://www.jl.xinhuanet.com/" "Mozilla/4.0 (compatible; MSIE 6.0; Windows NT 5.1; SV1; .NET CLR 2.0.50727)"
123.235.40.243 - - [22/Nov/2009:00:18:19 +0800] "GET /newscenter/photo_news.htm HTTP/1.1" 304 - "http://www.jl.xinhuanet.com/" "Mozilla/4.0 (compatible; MSIE 6.0; Windows NT 5.1; SV1; .NET CLR 2.0.50727)"
222.141.52.126 - - [22/Nov/2009:00:18:19 +0800] "GET /newscenter/rdwp/index.htm HTTP/1.1" 304 - "-" "Mozilla/4.0+(compatible;+MSIE+7.0;+Windows+NT+5.1;+.NET+CLR+2.0.50727)"
222.141.52.126 - - [22/Nov/2009:00:18:19 +0800] "GET /2007shangye/gongzhuling/index.htm HTTP/1.1" 304 - "-" "Mozilla/4.0+(compatible;+MSIE+7.0;+Windows+NT+5.1;+.NET+CLR+2.0.50727)"
222.141.52.126 - - [22/Nov/2009:00:18:19 +0800] "GET /2008/dyrmyy/index.htm HTTP/1.1" 304 - "-" "Mozilla/4.0+(compatible;+MSIE+7.0;+Windows+NT+5.1;+.NET+CLR+2.0.50727)"
222.141.52.126 - - [22/Nov/2009:00:18:20 +0800] "GET /home/shequ/index.htm HTTP/1.1" 304 - "-" "Mozilla/4.0+(compatible;+MSIE+7.0;+Windows+NT+5.1;+.NET+CLR+2.0.50727)"
222.141.52.126 - - [22/Nov/2009:00:18:20 +0800] "GET /cc2y/index.htm HTTP/1.1" 304 - "-" "Mozilla/4.0+(compatible;+MSIE+7.0;+Windows+NT+5.1;+.NET+CLR+2.0.50727)"
222.141.52.126 - - [22/Nov/2009:00:18:21 +0800] "GET /2008/dbdl/index.htm HTTP/1.1" 304 - "-" "Mozilla/4.0+(compatible;+MSIE+7.0;+Windows+NT+5.1;+.NET+CLR+2.0.50727)"
222.141.52.126 - - [22/Nov/2009:00:18:22 +0800] "GET /2007shangye/taiban/index.htm HTTP/1.1" 304 - "-" "Mozilla/4.0+(compatible;+MSIE+7.0;+Windows+NT+5.1;+.NET+CLR+2.0.50727)"
202.108.251.39 - - [22/Nov/2009:00:18:23 +0800] "GET /newscenter/2009-11/16/xin_323110616142345315171.gif HTTP/1.1" 404 319 "-" "-"
65.55.106.158 - - [22/Nov/2009:00:18:24 +0800] "GET /qcfy/2005-11/21/content_5633871.htm HTTP/1.1" 304 - "-" "msnbot/2.0b (+http://search.msn.com/msnbot.htm)"
67.195.114.244 - - [22/Nov/2009:00:18:25 +0800] "GET /qcfy/yiqi/0709.htm HTTP/1.0" 200 18033 "-" "Mozilla/5.0 (compatible; Yahoo! Slurp/3.0; http://help.yahoo.com/help/us/ysearch/slurp)"
123.235.40.243 - - [22/Nov/2009:00:18:28 +0800] "GET /yingshi/2006-11/09/xin_061103091100111969821.jpg HTTP/1.1" 304 - "http://pic.sogou.com/d?query=%C8%CB%CC%E5%CD%BC%C6%AC&mood=0&mode=1&di=2&p=40230500&dp=1&page=2&did=21" "Mozilla/4.0 (compatible; MSIE 6.0; Windows NT 5.1; SV1; .NET CLR 2.0.50727; .NET CLR 3.0.04506.30)"
123.235.40.243 - - [22/Nov/2009:00:18:28 +0800] "GET /yingshi/2006-11/09/xin_041103091100729585516.jpg HTTP/1.1" 304 - "http://pic.sogou.com/d?query=%C8%CB%CC%E5%CD%BC%C6%AC&mood=0&mode=1&di=2&p=40230500&dp=1&page=2&did=21" "Mozilla/4.0 (compatible; MSIE 6.0; Windows NT 5.1; SV1; .NET CLR 2.0.50727; .NET CLR 3.0.04506.30)"
123.235.40.243 - - [22/Nov/2009:00:18:28 +0800] "GET /yingshi/2006-11/09/xin_0511030911006003143819.jpg HTTP/1.1" 304 - "http://pic.sogou.com/d?query=%C8%CB%CC%E5%CD%BC%C6%AC&mood=0&mode=1&di=2&p=40230500&dp=1&page=2&did=21" "Mozilla/4.0 (compatible; MSIE 6.0; Windows NT 5.1; SV1; .NET CLR 2.0.50727; .NET CLR 3.0.04506.30)"
123.235.40.243 - - [22/Nov/2009:00:18:28 +0800] "GET /yingshi/2006-11/09/xin_0711030911002332191925.jpg HTTP/1.1" 304 - "http://pic.sogou.com/d?query=%C8%CB%CC%E5%CD%BC%C6%AC&mood=0&mode=1&di=2&p=40230500&dp=1&page=2&did=21" "Mozilla/4.0 (compatible; MSIE 6.0; Windows NT 5.1; SV1; .NET CLR 2.0.50727; .NET CLR 3.0.04506.30)"
123.235.40.243 - - [22/Nov/2009:00:18:28 +0800] "GET /yingshi/2006-11/09/xin_061103091100402918122.jpg HTTP/1.1" 304 - "http://pic.sogou.com/d?query=%C8%CB%CC%E5%CD%BC%C6%AC&mood=0&mode=1&di=2&p=40230500&dp=1&page=2&did=21" "Mozilla/4.0 (compatible; MSIE 6.0; Windows NT 5.1; SV1; .NET CLR 2.0.50727; .NET CLR 3.0.04506.30)"
123.235.40.243 - - [22/Nov/2009:00:18:28 +0800] "GET /yingshi/2006-11/09/xin_0711030911008141194527.jpg HTTP/1.1" 304 - "http://pic.sogou.com/d?query=%C8%CB%CC%E5%CD%BC%C6%AC&mood=0&mode=1&di=2&p=40230500&dp=1&page=2&did=21" "Mozilla/4.0 (compatible; MSIE 6.0; Windows NT 5.1; SV1; .NET CLR 2.0.50727; .NET CLR 3.0.04506.30)"
123.235.40.243 - - [22/Nov/2009:00:18:28 +0800] "GET /shangye/2004-12/31/content_3489801.htm HTTP/1.1" 304 - "-" "Mozilla/5.0 (compatible; Yahoo! Slurp China; http://misc.yahoo.com.cn/help.html)"
