202.108.251.39 - - [22/Nov/2009:00:10:15 +0800] "GET /newscenter/2009-11/17/xin_10311061710282031482215.jpg HTTP/1.1" 304 - "http://www.jl.xinhuanet.com/newscenter/2009-11/17/content_18249806_3.htm" "Mozilla/4.0 (compatible; MSIE 6.0; Windows NT 5.1; SV1; QQPinyinSetup 614; GTB6; .NET CLR 2.0.50727; CIBA)"
121.14.234.178 - - [22/Nov/2009:00:10:15 +0800] "GET /2008/mb/images/images/sh4.jpg HTTP/1.1" 304 - "http://www.jl.xinhuanet.com/" "Mozilla/4.0 (compatible; MSIE 6.0; Windows NT 5.1; SV1)"
121.14.234.178 - - [22/Nov/2009:00:10:15 +0800] "GET /2008/mb/images/images/01_09b.jpg HTTP/1.1" 304 - "http://www.jl.xinhuanet.com/" "Mozilla/4.0 (compatible; MSIE 6.0; Windows NT 5.1; SV1)"
121.14.234.178 - - [22/Nov/2009:00:10:15 +0800] "GET /2008/mb/images/images/zmkm.jpg HTTP/1.1" 304 - "http://www.jl.xinhuanet.com/" "Mozilla/4.0 (compatible; MSIE 6.0; Windows NT 5.1; SV1)"
121.14.234.178 - - [22/Nov/2009:00:10:15 +0800] "GET /2008/mb/images/images/mymy.jpg HTTP/1.1" 304 - "http://www.jl.xinhuanet.com/" "Mozilla/4.0 (compatible; MSIE 6.0; Windows NT 5.1; SV1)"
121.14.234.178 - - [22/Nov/2009:00:10:15 +0800] "GET /2008/mb/images/images/jcfy.gif HTTP/1.1" 304 - "http://www.jl.xinhuanet.com/" "Mozilla/4.0 (compatible; MSIE 6.0; Windows NT 5.1; SV1)"
121.14.234.178 - - [22/Nov/2009:00:10:16 +0800] "GET /2008/mb/images/images/dfpd.jpg HTTP/1.1" 304 - "http://www.jl.xinhuanet.com/" "Mozilla/4.0 (compatible; MSIE 6.0; Windows NT 5.1; SV1)"
121.14.234.178 - - [22/Nov/2009:00:10:16 +0800] "GET /2008/mb/images/images/04_02.jpg HTTP/1.1" 304 - "http://www.jl.xinhuanet.com/" "Mozilla/4.0 (compatible; MSIE 6.0; Windows NT 5.1; SV1)"
121.14.234.178 - - [22/Nov/2009:00:10:16 +0800] "GET /2008/mb/images/images/cghly.jpg HTTP/1.1" 304 - "http://www.jl.xinhuanet.com/" "Mozilla/4.0 (compatible; MSIE 6.0; Windows NT 5.1; SV1)"
123.235.40.243 - - [22/Nov/2009:00:10:16 +0800] "GET /jlzw/2007-07/12/content_10550495.htm HTTP/1.1" 304 - "-" "Mozilla/5.0 (compatible; Yahoo! Slurp China; http://misc.yahoo.com.cn/help.html)"
121.14.234.178 - - [22/Nov/2009:00:10:16 +0800] "GET /2008/mb/images/images/04_03.jpg HTTP/1.1" 304 - "http://www.jl.xinhuanet.com/" "Mozilla/4.0 (compatible; MSIE 6.0; Windows NT 5.1; SV1)"
121.14.234.178 - - [22/Nov/2009:00:10:16 +0800] "GET /2008/mb/images/images/04_04.jpg HTTP/1.1" 304 - "http://www.jl.xinhuanet.com/" "Mozilla/4.0 (compatible; MSIE 6.0; Windows NT 5.1; SV1)"
121.14.234.178 - - [22/Nov/2009:00:10:16 +0800] "GET /2008/mb/images/images/logo124.gif HTTP/1.1" 304 - "http://www.jl.xinhuanet.com/" "Mozilla/4.0 (compatible; MSIE 6.0; Windows NT 5.1; SV1)"
121.14.234.178 - - [22/Nov/2009:00:10:16 +0800] "GET /2008/mb/images/images/04_14.jpg HTTP/1.1" 304 - "http://www.jl.xinhuanet.com/" "Mozilla/4.0 (compatible; MSIE 6.0; Windows NT 5.1; SV1)"
121.14.234.178 - - [22/Nov/2009:00:10:16 +0800] "GET /2008/mb/images/images/qc1.jpg HTTP/1.1" 304 - "http://www.jl.xinhuanet.com/" "Mozilla/4.0 (compatible; MSIE 6.0; Windows NT 5.1; SV1)"
121.14.234.178 - - [22/Nov/2009:00:10:16 +0800] "GET /2008/mb/images/images/zx.jpg HTTP/1.1" 304 - "http://www.jl.xinhuanet.com/" "Mozilla/4.0 (compatible; MSIE 6.0; Windows NT 5.1; SV1)"
64.4.54.152 - - [22/Nov/2009:00:10:18 +0800] "GET / HTTP/1.1" 200 145583 "-" "msnbot-NewsBlogs/1.1 (+http://search.msn.com/msnbot.htm)"
202.160.188.236 - - [22/Nov/2009:00:10:20 +0800] "GET /main/cbs_mg/guai29.htm HTTP/1.0" 200 8557 "-" "Mozilla/5.0 (compatible; Yahoo! Slurp China; http://misc.yahoo.com.cn/help.html)"
121.14.234.178 - - [22/Nov/2009:00:10:21 +0800] "GET /leaders/hanchangfu/zyjh.htm HTTP/1.1" 304 - "-" "Sogou web spider/4.0(+http://www.sogou.com/docs/help/webmasters.htm#07)"
202.108.251.39 - - [22/Nov/2009:00:10:21 +0800] "GET / HTTP/1.1" 304 - "-" "MSIE 6.0"
202.108.251.39 - - [22/Nov/2009:00:10:22 +0800] "GET /newscenter/2009-11/17/content_18249806_4.htm HTTP/1.1" 304 - "http://www.jl.xinhuanet.com/newscenter/2009-11/17/content_18249806_3.htm" "Mozilla/4.0 (compatible; MSIE 6.0; Windows NT 5.1; SV1; QQPinyinSetup 614; GTB6; .NET CLR 2.0.50727; CIBA)"
202.108.251.39 - - [22/Nov/2009:00:10:22 +0800] "GET /newscenter/2009-11/17/xin_11311061710281562480416.jpg HTTP/1.1" 304 - "http://www.jl.xinhuanet.com/newscenter/2009-11/17/content_18249806_4.htm" "Mozilla/4.0 (compatible; MSIE 6.0; Windows NT 5.1; SV1; QQPinyinSetup 614; GTB6; .NET CLR 2.0.50727; CIBA)"
65.55.106.135 - - [22/Nov/2009:00:10:24 +0800] "GET /qcfy/2003-07/13/content_3432928.htm HTTP/1.1" 304 - "-" "msnbot/2.0b (+http://search.msn.com/msnbot.htm)"
65.55.106.204 - - [22/Nov/2009:00:10:25 +0800] "GET /yingshi/2009-10/20/content_17989290.htm HTTP/1.1" 200 21538 "-" "msnbot/2.0b (+http://search.msn.com/msnbot.htm)"
61.164.61.68 - - [22/Nov/2009:00:10:27 +0800] "GET /2007ztzb/aiwozhonghua/images/jh.mp3 HTTP/1.1" 304 - "http://www.jl.xinhuanet.com/" "Mozilla/4.0 (compatible; MSIE 6.0; Windows NT 5.1; .NET CLR 3.5.20706)"
123.235.40.243 - - [22/Nov/2009:00:10:28 +0800] "GET /newscenter/2006-07/03/content_7412934.htm HTTP/1.1" 304 - "-" "Mozilla/5.0 (compatible; Yahoo! Slurp China; http://misc.yahoo.com.cn/help.html)"
221.192.149.81 - - [22/Nov/2009:00:10:28 +0800] "GET /newscenter/2009-10/21/content_18006915.htm HTTP/1.1" 304 - "http://www.google.cn/search?hl=zh-CN&newwindow=1&q=%E7%8E%8B%E5%BC%8F%E5%BB%93%E7%9A%84%E7%94%BB%E6%8B%8D%E5%8D%96&start=20&sa=N" "Mozilla/4.0 (compatible; MSIE 6.0; Windows NT 5.1; SV1; InfoPath.2)"
221.192.149.81 - - [22/Nov/2009:00:10:29 +0800] "GET /mod2006/top.htm HTTP/1.1" 304 - "http://www.jl.xinhuanet.com/newscenter/2009-10/21/content_18006915.htm" "Mozilla/4.0 (compatible; MSIE 6.0; Windows NT 5.1; SV1; InfoPath.2)"
117.23.204.247 - - [22/Nov/2009:00:10:29 +0800] "GET /newscenter/2008-04/13/content_12950134.htm HTTP/1.1" 304 - "-" "Sosospider+(+http://help.soso.com/webspider.htm)"
202.108.251.39 - - [22/Nov/2009:00:10:35 +0800] "GET /newscenter/2009-11/17/content_18249806_5.htm HTTP/1.1" 304 - "http://www.jl.xinhuanet.com/newscenter/2009-11/17/content_18249806_4.htm" "Mozilla/4.0 (compatible; MSIE 6.0; Windows NT 5.1; SV1; QQPinyinSetup 614; GTB6; .NET CLR 2.0.50727; CIBA)"
121.14.234.178 - - [22/Nov/2009:00:10:35 +0800] "GET /leaders/wangmin/zyjh.htm HTTP/1.1" 304 - "-" "Sogou web spider/4.0(+http://www.sogou.com/docs/help/webmasters.htm#07)"
221.192.149.81 - - [22/Nov/2009:00:10:35 +0800] "GET /newscenter/picture/index.htm HTTP/1.1" 304 - "-" "Baiduspider-news+(+http://www.baidu.com/search/spider.htm)"
202.108.251.39 - - [22/Nov/2009:00:10:35 +0800] "GET /newscenter/2009-11/17/xin_1231106171028296359617.jpg HTTP/1.1" 304 - "http://www.jl.xinhuanet.com/newscenter/2009-11/17/content_18249806_5.htm" "Mozilla/4.0 (compatible; MSIE 6.0; Windows NT 5.1; SV1; QQPinyinSetup 614; GTB6; .NET CLR 2.0.50727; CIBA)"
69.191.211.202 - - [22/Nov/2009:00:10:34 +0800] "GET / HTTP/1.1" 200 145583 "-" "BLP_bbot/0.1"
202.160.179.66 - - [22/Nov/2009:00:10:36 +0800] "GET /newscenter/2008-11/14/content_14914747.htm HTTP/1.0" 200 18012 "-" "Mozilla/5.0 (compatible; Yahoo! Slurp China; http://misc.yahoo.com.cn/help.html)"
61.129.34.183 - - [22/Nov/2009:00:10:36 +0800] "GET /newscenter/2008-11/03/xin_43311050309542651405625.jpg HTTP/1.1" 304 - "http://user.qzone.qq.com/327714360" "Mozilla/4.0 (compatible; MSIE 6.0; Windows NT 5.1; SV1)"
203.208.60.187 - - [22/Nov/2009:00:10:38 +0800] "GET /newscenter/jiceng/index.htm HTTP/1.1" 304 - "-" "Mozilla/5.0 (compatible; Googlebot/2.1; +http://www.google.com/bot.html)"
202.108.251.39 - - [22/Nov/2009:00:10:38 +0800] "GET /qcfy/2009-08/28/content_17529494.htm HTTP/1.1" 304 - "-" "Mozilla/5.0 (compatible; Yahoo! Slurp China; http://misc.yahoo.com.cn/help.html)"
203.208.60.68 - - [22/Nov/2009:00:10:41 +0800] "GET /news/toutiao/toutiao.htm HTTP/1.1" 304 - "-" "Mozilla/5.0 (compatible; Googlebot/2.1; +http://www.google.com/bot.html)"
117.23.204.247 - - [22/Nov/2009:00:10:43 +0800] "GET /newscenter/2008-09/08/content_14341430_6.htm HTTP/1.1" 200 17866 "-" "Sosospider+(+http://help.soso.com/webspider.htm)"
203.208.60.166 - - [22/Nov/2009:00:10:43 +0800] "GET /xhsjl/sqbl/zhaoshang/shulan/imgs/2000127-24.jpg HTTP/1.1" 304 - "-" "Googlebot-Image/1.0"
117.23.204.247 - - [22/Nov/2009:00:10:45 +0800] "GET /newscenter/2005-11/20/content_5628075.htm?n=1&p=2564 HTTP/1.1" 200 17309 "-" "Sosospider+(+http://help.soso.com/webspider.htm)"
67.195.114.244 - - [22/Nov/2009:00:10:45 +0800] "GET /htd/2005-05/20/content_4251519.htm HTTP/1.0" 200 21598 "-" "Mozilla/5.0 (compatible; Yahoo! Slurp/3.0; http://help.yahoo.com/help/us/ysearch/slurp)"
67.195.114.244 - - [22/Nov/2009:00:10:45 +0800] "GET /shangye/2009-09/14/content_17684064.htm HTTP/1.0" 200 17481 "-" "Mozilla/5.0 (compatible; Yahoo! Slurp/3.0; http://help.yahoo.com/help/us/ysearch/slurp)"
67.195.114.244 - - [22/Nov/2009:00:10:47 +0800] "GET /home/top.htm HTTP/1.0" 200 12347 "http://www.jl.xinhuanet.com/htd/2005-05/20/content_4251519.htm" "Mozilla/5.0 (compatible; Yahoo! Slurp/3.0; http://help.yahoo.com/help/us/ysearch/slurp)"
203.208.60.164 - - [22/Nov/2009:00:10:48 +0800] "GET /2008/2009alb/pic/dyjm/zdk.jpg HTTP/1.1" 200 83677 "-" "Googlebot-Image/1.0"
61.164.61.68 - - [22/Nov/2009:00:10:50 +0800] "GET /1.htm HTTP/1.1" 304 - "http://mw.0437.gov.cn/bar.asp?id=500&url=http://mw.0437.gov.cn/show/500.html" "Mozilla/4.0 (compatible; MSIE 6.0; Windows NT 5.1; SV1; QQPinyinSetup 620; TencentTraveler 4.0)"
202.108.251.39 - - [22/Nov/2009:00:10:50 +0800] "GET /newscenter/2009-11/17/content_18249806_6.htm HTTP/1.1" 304 - "http://www.jl.xinhuanet.com/newscenter/2009-11/17/content_18249806_5.htm" "Mozilla/4.0 (compatible; MSIE 6.0; Windows NT 5.1; SV1; QQPinyinSetup 614; GTB6; .NET CLR 2.0.50727; CIBA)"
202.108.251.39 - - [22/Nov/2009:00:10:50 +0800] "GET /newscenter/2009-11/17/xin_13311061710281402166018.jpg HTTP/1.1" 304 - "http://www.jl.xinhuanet.com/newscenter/2009-11/17/content_18249806_6.htm" "Mozilla/4.0 (compatible; MSIE 6.0; Windows NT 5.1; SV1; QQPinyinSetup 614; GTB6; .NET CLR 2.0.50727; CIBA)"
203.208.60.251 - - [22/Nov/2009:00:10:51 +0800] "GET /jlzw/news.htm HTTP/1.1" 304 - "-" "Mozilla/5.0 (compatible; Googlebot/2.1; +http://www.google.com/bot.html)"
67.195.111.244 - - [22/Nov/2009:00:10:50 +0800] "GET /newscenter/2009-11/19/content_18270577_3.htm HTTP/1.0" 200 18054 "-" "Mozilla/5.0 (compatible; Yahoo! Slurp/3.0; http://help.yahoo.com/help/us/ysearch/slurp)"
202.160.178.28 - - [22/Nov/2009:00:10:52 +0800] "GET /xhsjzkjl/2009-01/06/content_15370476.htm HTTP/1.0" 200 18216 "-" "Mozilla/5.0 (compatible; Yahoo! Slurp China; http://misc.yahoo.com.cn/help.html)"
74.6.22.124 - - [22/Nov/2009:00:10:52 +0800] "GET /newscenter/tupian/index.htm HTTP/1.0" 304 - "-" "Mozilla/5.0 (compatible; Yahoo! Slurp/3.0; http://help.yahoo.com/help/us/ysearch/slurp)"
221.192.149.81 - - [22/Nov/2009:00:10:52 +0800] "GET /shangye/shulan/links/tds/index.htm HTTP/1.1" 404 302 "-" "Baiduspider+(+http://www.baidu.com/search/spider.htm)"
123.235.40.243 - - [22/Nov/2009:00:10:53 +0800] "GET /2006shangye/2008-12/01/content_15064637.htm HTTP/1.1" 304 - "-" "Mozilla/5.0 (compatible; Yahoo! Slurp China; http://misc.yahoo.com.cn/help.html)"
65.55.106.163 - - [22/Nov/2009:00:10:55 +0800] "GET /cysh/2003-07/21/content_2234459.htm HTTP/1.1" 304 - "-" "msnbot/2.0b (+http://search.msn.com/msnbot.htm)"
221.192.149.81 - - [22/Nov/2009:00:10:57 +0800] "GET /shangye/bkfx/bk.htm HTTP/1.1" 304 - "-" "Baiduspider+(+http://www.baidu.com/search/spider.htm)"
221.192.149.81 - - [22/Nov/2009:00:10:58 +0800] "GET /shangye/2007-08/23/xin_4808042317294211139333.jpg HTTP/1.1" 304 - "http://image.baidu.com/i?ct=503316480&z=0&tn=baiduimagedetail&word=%CC%EC%B3%D8%CB%AE%B9%D6%D5%E6%CF%E0&in=32396&cl=2&cm=1&sc=0&lm=-1&pn=9&rn=1&di=9473531712&ln=1378&fr=&ic=0&s=0" "Mozilla/4.0 (compatible; MSIE 6.0; Windows NT 5.1; SV1; .NET CLR 2.0.50727; .NET CLR 3.0.4506.2152; .NET CLR 3.5.30729; .NET CLR 1.1.4322)"
203.192.6.76 - - [22/Nov/2009:00:10:59 +0800] "GET /2006shangye/2009-09/17/content_17722329.htm HTTP/1.1" 200 17490 "-" "Mozilla/5.0 (compatible; Yahoo! Slurp/3.0; http://help.yahoo.com/help/us/ysearch/slurp)"
74.6.22.124 - - [22/Nov/2009:00:10:59 +0800] "GET /newscenter/style.css HTTP/1.0" 404 288 "http://www.jl.xinhuanet.com/newscenter/tupian/index.htm" "Mozilla/5.0 (compatible; Yahoo! Slurp/3.0; http://help.yahoo.com/help/us/ysearch/slurp)"
121.194.1.104 - - [22/Nov/2009:00:10:59 +0800] "GET / HTTP/1.1" 200 145583 "-" "-"
121.194.1.104 - - [22/Nov/2009:00:10:59 +0800] "GET / HTTP/1.1" 200 145583 "-" "-"
61.129.34.183 - - [22/Nov/2009:00:11:00 +0800] "GET / HTTP/1.1" 200 145583 "-" "-"
61.129.34.183 - - [22/Nov/2009:00:11:00 +0800] "GET / HTTP/1.1" 200 145583 "-" "-"
61.129.34.183 - - [22/Nov/2009:00:11:00 +0800] "GET / HTTP/1.1" 200 145583 "-" "-"
61.129.34.183 - - [22/Nov/2009:00:11:00 +0800] "GET / HTTP/1.1" 200 145583 "-" "-"
123.235.40.243 - - [22/Nov/2009:00:11:00 +0800] "GET / HTTP/1.1" 200 145583 "-" "-"
123.235.40.243 - - [22/Nov/2009:00:11:00 +0800] "GET / HTTP/1.1" 200 145583 "-" "-"
123.235.40.243 - - [22/Nov/2009:00:11:00 +0800] "GET / HTTP/1.1" 200 145583 "-" "-"
123.235.40.243 - - [22/Nov/2009:00:11:00 +0800] "GET / HTTP/1.1" 200 145583 "-" "-"
203.192.6.76 - - [22/Nov/2009:00:11:00 +0800] "GET /home/images/style.css HTTP/1.1" 200 2675 "http://www.jl.xinhuanet.com/2006shangye/2009-09/17/content_17722329.htm" "Mozilla/5.0 (compatible; Yahoo! Slurp/3.0; http://help.yahoo.com/help/us/ysearch/slurp)"
58.215.110.209 - - [22/Nov/2009:00:11:00 +0800] "GET / HTTP/1.1" 200 145583 "-" "-"
117.23.204.247 - - [22/Nov/2009:00:11:00 +0800] "GET / HTTP/1.1" 200 145583 "-" "-"
58.215.110.209 - - [22/Nov/2009:00:11:00 +0800] "GET / HTTP/1.1" 200 145583 "-" "-"
117.23.204.247 - - [22/Nov/2009:00:11:00 +0800] "GET / HTTP/1.1" 200 145583 "-" "-"
58.215.110.209 - - [22/Nov/2009:00:11:00 +0800] "GET / HTTP/1.1" 200 145583 "-" "-"
58.215.110.209 - - [22/Nov/2009:00:11:00 +0800] "GET / HTTP/1.1" 200 145583 "-" "-"
117.23.204.247 - - [22/Nov/2009:00:11:00 +0800] "GET / HTTP/1.1" 200 145583 "-" "-"
121.14.234.178 - - [22/Nov/2009:00:11:00 +0800] "GET / HTTP/1.1" 200 145583 "-" "-"
117.23.204.247 - - [22/Nov/2009:00:11:00 +0800] "GET / HTTP/1.1" 200 145583 "-" "-"
121.14.234.178 - - [22/Nov/2009:00:11:00 +0800] "GET / HTTP/1.1" 200 145583 "-" "-"
121.14.234.178 - - [22/Nov/2009:00:11:00 +0800] "GET / HTTP/1.1" 200 145583 "-" "-"
121.14.234.178 - - [22/Nov/2009:00:11:00 +0800] "GET / HTTP/1.1" 200 145583 "-" "-"
202.108.251.39 - - [22/Nov/2009:00:11:01 +0800] "GET / HTTP/1.1" 200 145583 "-" "-"
202.108.251.39 - - [22/Nov/2009:00:11:01 +0800] "GET / HTTP/1.1" 200 145583 "-" "-"
202.108.251.39 - - [22/Nov/2009:00:11:01 +0800] "GET / HTTP/1.1" 200 145583 "-" "-"
202.108.251.39 - - [22/Nov/2009:00:11:01 +0800] "GET / HTTP/1.1" 200 145583 "-" "-"
59.175.131.253 - - [22/Nov/2009:00:11:01 +0800] "GET / HTTP/1.1" 200 145583 "-" "-"
59.175.131.253 - - [22/Nov/2009:00:11:01 +0800] "GET / HTTP/1.1" 200 145583 "-" "-"
123.235.40.242 - - [22/Nov/2009:00:11:01 +0800] "GET / HTTP/1.1" 200 145583 "-" "-"
221.192.149.81 - - [22/Nov/2009:00:11:01 +0800] "GET / HTTP/1.1" 200 145583 "-" "-"
59.175.131.253 - - [22/Nov/2009:00:11:01 +0800] "GET / HTTP/1.1" 200 145583 "-" "-"
123.235.40.242 - - [22/Nov/2009:00:11:01 +0800] "GET / HTTP/1.1" 200 145583 "-" "-"
119.147.105.245 - - [22/Nov/2009:00:11:01 +0800] "GET / HTTP/1.1" 200 145583 "-" "-"
123.235.40.242 - - [22/Nov/2009:00:11:01 +0800] "GET / HTTP/1.1" 200 145583 "-" "-"
59.175.131.253 - - [22/Nov/2009:00:11:01 +0800] "GET / HTTP/1.1" 200 145583 "-" "-"
221.192.149.81 - - [22/Nov/2009:00:11:01 +0800] "GET / HTTP/1.1" 200 145583 "-" "-"
221.192.149.81 - - [22/Nov/2009:00:11:01 +0800] "GET / HTTP/1.1" 200 145583 "-" "-"
123.235.40.242 - - [22/Nov/2009:00:11:01 +0800] "GET / HTTP/1.1" 200 145583 "-" "-"
119.147.105.245 - - [22/Nov/2009:00:11:01 +0800] "GET / HTTP/1.1" 200 145583 "-" "-"
202.108.251.39 - - [22/Nov/2009:00:11:01 +0800] "GET /shangye/2007-11/14/content_11661811.htm HTTP/1.1" 304 - "-" "Mozilla/5.0 (compatible; Yahoo! Slurp China; http://misc.yahoo.com.cn/help.html)"
221.192.149.81 - - [22/Nov/2009:00:11:01 +0800] "GET / HTTP/1.1" 200 145583 "-" "-"
119.147.105.245 - - [22/Nov/2009:00:11:01 +0800] "GET / HTTP/1.1" 200 145583 "-" "-"
121.194.1.104 - - [22/Nov/2009:00:11:00 +0800] "GET / HTTP/1.1" 200 145583 "-" "-"
119.147.105.245 - - [22/Nov/2009:00:11:01 +0800] "GET / HTTP/1.1" 200 145583 "-" "-"
61.164.61.68 - - [22/Nov/2009:00:11:01 +0800] "GET / HTTP/1.1" 200 145583 "-" "-"
61.164.61.68 - - [22/Nov/2009:00:11:01 +0800] "GET / HTTP/1.1" 200 145583 "-" "-"
222.141.52.126 - - [22/Nov/2009:00:11:01 +0800] "GET / HTTP/1.1" 200 145583 "-" "-"
61.164.61.68 - - [22/Nov/2009:00:11:01 +0800] "GET / HTTP/1.1" 200 145583 "-" "-"
61.164.61.68 - - [22/Nov/2009:00:11:01 +0800] "GET / HTTP/1.1" 200 145583 "-" "-"
222.141.52.126 - - [22/Nov/2009:00:11:01 +0800] "GET / HTTP/1.1" 200 145583 "-" "-"
222.141.52.126 - - [22/Nov/2009:00:11:01 +0800] "GET / HTTP/1.1" 200 145583 "-" "-"
222.141.52.126 - - [22/Nov/2009:00:11:01 +0800] "GET / HTTP/1.1" 200 145583 "-" "-"
203.192.6.76 - - [22/Nov/2009:00:11:01 +0800] "GET /home/bottom.htm HTTP/1.1" 200 1363 "http://www.jl.xinhuanet.com/2006shangye/2009-09/17/content_17722329.htm" "Mozilla/5.0 (compatible; Yahoo! Slurp/3.0; http://help.yahoo.com/help/us/ysearch/slurp)"
203.192.6.76 - - [22/Nov/2009:00:11:01 +0800] "GET /mod2006/top.htm HTTP/1.1" 200 12347 "http://www.jl.xinhuanet.com/2006shangye/2009-09/17/content_17722329.htm" "Mozilla/5.0 (compatible; Yahoo! Slurp/3.0; http://help.yahoo.com/help/us/ysearch/slurp)"
203.192.6.76 - - [22/Nov/2009:00:11:01 +0800] "GET /newscenter/link-news/index.htm HTTP/1.1" 200 6118 "http://www.jl.xinhuanet.com/2006shangye/2009-09/17/content_17722329.htm" "Mozilla/5.0 (compatible; Yahoo! Slurp/3.0; http://help.yahoo.com/help/us/ysearch/slurp)"
218.213.69.115 - - [22/Nov/2009:00:11:01 +0800] "GET / HTTP/1.1" 200 145583 "-" "-"
218.213.69.115 - - [22/Nov/2009:00:11:01 +0800] "GET / HTTP/1.1" 200 145583 "-" "-"
218.213.69.115 - - [22/Nov/2009:00:11:01 +0800] "GET / HTTP/1.1" 200 145583 "-" "-"
67.218.116.164 - - [22/Nov/2009:00:11:02 +0800] "GET /shangye/2009-11/12/content_18208635.htm HTTP/1.0" 200 7711 "-" "Mozilla/5.0 (Twiceler-0.9 http://www.cuil.com/twiceler/robot.html)"
203.192.6.76 - - [22/Nov/2009:00:11:03 +0800] "GET /mod2006/images/css.css HTTP/1.1" 200 1043 "http://www.jl.xinhuanet.com/mod2006/top.htm" "Mozilla/5.0 (compatible; Yahoo! Slurp/3.0; http://help.yahoo.com/help/us/ysearch/slurp)"
203.192.6.76 - - [22/Nov/2009:00:11:03 +0800] "GET /home/images/style.css HTTP/1.1" 200 2675 "http://www.jl.xinhuanet.com/newscenter/link-news/index.htm" "Mozilla/5.0 (compatible; Yahoo! Slurp/3.0; http://help.yahoo.com/help/us/ysearch/slurp)"
203.192.6.76 - - [22/Nov/2009:00:11:03 +0800] "GET /home/images/style.css HTTP/1.1" 200 2675 "http://www.jl.xinhuanet.com/home/bottom.htm" "Mozilla/5.0 (compatible; Yahoo! Slurp/3.0; http://help.yahoo.com/help/us/ysearch/slurp)"
203.208.60.250 - - [22/Nov/2009:00:11:04 +0800] "GET /newscenter/yaowen/index.htm HTTP/1.1" 304 - "-" "Mozilla/5.0 (compatible; Googlebot/2.1; +http://www.google.com/bot.html)"
67.195.114.244 - - [22/Nov/2009:00:11:04 +0800] "GET /leaders/2009-01/10/content_15413866.htm HTTP/1.0" 200 19976 "-" "Mozilla/5.0 (compatible; Yahoo! Slurp/3.0; http://help.yahoo.com/help/us/ysearch/slurp)"
74.125.74.129 - - [22/Nov/2009:00:11:07 +0800] "GET /newscenter/2008-01/03/xin_523010503104096870456.jpg HTTP/1.1" 200 59962 "-" "Mozilla/5.0 (en-us) AppleWebKit/525.13 (KHTML, like Gecko; Google Wireless Transcoder) Version/3.1 Safari/525.13,Mozilla/5.0 (en-us) AppleWebKit/525.13 (KHTML, like Gecko; Google Wireless Transcoder) Version/3.1 Safari/525.13"
117.23.204.247 - - [22/Nov/2009:00:11:09 +0800] "GET /htd/2004-04/12/content_1956159.htm HTTP/1.1" 200 50498 "-" "Sosospider+(+http://help.soso.com/webspider.htm)"
222.141.52.126 - - [22/Nov/2009:00:11:09 +0800] "GET /newscenter/2006-08/10/content_7738614.htm HTTP/1.1" 304 - "http://www.baidu.com/s?tn=yjhy_pg&bs=%CF%C8%BD%F8%D6%B0%B9%A4%D3%AB%C6%C1&f=8&wd=%CF%C8%BD%F8%B5%E4%D0%CD%C9%CF%D3%AB%C6%C1" "Mozilla/4.0 (compatible; MSIE 6.0; Windows NT 5.1; SV1; CNCDialer; MyIE2; QQDownload 590; .NET CLR 2.0.50727; .NET CLR 3.0.4506.2152; .NET CLR 3.5.30729)"
222.141.52.126 - - [22/Nov/2009:00:11:09 +0800] "GET /home/images/style.css HTTP/1.1" 304 - "http://www.jl.xinhuanet.com/newscenter/2006-08/10/content_7738614.htm" "Mozilla/4.0 (compatible; MSIE 6.0; Windows NT 5.1; SV1; CNCDialer; MyIE2; QQDownload 590; .NET CLR 2.0.50727; .NET CLR 3.0.4506.2152; .NET CLR 3.5.30729)"
222.141.52.126 - - [22/Nov/2009:00:11:10 +0800] "GET /mod2006/top.htm HTTP/1.1" 304 - "http://www.jl.xinhuanet.com/newscenter/2006-08/10/content_7738614.htm" "Mozilla/4.0 (compatible; MSIE 6.0; Windows NT 5.1; SV1; CNCDialer; MyIE2; QQDownload 590; .NET CLR 2.0.50727; .NET CLR 3.0.4506.2152; .NET CLR 3.5.30729)"
222.141.52.126 - - [22/Nov/2009:00:11:10 +0800] "GET /guanggao/maomao.swf HTTP/1.1" 304 - "http://www.jl.xinhuanet.com/newscenter/2006-08/10/content_7738614.htm" "Mozilla/4.0 (compatible; MSIE 6.0; Windows NT 5.1; SV1; CNCDialer; MyIE2; QQDownload 590; .NET CLR 2.0.50727; .NET CLR 3.0.4506.2152; .NET CLR 3.5.30729)"
222.141.52.126 - - [22/Nov/2009:00:11:10 +0800] "GET /mod2006/images/css.css HTTP/1.1" 304 - "http://www.jl.xinhuanet.com/mod2006/top.htm" "Mozilla/4.0 (compatible; MSIE 6.0; Windows NT 5.1; SV1; CNCDialer; MyIE2; QQDownload 590; .NET CLR 2.0.50727; .NET CLR 3.0.4506.2152; .NET CLR 3.5.30729)"
222.141.52.126 - - [22/Nov/2009:00:11:10 +0800] "GET /newscenter/link-news/index.htm HTTP/1.1" 304 - "http://www.jl.xinhuanet.com/newscenter/2006-08/10/content_7738614.htm" "Mozilla/4.0 (compatible; MSIE 6.0; Windows NT 5.1; SV1; CNCDialer; MyIE2; QQDownload 590; .NET CLR 2.0.50727; .NET CLR 3.0.4506.2152; .NET CLR 3.5.30729)"
222.141.52.126 - - [22/Nov/2009:00:11:10 +0800] "GET /home/bottom.htm HTTP/1.1" 304 - "http://www.jl.xinhuanet.com/newscenter/2006-08/10/content_7738614.htm" "Mozilla/4.0 (compatible; MSIE 6.0; Windows NT 5.1; SV1; CNCDialer; MyIE2; QQDownload 590; .NET CLR 2.0.50727; .NET CLR 3.0.4506.2152; .NET CLR 3.5.30729)"
123.235.40.243 - - [22/Nov/2009:00:11:12 +0800] "GET /shangye/2005-09/03/content_5043231.htm HTTP/1.1" 304 - "-" "Mozilla/5.0 (compatible; Yahoo! Slurp China; http://misc.yahoo.com.cn/help.html)"
67.195.114.244 - - [22/Nov/2009:00:11:12 +0800] "GET /2008/htjz/plwz.htm HTTP/1.0" 200 7461 "-" "Mozilla/5.0 (compatible; Yahoo! Slurp/3.0; http://help.yahoo.com/help/us/ysearch/slurp)"
121.14.234.178 - - [22/Nov/2009:00:11:14 +0800] "GET /newscenter/2005-01/20/content_3597974.htm HTTP/1.1" 304 - "-" "Mozilla/5.0 (Windows; U; Windows NT 5.1; zh-CN; rv:1.8.1.14) Gecko/20080404 (FoxPlus) Firefox/2.0.0.14"
202.108.251.39 - - [22/Nov/2009:00:11:15 +0800] "GET / HTTP/1.1" 304 - "http://www.jl.xinhuanet.com/" "Mozilla/4.0 (compatible; MSIE 6.0; Windows NT 5.0)"
65.55.230.210 - - [22/Nov/2009:00:11:15 +0800] "GET /main/2001005/jy/jy.htm HTTP/1.1" 200 731 "-" "Mozilla/4.0"
123.235.40.242 - - [22/Nov/2009:00:11:18 +0800] "GET / HTTP/1.1" 304 - "-" "Mozilla/5.0 (compatible; YodaoBot-News/1.0; http://www.youdao.com/help/webmaster/spider/; )"
222.141.52.126 - - [22/Nov/2009:00:11:18 +0800] "GET / HTTP/1.1" 304 - "-" "Mozilla/5.0 (compatible; YodaoBot-News/1.0; http://www.youdao.com/help/webmaster/spider/; )"
203.208.60.194 - - [22/Nov/2009:00:11:18 +0800] "GET /xhsjzkjl/index.htm HTTP/1.1" 304 - "-" "Mozilla/5.0 (compatible; Googlebot/2.1; +http://www.google.com/bot.html)"
202.160.179.78 - - [22/Nov/2009:00:11:20 +0800] "GET /main/news/2002/sports/06/20020604-03.htm HTTP/1.0" 200 20906 "-" "Mozilla/5.0 (compatible; Yahoo! Slurp China; http://misc.yahoo.com.cn/help.html)"
203.192.6.90 - - [22/Nov/2009:00:11:21 +0800] "GET /newscenter/2007-08/12/content_10834707.htm HTTP/1.1" 200 18334 "-" "Mozilla/5.0 (compatible; Googlebot/2.1; +http://www.google.com/bot.html)"
221.192.149.81 - - [22/Nov/2009:00:11:23 +0800] "GET /jlzw/jjjs.htm HTTP/1.1" 304 - "-" "Baiduspider-news+(+http://www.baidu.com/search/spider.htm)"
221.192.149.81 - - [22/Nov/2009:00:11:24 +0800] "GET /shangye/shuma/index.htm HTTP/1.1" 304 - "-" "Baiduspider-news+(+http://www.baidu.com/search/spider.htm)"
65.55.115.140 - - [22/Nov/2009:00:11:23 +0800] "GET / HTTP/1.1" 200 145583 "-" "msnbot-NewsBlogs/1.1 (+http://search.msn.com/msnbot.htm)"
66.249.71.6 - - [22/Nov/2009:00:11:25 +0800] "GET /newscenter/rdwp/index.htm HTTP/1.1" 304 - "-" "Mozilla/5.0 (compatible; Googlebot/2.1; +http://www.google.com/bot.html)"
203.208.60.185 - - [22/Nov/2009:00:11:27 +0800] "GET /newscenter/tupian/index.htm HTTP/1.1" 304 - "-" "Mozilla/5.0 (compatible; Googlebot/2.1; +http://www.google.com/bot.html)"
203.192.6.90 - - [22/Nov/2009:00:11:29 +0800] "GET /newscenter/2007-09/23/content_11227694.htm HTTP/1.1" 200 17318 "-" "Mozilla/5.0 (compatible; Googlebot/2.1; +http://www.google.com/bot.html)"
123.235.40.243 - - [22/Nov/2009:00:11:31 +0800] "GET /shangye/2007-09/28/content_11276845.htm HTTP/1.1" 304 - "-" "Mozilla/5.0 (compatible; Yahoo! Slurp China; http://misc.yahoo.com.cn/help.html)"
123.235.40.243 - - [22/Nov/2009:00:11:34 +0800] "GET /xhsjzkjl/2003/2005-01/12/content_3554283.htm HTTP/1.1" 304 - "-" "Mozilla/5.0 (compatible; Yahoo! Slurp China; http://misc.yahoo.com.cn/help.html)"
203.192.6.92 - - [22/Nov/2009:00:11:35 +0800] "GET /newscenter/2007-01/26/content_9144196.htm HTTP/1.1" 200 18039 "-" "Mozilla/5.0 (compatible; Googlebot/2.1; +http://www.google.com/bot.html)"
67.195.114.244 - - [22/Nov/2009:00:11:35 +0800] "GET /shangye/2007-10/19/content_11440930.htm HTTP/1.0" 200 4743 "-" "Mozilla/5.0 (compatible; Yahoo! Slurp/3.0; http://help.yahoo.com/help/us/ysearch/slurp)"
221.192.149.81 - - [22/Nov/2009:00:11:36 +0800] "GET /newscenter/yaowen/index.htm HTTP/1.1" 304 - "-" "Baiduspider-news+(+http://www.baidu.com/search/spider.htm)"
67.195.114.244 - - [22/Nov/2009:00:11:36 +0800] "GET /shangye/2007-10/19/images/Style.css HTTP/1.0" 404 303 "http://www.jl.xinhuanet.com/shangye/2007-10/19/content_11440930.htm" "Mozilla/5.0 (compatible; Yahoo! Slurp/3.0; http://help.yahoo.com/help/us/ysearch/slurp)"
203.208.60.200 - - [22/Nov/2009:00:11:38 +0800] "GET /newscenter/fzsh/index.htm HTTP/1.1" 304 - "-" "Mozilla/5.0 (compatible; Googlebot/2.1; +http://www.google.com/bot.html)"
121.14.234.178 - - [22/Nov/2009:00:11:39 +0800] "GET /newscenter/2008-07/07/xin_10307050711229681740316.jpg HTTP/1.1" 304 - "http://image.baidu.com/i?ct=503316480&z=0&tn=baiduimagedetail&word=%B1%E4%BD%DA%D5%DF&in=21236&cl=2&cm=1&sc=0&lm=-1&pn=119&rn=1&di=1568295680&ln=267" "Mozilla/4.0 (compatible; MSIE 6.0; Windows NT 5.1; SV1; Mozilla/4.0 (compatible; MSIE 6.0; Windows NT 5.1; SV1) ; .NET CLR 1.1.4322; .NET CLR 2.0.50727; 360SE)"
221.192.149.81 - - [22/Nov/2009:00:11:42 +0800] "GET /newscenter/index.htm HTTP/1.1" 304 - "-" "Baiduspider-news+(+http://www.baidu.com/search/spider.htm)"
203.192.6.83 - - [22/Nov/2009:00:11:43 +0800] "GET /newscenter/2007-06/01/content_10183260.htm HTTP/1.1" 200 17780 "-" "Mozilla/5.0 (compatible; Googlebot/2.1; +http://www.google.com/bot.html)"
202.160.178.55 - - [22/Nov/2009:00:11:44 +0800] "GET /starunverse/a0000003.htm HTTP/1.0" 200 15009 "-" "Mozilla/5.0 (compatible; Yahoo! Slurp China; http://misc.yahoo.com.cn/help.html)"
124.115.0.167 - - [22/Nov/2009:00:11:44 +0800] "GET /2006shangye/2009-05/26/content_16635036.htm HTTP/1.1" 200 19626 "-" "Sosospider+(+http://help.soso.com/webspider.htm)"
203.208.60.186 - - [22/Nov/2009:00:11:46 +0800] "GET /newscenter/yljd/index.htm HTTP/1.1" 304 - "-" "Mozilla/5.0 (compatible; Googlebot/2.1; +http://www.google.com/bot.html)"
221.192.149.81 - - [22/Nov/2009:00:11:47 +0800] "GET /shangye/2007-08/23/xin_4708042317299372112232.jpg HTTP/1.1" 304 - "http://image.baidu.com/i?ct=503316480&z=0&tn=baiduimagedetail&word=%CC%EC%B3%D8%CB%AE%B9%D6%D5%E6%CF%E0&in=32396&cl=2&cm=1&sc=0&lm=-1&pn=9&rn=1&di=9473531712&ln=1378&fr=&ic=0&s=0" "Mozilla/4.0 (compatible; MSIE 6.0; Windows NT 5.1; SV1; .NET CLR 2.0.50727; .NET CLR 3.0.4506.2152; .NET CLR 3.5.30729; .NET CLR 1.1.4322)"
65.55.37.188 - - [22/Nov/2009:00:11:43 +0800] "GET /newscenter/2009-08/22/xin_013080622084148416191.jpg HTTP/1.1" 200 99069 "-" "Mozilla/4.0"
202.108.251.39 - - [22/Nov/2009:00:11:48 +0800] "GET /newscenter/2006-12/12/content_8755987.htm HTTP/1.1" 304 - "-" "Mozilla/5.0 (compatible; Yahoo! Slurp China; http://misc.yahoo.com.cn/help.html)"
67.195.114.244 - - [22/Nov/2009:00:11:48 +0800] "GET /newscenter/2009-11/18/content_18258360.htm HTTP/1.0" 200 18608 "-" "Mozilla/5.0 (compatible; Yahoo! Slurp/3.0; http://help.yahoo.com/help/us/ysearch/slurp)"
65.55.37.188 - - [22/Nov/2009:00:11:49 +0800] "GET /newscenter/2009-08/22/content_17473646.htm HTTP/1.1" 200 17501 "-" "Mozilla/4.0"
221.192.149.81 - - [22/Nov/2009:00:11:50 +0800] "GET / HTTP/1.1" 304 - "-" "Mozilla/4.0 (compatible; MSIE 5.00)"
202.108.251.39 - - [22/Nov/2009:00:11:52 +0800] "GET /news/2003-02/13/content_213289.htm HTTP/1.1" 304 - "-" "Mozilla/5.0 (compatible; Yahoo! Slurp China; http://misc.yahoo.com.cn/help.html)"
67.195.114.244 - - [22/Nov/2009:00:11:57 +0800] "GET /qcfy/2003-07/20/content_3433480.htm HTTP/1.0" 200 20740 "-" "Mozilla/5.0 (compatible; Yahoo! Slurp/3.0; http://help.yahoo.com/help/us/ysearch/slurp)"
121.14.234.178 - - [22/Nov/2009:00:11:59 +0800] "GET /newscenter/2007-08/27/xin_240804271554296212383.jpg HTTP/1.1" 304 - "http://sns.qzone.qq.com/cgi-bin/qzshare/cgi_qzsharegetlist?uin=840345196&spaceuin=840345196" "Mozilla/4.0 (compatible; MSIE 6.0; Windows NT 5.1; SV1; WPS; .NET CLR 1.1.4322)"
59.175.131.253 - - [22/Nov/2009:00:12:00 +0800] "GET / HTTP/1.1" 200 145583 "-" "-"
221.192.149.81 - - [22/Nov/2009:00:12:00 +0800] "GET / HTTP/1.1" 200 145583 "-" "-"
61.129.34.183 - - [22/Nov/2009:00:12:00 +0800] "GET / HTTP/1.1" 200 145583 "-" "-"
59.175.131.253 - - [22/Nov/2009:00:12:00 +0800] "GET / HTTP/1.1" 200 145583 "-" "-"
61.129.34.183 - - [22/Nov/2009:00:12:00 +0800] "GET / HTTP/1.1" 200 145583 "-" "-"
59.175.131.253 - - [22/Nov/2009:00:12:00 +0800] "GET / HTTP/1.1" 200 145583 "-" "-"
221.192.149.81 - - [22/Nov/2009:00:12:00 +0800] "GET / HTTP/1.1" 200 145583 "-" "-"
59.175.131.253 - - [22/Nov/2009:00:12:00 +0800] "GET / HTTP/1.1" 200 145583 "-" "-"
121.14.234.178 - - [22/Nov/2009:00:12:00 +0800] "GET / HTTP/1.1" 200 145583 "-" "-"
61.129.34.183 - - [22/Nov/2009:00:12:00 +0800] "GET / HTTP/1.1" 200 145583 "-" "-"
61.129.34.183 - - [22/Nov/2009:00:12:00 +0800] "GET / HTTP/1.1" 200 145583 "-" "-"
119.147.105.245 - - [22/Nov/2009:00:12:00 +0800] "GET / HTTP/1.1" 200 145583 "-" "-"
221.192.149.81 - - [22/Nov/2009:00:12:00 +0800] "GET / HTTP/1.1" 200 145583 "-" "-"
119.147.105.245 - - [22/Nov/2009:00:12:00 +0800] "GET / HTTP/1.1" 200 145583 "-" "-"
123.235.40.242 - - [22/Nov/2009:00:12:00 +0800] "GET / HTTP/1.1" 200 145583 "-" "-"
58.215.110.209 - - [22/Nov/2009:00:12:00 +0800] "GET / HTTP/1.1" 200 145583 "-" "-"
221.192.149.81 - - [22/Nov/2009:00:12:00 +0800] "GET / HTTP/1.1" 200 145583 "-" "-"
123.235.40.242 - - [22/Nov/2009:00:12:00 +0800] "GET / HTTP/1.1" 200 145583 "-" "-"
121.14.234.178 - - [22/Nov/2009:00:12:00 +0800] "GET / HTTP/1.1" 200 145583 "-" "-"
123.235.40.243 - - [22/Nov/2009:00:12:00 +0800] "GET / HTTP/1.1" 200 145583 "-" "-"
123.235.40.243 - - [22/Nov/2009:00:12:00 +0800] "GET / HTTP/1.1" 200 145583 "-" "-"
58.215.110.209 - - [22/Nov/2009:00:12:00 +0800] "GET / HTTP/1.1" 200 145583 "-" "-"
123.235.40.243 - - [22/Nov/2009:00:12:00 +0800] "GET / HTTP/1.1" 200 145583 "-" "-"
123.235.40.242 - - [22/Nov/2009:00:12:00 +0800] "GET / HTTP/1.1" 200 145583 "-" "-"
119.147.105.245 - - [22/Nov/2009:00:12:00 +0800] "GET / HTTP/1.1" 200 145583 "-" "-"
123.235.40.242 - - [22/Nov/2009:00:12:00 +0800] "GET / HTTP/1.1" 200 145583 "-" "-"
121.14.234.178 - - [22/Nov/2009:00:12:00 +0800] "GET / HTTP/1.1" 200 145583 "-" "-"
123.235.40.243 - - [22/Nov/2009:00:12:00 +0800] "GET / HTTP/1.1" 200 145583 "-" "-"
58.215.110.209 - - [22/Nov/2009:00:12:00 +0800] "GET / HTTP/1.1" 200 145583 "-" "-"
121.14.234.178 - - [22/Nov/2009:00:12:00 +0800] "GET / HTTP/1.1" 200 145583 "-" "-"
119.147.105.245 - - [22/Nov/2009:00:12:00 +0800] "GET / HTTP/1.1" 200 145583 "-" "-"
58.215.110.209 - - [22/Nov/2009:00:12:00 +0800] "GET / HTTP/1.1" 200 145583 "-" "-"
117.23.204.247 - - [22/Nov/2009:00:12:00 +0800] "GET / HTTP/1.1" 200 145583 "-" "-"
117.23.204.247 - - [22/Nov/2009:00:12:00 +0800] "GET / HTTP/1.1" 200 145583 "-" "-"
117.23.204.247 - - [22/Nov/2009:00:12:00 +0800] "GET / HTTP/1.1" 200 145583 "-" "-"
117.23.204.247 - - [22/Nov/2009:00:12:00 +0800] "GET / HTTP/1.1" 200 145583 "-" "-"
222.141.52.126 - - [22/Nov/2009:00:12:00 +0800] "GET / HTTP/1.1" 200 145583 "-" "-"
222.141.52.126 - - [22/Nov/2009:00:12:00 +0800] "GET / HTTP/1.1" 200 145583 "-" "-"
61.164.61.68 - - [22/Nov/2009:00:12:00 +0800] "GET / HTTP/1.1" 200 145583 "-" "-"
61.164.61.68 - - [22/Nov/2009:00:12:00 +0800] "GET / HTTP/1.1" 200 145583 "-" "-"
222.141.52.126 - - [22/Nov/2009:00:12:00 +0800] "GET / HTTP/1.1" 200 145583 "-" "-"
61.164.61.68 - - [22/Nov/2009:00:12:00 +0800] "GET / HTTP/1.1" 200 145583 "-" "-"
61.164.61.68 - - [22/Nov/2009:00:12:00 +0800] "GET / HTTP/1.1" 200 145583 "-" "-"
222.141.52.126 - - [22/Nov/2009:00:12:00 +0800] "GET / HTTP/1.1" 200 145583 "-" "-"
202.108.251.39 - - [22/Nov/2009:00:12:01 +0800] "GET / HTTP/1.1" 200 145583 "-" "-"
202.108.251.39 - - [22/Nov/2009:00:12:01 +0800] "GET / HTTP/1.1" 200 145583 "-" "-"
202.108.251.39 - - [22/Nov/2009:00:12:01 +0800] "GET / HTTP/1.1" 200 145583 "-" "-"
202.108.251.39 - - [22/Nov/2009:00:12:01 +0800] "GET / HTTP/1.1" 200 145583 "-" "-"
121.194.1.104 - - [22/Nov/2009:00:12:01 +0800] "GET / HTTP/1.1" 200 145583 "-" "-"
123.235.40.243 - - [22/Nov/2009:00:12:01 +0800] "GET /yingshi/2006-12/06/content_8709070.htm HTTP/1.1" 304 - "-" "Mozilla/5.0 (compatible; Yahoo! Slurp China; http://misc.yahoo.com.cn/help.html)"
203.192.6.88 - - [22/Nov/2009:00:12:01 +0800] "GET /newscenter/2008-05/26/content_13360775.htm HTTP/1.1" 200 16840 "-" "Mozilla/5.0 (compatible; Googlebot/2.1; +http://www.google.com/bot.html)"
121.194.1.104 - - [22/Nov/2009:00:12:01 +0800] "GET / HTTP/1.1" 200 145583 "-" "-"
218.213.69.115 - - [22/Nov/2009:00:12:01 +0800] "GET / HTTP/1.1" 200 145583 "-" "-"
218.213.69.115 - - [22/Nov/2009:00:12:01 +0800] "GET / HTTP/1.1" 200 145583 "-" "-"
218.213.69.115 - - [22/Nov/2009:00:12:01 +0800] "GET / HTTP/1.1" 200 145583 "-" "-"
174.129.162.156 - - [22/Nov/2009:00:12:02 +0800] "GET /newscenter/2009-11/17/content_18249806.htm HTTP/1.1" 304 - "-" "PostRank/2.0 (postrank.com; 1 subscribers)"
218.213.69.115 - - [22/Nov/2009:00:12:02 +0800] "GET / HTTP/1.1" 200 145583 "-" "-"
67.218.116.164 - - [22/Nov/2009:00:12:02 +0800] "GET /newscenter/2009-11/12/content_18208081.htm HTTP/1.0" 200 17448 "-" "Mozilla/5.0 (Twiceler-0.9 http://www.cuil.com/twiceler/robot.html)"
203.208.60.211 - - [22/Nov/2009:00:12:03 +0800] "GET /news/2004-12/26/xin_5bdfd69cfa0343789858e7bfe4f900ca.jpg HTTP/1.1" 200 9932 "-" "Googlebot-Image/1.0"
172.16.34.109 - - [22/Nov/2009:00:12:04 +0800] "GET / HTTP/1.1" 200 145583 "-" "Mozilla/4.0 (compatible; MSIE 6.0)"
203.208.60.230 - - [22/Nov/2009:00:12:04 +0800] "GET /news/zongheng/zongheng.htm HTTP/1.1" 304 - "-" "Mozilla/5.0 (compatible; Googlebot/2.1; +http://www.google.com/bot.html)"
67.195.111.244 - - [22/Nov/2009:00:12:05 +0800] "GET /htd/2005-01/14/content_3562233.htm HTTP/1.0" 200 20772 "-" "Mozilla/5.0 (compatible; Yahoo! Slurp/3.0; http://help.yahoo.com/help/us/ysearch/slurp)"
67.195.114.244 - - [22/Nov/2009:00:12:05 +0800] "GET /main/news/01/20010127-01.htm HTTP/1.0" 200 16989 "-" "Mozilla/5.0 (compatible; Yahoo! Slurp/3.0; http://help.yahoo.com/help/us/ysearch/slurp)"
124.115.4.226 - - [22/Nov/2009:00:12:06 +0800] "GET /sqbl/changyou/image/jicai06.jpg HTTP/1.1" 200 26488 "http://image.soso.com" "Sosoimagespider+(+http://help.soso.com/soso-image-spider.htm)"
124.115.0.26 - - [22/Nov/2009:00:12:07 +0800] "GET /2006shangye/2007-02/14/content_9313999.htm HTTP/1.1" 304 - "-" "Sosospider+(+http://help.soso.com/webspider.htm)"
67.195.111.244 - - [22/Nov/2009:00:12:07 +0800] "GET /home/top.htm HTTP/1.0" 200 12347 "http://www.jl.xinhuanet.com/htd/2005-01/14/content_3562233.htm" "Mozilla/5.0 (compatible; Yahoo! Slurp/3.0; http://help.yahoo.com/help/us/ysearch/slurp)"
222.141.52.126 - - [22/Nov/2009:00:12:10 +0800] "GET /newscenter/yaowen/index.htm HTTP/1.1" 304 - "-" "Microsoft URL Control - 6.00.8862"
203.192.6.86 - - [22/Nov/2009:00:12:11 +0800] "GET /newscenter/2008-10/29/content_14765891.htm HTTP/1.1" 200 17296 "-" "Mozilla/5.0 (compatible; Googlebot/2.1; +http://www.google.com/bot.html)"
117.23.204.247 - - [22/Nov/2009:00:12:15 +0800] "GET /newscenter/2008-12/28/content_15301954.htm?from=814e.com HTTP/1.1" 304 - "-" "Sosospider+(+http://help.soso.com/webspider.htm)"
203.192.6.92 - - [22/Nov/2009:00:12:15 +0800] "GET /news/zongheng/zongheng.htm HTTP/1.1" 304 - "-" "Mozilla/5.0 (compatible; Googlebot/2.1; +http://www.google.com/bot.html)"
61.164.61.68 - - [22/Nov/2009:00:12:16 +0800] "GET /jujiao/minbohui/image/6.jpg HTTP/1.1" 304 - "http://image.baidu.com/i?ct=503316480&z=0&tn=baiduimagedetail&word=%D6%BD%CC%F9%BB%AD&in=31627&cl=2&cm=1&sc=0&lm=-1&pn=370&rn=1&di=1566837984&ln=713&fr=&ic=0&s=0" "Mozilla/4.0 (compatible; MSIE 7.0; Windows NT 5.1; QQDownload 584; TencentTraveler )"
221.192.149.81 - - [22/Nov/2009:00:12:16 +0800] "GET /fangchan/zuixin.htm HTTP/1.1" 304 - "-" "Baiduspider-news+(+http://www.baidu.com/search/spider.htm)"
202.108.251.39 - - [22/Nov/2009:00:12:17 +0800] "GET /shangye/2006-10/18/content_8283129.htm HTTP/1.1" 200 5782 "-" "Mozilla/5.0 (compatible; Yahoo! Slurp China; http://misc.yahoo.com.cn/help.html)"
123.235.40.243 - - [22/Nov/2009:00:12:22 +0800] "GET /shangye/2007-03/30/content_9657862.htm HTTP/1.1" 200 29326 "-" "Mozilla/5.0 (compatible; Yahoo! Slurp China; http://misc.yahoo.com.cn/help.html)"
117.23.204.247 - - [22/Nov/2009:00:12:23 +0800] "GET /newscenter/2009-09/25/content_17804112.htm HTTP/1.1" 304 - "-" "Sosospider+(+http://help.soso.com/webspider.htm)"
61.164.61.68 - - [22/Nov/2009:00:12:24 +0800] "GET /newscenter/2008-05/30/xin_06305053009002812960415.jpg HTTP/1.1" 304 - "http://image.baidu.com/i?ct=503316480&z=0&tn=baiduimagedetail&word=09%C4%EA%B4%F3%D1%A7%C9%FA%D5%D0%C6%B8%BB%E1%CF%D6%B3%A1&in=11241&cl=2&cm=1&sc=0&lm=-1&pn=94&rn=1&di=4713962544&ln=2000&fr=&ic=0&s=0" "Mozilla/4.0 (compatible; MSIE 6.0; Windows NT 5.1; SV1; QQPinyinSetup 620; .NET CLR 2.0.50727)"
65.55.207.46 - - [22/Nov/2009:00:12:25 +0800] "GET /shangye/2008-11/04/content_14819157.htm HTTP/1.1" 304 - "-" "msnbot/2.0b (+http://search.msn.com/msnbot.htm)"
221.192.149.81 - - [22/Nov/2009:00:12:29 +0800] "GET /shangye/2008-08/04/content_14021963.htm HTTP/1.1" 304 - "http://www.baidu.com/s?tn=sitehao123&bs=%BA%AB%D1%A9%B7%E5&f=8&wd=%B9%AB%D6%F7%C1%EB+%BA%AB%D1%A9%B7%E5" "Mozilla/4.0 (compatible; MSIE 6.0; Windows NT 5.1; SV1; GTB6)"
123.235.40.243 - - [22/Nov/2009:00:12:29 +0800] "GET /xhsjzkjl/2005-05/17/content_4321366_12.htm HTTP/1.1" 304 - "-" "Mozilla/5.0 (compatible; Yahoo! Slurp China; http://misc.yahoo.com.cn/help.html)"
221.192.149.81 - - [22/Nov/2009:00:12:30 +0800] "GET /2007shangye/gongzhuling/images/%E5%88%86%E9%9A%94%E7%AC%A6.gif HTTP/1.1" 404 312 "http://www.jl.xinhuanet.com/shangye/2008-08/04/content_14021963.htm" "Mozilla/4.0 (compatible; MSIE 6.0; Windows NT 5.1; SV1; GTB6)"
221.192.149.81 - - [22/Nov/2009:00:12:30 +0800] "GET /2007shangye/gongzhuling/images/index_01.jpg HTTP/1.1" 304 - "http://www.jl.xinhuanet.com/shangye/2008-08/04/content_14021963.htm" "Mozilla/4.0 (compatible; MSIE 6.0; Windows NT 5.1; SV1; GTB6)"
221.192.149.81 - - [22/Nov/2009:00:12:30 +0800] "GET /2007shangye/gongzhuling/images/index_02.jpg HTTP/1.1" 304 - "http://www.jl.xinhuanet.com/shangye/2008-08/04/content_14021963.htm" "Mozilla/4.0 (compatible; MSIE 6.0; Windows NT 5.1; SV1; GTB6)"
221.192.149.81 - - [22/Nov/2009:00:12:30 +0800] "GET /2007shangye/gongzhuling/images/index_28.jpg HTTP/1.1" 304 - "http://www.jl.xinhuanet.com/shangye/2008-08/04/content_14021963.htm" "Mozilla/4.0 (compatible; MSIE 6.0; Windows NT 5.1; SV1; GTB6)"
117.23.204.247 - - [22/Nov/2009:00:12:33 +0800] "GET /qcfy/2003-07/21/content_3432837.htm?page=69 HTTP/1.1" 304 - "-" "Sosospider+(+http://help.soso.com/webspider.htm)"
202.160.180.25 - - [22/Nov/2009:00:12:35 +0800] "GET /newscenter/2008-09/10/content_14359428.htm HTTP/1.0" 200 19069 "-" "Mozilla/5.0 (compatible; Yahoo! Slurp China; http://misc.yahoo.com.cn/help.html)"
202.108.251.39 - - [22/Nov/2009:00:12:35 +0800] "GET /2006shangye/2009-04/13/ HTTP/1.1" 403 295 "-" "Mozilla/5.0 (compatible; Yahoo! Slurp China; http://misc.yahoo.com.cn/help.html)"
69.191.211.201 - - [22/Nov/2009:00:12:37 +0800] "GET / HTTP/1.1" 200 145583 "-" "BLP_bbot/0.1"
121.14.234.178 - - [22/Nov/2009:00:12:38 +0800] "GET /newscenter/2005-10/15/xin_00100215114434355452.jpg HTTP/1.1" 304 - "http://image.baidu.com/i?ct=503316480&z=0&tn=baiduimagedetail&word=seqing&in=16755&cl=2&cm=1&sc=0&lm=-1&pn=16&rn=1&di=5737253364&ln=2000&fr=&ic=0&s=0" "Mozilla/4.0 (compatible; MSIE 6.0; Windows NT 5.1; SV1)"
203.208.60.238 - - [22/Nov/2009:00:12:38 +0800] "GET /newscenter/jiceng/index.htm HTTP/1.1" 304 - "-" "Mozilla/5.0 (compatible; Googlebot/2.1; +http://www.google.com/bot.html)"
121.14.234.178 - - [22/Nov/2009:00:12:39 +0800] "GET /home/shequ/news.htm HTTP/1.1" 304 - "-" "Sogou web spider/4.0(+http://www.sogou.com/docs/help/webmasters.htm#07)"
59.175.131.253 - - [22/Nov/2009:00:12:40 +0800] "GET /1.htm HTTP/1.1" 304 - "http://meiwen.0437.gov.cn/bar.asp?id=80&url=http://mw.0437.gov.cn/show/80.html" "Mozilla/4.0 (compatible; MSIE 6.0; Windows NT 5.1; SV1; Mozilla/4.0 (compatible; MSIE 6.0; Windows NT 5.1; SV1) )"
202.108.251.39 - - [22/Nov/2009:00:12:40 +0800] "GET / HTTP/1.1" 304 - "-" "MSIE 6.0"
119.147.105.245 - - [22/Nov/2009:00:12:40 +0800] "GET /1.htm HTTP/1.1" 304 - "http://mw.0437.gov.cn/bar.asp?id=500&url=http://mw.0437.gov.cn/show/500.html" "Mozilla/4.0 (compatible; MSIE 6.0; Windows NT 5.1; SV1)"
117.23.204.247 - - [22/Nov/2009:00:12:41 +0800] "GET /newscenter/2008-04/23/content_13064204.htm HTTP/1.1" 304 - "-" "Sosospider+(+http://help.soso.com/webspider.htm)"
117.23.204.247 - - [22/Nov/2009:00:12:41 +0800] "GET /newscenter/2009-10/28/content_18073520.htm HTTP/1.1" 304 - "-" "Sosospider+(+http://help.soso.com/webspider.htm)"
121.14.234.178 - - [22/Nov/2009:00:12:42 +0800] "GET /shangye/2005-11/09/xin_3208021610326372468332.jpg HTTP/1.1" 304 - "pic.sogou.com" "Sogou Pic Spider/3.0(+http://www.sogou.com/docs/help/webmasters.htm#07)"
123.235.40.243 - - [22/Nov/2009:00:12:43 +0800] "GET /shangye/2006-06/16/xin_5206031610573752488812.jpg HTTP/1.1" 304 - "http://image.baidu.com/i?ct=503316480&z=0&tn=baiduimagedetail&word=%B1%B1%BE%A9%D6%D0%C8%D5%D3%D1%BA%C3%D2%BD%D4%BA%D5%FB%C8%DD&in=18672&cl=2&cm=1&sc=0&lm=-1&pn=10&rn=1&di=2801678320&ln=239&fr=&ic=0&s=0" "Mozilla/4.0 (compatible; MSIE 6.0; Windows NT 5.1; SV1; QQDownload 1.7; CIBA)"
203.208.60.168 - - [22/Nov/2009:00:12:43 +0800] "GET /jlzw/news.htm HTTP/1.1" 304 - "-" "Mozilla/5.0 (compatible; Googlebot/2.1; +http://www.google.com/bot.html)"
123.235.40.243 - - [22/Nov/2009:00:12:45 +0800] "GET /newscenter/2006-03/15/content_6474684.htm HTTP/1.1" 200 16702 "-" "Mozilla/5.0 (compatible; Yahoo! Slurp China; http://misc.yahoo.com.cn/help.html)"
67.195.114.244 - - [22/Nov/2009:00:12:44 +0800] "GET /2006shangye/2009-10/23/content_18024352.htm HTTP/1.0" 200 18459 "-" "Mozilla/5.0 (compatible; Yahoo! Slurp/3.0; http://help.yahoo.com/help/us/ysearch/slurp)"
221.192.149.81 - - [22/Nov/2009:00:12:45 +0800] "GET /xhsjzkjl/2005-04/07/xin_400402071733765155193.jpg HTTP/1.1" 304 - "http://image.baidu.com/i?ct=503316480&z=0&tn=baiduimagedetail&word=%D5%F4%C6%FB%BB%F0%B3%B5%CD%B7%CD%BC%C6%AC&in=9673&cl=2&cm=1&sc=0&lm=-1&pn=0&rn=1&di=3999259584&ln=2000&fr=&ic=0&s=0" "Mozilla/4.0 (compatible; MSIE 6.0; Windows NT 5.1; SV1)"
203.192.6.92 - - [22/Nov/2009:00:12:46 +0800] "GET /fangchan/2004-04/26/content_2035681.htm HTTP/1.1" 200 14691 "-" "Mozilla/5.0 (compatible; Yahoo! Slurp/3.0; http://help.yahoo.com/help/us/ysearch/slurp)"
123.235.40.243 - - [22/Nov/2009:00:12:47 +0800] "GET /shangye/2005-12/20/content_5854983.htm HTTP/1.1" 304 - "-" "Mozilla/5.0 (compatible; Yahoo! Slurp China; http://misc.yahoo.com.cn/help.html)"
216.138.162.84 - - [22/Nov/2009:00:12:49 +0800] "GET /newscenter/link-news/xin_4531106180900453290489.jpg HTTP/1.1" 304 - "-" "Mozilla/4.0 (compatible;)"
121.14.234.178 - - [22/Nov/2009:00:12:49 +0800] "GET /newscenter/2007-12/31/content_12091846.htm HTTP/1.1" 304 - "http://www.baidu.com/s?wd=%BC%A4%C7%E9%B5%E7%D3%B0&pn=120" "Mozilla/4.0 (compatible; MSIE 6.0; Windows NT 5.1; SV1; .NET CLR 2.0.50727)"
121.14.234.178 - - [22/Nov/2009:00:12:49 +0800] "GET /newscenter/2007-12/31/xin_3531204312130234150149.jpg HTTP/1.1" 304 - "http://www.jl.xinhuanet.com/newscenter/2007-12/31/content_12091846.htm" "Mozilla/4.0 (compatible; MSIE 6.0; Windows NT 5.1; SV1; .NET CLR 2.0.50727)"
121.14.234.178 - - [22/Nov/2009:00:12:49 +0800] "GET /newscenter/2007-12/31/xin_293120431213014054143.jpg HTTP/1.1" 304 - "http://www.jl.xinhuanet.com/newscenter/2007-12/31/content_12091846.htm" "Mozilla/4.0 (compatible; MSIE 6.0; Windows NT 5.1; SV1; .NET CLR 2.0.50727)"
121.14.234.178 - - [22/Nov/2009:00:12:49 +0800] "GET /newscenter/2007-12/31/xin_2131204312135718912111.JPG HTTP/1.1" 304 - "http://www.jl.xinhuanet.com/newscenter/2007-12/31/content_12091846.htm" "Mozilla/4.0 (compatible; MSIE 6.0; Windows NT 5.1; SV1; .NET CLR 2.0.50727)"
121.14.234.178 - - [22/Nov/2009:00:12:49 +0800] "GET /newscenter/2007-12/31/xin_3431204312130046123198.jpg HTTP/1.1" 304 - "http://www.jl.xinhuanet.com/newscenter/2007-12/31/content_12091846.htm" "Mozilla/4.0 (compatible; MSIE 6.0; Windows NT 5.1; SV1; .NET CLR 2.0.50727)"
121.14.234.178 - - [22/Nov/2009:00:12:49 +0800] "GET /newscenter/2007-12/31/xin_263120431213042114131.jpg HTTP/1.1" 304 - "http://www.jl.xinhuanet.com/newscenter/2007-12/31/content_12091846.htm" "Mozilla/4.0 (compatible; MSIE 6.0; Windows NT 5.1; SV1; .NET CLR 2.0.50727)"
121.14.234.178 - - [22/Nov/2009:00:12:49 +0800] "GET /newscenter/2007-12/31/xin_43312043121374061387612.jpg HTTP/1.1" 304 - "http://www.jl.xinhuanet.com/newscenter/2007-12/31/content_12091846.htm" "Mozilla/4.0 (compatible; MSIE 6.0; Windows NT 5.1; SV1; .NET CLR 2.0.50727)"
121.14.234.178 - - [22/Nov/2009:00:12:49 +0800] "GET /newscenter/2007-12/31/xin_303120431213003177804.jpg HTTP/1.1" 304 - "http://www.jl.xinhuanet.com/newscenter/2007-12/31/content_12091846.htm" "Mozilla/4.0 (compatible; MSIE 6.0; Windows NT 5.1; SV1; .NET CLR 2.0.50727)"
121.14.234.178 - - [22/Nov/2009:00:12:49 +0800] "GET /newscenter/2007-12/31/xin_2731204312130921108142.jpg HTTP/1.1" 304 - "http://www.jl.xinhuanet.com/newscenter/2007-12/31/content_12091846.htm" "Mozilla/4.0 (compatible; MSIE 6.0; Windows NT 5.1; SV1; .NET CLR 2.0.50727)"
121.14.234.178 - - [22/Nov/2009:00:12:49 +0800] "GET /newscenter/2007-12/31/xin_3131204312130109259155.jpg HTTP/1.1" 304 - "http://www.jl.xinhuanet.com/newscenter/2007-12/31/content_12091846.htm" "Mozilla/4.0 (compatible; MSIE 6.0; Windows NT 5.1; SV1; .NET CLR 2.0.50727)"
121.14.234.178 - - [22/Nov/2009:00:12:50 +0800] "GET /newscenter/2007-12/31/xin_36312043121305003094710.jpg HTTP/1.1" 304 - "http://www.jl.xinhuanet.com/newscenter/2007-12/31/content_12091846.htm" "Mozilla/4.0 (compatible; MSIE 6.0; Windows NT 5.1; SV1; .NET CLR 2.0.50727)"
221.192.149.81 - - [22/Nov/2009:00:12:50 +0800] "GET /shangye/2009-09/17/xin_2530906171003171083812.jpg HTTP/1.1" 404 317 "-" "-"
121.14.234.178 - - [22/Nov/2009:00:12:51 +0800] "GET /newscenter/2007-12/31/xin_0230105021059343927113.JPG HTTP/1.1" 304 - "http://www.jl.xinhuanet.com/newscenter/2007-12/31/content_12091846.htm" "Mozilla/4.0 (compatible; MSIE 6.0; Windows NT 5.1; SV1; .NET CLR 2.0.50727)"
121.14.234.178 - - [22/Nov/2009:00:12:51 +0800] "GET /newscenter/2007-12/31/xin_03301050210595622206514.JPG HTTP/1.1" 304 - "http://www.jl.xinhuanet.com/newscenter/2007-12/31/content_12091846.htm" "Mozilla/4.0 (compatible; MSIE 6.0; Windows NT 5.1; SV1; .NET CLR 2.0.50727)"
121.14.234.178 - - [22/Nov/2009:00:12:52 +0800] "GET /newscenter/2007-12/31/xin_04301050210595931918415.JPG HTTP/1.1" 304 - "http://www.jl.xinhuanet.com/newscenter/2007-12/31/content_12091846.htm" "Mozilla/4.0 (compatible; MSIE 6.0; Windows NT 5.1; SV1; .NET CLR 2.0.50727)"
121.14.234.178 - - [22/Nov/2009:00:12:52 +0800] "GET /newscenter/2007-12/31/xin_05301050210598122325816.JPG HTTP/1.1" 304 - "http://www.jl.xinhuanet.com/newscenter/2007-12/31/content_12091846.htm" "Mozilla/4.0 (compatible; MSIE 6.0; Windows NT 5.1; SV1; .NET CLR 2.0.50727)"
121.14.234.178 - - [22/Nov/2009:00:12:53 +0800] "GET /newscenter/2007-12/31/xin_07301050210590153023217.JPG HTTP/1.1" 304 - "http://www.jl.xinhuanet.com/newscenter/2007-12/31/content_12091846.htm" "Mozilla/4.0 (compatible; MSIE 6.0; Windows NT 5.1; SV1; .NET CLR 2.0.50727)"
121.14.234.178 - - [22/Nov/2009:00:12:53 +0800] "GET /newscenter/2007-12/31/xin_08301050210592031718018.JPG HTTP/1.1" 304 - "http://www.jl.xinhuanet.com/newscenter/2007-12/31/content_12091846.htm" "Mozilla/4.0 (compatible; MSIE 6.0; Windows NT 5.1; SV1; .NET CLR 2.0.50727)"
121.14.234.178 - - [22/Nov/2009:00:12:53 +0800] "GET /newscenter/2007-12/31/xin_09301050210592961658919.JPG HTTP/1.1" 304 - "http://www.jl.xinhuanet.com/newscenter/2007-12/31/content_12091846.htm" "Mozilla/4.0 (compatible; MSIE 6.0; Windows NT 5.1; SV1; .NET CLR 2.0.50727)"
65.55.106.109 - - [22/Nov/2009:00:12:54 +0800] "GET /xhsjzkjl/2003/2003-08/20/content_843782.htm HTTP/1.1" 304 - "-" "msnbot/2.0b (+http://search.msn.com/msnbot.htm)"
117.23.204.247 - - [22/Nov/2009:00:12:55 +0800] "GET /jlzw/2007-11/22/content_11739233.htm HTTP/1.1" 304 - "-" "Sosospider+(+http://help.soso.com/webspider.htm)"
202.108.251.39 - - [22/Nov/2009:00:12:56 +0800] "GET /2007shangye/taiban/lajl.htm HTTP/1.1" 304 - "-" "Mozilla/5.0 (compatible; Yahoo! Slurp China; http://misc.yahoo.com.cn/help.html)"
