202.108.251.39 - - [22/Nov/2009:00:00:27 +0800] "GET /2007ztzb/aiwozhonghua/images/jh.mp3 HTTP/1.1" 304 - "http://www.jl.xinhuanet.com/" "Mozilla/4.0 (compatible; MSIE 6.0; Windows NT 5.1; .NET CLR 2.0.50727)"
203.208.60.212 - - [22/Nov/2009:00:00:31 +0800] "GET /2007shangye/rmyy/zxykym.htm HTTP/1.1" 304 - "-" "Mozilla/5.0 (compatible; Googlebot/2.1; +http://www.google.com/bot.html)"
203.208.60.248 - - [22/Nov/2009:00:00:32 +0800] "GET /jlzw/2006-12/31/xin_191003261532277231763.jpg HTTP/1.1" 200 59720 "-" "Googlebot-Image/1.0"
202.160.179.59 - - [22/Nov/2009:00:00:34 +0800] "GET /newscenter/2009-06/17/content_16832299.htm HTTP/1.0" 200 16643 "-" "Mozilla/5.0 (compatible; Yahoo! Slurp China; http://misc.yahoo.com.cn/help.html)"
202.108.251.39 - - [22/Nov/2009:00:00:34 +0800] "GET / HTTP/1.1" 304 - "-" "MSIE 6.0"
121.14.234.178 - - [22/Nov/2009:00:00:35 +0800] "GET /newscenter/2008-11/14/content_14921421.htm HTTP/1.1" 304 - "-" "Baiduspider+(+http://www.baidu.com/search/spider.htm)"
203.208.60.165 - - [22/Nov/2009:00:00:36 +0800] "GET /news/kejiao/kejiao.htm HTTP/1.1" 304 - "-" "Mozilla/5.0 (compatible; Googlebot/2.1; +http://www.google.com/bot.html)"
121.14.234.178 - - [22/Nov/2009:00:00:38 +0800] "GET /shangye/2006-04/25/xin_0504032511053283012420.jpg HTTP/1.1" 304 - "http://image.baidu.com/i?ct=503316480&z=0&tn=baiduimagedetail&word=%B4%F3s+%D7%D0%D7%D0&in=10974&cl=2&cm=1&sc=0&lm=-1&pn=5&rn=1&di=5457568736&ln=2000&fr=&ic=0&s=0" "Mozilla/4.0 (compatible; MSIE 6.0; Windows NT 5.1; SV1; Mozilla/4.0 (compatible; MSIE 6.0; Windows NT 5.1; SV1) ; 360SE)"
64.4.54.152 - - [22/Nov/2009:00:00:36 +0800] "GET / HTTP/1.1" 200 145583 "-" "msnbot-NewsBlogs/1.1 (+http://search.msn.com/msnbot.htm)"
117.23.204.247 - - [22/Nov/2009:00:00:40 +0800] "GET /newscenter/2009-09/30/content_17855982.htm HTTP/1.1" 304 - "-" "Sosospider+(+http://help.soso.com/webspider.htm)"
67.195.114.244 - - [22/Nov/2009:00:00:42 +0800] "GET /1.htm HTTP/1.0" 200 309 "http://mw.0437.gov.cn/bar.asp?id=1068&url=http://mw.0437.gov.cn/show/1068.html" "Mozilla/5.0 (compatible; Yahoo! Slurp/3.0; http://help.yahoo.com/help/us/ysearch/slurp)"
119.147.105.245 - - [22/Nov/2009:00:00:47 +0800] "GET /news/2003-05/09/xin_793f0d7a906e4b27bebcfa7b46500a82.jpg HTTP/1.1" 304 - "http://image.baidu.com/i?ct=503316480&z=0&tn=baiduimagedetail&word=%BE%DE%B4%F3%F2%C7%F2%BE&in=6496&cl=2&cm=1&sc=0&lm=-1&pn=0&rn=1&di=6651211216&ln=2000&fr=&ic=0&s=0" "Mozilla/4.0 (compatible; MSIE 6.0; Windows NT 5.1; SV1; GTB6)"
117.23.204.247 - - [22/Nov/2009:00:00:50 +0800] "GET /main/2001010/shipin16.htm HTTP/1.1" 304 - "-" "Sosospider+(+http://help.soso.com/webspider.htm)"
121.14.234.178 - - [22/Nov/2009:00:00:51 +0800] "GET /newscenter/2006-09/26/content_8128440.htm HTTP/1.1" 304 - "-" "Baiduspider+(+http://www.baidu.com/search/spider.htm)"
203.208.60.214 - - [22/Nov/2009:00:00:52 +0800] "GET /newscenter/yaowen/index.htm HTTP/1.1" 304 - "-" "Mozilla/5.0 (compatible; Googlebot/2.1; +http://www.google.com/bot.html)"
61.164.61.68 - - [22/Nov/2009:00:00:53 +0800] "GET /newscenter/yaowen/index.htm HTTP/1.1" 304 - "-" "-"
61.164.61.68 - - [22/Nov/2009:00:00:53 +0800] "GET /newscenter/fzsh/index.htm HTTP/1.1" 304 - "-" "-"
61.164.61.68 - - [22/Nov/2009:00:00:53 +0800] "GET /newscenter/jiceng/index.htm HTTP/1.1" 304 - "-" "-"
117.23.204.247 - - [22/Nov/2009:00:00:54 +0800] "GET /newscenter/2006-12/14/content_8776743.htm HTTP/1.1" 304 - "-" "Sosospider+(+http://help.soso.com/webspider.htm)"
202.108.251.39 - - [22/Nov/2009:00:00:55 +0800] "GET /fangchan/zuixin.htm HTTP/1.1" 304 - "http://www.jl.xinhuanet.com/fangchan/zuixin.htm" "Mozilla/4.0 (compatible; MSIE 6.0; Windows NT 5.0)"
124.115.4.226 - - [22/Nov/2009:00:00:56 +0800] "GET /xcbb/auto/xin_6af200280a664a598eeda5442289e3a8.jpg HTTP/1.1" 200 43575 "http://image.soso.com" "Sosoimagespider+(+http://help.soso.com/soso-image-spider.htm)"
117.23.204.247 - - [22/Nov/2009:00:00:57 +0800] "GET /newscenter/2006-03/01/content_6355196_9.htm HTTP/1.1" 200 17006 "http://image.baidu.com/i?ct=503316480&z=0&tn=baiduimagedetail&word=%CE%E4%BE%AF%B3%A4%B4%BA%D6%B8%BB%D3%D1%A7%D0%A3&in=55&cl=2&cm=1&sc=0&lm=-1&pn=0&rn=1&di=7107827488&ln=991&fr=&ic=0&s=0" "Mozilla/4.0 (compatible; MSIE 6.0; Windows NT 5.1; SV1; GTB6)"
117.23.204.247 - - [22/Nov/2009:00:00:57 +0800] "GET /home/top.htm HTTP/1.1" 304 - "http://www.jl.xinhuanet.com/newscenter/2006-03/01/content_6355196_9.htm" "Mozilla/4.0 (compatible; MSIE 6.0; Windows NT 5.1; SV1; GTB6)"
221.192.149.81 - - [22/Nov/2009:00:00:57 +0800] "GET /newscenter/2007-10/22/content_11457386.htm HTTP/1.1" 304 - "http://www.baidu.com/s?bs=%D3%CD%CD%A1%CA%BD%CA%C7%CA%B2%C3%B4%D2%E2%CB%BC%C4%D8&f=8&wd=%BF%D5%B5%F7%C8%A1%C5%AF%B8%F8%C4%E3%B5%E7%C5%AF%C6%F7%C4%C7%B8%F6%B8%FC%CA%A1%B5%E7" "Mozilla/4.0 (compatible; MSIE 6.0; Windows NT 5.1; SV1; CIBA; 360SE)"
117.23.204.247 - - [22/Nov/2009:00:00:57 +0800] "GET /mod2006/images/css.css HTTP/1.1" 304 - "http://www.jl.xinhuanet.com/home/top.htm" "Mozilla/4.0 (compatible; MSIE 6.0; Windows NT 5.1; SV1; GTB6)"
117.23.204.247 - - [22/Nov/2009:00:00:57 +0800] "GET /newscenter/link-news/index.htm HTTP/1.1" 304 - "http://www.jl.xinhuanet.com/newscenter/2006-03/01/content_6355196_9.htm" "Mozilla/4.0 (compatible; MSIE 6.0; Windows NT 5.1; SV1; GTB6)"
117.23.204.247 - - [22/Nov/2009:00:00:57 +0800] "GET /home/bottom.htm HTTP/1.1" 304 - "http://www.jl.xinhuanet.com/newscenter/2006-03/01/content_6355196_9.htm" "Mozilla/4.0 (compatible; MSIE 6.0; Windows NT 5.1; SV1; GTB6)"
121.194.1.104 - - [22/Nov/2009:00:00:58 +0800] "GET / HTTP/1.1" 200 145583 "-" "-"
121.194.1.104 - - [22/Nov/2009:00:00:58 +0800] "GET / HTTP/1.1" 200 145583 "-" "-"
121.194.1.104 - - [22/Nov/2009:00:00:58 +0800] "GET / HTTP/1.1" 200 145583 "-" "-"
121.194.1.104 - - [22/Nov/2009:00:00:59 +0800] "GET / HTTP/1.1" 200 145583 "-" "-"
123.235.40.242 - - [22/Nov/2009:00:01:00 +0800] "GET / HTTP/1.1" 200 145583 "-" "-"
123.235.40.242 - - [22/Nov/2009:00:01:00 +0800] "GET / HTTP/1.1" 200 145583 "-" "-"
123.235.40.242 - - [22/Nov/2009:00:01:00 +0800] "GET / HTTP/1.1" 200 145583 "-" "-"
123.235.40.242 - - [22/Nov/2009:00:01:00 +0800] "GET / HTTP/1.1" 200 145583 "-" "-"
221.192.149.81 - - [22/Nov/2009:00:01:00 +0800] "GET / HTTP/1.1" 200 145583 "-" "-"
221.192.149.81 - - [22/Nov/2009:00:01:00 +0800] "GET / HTTP/1.1" 200 145583 "-" "-"
221.192.149.81 - - [22/Nov/2009:00:01:00 +0800] "GET / HTTP/1.1" 200 145583 "-" "-"
221.192.149.81 - - [22/Nov/2009:00:01:00 +0800] "GET / HTTP/1.1" 200 145583 "-" "-"
61.129.34.183 - - [22/Nov/2009:00:01:00 +0800] "GET / HTTP/1.1" 200 145583 "-" "-"
61.129.34.183 - - [22/Nov/2009:00:01:00 +0800] "GET / HTTP/1.1" 200 145583 "-" "-"
61.129.34.183 - - [22/Nov/2009:00:01:00 +0800] "GET / HTTP/1.1" 200 145583 "-" "-"
61.129.34.183 - - [22/Nov/2009:00:01:00 +0800] "GET / HTTP/1.1" 200 145583 "-" "-"
117.23.204.247 - - [22/Nov/2009:00:01:00 +0800] "GET / HTTP/1.1" 200 145583 "-" "-"
58.215.110.209 - - [22/Nov/2009:00:01:00 +0800] "GET / HTTP/1.1" 200 145583 "-" "-"
58.215.110.209 - - [22/Nov/2009:00:01:00 +0800] "GET / HTTP/1.1" 200 145583 "-" "-"
117.23.204.247 - - [22/Nov/2009:00:01:00 +0800] "GET / HTTP/1.1" 200 145583 "-" "-"
58.215.110.209 - - [22/Nov/2009:00:01:00 +0800] "GET / HTTP/1.1" 200 145583 "-" "-"
58.215.110.209 - - [22/Nov/2009:00:01:00 +0800] "GET / HTTP/1.1" 200 145583 "-" "-"
117.23.204.247 - - [22/Nov/2009:00:01:00 +0800] "GET / HTTP/1.1" 200 145583 "-" "-"
117.23.204.247 - - [22/Nov/2009:00:01:00 +0800] "GET / HTTP/1.1" 200 145583 "-" "-"
123.235.40.243 - - [22/Nov/2009:00:01:01 +0800] "GET / HTTP/1.1" 200 145583 "-" "-"
123.235.40.243 - - [22/Nov/2009:00:01:01 +0800] "GET / HTTP/1.1" 200 145583 "-" "-"
123.235.40.243 - - [22/Nov/2009:00:01:01 +0800] "GET / HTTP/1.1" 200 145583 "-" "-"
117.23.204.247 - - [22/Nov/2009:00:01:01 +0800] "GET /xhsjl/sqbl/zhaoshang/shulan/shulan09-13.htm HTTP/1.1" 304 - "-" "Sosospider+(+http://help.soso.com/webspider.htm)"
123.235.40.243 - - [22/Nov/2009:00:01:01 +0800] "GET / HTTP/1.1" 200 145583 "-" "-"
61.164.61.68 - - [22/Nov/2009:00:01:01 +0800] "GET / HTTP/1.1" 200 145583 "-" "-"
61.164.61.68 - - [22/Nov/2009:00:01:01 +0800] "GET / HTTP/1.1" 200 145583 "-" "-"
202.108.251.39 - - [22/Nov/2009:00:01:01 +0800] "GET / HTTP/1.1" 200 145583 "-" "-"
202.108.251.39 - - [22/Nov/2009:00:01:01 +0800] "GET / HTTP/1.1" 200 145583 "-" "-"
202.108.251.39 - - [22/Nov/2009:00:01:01 +0800] "GET / HTTP/1.1" 200 145583 "-" "-"
202.108.251.39 - - [22/Nov/2009:00:01:01 +0800] "GET / HTTP/1.1" 200 145583 "-" "-"
61.164.61.68 - - [22/Nov/2009:00:01:01 +0800] "GET / HTTP/1.1" 200 145583 "-" "-"
61.164.61.68 - - [22/Nov/2009:00:01:01 +0800] "GET / HTTP/1.1" 200 145583 "-" "-"
121.14.234.178 - - [22/Nov/2009:00:01:01 +0800] "GET / HTTP/1.1" 200 145583 "-" "-"
121.14.234.178 - - [22/Nov/2009:00:01:01 +0800] "GET / HTTP/1.1" 200 145583 "-" "-"
67.195.114.244 - - [22/Nov/2009:00:01:00 +0800] "GET /newscenter/2008-11/17/content_14938781.htm HTTP/1.0" 200 17999 "-" "Mozilla/5.0 (compatible; Yahoo! Slurp/3.0; http://help.yahoo.com/help/us/ysearch/slurp)"
121.14.234.178 - - [22/Nov/2009:00:01:01 +0800] "GET / HTTP/1.1" 200 145583 "-" "-"
121.14.234.178 - - [22/Nov/2009:00:01:01 +0800] "GET / HTTP/1.1" 200 145583 "-" "-"
59.175.131.253 - - [22/Nov/2009:00:01:01 +0800] "GET / HTTP/1.1" 200 145583 "-" "-"
59.175.131.253 - - [22/Nov/2009:00:01:01 +0800] "GET / HTTP/1.1" 200 145583 "-" "-"
59.175.131.253 - - [22/Nov/2009:00:01:01 +0800] "GET / HTTP/1.1" 200 145583 "-" "-"
59.175.131.253 - - [22/Nov/2009:00:01:01 +0800] "GET / HTTP/1.1" 200 145583 "-" "-"
222.141.52.126 - - [22/Nov/2009:00:01:01 +0800] "GET / HTTP/1.1" 200 145583 "-" "-"
222.141.52.126 - - [22/Nov/2009:00:01:01 +0800] "GET / HTTP/1.1" 200 145583 "-" "-"
119.147.105.245 - - [22/Nov/2009:00:01:01 +0800] "GET / HTTP/1.1" 200 145583 "-" "-"
222.141.52.126 - - [22/Nov/2009:00:01:01 +0800] "GET / HTTP/1.1" 200 145583 "-" "-"
222.141.52.126 - - [22/Nov/2009:00:01:01 +0800] "GET / HTTP/1.1" 200 145583 "-" "-"
119.147.105.245 - - [22/Nov/2009:00:01:01 +0800] "GET / HTTP/1.1" 200 145583 "-" "-"
119.147.105.245 - - [22/Nov/2009:00:01:01 +0800] "GET / HTTP/1.1" 200 145583 "-" "-"
119.147.105.245 - - [22/Nov/2009:00:01:01 +0800] "GET / HTTP/1.1" 200 145583 "-" "-"
221.192.149.81 - - [22/Nov/2009:00:01:02 +0800] "GET /favicon.ico HTTP/1.1" 404 279 "-" "Mozilla/4.0 (compatible; MSIE 6.0; Windows NT 5.1; SV1; CIBA; 360SE; 360SE)"
218.213.69.115 - - [22/Nov/2009:00:01:01 +0800] "GET / HTTP/1.1" 200 145583 "-" "-"
218.213.69.115 - - [22/Nov/2009:00:01:01 +0800] "GET / HTTP/1.1" 200 145583 "-" "-"
218.213.69.115 - - [22/Nov/2009:00:01:01 +0800] "GET / HTTP/1.1" 200 145583 "-" "-"
218.213.69.115 - - [22/Nov/2009:00:01:01 +0800] "GET / HTTP/1.1" 200 145583 "-" "-"
58.215.110.209 - - [22/Nov/2009:00:01:04 +0800] "GET /newscenter/2006-08/01/xin_28080301151734311581.JPG HTTP/1.1" 304 - "http://image.baidu.com/i?ct=503316480&z=0&tn=baiduimagedetail&word=%D6%D0%B9%FAi%D3%BE%D2%C2%C4%A3%CC%D8%D0%E3&in=30721&cl=2&cm=1&sc=0&lm=-1&pn=0&rn=1&di=627720048&ln=346&fr=&ic=0&s=0" "Mozilla/4.0 (compatible; MSIE 6.0; Windows NT 5.1; SV1)"
121.14.234.178 - - [22/Nov/2009:00:01:05 +0800] "GET /newscenter/2006-07/27/content_7624915.htm HTTP/1.1" 304 - "-" "Baiduspider+(+http://www.baidu.com/search/spider.htm)"
123.235.40.243 - - [22/Nov/2009:00:01:05 +0800] "GET /shengqing/2006-11/21/content_8574235.htm HTTP/1.1" 304 - "-" "Mozilla/5.0 (compatible; Yahoo! Slurp China; http://misc.yahoo.com.cn/help.html)"
202.108.251.39 - - [22/Nov/2009:00:01:06 +0800] "GET / HTTP/1.1" 304 - "-" "MSIE 6.0"
121.14.234.178 - - [22/Nov/2009:00:01:07 +0800] "GET /1.htm HTTP/1.1" 304 - "http://mw.0437.gov.cn/bar.asp?id=500&url=http://mw.0437.gov.cn/show/500.html" "Mozilla/4.0 (compatible; MSIE 6.0; Windows NT 5.1; SV1)"
117.23.204.247 - - [22/Nov/2009:00:01:07 +0800] "GET /newscenter/2006-03/01/content_6355196_10.htm HTTP/1.1" 200 16720 "http://www.jl.xinhuanet.com/newscenter/2006-03/01/content_6355196_9.htm" "Mozilla/4.0 (compatible; MSIE 6.0; Windows NT 5.1; SV1; GTB6)"
124.115.4.226 - - [22/Nov/2009:00:01:07 +0800] "GET /xcbb/dsgy/xin_34f5e2b5631b447dacc3355c5b2d9100_027.jpg HTTP/1.1" 200 22833 "http://image.soso.com" "Sosoimagespider+(+http://help.soso.com/soso-image-spider.htm)"
202.108.251.39 - - [22/Nov/2009:00:01:09 +0800] "GET /shangye/2006-11/23/content_8592857.htm HTTP/1.1" 304 - "-" "Mozilla/5.0 (compatible; Yahoo! Slurp China; http://misc.yahoo.com.cn/help.html)"
117.23.204.247 - - [22/Nov/2009:00:01:09 +0800] "GET /newscenter/2006-03/01/xin_4103030112056462489311.jpg HTTP/1.1" 200 101728 "http://www.jl.xinhuanet.com/newscenter/2006-03/01/content_6355196_10.htm" "Mozilla/4.0 (compatible; MSIE 6.0; Windows NT 5.1; SV1; GTB6)"
202.160.179.147 - - [22/Nov/2009:00:01:09 +0800] "GET /2006shangye/2008-12/11/content_15149675.htm HTTP/1.0" 200 17568 "-" "Mozilla/5.0 (compatible; Yahoo! Slurp China; http://misc.yahoo.com.cn/help.html)"
124.115.4.226 - - [22/Nov/2009:00:01:10 +0800] "GET /jujiao/teacher/image/17.jpg HTTP/1.1" 200 27984 "http://image.soso.com" "Sosoimagespider+(+http://help.soso.com/soso-image-spider.htm)"
67.195.114.244 - - [22/Nov/2009:00:01:10 +0800] "GET /xhsjl/news/meiti/2002/09/20020909-01.htm HTTP/1.0" 200 17638 "-" "Mozilla/5.0 (compatible; Yahoo! Slurp/3.0; http://help.yahoo.com/help/us/ysearch/slurp)"
202.108.251.39 - - [22/Nov/2009:00:01:11 +0800] "GET /main/news/2001/enconmy/06/20010614-05.htm HTTP/1.1" 304 - "-" "Mozilla/5.0 (compatible; Yahoo! Slurp China; http://misc.yahoo.com.cn/help.html)"
123.235.40.243 - - [22/Nov/2009:00:01:12 +0800] "GET /newscenter/2009-06/12/xin_243060612082795309275.gif HTTP/1.1" 304 - "http://image.baidu.com/i?ct=503316480&z=0&tn=baiduimagedetail&word=%CB%AE%B5%BE%B7%D6%DE%C1&in=26388&cl=2&cm=1&sc=0&lm=-1&pn=29&rn=1&di=789290240&ln=2000&fr=&ic=0&s=0" "Mozilla/4.0 (compatible; MSIE 6.0; Windows NT 5.1; SV1)"
202.108.251.39 - - [22/Nov/2009:00:01:14 +0800] "GET /xhsjzkjl/2003/2004-08/16/content_2692434.htm HTTP/1.1" 304 - "-" "Mozilla/5.0 (compatible; Yahoo! Slurp China; http://misc.yahoo.com.cn/help.html)"
61.135.219.158 - - [22/Nov/2009:00:01:15 +0800] "GET / HTTP/1.1" 200 145583 "-" "Mozilla/5.0 (compatible; YoudaoBot/1.0; http://www.youdao.com/help/webmaster/spider/; )"
124.115.0.169 - - [22/Nov/2009:00:01:15 +0800] "GET /jlzw/news.htm HTTP/1.1" 200 58849 "-" "Sosospider+(+http://help.soso.com/webspider.htm)"
117.23.204.247 - - [22/Nov/2009:00:01:18 +0800] "GET /newscenter/2006-03/01/content_6355196_1.htm HTTP/1.1" 200 16988 "http://www.jl.xinhuanet.com/newscenter/2006-03/01/content_6355196_10.htm" "Mozilla/4.0 (compatible; MSIE 6.0; Windows NT 5.1; SV1; GTB6)"
117.23.204.247 - - [22/Nov/2009:00:01:18 +0800] "GET /newscenter/2006-03/01/xin_370303011205600118812.jpg HTTP/1.1" 200 82804 "http://www.jl.xinhuanet.com/newscenter/2006-03/01/content_6355196_1.htm" "Mozilla/4.0 (compatible; MSIE 6.0; Windows NT 5.1; SV1; GTB6)"
202.108.251.39 - - [22/Nov/2009:00:01:18 +0800] "GET /main/news/2002/jilin/06/20020601-19.htm HTTP/1.1" 304 - "-" "Mozilla/5.0 (compatible; Yahoo! Slurp China; http://misc.yahoo.com.cn/help.html)"
121.14.234.178 - - [22/Nov/2009:00:01:19 +0800] "GET /newscenter/2005-10/25/content_5423518.htm HTTP/1.1" 304 - "-" "Baiduspider+(+http://www.baidu.com/search/spider.htm)"
221.192.149.81 - - [22/Nov/2009:00:01:19 +0800] "GET /jlzw/jjjs.htm HTTP/1.1" 304 - "-" "Baiduspider-news+(+http://www.baidu.com/search/spider.htm)"
221.192.149.81 - - [22/Nov/2009:00:01:20 +0800] "GET /shangye/shuma/index.htm HTTP/1.1" 304 - "-" "Baiduspider-news+(+http://www.baidu.com/search/spider.htm)"
117.23.204.247 - - [22/Nov/2009:00:01:20 +0800] "GET /newscenter/2006-07/31/content_7649466.htm HTTP/1.1" 200 16461 "-" "Sosospider+(+http://help.soso.com/webspider.htm)"
202.160.180.25 - - [22/Nov/2009:00:01:22 +0800] "GET /jujiao/2006-08/21/ HTTP/1.0" 403 287 "-" "Mozilla/5.0 (compatible; Yahoo! Slurp China; http://misc.yahoo.com.cn/help.html)"
123.235.40.243 - - [22/Nov/2009:00:01:22 +0800] "GET /tese/2006-01/13/content_6042356_1.htm HTTP/1.1" 304 - "-" "Mozilla/5.0 (compatible; Yahoo! Slurp China; http://misc.yahoo.com.cn/help.html)"
117.23.204.247 - - [22/Nov/2009:00:01:23 +0800] "GET /newscenter/2006-03/01/content_6355196_4.htm HTTP/1.1" 304 - "http://www.jl.xinhuanet.com/newscenter/2006-03/01/content_6355196_1.htm" "Mozilla/4.0 (compatible; MSIE 6.0; Windows NT 5.1; SV1; GTB6)"
117.23.204.247 - - [22/Nov/2009:00:01:23 +0800] "GET /newscenter/2006-03/01/xin_380303011205862142795.jpg HTTP/1.1" 200 40769 "http://www.jl.xinhuanet.com/newscenter/2006-03/01/content_6355196_4.htm" "Mozilla/4.0 (compatible; MSIE 6.0; Windows NT 5.1; SV1; GTB6)"
117.23.204.247 - - [22/Nov/2009:00:01:23 +0800] "GET /newscenter/2008-11/25/content_15006486_2.htm HTTP/1.1" 200 17135 "-" "Sosospider+(+http://help.soso.com/webspider.htm)"
117.23.204.247 - - [22/Nov/2009:00:01:23 +0800] "GET /newscenter/2007-06/20/content_10355885_4.htm HTTP/1.1" 200 17964 "-" "Sosospider+(+http://help.soso.com/webspider.htm)"
65.55.207.99 - - [22/Nov/2009:00:01:25 +0800] "GET /jujiao/2006-12/01/content_8673965_2.htm HTTP/1.1" 304 - "-" "msnbot/2.0b (+http://search.msn.com/msnbot.htm)"
123.235.40.242 - - [22/Nov/2009:00:01:25 +0800] "GET /2007ztzb/aiwozhonghua/images/jh.mp3 HTTP/1.1" 304 - "http://www.jl.xinhuanet.com/" "Mozilla/4.0 (compatible; MSIE 6.0; Windows NT 5.1; .NET CLR 2.0.50727)"
117.23.204.247 - - [22/Nov/2009:00:01:25 +0800] "GET /newscenter/2006-03/01/content_6355196_5.htm HTTP/1.1" 304 - "http://www.jl.xinhuanet.com/newscenter/2006-03/01/content_6355196_4.htm" "Mozilla/4.0 (compatible; MSIE 6.0; Windows NT 5.1; SV1; GTB6)"
123.235.40.243 - - [22/Nov/2009:00:01:26 +0800] "GET / HTTP/1.1" 304 - "-" "Mozilla/4.0 (compatible; MSIE 5.00)"
117.23.204.247 - - [22/Nov/2009:00:01:26 +0800] "GET /newscenter/2006-03/01/xin_390303011205243222096.jpg HTTP/1.1" 200 94942 "http://www.jl.xinhuanet.com/newscenter/2006-03/01/content_6355196_5.htm" "Mozilla/4.0 (compatible; MSIE 6.0; Windows NT 5.1; SV1; GTB6)"
123.235.40.243 - - [22/Nov/2009:00:01:31 +0800] "GET /newscenter/2008-11/27/xin_0831105271527687242812.jpg HTTP/1.1" 200 71455 "http://image.baidu.com/i?ct=503316480&z=0&tn=baiduimagedetail&word=%D3%D7%B6%F9%D4%B0%B4%F2%D5%EB&in=14480&cl=2&cm=1&sc=0&lm=-1&pn=15&rn=1&di=257310592&ln=2000&fr=ala0&ic=0&s=0" "Mozilla/4.0 (compatible; MSIE 6.0; Windows NT 5.1; SV1)"
117.23.204.247 - - [22/Nov/2009:00:01:32 +0800] "GET /newscenter/2006-03/01/content_6355196_6.htm HTTP/1.1" 200 16996 "http://www.jl.xinhuanet.com/newscenter/2006-03/01/content_6355196_5.htm" "Mozilla/4.0 (compatible; MSIE 6.0; Windows NT 5.1; SV1; GTB6)"
117.23.204.247 - - [22/Nov/2009:00:01:32 +0800] "GET /newscenter/2006-03/01/xin_39030301120583480317.jpg HTTP/1.1" 200 85903 "http://www.jl.xinhuanet.com/newscenter/2006-03/01/content_6355196_6.htm" "Mozilla/4.0 (compatible; MSIE 6.0; Windows NT 5.1; SV1; GTB6)"
67.195.114.227 - - [22/Nov/2009:00:01:32 +0800] "GET /jujiao/16da/yingjie/7.htm HTTP/1.0" 200 5561 "-" "Mozilla/5.0 (compatible; Yahoo! Slurp/3.0; http://help.yahoo.com/help/us/ysearch/slurp)"
67.195.114.244 - - [22/Nov/2009:00:01:32 +0800] "GET /shangye/slzf/zhyz.htm HTTP/1.0" 200 28306 "-" "Mozilla/5.0 (compatible; Yahoo! Slurp/3.0; http://help.yahoo.com/help/us/ysearch/slurp)"
121.14.234.178 - - [22/Nov/2009:00:01:33 +0800] "GET /news/2004-12/13/content_3380909.htm HTTP/1.1" 304 - "-" "Baiduspider+(+http://www.baidu.com/search/spider.htm)"
221.192.149.81 - - [22/Nov/2009:00:01:33 +0800] "GET /newscenter/yaowen/index.htm HTTP/1.1" 304 - "-" "Baiduspider-news+(+http://www.baidu.com/search/spider.htm)"
123.235.40.243 - - [22/Nov/2009:00:01:36 +0800] "GET /newscenter/2008-11/27/content_15036164.htm HTTP/1.1" 304 - "http://image.baidu.com/i?ct=503316480&z=0&tn=baiduimagedetail&word=%D3%D7%B6%F9%D4%B0%B4%F2%D5%EB&in=14480&cl=2&cm=1&sc=0&lm=-1&pn=15&rn=1&di=257310592&ln=2000&fr=ala0&ic=0&s=0" "Mozilla/4.0 (compatible; MSIE 6.0; Windows NT 5.1; SV1)"
123.235.40.243 - - [22/Nov/2009:00:01:36 +0800] "GET /home/images/style.css HTTP/1.1" 304 - "http://www.jl.xinhuanet.com/newscenter/2008-11/27/content_15036164.htm" "Mozilla/4.0 (compatible; MSIE 6.0; Windows NT 5.1; SV1)"
67.195.112.111 - - [22/Nov/2009:00:01:36 +0800] "GET /shangye/mp/images/style.css HTTP/1.0" 200 1400 "http://www.jl.xinhuanet.com/shangye/slzf/zhyz.htm" "Mozilla/5.0 (compatible; Yahoo! Slurp/3.0; http://help.yahoo.com/help/us/ysearch/slurp)"
123.235.40.243 - - [22/Nov/2009:00:01:36 +0800] "GET /mod2006/top.htm HTTP/1.1" 304 - "http://www.jl.xinhuanet.com/newscenter/2008-11/27/content_15036164.htm" "Mozilla/4.0 (compatible; MSIE 6.0; Windows NT 5.1; SV1)"
123.235.40.243 - - [22/Nov/2009:00:01:36 +0800] "GET /mod2006/images/css.css HTTP/1.1" 304 - "http://www.jl.xinhuanet.com/mod2006/top.htm" "Mozilla/4.0 (compatible; MSIE 6.0; Windows NT 5.1; SV1)"
123.235.40.243 - - [22/Nov/2009:00:01:37 +0800] "GET /newscenter/link-news/index.htm HTTP/1.1" 304 - "http://www.jl.xinhuanet.com/newscenter/2008-11/27/content_15036164.htm" "Mozilla/4.0 (compatible; MSIE 6.0; Windows NT 5.1; SV1)"
123.235.40.243 - - [22/Nov/2009:00:01:37 +0800] "GET /home/bottom.htm HTTP/1.1" 304 - "http://www.jl.xinhuanet.com/newscenter/2008-11/27/content_15036164.htm" "Mozilla/4.0 (compatible; MSIE 6.0; Windows NT 5.1; SV1)"
221.192.149.81 - - [22/Nov/2009:00:01:37 +0800] "GET /newscenter/index.htm HTTP/1.1" 304 - "-" "Baiduspider-news+(+http://www.baidu.com/search/spider.htm)"
67.195.114.244 - - [22/Nov/2009:00:01:37 +0800] "GET / HTTP/1.0" 200 145583 "-" "Mozilla/5.0 (compatible; Yahoo! Slurp/3.0; http://help.yahoo.com/help/us/ysearch/slurp)"
67.195.114.244 - - [22/Nov/2009:00:01:40 +0800] "GET /newscenter/photo_news.htm HTTP/1.0" 200 9068 "http://www.jl.xinhuanet.com/" "Mozilla/5.0 (compatible; Yahoo! Slurp/3.0; http://help.yahoo.com/help/us/ysearch/slurp)"
65.55.207.21 - - [22/Nov/2009:00:01:41 +0800] "GET /cc2y/xhym.htm HTTP/1.1" 304 - "-" "msnbot/2.0b (+http://search.msn.com/msnbot.htm)"
67.195.114.244 - - [22/Nov/2009:00:01:42 +0800] "GET /2006shangye/2009-11/11/content_18202013.htm HTTP/1.0" 200 20145 "-" "Mozilla/5.0 (compatible; Yahoo! Slurp/3.0; http://help.yahoo.com/help/us/ysearch/slurp)"
59.175.131.253 - - [22/Nov/2009:00:01:44 +0800] "GET /leaders/hanchangfu/index.htm HTTP/1.1" 304 - "http://news.xinhuanet.com/local/2008-04/17/content_7994423.htm" "Mozilla/4.0 (compatible; MSIE 7.0; Windows NT 6.0; Trident/4.0; SLCC1; .NET CLR 2.0.50727; .NET CLR 3.5.30729; .NET CLR 3.0.30729; TheWorld)"
59.175.131.253 - - [22/Nov/2009:00:01:44 +0800] "GET /leaders/images/mxn.jpg HTTP/1.1" 304 - "http://www.jl.xinhuanet.com/leaders/hanchangfu/index.htm" "Mozilla/4.0 (compatible; MSIE 7.0; Windows NT 6.0; Trident/4.0; SLCC1; .NET CLR 2.0.50727; .NET CLR 3.5.30729; .NET CLR 3.0.30729; TheWorld)"
59.175.131.253 - - [22/Nov/2009:00:01:44 +0800] "GET /leaders/hanchangfu/xin_5831204281818500231706.jpg HTTP/1.1" 304 - "http://www.jl.xinhuanet.com/leaders/hanchangfu/index.htm" "Mozilla/4.0 (compatible; MSIE 7.0; Windows NT 6.0; Trident/4.0; SLCC1; .NET CLR 2.0.50727; .NET CLR 3.5.30729; .NET CLR 3.0.30729; TheWorld)"
117.23.204.247 - - [22/Nov/2009:00:01:45 +0800] "GET /news/2003-10/22/content_1088598.htm HTTP/1.1" 304 - "-" "Sosospider+(+http://help.soso.com/webspider.htm)"
59.175.131.253 - - [22/Nov/2009:00:01:46 +0800] "GET /leaders/hanchangfu/xin_4130905060825859243442.jpg HTTP/1.1" 304 - "http://www.jl.xinhuanet.com/leaders/hanchangfu/index.htm" "Mozilla/4.0 (compatible; MSIE 7.0; Windows NT 6.0; Trident/4.0; SLCC1; .NET CLR 2.0.50727; .NET CLR 3.5.30729; .NET CLR 3.0.30729; TheWorld)"
121.14.234.178 - - [22/Nov/2009:00:01:47 +0800] "GET /2006shangye/2007-04/13/content_9783002.htm HTTP/1.1" 304 - "-" "Baiduspider+(+http://www.baidu.com/search/spider.htm)"
59.175.131.253 - - [22/Nov/2009:00:01:47 +0800] "GET /leaders/hanchangfu/xin_46309050308211252946612.jpg HTTP/1.1" 304 - "http://www.jl.xinhuanet.com/leaders/hanchangfu/index.htm" "Mozilla/4.0 (compatible; MSIE 7.0; Windows NT 6.0; Trident/4.0; SLCC1; .NET CLR 2.0.50727; .NET CLR 3.5.30729; .NET CLR 3.0.30729; TheWorld)"
203.208.60.247 - - [22/Nov/2009:00:01:49 +0800] "GET /jlzw/2006-12/31/xin_3111030814403321539330.jpg HTTP/1.1" 200 43632 "-" "Googlebot-Image/1.0"
59.175.131.253 - - [22/Nov/2009:00:01:49 +0800] "GET /leaders/hanchangfu/xin_5530805120809578110652.jpg HTTP/1.1" 304 - "http://www.jl.xinhuanet.com/leaders/hanchangfu/index.htm" "Mozilla/4.0 (compatible; MSIE 7.0; Windows NT 6.0; Trident/4.0; SLCC1; .NET CLR 2.0.50727; .NET CLR 3.5.30729; .NET CLR 3.0.30729; TheWorld)"
59.175.131.253 - - [22/Nov/2009:00:01:49 +0800] "GET /leaders/hanchangfu/xin_513080506080592130461.jpg HTTP/1.1" 304 - "http://www.jl.xinhuanet.com/leaders/hanchangfu/index.htm" "Mozilla/4.0 (compatible; MSIE 7.0; Windows NT 6.0; Trident/4.0; SLCC1; .NET CLR 2.0.50727; .NET CLR 3.5.30729; .NET CLR 3.0.30729; TheWorld)"
61.129.34.183 - - [22/Nov/2009:00:01:51 +0800] "GET /maomao.gif HTTP/1.1" 304 - "http://www.sxshy.com/" "Mozilla/4.0 (compatible; MSIE 6.0; Windows NT 5.1; SV1)"
67.195.114.227 - - [22/Nov/2009:00:01:51 +0800] "GET /2006shangye/2009-11/17/content_18252990.htm HTTP/1.0" 200 18078 "-" "Mozilla/5.0 (compatible; Yahoo! Slurp/3.0; http://help.yahoo.com/help/us/ysearch/slurp)"
67.195.111.244 - - [22/Nov/2009:00:01:52 +0800] "GET /fangchan/2004-05/13/content_2121660.htm HTTP/1.0" 200 15814 "-" "Mozilla/5.0 (compatible; Yahoo! Slurp/3.0; http://help.yahoo.com/help/us/ysearch/slurp)"
121.14.234.178 - - [22/Nov/2009:00:01:53 +0800] "GET /xhsjzkjl/2003/2007-05/11/xin_160504111126250329524.jpg HTTP/1.1" 304 - "http://image.baidu.com/i?ct=503316480&z=0&tn=baiduimagedetail&word=%BC%AA%C1%D6%BF%C6%BC%BC%CE%C4%BB%AF%D6%D0%D0%C4&in=15851&cl=2&cm=1&sc=0&lm=-1&pn=5&rn=1&di=4343915312&ln=2000&fr=&ic=0&s=0" "Mozilla/4.0 (compatible; MSIE 6.0; Windows NT 5.1; SV1; QQDownload 551; GTB6; CIBA)"
221.192.149.81 - - [22/Nov/2009:00:01:55 +0800] "GET /fangchan/zuixin.htm HTTP/1.1" 304 - "http://www.jl.xinhuanet.com/fangchan/zuixin.htm" "Mozilla/4.0 (compatible; MSIE 6.0; Windows NT 5.0)"
123.235.40.243 - - [22/Nov/2009:00:01:55 +0800] "GET /shangye/2009-09/17/xin_2530906171003171083812.jpg HTTP/1.1" 404 317 "-" "-"
221.192.149.81 - - [22/Nov/2009:00:01:55 +0800] "GET /newscenter/tupian/index.htm HTTP/1.1" 304 - "http://www.jl.xinhuanet.com/newscenter/tupian/index.htm" "Mozilla/4.0 (compatible; MSIE 6.0; Windows NT 5.0)"
202.108.251.39 - - [22/Nov/2009:00:01:55 +0800] "GET /newscenter/2007-04/04/content_9691497.htm HTTP/1.1" 304 - "-" "Mozilla/5.0 (compatible; Yahoo! Slurp China; http://misc.yahoo.com.cn/help.html)"
202.160.178.235 - - [22/Nov/2009:00:01:56 +0800] "GET /shangye/2008-11/24/content_14996302.htm HTTP/1.0" 200 18760 "-" "Mozilla/5.0 (compatible; Yahoo! Slurp China; http://misc.yahoo.com.cn/help.html)"
59.175.131.253 - - [22/Nov/2009:00:01:56 +0800] "GET /images/xlmb_bottom.js HTTP/1.1" 304 - "http://www.jl.xinhuanet.com/leaders/hanchangfu/index.htm" "Mozilla/4.0 (compatible; MSIE 7.0; Windows NT 6.0; Trident/4.0; SLCC1; .NET CLR 2.0.50727; .NET CLR 3.5.30729; .NET CLR 3.0.30729; TheWorld)"
67.195.114.227 - - [22/Nov/2009:00:01:58 +0800] "GET /xhsjzkjl/2002/08/20020819-4.htm HTTP/1.0" 200 8633 "-" "Mozilla/5.0 (compatible; Yahoo! Slurp/3.0; http://help.yahoo.com/help/us/ysearch/slurp)"
121.194.1.104 - - [22/Nov/2009:00:01:59 +0800] "GET / HTTP/1.1" 200 145583 "-" "-"
121.194.1.104 - - [22/Nov/2009:00:01:59 +0800] "GET / HTTP/1.1" 200 145583 "-" "-"
222.141.52.126 - - [22/Nov/2009:00:01:59 +0800] "GET / HTTP/1.1" 304 - "-" "Mozilla/4.0+(compatible;+MSIE+7.0;+Windows+NT+5.1;+.NET+CLR+2.0.50727)"
121.194.1.104 - - [22/Nov/2009:00:01:59 +0800] "GET / HTTP/1.1" 200 145583 "-" "-"
121.194.1.104 - - [22/Nov/2009:00:01:59 +0800] "GET / HTTP/1.1" 200 145583 "-" "-"
59.175.131.253 - - [22/Nov/2009:00:02:00 +0800] "GET /main/2001005/huinan/img/hn018.jpg HTTP/1.1" 304 - "http://image.baidu.com/i?ct=503316480&z=0&tn=baiduimagedetail&word=%BB%C6%C6%AC&in=19560&cl=2&cm=1&sc=0&lm=-1&pn=175&rn=1&di=1190929120&ln=517&fr=&ic=0&s=0" "Mozilla/4.0 (compatible; MSIE 6.0; Windows NT 5.1; SV1)"
58.215.110.209 - - [22/Nov/2009:00:02:00 +0800] "GET / HTTP/1.1" 200 145583 "-" "-"
123.235.40.243 - - [22/Nov/2009:00:02:00 +0800] "GET / HTTP/1.1" 200 145583 "-" "-"
123.235.40.243 - - [22/Nov/2009:00:02:00 +0800] "GET / HTTP/1.1" 200 145583 "-" "-"
58.215.110.209 - - [22/Nov/2009:00:02:00 +0800] "GET / HTTP/1.1" 200 145583 "-" "-"
123.235.40.243 - - [22/Nov/2009:00:02:00 +0800] "GET / HTTP/1.1" 200 145583 "-" "-"
123.235.40.243 - - [22/Nov/2009:00:02:00 +0800] "GET / HTTP/1.1" 200 145583 "-" "-"
58.215.110.209 - - [22/Nov/2009:00:02:00 +0800] "GET / HTTP/1.1" 200 145583 "-" "-"
61.129.34.183 - - [22/Nov/2009:00:02:00 +0800] "GET / HTTP/1.1" 200 145583 "-" "-"
61.129.34.183 - - [22/Nov/2009:00:02:00 +0800] "GET / HTTP/1.1" 200 145583 "-" "-"
58.215.110.209 - - [22/Nov/2009:00:02:00 +0800] "GET / HTTP/1.1" 200 145583 "-" "-"
202.108.251.39 - - [22/Nov/2009:00:02:00 +0800] "GET / HTTP/1.1" 200 145583 "-" "-"
202.108.251.39 - - [22/Nov/2009:00:02:00 +0800] "GET / HTTP/1.1" 200 145583 "-" "-"
202.108.251.39 - - [22/Nov/2009:00:02:00 +0800] "GET / HTTP/1.1" 200 145583 "-" "-"
202.108.251.39 - - [22/Nov/2009:00:02:00 +0800] "GET / HTTP/1.1" 200 145583 "-" "-"
61.129.34.183 - - [22/Nov/2009:00:02:00 +0800] "GET / HTTP/1.1" 200 145583 "-" "-"
61.129.34.183 - - [22/Nov/2009:00:02:00 +0800] "GET / HTTP/1.1" 200 145583 "-" "-"
119.147.105.245 - - [22/Nov/2009:00:02:00 +0800] "GET / HTTP/1.1" 200 145583 "-" "-"
119.147.105.245 - - [22/Nov/2009:00:02:00 +0800] "GET / HTTP/1.1" 200 145583 "-" "-"
117.23.204.247 - - [22/Nov/2009:00:02:00 +0800] "GET / HTTP/1.1" 200 145583 "-" "-"
123.235.40.242 - - [22/Nov/2009:00:02:00 +0800] "GET / HTTP/1.1" 200 145583 "-" "-"
119.147.105.245 - - [22/Nov/2009:00:02:00 +0800] "GET / HTTP/1.1" 200 145583 "-" "-"
123.235.40.242 - - [22/Nov/2009:00:02:00 +0800] "GET / HTTP/1.1" 200 145583 "-" "-"
117.23.204.247 - - [22/Nov/2009:00:02:00 +0800] "GET / HTTP/1.1" 200 145583 "-" "-"
123.235.40.242 - - [22/Nov/2009:00:02:00 +0800] "GET / HTTP/1.1" 200 145583 "-" "-"
119.147.105.245 - - [22/Nov/2009:00:02:00 +0800] "GET / HTTP/1.1" 200 145583 "-" "-"
123.235.40.242 - - [22/Nov/2009:00:02:00 +0800] "GET / HTTP/1.1" 200 145583 "-" "-"
117.23.204.247 - - [22/Nov/2009:00:02:00 +0800] "GET / HTTP/1.1" 200 145583 "-" "-"
117.23.204.247 - - [22/Nov/2009:00:02:00 +0800] "GET / HTTP/1.1" 200 145583 "-" "-"
59.175.131.253 - - [22/Nov/2009:00:02:01 +0800] "GET / HTTP/1.1" 200 145583 "-" "-"
59.175.131.253 - - [22/Nov/2009:00:02:01 +0800] "GET / HTTP/1.1" 200 145583 "-" "-"
121.14.234.178 - - [22/Nov/2009:00:02:01 +0800] "GET / HTTP/1.1" 200 145583 "-" "-"
59.175.131.253 - - [22/Nov/2009:00:02:01 +0800] "GET / HTTP/1.1" 200 145583 "-" "-"
121.14.234.178 - - [22/Nov/2009:00:02:01 +0800] "GET / HTTP/1.1" 200 145583 "-" "-"
59.175.131.253 - - [22/Nov/2009:00:02:01 +0800] "GET / HTTP/1.1" 200 145583 "-" "-"
222.141.52.126 - - [22/Nov/2009:00:02:01 +0800] "GET / HTTP/1.1" 200 145583 "-" "-"
222.141.52.126 - - [22/Nov/2009:00:02:01 +0800] "GET / HTTP/1.1" 200 145583 "-" "-"
121.14.234.178 - - [22/Nov/2009:00:02:01 +0800] "GET / HTTP/1.1" 200 145583 "-" "-"
222.141.52.126 - - [22/Nov/2009:00:02:01 +0800] "GET / HTTP/1.1" 200 145583 "-" "-"
123.235.40.243 - - [22/Nov/2009:00:02:01 +0800] "GET /newscenter/2009-11/09/content_18171035.htm HTTP/1.1" 304 - "http://news.baidu.com/ns?cl=2&rn=20&tn=news&word=%C4%D6%C5%A3%C9%BD" "Mozilla/4.0 (compatible; MSIE 6.0; Windows NT 5.1; SV1)"
121.14.234.178 - - [22/Nov/2009:00:02:01 +0800] "GET / HTTP/1.1" 200 145583 "-" "-"
222.141.52.126 - - [22/Nov/2009:00:02:01 +0800] "GET / HTTP/1.1" 200 145583 "-" "-"
222.141.52.126 - - [22/Nov/2009:00:02:01 +0800] "GET /newscenter/yaowen/index.htm HTTP/1.1" 304 - "-" "Mozilla/4.0+(compatible;+MSIE+7.0;+Windows+NT+5.1;+.NET+CLR+2.0.50727)"
221.192.149.81 - - [22/Nov/2009:00:02:01 +0800] "GET / HTTP/1.1" 200 145583 "-" "-"
221.192.149.81 - - [22/Nov/2009:00:02:01 +0800] "GET / HTTP/1.1" 200 145583 "-" "-"
67.195.111.244 - - [22/Nov/2009:00:02:00 +0800] "GET /newscenter/2009-07/23/content_17176780.htm HTTP/1.0" 200 17133 "-" "Mozilla/5.0 (compatible; Yahoo! Slurp/3.0; http://help.yahoo.com/help/us/ysearch/slurp)"
221.192.149.81 - - [22/Nov/2009:00:02:01 +0800] "GET / HTTP/1.1" 200 145583 "-" "-"
222.141.52.126 - - [22/Nov/2009:00:02:01 +0800] "GET /newscenter/jiceng/index.htm HTTP/1.1" 304 - "-" "Mozilla/4.0+(compatible;+MSIE+7.0;+Windows+NT+5.1;+.NET+CLR+2.0.50727)"
221.192.149.81 - - [22/Nov/2009:00:02:01 +0800] "GET / HTTP/1.1" 200 145583 "-" "-"
61.164.61.68 - - [22/Nov/2009:00:02:01 +0800] "GET / HTTP/1.1" 200 145583 "-" "-"
61.164.61.68 - - [22/Nov/2009:00:02:01 +0800] "GET / HTTP/1.1" 200 145583 "-" "-"
61.164.61.68 - - [22/Nov/2009:00:02:01 +0800] "GET / HTTP/1.1" 200 145583 "-" "-"
61.164.61.68 - - [22/Nov/2009:00:02:01 +0800] "GET / HTTP/1.1" 200 145583 "-" "-"
222.141.52.126 - - [22/Nov/2009:00:02:02 +0800] "GET /tese/index.htm HTTP/1.1" 304 - "-" "Mozilla/4.0+(compatible;+MSIE+7.0;+Windows+NT+5.1;+.NET+CLR+2.0.50727)"
218.213.69.115 - - [22/Nov/2009:00:02:01 +0800] "GET / HTTP/1.1" 200 145583 "-" "-"
218.213.69.115 - - [22/Nov/2009:00:02:01 +0800] "GET / HTTP/1.1" 200 145583 "-" "-"
218.213.69.115 - - [22/Nov/2009:00:02:01 +0800] "GET / HTTP/1.1" 200 145583 "-" "-"
218.213.69.115 - - [22/Nov/2009:00:02:02 +0800] "GET / HTTP/1.1" 200 145583 "-" "-"
67.195.111.244 - - [22/Nov/2009:00:02:02 +0800] "GET /home/bottom.htm HTTP/1.0" 200 1363 "http://www.jl.xinhuanet.com/newscenter/2009-07/23/content_17176780.htm" "Mozilla/5.0 (compatible; Yahoo! Slurp/3.0; http://help.yahoo.com/help/us/ysearch/slurp)"
67.195.111.244 - - [22/Nov/2009:00:02:02 +0800] "GET /newscenter/link-news/index.htm HTTP/1.0" 200 6118 "http://www.jl.xinhuanet.com/newscenter/2009-07/23/content_17176780.htm" "Mozilla/5.0 (compatible; Yahoo! Slurp/3.0; http://help.yahoo.com/help/us/ysearch/slurp)"
222.141.52.126 - - [22/Nov/2009:00:02:02 +0800] "GET /jujiao/more.htm HTTP/1.1" 304 - "-" "Mozilla/4.0+(compatible;+MSIE+7.0;+Windows+NT+5.1;+.NET+CLR+2.0.50727)"
67.195.111.244 - - [22/Nov/2009:00:02:02 +0800] "GET /mod2006/top.htm HTTP/1.0" 200 12347 "http://www.jl.xinhuanet.com/newscenter/2009-07/23/content_17176780.htm" "Mozilla/5.0 (compatible; Yahoo! Slurp/3.0; http://help.yahoo.com/help/us/ysearch/slurp)"
67.195.111.244 - - [22/Nov/2009:00:02:03 +0800] "GET /mod2006/images/css.css HTTP/1.0" 200 1043 "http://www.jl.xinhuanet.com/mod2006/top.htm" "Mozilla/5.0 (compatible; Yahoo! Slurp/3.0; http://help.yahoo.com/help/us/ysearch/slurp)"
61.129.34.183 - - [22/Nov/2009:00:02:03 +0800] "GET /2006shangye/2009-11/05/content_18142542.htm HTTP/1.1" 304 - "http://www.baidu.com/s?tn=site888_pg&lm=-1&word=%CC%D4%B1%A6%C9%CF%B5%C4%CD%F8%C2%E7%B5%EA%D0%A1%B6%FE%D4%DA%C4%C7%C0%EF%C4%DC%D5%D2%B5%BD" "Mozilla/4.0 (compatible; MSIE 6.0; Windows NT 5.1; SV1)"
61.129.34.183 - - [22/Nov/2009:00:02:03 +0800] "GET /home/images/style.css HTTP/1.1" 304 - "http://www.jl.xinhuanet.com/2006shangye/2009-11/05/content_18142542.htm" "Mozilla/4.0 (compatible; MSIE 6.0; Windows NT 5.1; SV1)"
61.129.34.183 - - [22/Nov/2009:00:02:03 +0800] "GET /home/images/print.gif HTTP/1.1" 304 - "http://www.jl.xinhuanet.com/2006shangye/2009-11/05/content_18142542.htm" "Mozilla/4.0 (compatible; MSIE 6.0; Windows NT 5.1; SV1)"
61.129.34.183 - - [22/Nov/2009:00:02:03 +0800] "GET /mod2006/top.htm HTTP/1.1" 304 - "http://www.jl.xinhuanet.com/2006shangye/2009-11/05/content_18142542.htm" "Mozilla/4.0 (compatible; MSIE 6.0; Windows NT 5.1; SV1)"
61.129.34.183 - - [22/Nov/2009:00:02:03 +0800] "GET /home/images/close_c.gif HTTP/1.1" 304 - "http://www.jl.xinhuanet.com/2006shangye/2009-11/05/content_18142542.htm" "Mozilla/4.0 (compatible; MSIE 6.0; Windows NT 5.1; SV1)"
61.129.34.183 - - [22/Nov/2009:00:02:03 +0800] "GET /home/images/forum.gif HTTP/1.1" 304 - "http://www.jl.xinhuanet.com/2006shangye/2009-11/05/content_18142542.htm" "Mozilla/4.0 (compatible; MSIE 6.0; Windows NT 5.1; SV1)"
61.129.34.183 - - [22/Nov/2009:00:02:03 +0800] "GET /home/images/email.gif HTTP/1.1" 304 - "http://www.jl.xinhuanet.com/2006shangye/2009-11/05/content_18142542.htm" "Mozilla/4.0 (compatible; MSIE 6.0; Windows NT 5.1; SV1)"
61.129.34.183 - - [22/Nov/2009:00:02:03 +0800] "GET /mod2006/images/css.css HTTP/1.1" 304 - "http://www.jl.xinhuanet.com/mod2006/top.htm" "Mozilla/4.0 (compatible; MSIE 6.0; Windows NT 5.1; SV1)"
61.129.34.183 - - [22/Nov/2009:00:02:03 +0800] "GET /newscenter/link-news/index.htm HTTP/1.1" 304 - "http://www.jl.xinhuanet.com/2006shangye/2009-11/05/content_18142542.htm" "Mozilla/4.0 (compatible; MSIE 6.0; Windows NT 5.1; SV1)"
61.129.34.183 - - [22/Nov/2009:00:02:03 +0800] "GET /home/bottom.htm HTTP/1.1" 304 - "http://www.jl.xinhuanet.com/2006shangye/2009-11/05/content_18142542.htm" "Mozilla/4.0 (compatible; MSIE 6.0; Windows NT 5.1; SV1)"
61.129.34.183 - - [22/Nov/2009:00:02:03 +0800] "GET /mod2006/images/xhwss01.gif HTTP/1.1" 304 - "http://www.jl.xinhuanet.com/mod2006/top.htm" "Mozilla/4.0 (compatible; MSIE 6.0; Windows NT 5.1; SV1)"
61.129.34.183 - - [22/Nov/2009:00:02:03 +0800] "GET /mod2006/images/xhszb.gif HTTP/1.1" 304 - "http://www.jl.xinhuanet.com/mod2006/top.htm" "Mozilla/4.0 (compatible; MSIE 6.0; Windows NT 5.1; SV1)"
61.129.34.183 - - [22/Nov/2009:00:02:03 +0800] "GET /mod2006/images/logo.gif HTTP/1.1" 304 - "http://www.jl.xinhuanet.com/mod2006/top.htm" "Mozilla/4.0 (compatible; MSIE 6.0; Windows NT 5.1; SV1)"
61.129.34.183 - - [22/Nov/2009:00:02:03 +0800] "GET /mod2006/images/banner.swf HTTP/1.1" 304 - "http://www.jl.xinhuanet.com/mod2006/top.htm" "Mozilla/4.0 (compatible; MSIE 6.0; Windows NT 5.1; SV1)"
172.16.34.109 - - [22/Nov/2009:00:02:03 +0800] "GET / HTTP/1.1" 200 145583 "-" "Mozilla/4.0 (compatible; MSIE 6.0)"
61.129.34.183 - - [22/Nov/2009:00:02:03 +0800] "GET /newscenter/link-news/xin_48311062009091091938212.jpg HTTP/1.1" 304 - "http://www.jl.xinhuanet.com/newscenter/link-news/index.htm" "Mozilla/4.0 (compatible; MSIE 6.0; Windows NT 5.1; SV1)"
61.129.34.183 - - [22/Nov/2009:00:02:03 +0800] "GET /newscenter/link-news/xin_09311061909156871179521.jpg HTTP/1.1" 304 - "http://www.jl.xinhuanet.com/newscenter/link-news/index.htm" "Mozilla/4.0 (compatible; MSIE 6.0; Windows NT 5.1; SV1)"
61.129.34.183 - - [22/Nov/2009:00:02:03 +0800] "GET /home/images/jlpdemail.gif HTTP/1.1" 304 - "http://www.jl.xinhuanet.com/home/bottom.htm" "Mozilla/4.0 (compatible; MSIE 6.0; Windows NT 5.1; SV1)"
61.129.34.183 - - [22/Nov/2009:00:02:03 +0800] "GET /newscenter/link-news/xin_4531106180900453290489.jpg HTTP/1.1" 304 - "http://www.jl.xinhuanet.com/newscenter/link-news/index.htm" "Mozilla/4.0 (compatible; MSIE 6.0; Windows NT 5.1; SV1)"
61.129.34.183 - - [22/Nov/2009:00:02:03 +0800] "GET /newscenter/link-news/xin_13311061710289211472119.jpg HTTP/1.1" 304 - "http://www.jl.xinhuanet.com/newscenter/link-news/index.htm" "Mozilla/4.0 (compatible; MSIE 6.0; Windows NT 5.1; SV1)"
61.129.34.183 - - [22/Nov/2009:00:02:03 +0800] "GET /newscenter/link-news/xin_1131106170905140981510.jpg HTTP/1.1" 304 - "http://www.jl.xinhuanet.com/newscenter/link-news/index.htm" "Mozilla/4.0 (compatible; MSIE 6.0; Windows NT 5.1; SV1)"
61.129.34.183 - - [22/Nov/2009:00:02:03 +0800] "GET /newscenter/link-news/xin_0031106151150718146348.jpg HTTP/1.1" 304 - "http://www.jl.xinhuanet.com/newscenter/link-news/index.htm" "Mozilla/4.0 (compatible; MSIE 6.0; Windows NT 5.1; SV1)"
67.195.114.244 - - [22/Nov/2009:00:02:03 +0800] "GET /newscenter/2009-11/18/content_18260248.htm HTTP/1.0" 200 17113 "-" "Mozilla/5.0 (compatible; Yahoo! Slurp/3.0; http://help.yahoo.com/help/us/ysearch/slurp)"
117.23.204.247 - - [22/Nov/2009:00:02:04 +0800] "GET /newscenter/2009-09/10/content_17653415.htm HTTP/1.1" 304 - "-" "Sosospider+(+http://help.soso.com/webspider.htm)"
222.141.52.126 - - [22/Nov/2009:00:02:04 +0800] "GET /newscenter/photo_news.htm HTTP/1.1" 304 - "-" "Mozilla/4.0+(compatible;+MSIE+7.0;+Windows+NT+5.1;+.NET+CLR+2.0.50727)"
222.141.52.126 - - [22/Nov/2009:00:02:04 +0800] "GET /jlzw/index.htm HTTP/1.1" 304 - "-" "Mozilla/4.0+(compatible;+MSIE+7.0;+Windows+NT+5.1;+.NET+CLR+2.0.50727)"
221.192.149.81 - - [22/Nov/2009:00:02:05 +0800] "HEAD /2008/mb/images/images/logo.gif HTTP/1.1" 304 - "-" "-"
74.6.22.124 - - [22/Nov/2009:00:02:04 +0800] "GET /newscenter/2009-11/21/content_18293415.htm HTTP/1.0" 200 17666 "-" "Mozilla/5.0 (compatible; Yahoo! Slurp/3.0; http://help.yahoo.com/help/us/ysearch/slurp)"
222.141.52.126 - - [22/Nov/2009:00:02:05 +0800] "GET /newscenter/fzsh/index.htm HTTP/1.1" 304 - "-" "Mozilla/4.0+(compatible;+MSIE+7.0;+Windows+NT+5.1;+.NET+CLR+2.0.50727)"
222.141.52.126 - - [22/Nov/2009:00:02:05 +0800] "GET /newscenter/xhsp.htm HTTP/1.1" 304 - "-" "Mozilla/4.0+(compatible;+MSIE+7.0;+Windows+NT+5.1;+.NET+CLR+2.0.50727)"
222.141.52.126 - - [22/Nov/2009:00:02:06 +0800] "GET /leaders/index.htm HTTP/1.1" 304 - "-" "Mozilla/4.0+(compatible;+MSIE+7.0;+Windows+NT+5.1;+.NET+CLR+2.0.50727)"
222.141.52.126 - - [22/Nov/2009:00:02:07 +0800] "GET /2007shangye/xinhuaduanxin0926/index.htm HTTP/1.1" 304 - "-" "Mozilla/4.0+(compatible;+MSIE+7.0;+Windows+NT+5.1;+.NET+CLR+2.0.50727)"
222.141.52.126 - - [22/Nov/2009:00:02:07 +0800] "GET /fangchan/index.htm HTTP/1.1" 304 - "-" "Mozilla/4.0+(compatible;+MSIE+7.0;+Windows+NT+5.1;+.NET+CLR+2.0.50727)"
119.147.105.245 - - [22/Nov/2009:00:02:07 +0800] "GET /newscenter/2009-05/30/content_16657333.htm HTTP/1.1" 304 - "http://www.baidu.com/s?tn=kugoo2007_pg&bs=%BC%AA%C1%D6%CA%A1%CA%D7%BD%EC%B9%A4%D2%D5%C3%C0%CA%F5%B4%F3%D5%B9%BB%F1%BD%B1%D7%F7%C6%B7&f=8&wd=%BC%AA%C1%D6%CA%A1%CA%D7%BD%EC%B9%A4%D2%D5%C3%C0%CA%F5%B4%F3%D5%B9%BB%F1%BD%B1%D7%F7%C6%B7%C3%FB%B5%A5" "Mozilla/4.0 (compatible; MSIE 6.0; Windows NT 5.1; SV1)"
119.147.105.245 - - [22/Nov/2009:00:02:08 +0800] "GET /home/images/style.css HTTP/1.1" 304 - "http://www.jl.xinhuanet.com/newscenter/2009-05/30/content_16657333.htm" "Mozilla/4.0 (compatible; MSIE 6.0; Windows NT 5.1; SV1)"
119.147.105.245 - - [22/Nov/2009:00:02:08 +0800] "GET /mod2006/top.htm HTTP/1.1" 304 - "http://www.jl.xinhuanet.com/newscenter/2009-05/30/content_16657333.htm" "Mozilla/4.0 (compatible; MSIE 6.0; Windows NT 5.1; SV1)"
119.147.105.245 - - [22/Nov/2009:00:02:08 +0800] "GET /mod2006/images/css.css HTTP/1.1" 304 - "http://www.jl.xinhuanet.com/mod2006/top.htm" "Mozilla/4.0 (compatible; MSIE 6.0; Windows NT 5.1; SV1)"
119.147.105.245 - - [22/Nov/2009:00:02:08 +0800] "GET /newscenter/link-news/index.htm HTTP/1.1" 304 - "http://www.jl.xinhuanet.com/newscenter/2009-05/30/content_16657333.htm" "Mozilla/4.0 (compatible; MSIE 6.0; Windows NT 5.1; SV1)"
119.147.105.245 - - [22/Nov/2009:00:02:08 +0800] "GET /home/bottom.htm HTTP/1.1" 304 - "http://www.jl.xinhuanet.com/newscenter/2009-05/30/content_16657333.htm" "Mozilla/4.0 (compatible; MSIE 6.0; Windows NT 5.1; SV1)"
119.147.105.245 - - [22/Nov/2009:00:02:08 +0800] "GET /mod2006/images/xhszb.gif HTTP/1.1" 304 - "http://www.jl.xinhuanet.com/mod2006/top.htm" "Mozilla/4.0 (compatible; MSIE 6.0; Windows NT 5.1; SV1)"
119.147.105.245 - - [22/Nov/2009:00:02:08 +0800] "GET /mod2006/images/xhwss01.gif HTTP/1.1" 304 - "http://www.jl.xinhuanet.com/mod2006/top.htm" "Mozilla/4.0 (compatible; MSIE 6.0; Windows NT 5.1; SV1)"
222.141.52.126 - - [22/Nov/2009:00:02:08 +0800] "GET /qcfy/qcfy.htm HTTP/1.1" 304 - "-" "Mozilla/4.0+(compatible;+MSIE+7.0;+Windows+NT+5.1;+.NET+CLR+2.0.50727)"
222.141.52.126 - - [22/Nov/2009:00:02:09 +0800] "GET /yingshi/index.htm HTTP/1.1" 304 - "-" "Mozilla/4.0+(compatible;+MSIE+7.0;+Windows+NT+5.1;+.NET+CLR+2.0.50727)"
222.141.52.126 - - [22/Nov/2009:00:02:09 +0800] "GET /2006shangye/dssh.htm HTTP/1.1" 304 - "-" "Mozilla/4.0+(compatible;+MSIE+7.0;+Windows+NT+5.1;+.NET+CLR+2.0.50727)"
222.141.52.126 - - [22/Nov/2009:00:02:10 +0800] "GET /newscenter/yljd/index.htm HTTP/1.1" 304 - "-" "Mozilla/4.0+(compatible;+MSIE+7.0;+Windows+NT+5.1;+.NET+CLR+2.0.50727)"
121.14.234.178 - - [22/Nov/2009:00:02:10 +0800] "GET /jujiao/2005-04/28/xin_200402280934500156838.jpg HTTP/1.1" 304 - "http://image.baidu.com/i?ct=503316480&z=0&tn=baiduimagedetail&word=%C9%F2%D1%F4%C1%F5%D3%BF%D5%D5%C6%AC&in=16558&cl=2&cm=1&sc=0&lm=-1&pn=5&rn=1&di=9426395152&ln=111&fr=ala0&ic=0&s=0" "Mozilla/4.0 (compatible; MSIE 6.0; Windows NT 5.1; SV1; .NET CLR 2.0.50727; .NET CLR 3.0.4506.2152; .NET CLR 3.5.30729)"
222.141.52.126 - - [22/Nov/2009:00:02:11 +0800] "GET /2006shangye/zcjy.htm HTTP/1.1" 304 - "-" "Mozilla/4.0+(compatible;+MSIE+7.0;+Windows+NT+5.1;+.NET+CLR+2.0.50727)"
222.141.52.126 - - [22/Nov/2009:00:02:11 +0800] "GET /2006shangye/shzx.htm HTTP/1.1" 304 - "-" "Mozilla/4.0+(compatible;+MSIE+7.0;+Windows+NT+5.1;+.NET+CLR+2.0.50727)"
222.141.52.126 - - [22/Nov/2009:00:02:12 +0800] "GET /shangye/lxqg/index.htm HTTP/1.1" 304 - "-" "Mozilla/4.0+(compatible;+MSIE+7.0;+Windows+NT+5.1;+.NET+CLR+2.0.50727)"
123.235.40.243 - - [22/Nov/2009:00:02:13 +0800] "GET /newscenter/yaowen/index.htm HTTP/1.1" 304 - "-" "Microsoft URL Control - 6.00.8862"
117.23.204.247 - - [22/Nov/2009:00:02:13 +0800] "GET /qcfy/2005-02/16/content_3724875.htm HTTP/1.1" 304 - "-" "Sosospider+(+http://help.soso.com/webspider.htm)"
65.55.234.14 - - [22/Nov/2009:00:02:12 +0800] "GET / HTTP/1.1" 200 145583 "-" "msnbot-NewsBlogs/1.1 (+http://search.msn.com/msnbot.htm)"
123.235.40.243 - - [22/Nov/2009:00:02:14 +0800] "GET /newscenter/2009-11/21/content_18293411.htm HTTP/1.1" 304 - "-" "-"
124.115.4.226 - - [22/Nov/2009:00:02:14 +0800] "GET /xcbb/dsgy/xin_34f5e2b5631b447dacc3355c5b2d9100_027.jpg HTTP/1.1" 200 22833 "http://image.soso.com" "Sosoimagespider+(+http://help.soso.com/soso-image-spider.htm)"
222.141.52.126 - - [22/Nov/2009:00:02:14 +0800] "GET /newscenter/rdwp/index.htm HTTP/1.1" 304 - "-" "Mozilla/4.0+(compatible;+MSIE+7.0;+Windows+NT+5.1;+.NET+CLR+2.0.50727)"
221.192.149.81 - - [22/Nov/2009:00:02:14 +0800] "GET /jlzw/2007-06/06/content_10220810.htm HTTP/1.1" 304 - "-" "Baiduspider-news+(+http://www.baidu.com/search/spider.htm)"
221.192.149.81 - - [22/Nov/2009:00:02:14 +0800] "GET /jlzw/2007-06/06/content_10220868.htm HTTP/1.1" 304 - "-" "Baiduspider-news+(+http://www.baidu.com/search/spider.htm)"
123.235.40.243 - - [22/Nov/2009:00:02:15 +0800] "HEAD /jlzw/2007-06/06/xin_430604061002203250187.gif HTTP/1.1" 304 - "-" "baidu news spider"
123.235.40.242 - - [22/Nov/2009:00:02:15 +0800] "HEAD /jlzw/2007-06/06/xin_430604061002406310188.gif HTTP/1.1" 200 - "-" "baidu news spider"
202.108.251.39 - - [22/Nov/2009:00:02:15 +0800] "GET /cbs/cbs_mg/mi24.htm HTTP/1.1" 304 - "-" "Mozilla/5.0 (compatible; Yahoo! Slurp China; http://misc.yahoo.com.cn/help.html)"
202.160.179.20 - - [22/Nov/2009:00:02:16 +0800] "GET /newscenter/2008-11/21/content_14978147.htm HTTP/1.0" 200 17586 "-" "Mozilla/5.0 (compatible; Yahoo! Slurp China; http://misc.yahoo.com.cn/help.html)"
202.108.251.39 - - [22/Nov/2009:00:02:19 +0800] "GET /robots.txt HTTP/1.1" 404 278 "-" "-"
117.23.204.247 - - [22/Nov/2009:00:02:22 +0800] "GET /newscenter/2007-09/25/content_11245807.htm HTTP/1.1" 304 - "-" "Sosospider+(+http://help.soso.com/webspider.htm)"
123.235.40.242 - - [22/Nov/2009:00:02:23 +0800] "GET /jlzw/wjfg.htm HTTP/1.1" 304 - "-" "Mozilla/4.0 (compatible;MSIE 6.0; MSIE 7.0; Windows NT 5.2; .NET CLR 1.1.4322; .NET CLR 2.0.50727; InfoPath.1) Web-Sniffer/1.0.24"
69.191.211.202 - - [22/Nov/2009:00:02:24 +0800] "GET / HTTP/1.1" 200 145583 "-" "BLP_bbot/0.1"
117.23.204.247 - - [22/Nov/2009:00:02:27 +0800] "GET /htd/2005-06/02/content_4359821.htm HTTP/1.1" 200 21587 "-" "Sosospider+(+http://help.soso.com/webspider.htm)"
65.55.106.110 - - [22/Nov/2009:00:02:27 +0800] "GET /shangye/2008-05/20/content_13308467.htm HTTP/1.1" 304 - "-" "msnbot/2.0b (+http://search.msn.com/msnbot.htm)"
67.195.114.244 - - [22/Nov/2009:00:02:28 +0800] "GET /jujiao/yanbian/zoujin5.htm HTTP/1.0" 200 21554 "-" "Mozilla/5.0 (compatible; Yahoo! Slurp/3.0; http://help.yahoo.com/help/us/ysearch/slurp)"
67.195.114.244 - - [22/Nov/2009:00:02:30 +0800] "GET /jujiao/yanbian/image/styel.css HTTP/1.0" 200 143 "http://www.jl.xinhuanet.com/jujiao/yanbian/zoujin5.htm" "Mozilla/5.0 (compatible; Yahoo! Slurp/3.0; http://help.yahoo.com/help/us/ysearch/slurp)"
124.115.0.164 - - [22/Nov/2009:00:02:35 +0800] "GET /newscenter/2009-02/26/content_15804466.htm HTTP/1.1" 200 18229 "-" "Sosospider+(+http://help.soso.com/webspider.htm)"
67.195.114.227 - - [22/Nov/2009:00:02:35 +0800] "GET /newscenter/tupian/index.htm HTTP/1.0" 200 67391 "-" "Mozilla/5.0 (compatible; Yahoo! Slurp/3.0; http://help.yahoo.com/help/us/ysearch/slurp)"
121.14.234.178 - - [22/Nov/2009:00:02:36 +0800] "GET /newscenter/yaowen/index.htm HTTP/1.1" 304 - "-" "Mozilla/4.0 (compatible; MSIE 6.0; Windows NT 5.1; SV1; .NET CLR 1.1.4322)"
123.235.40.243 - - [22/Nov/2009:00:02:37 +0800] "GET / HTTP/1.1" 304 - "-" "User-Agent: Mozilla/5.0 (compatible; MSIE 6.0;Windows XP)"
67.195.114.227 - - [22/Nov/2009:00:02:37 +0800] "GET /cc2y/index.htm HTTP/1.0" 200 13791 "-" "Mozilla/5.0 (compatible; Yahoo! Slurp/3.0; http://help.yahoo.com/help/us/ysearch/slurp)"
202.108.251.39 - - [22/Nov/2009:00:02:38 +0800] "GET /newscenter/2009-08/15/content_17407927.htm HTTP/1.1" 304 - "-" "Mozilla/5.0 (compatible; Yahoo! Slurp China; http://misc.yahoo.com.cn/help.html)"
67.195.114.227 - - [22/Nov/2009:00:02:40 +0800] "GET /newscenter/style.css HTTP/1.0" 404 285 "http://www.jl.xinhua.org/newscenter/tupian/index.htm" "Mozilla/5.0 (compatible; Yahoo! Slurp/3.0; http://help.yahoo.com/help/us/ysearch/slurp)"
117.23.204.247 - - [22/Nov/2009:00:02:41 +0800] "GET /newscenter/2009-06/25/content_16912410.htm HTTP/1.1" 304 - "-" "Sosospider+(+http://help.soso.com/webspider.htm)"
202.108.251.39 - - [22/Nov/2009:00:02:41 +0800] "GET /shangye/2006-12/21/content_8843830.htm HTTP/1.1" 304 - "-" "Mozilla/5.0 (compatible; Yahoo! Slurp China; http://misc.yahoo.com.cn/help.html)"
123.235.40.242 - - [22/Nov/2009:00:02:45 +0800] "GET /newscenter/2009-11/17/xin_08311061710282653153612.jpg HTTP/1.1" 304 - "http://www.cc126.net/" "Mozilla/4.0 (compatible; MSIE 6.0; Windows NT 5.1; SV1; .NET CLR 2.0.50727; TheWorld)"
