219.153.74.114 - - [28/Jun/2009:00:02:24 +0800] "GET / HTTP/1.0" 304 - "http://www.xinhuanet.com/" "Mozilla/4.0 (compatible; MSIE 6.0; Windows NT 5.1)"
203.73.39.114 - - [28/Jun/2009:00:02:24 +0800] "GET /newscenter/2009-01/11/xin_2430106111245281157837.jpg HTTP/1.0" 200 101689 "http://www.e0335.net.cn/gb/adv/2009-3/30/094318013049192_702.html" "Mozilla/4.0 (compatible; MSIE 6.0; Windows NT 5.2; SV1; .NET CLR 1.1.4322)"
59.175.131.253 - - [28/Jun/2009:00:02:25 +0800] "GET /newscenter/2005-06/15/xin_22060215141958319421.jpg HTTP/1.0" 200 171107 "http://www.jl.xinhuanet.com/newscenter/2005-06/15/content_4445047.htm" "Mozilla/4.0 (compatible; MSIE 6.0; Windows NT 5.1; SV1; Mozilla/4.0 (compatible; MSIE 6.0; Windows NT 5.1; SV1) )"
74.6.18.229 - - [28/Jun/2009:00:02:25 +0800] "GET /shangye/2005-09/15/content_5136245.htm HTTP/1.0" 200 7645 "-" "Mozilla/5.0 (compatible; Yahoo! Slurp/3.0; http://help.yahoo.com/help/us/ysearch/slurp)"
59.175.131.253 - - [28/Jun/2009:00:02:28 +0800] "GET /home/images/style.css HTTP/1.0" 304 - "http://www.jl.xinhuanet.com/newscenter/2005-06/15/content_4445047.htm" "Mozilla/4.0 (compatible; MSIE 6.0; Windows NT 5.1; SV1; Mozilla/4.0 (compatible; MSIE 6.0; Windows NT 5.1; SV1) )"
59.175.131.253 - - [28/Jun/2009:00:02:28 +0800] "GET /home/top.htm HTTP/1.0" 304 - "http://www.jl.xinhuanet.com/newscenter/2005-06/15/content_4445047.htm" "Mozilla/4.0 (compatible; MSIE 6.0; Windows NT 5.1; SV1; Mozilla/4.0 (compatible; MSIE 6.0; Windows NT 5.1; SV1) )"
59.175.131.253 - - [28/Jun/2009:00:02:28 +0800] "GET /newscenter/link-news/index.htm HTTP/1.0" 304 - "http://www.jl.xinhuanet.com/newscenter/2005-06/15/content_4445047.htm" "Mozilla/4.0 (compatible; MSIE 6.0; Windows NT 5.1; SV1; Mozilla/4.0 (compatible; MSIE 6.0; Windows NT 5.1; SV1) )"
59.175.131.253 - - [28/Jun/2009:00:02:28 +0800] "GET /home/bottom.htm HTTP/1.0" 304 - "http://www.jl.xinhuanet.com/newscenter/2005-06/15/content_4445047.htm" "Mozilla/4.0 (compatible; MSIE 6.0; Windows NT 5.1; SV1; Mozilla/4.0 (compatible; MSIE 6.0; Windows NT 5.1; SV1) )"
59.175.131.253 - - [28/Jun/2009:00:02:28 +0800] "GET /mod2006/images/css.css HTTP/1.0" 304 - "http://www.jl.xinhuanet.com/home/top.htm" "Mozilla/4.0 (compatible; MSIE 6.0; Windows NT 5.1; SV1; Mozilla/4.0 (compatible; MSIE 6.0; Windows NT 5.1; SV1) )"
59.175.131.253 - - [28/Jun/2009:00:02:28 +0800] "GET /newscenter/2005-06/15/xin_240602151419005153522.jpg HTTP/1.0" 200 211823 "http://www.jl.xinhuanet.com/newscenter/2005-06/15/content_4445047.htm" "Mozilla/4.0 (compatible; MSIE 6.0; Windows NT 5.1; SV1; Mozilla/4.0 (compatible; MSIE 6.0; Windows NT 5.1; SV1) )"
221.192.149.81 - - [28/Jun/2009:00:02:29 +0800] "GET /newscenter/2009-06/26/content_16921576.htm HTTP/1.0" 304 - "-" "Mozilla/5.0 (compatible; Yahoo! Slurp China; http://misc.yahoo.com.cn/help.html)"
79.171.81.51 - - [28/Jun/2009:00:02:29 +0800] "HEAD / HTTP/1.1" 200 - "-" "Mozilla/4.0 (compatible; MSIE 6.0; Windows NT 5.1)"
98.196.135.103 - - [28/Jun/2009:00:02:27 +0800] "GET /newscenter/2009-01/11/xin_2430106111245281157837.jpg HTTP/1.0" 200 101689 "http://www.e0436.net.cn/gb/new/2009-3/30/0941817590734534_172.html" "Mozilla/4.0 (compatible; MSIE 7.0; Windows NT 5.1; InfoPath.2)"
117.23.204.247 - - [28/Jun/2009:00:02:30 +0800] "GET /shangye/jiaoyu/undefined HTTP/1.0" 404 292 "http://www.jl.xinhuanet.com/shangye/jiaoyu/index.htm" "Mozilla/4.0 (compatible; MSIE 6.0; Windows NT 5.1; SV1)"
221.192.149.81 - - [28/Jun/2009:00:02:30 +0800] "GET /xhsjzkjl/2002/08/20020819-7.htm HTTP/1.0" 200 7343 "-" "Mozilla/5.0 (compatible; Yahoo! Slurp China; http://misc.yahoo.com.cn/help.html)"
219.91.54.145 - - [28/Jun/2009:00:02:31 +0800] "GET /1.htm HTTP/1.1" 200 309 "http://mw.0437.gov.cn/bar.asp?id=500&url=http://mw.0437.gov.cn/show/500.html" "Mozilla/4.0 (compatible; MSIE 6.0; Windows NT 5.1; SV1; GTB6; KKman3.0; .NET CLR 1.1.4322; .NET CLR 2.0.50727; .NET CLR 3.0.04506.648; .NET CLR 3.5.21022)"
74.6.18.229 - - [28/Jun/2009:00:02:33 +0800] "GET /shangye/2005-09/15/image/yangshi.css HTTP/1.0" 404 301 "http://www.jl.xinhua.org/shangye/2005-09/15/content_5136245.htm" "Mozilla/5.0 (compatible; Yahoo! Slurp/3.0; http://help.yahoo.com/help/us/ysearch/slurp)"
124.115.4.223 - - [28/Jun/2009:00:02:35 +0800] "GET /yingshi/2006-11/09/xin_061103091100932729424.jpg HTTP/1.1" 200 6310 "http://image.soso.com" "Sosoimagespider+(+http://help.soso.com/soso-image-spider.htm)"
117.23.204.247 - - [28/Jun/2009:00:02:35 +0800] "GET /shangye/jiaoyu/undefined HTTP/1.0" 404 292 "http://www.jl.xinhuanet.com/shangye/jiaoyu/index.htm" "Mozilla/4.0 (compatible; MSIE 6.0; Windows NT 5.1; SV1)"
79.171.81.51 - - [28/Jun/2009:00:02:33 +0800] "GET / HTTP/1.1" 200 146325 "-" "Mozilla/4.0 (compatible; MSIE 6.0; Windows NT 5.1)"
219.153.74.114 - - [28/Jun/2009:00:02:36 +0800] "GET /xhsjzkjl/2003/2003-07/14/xin_9101ff21d9934b939563321c71515e20.jpg HTTP/1.0" 304 - "http://image.baidu.com/i?ct=503316480&z=0&tn=baiduimagedetail&word=%CA%C0%BD%E7%C9%CF%D7%EE%B9%F3%B5%C4%C6%FB%B3%B5&in=8840&cl=2&cm=1&sc=0&lm=-1&pn=0&rn=1&di=755670001&ln=334&fr=ala0" "Mozilla/4.0 (compatible; MSIE 6.0; Windows NT 5.1; SV1; icafe8)"
74.6.18.229 - - [28/Jun/2009:00:02:36 +0800] "GET /shangye/2005-09/15/image/http|//www.jl.xinhuanet.com/shangye/jiaoyu/image/yangshi.css HTTP/1.0" 404 350 "http://www.jl.xinhua.org/shangye/2005-09/15/content_5136245.htm" "Mozilla/5.0 (compatible; Yahoo! Slurp/3.0; http://help.yahoo.com/help/us/ysearch/slurp)"
221.192.149.81 - - [28/Jun/2009:00:02:37 +0800] "GET /yingshi/2006-11/16/ HTTP/1.0" 403 291 "-" "Mozilla/5.0 (compatible; Yahoo! Slurp China; http://misc.yahoo.com.cn/help.html)"
202.108.251.39 - - [28/Jun/2009:00:02:39 +0800] "GET /2006shangye/2009-06/25/content_16908864.htm HTTP/1.0" 404 311 "-" "Mozilla/4.0+(compatible;+MSIE+7.0;+Windows+NT+5.1;+.NET+CLR+2.0.50727)"
202.108.251.39 - - [28/Jun/2009:00:02:41 +0800] "GET /newscenter/2007-10/22/xin_30310042210547503061210.jpg HTTP/1.0" 304 - "-" "Mozilla/4.0 (compatible; MSIE 6.0; Windows NT 5.0; baidu Transcoder;)"
72.30.79.39 - - [28/Jun/2009:00:02:42 +0800] "GET /2007shangye/taiban/lyjx.htm HTTP/1.0" 200 4814 "-" "Mozilla/5.0 (compatible; Yahoo! Slurp/3.0; http://help.yahoo.com/help/us/ysearch/slurp)"
221.192.149.81 - - [28/Jun/2009:00:02:44 +0800] "GET /newscenter/2007-04/13/content_9779600.htm HTTP/1.0" 200 17431 "-" "Mozilla/5.0 (compatible; Yahoo! Slurp China; http://misc.yahoo.com.cn/help.html)"
203.208.60.45 - - [28/Jun/2009:00:02:45 +0800] "GET /jlzw/news.htm HTTP/1.1" 304 - "-" "Mozilla/5.0 (compatible; Googlebot/2.1; +http://www.google.com/bot.html)"
117.23.204.247 - - [28/Jun/2009:00:02:45 +0800] "GET /shangye/jiaoyu/undefined HTTP/1.0" 404 292 "http://www.jl.xinhuanet.com/shangye/jiaoyu/index.htm" "Mozilla/4.0 (compatible; MSIE 6.0; Windows NT 5.1; SV1)"
203.208.60.48 - - [28/Jun/2009:00:02:45 +0800] "GET /jlzw/xwfb.htm HTTP/1.1" 304 - "-" "Mozilla/5.0 (compatible; Googlebot/2.1; +http://www.google.com/bot.html)"
203.208.60.3 - - [28/Jun/2009:00:02:45 +0800] "GET /cysh/yskx/index.htm HTTP/1.1" 304 - "-" "Mozilla/5.0 (compatible; Googlebot/2.1; +http://www.google.com/bot.html)"
203.192.6.76 - - [28/Jun/2009:00:02:46 +0800] "GET /news/kejiao/kejiao.htm HTTP/1.1" 304 - "-" "Mozilla/5.0 (compatible; Googlebot/2.1; +http://www.google.com/bot.html)"
219.153.74.114 - - [28/Jun/2009:00:02:48 +0800] "GET /home/bottom.htm HTTP/1.0" 304 - "-" "Mozilla/4.0 (compatible; MSIE 5.01; Windows NT 5.0)"
219.153.74.114 - - [28/Jun/2009:00:02:48 +0800] "GET /newscenter/link-news/index.htm HTTP/1.0" 304 - "-" "Mozilla/4.0 (compatible; MSIE 5.01; Windows NT 5.0)"
119.147.104.181 - - [28/Jun/2009:00:02:48 +0800] "GET /main/news/2001/recent/12/20011203-02.htm HTTP/1.0" 304 - "-" "Baiduspider+(+http://www.baidu.com/search/spider.htm)"
219.153.74.114 - - [28/Jun/2009:00:02:48 +0800] "GET /mod2006/top.htm HTTP/1.0" 304 - "-" "Mozilla/4.0 (compatible; MSIE 5.01; Windows NT 5.0)"
219.153.74.114 - - [28/Jun/2009:00:02:49 +0800] "GET /newscenter/2009-05/29/content_16653859.htm HTTP/1.0" 304 - "-" "Mozilla/4.0 (compatible; MSIE 5.01; Windows NT 5.0)"
117.23.204.247 - - [28/Jun/2009:00:02:50 +0800] "GET /shangye/jiaoyu/undefined HTTP/1.0" 404 292 "http://www.jl.xinhuanet.com/shangye/jiaoyu/index.htm" "Mozilla/4.0 (compatible; MSIE 6.0; Windows NT 5.1; SV1)"
219.153.74.114 - - [28/Jun/2009:00:02:50 +0800] "GET /newscenter/2009-05/29/content_16653860.htm HTTP/1.0" 304 - "-" "Mozilla/4.0 (compatible; MSIE 5.01; Windows NT 5.0)"
202.108.251.39 - - [28/Jun/2009:00:02:50 +0800] "GET /yingshi/2008-11/11/xin_1231105110830750158566.jpg HTTP/1.0" 304 - "http://image.baidu.com/i?ct=503316480&z=0&tn=baiduimagedetail&word=%C1%F5%D2%E0%B7%C6%C0%F1%B7%FE&in=18282&cl=2&cm=1&sc=0&lm=-1&pn=14&rn=1&di=2732770852&ln=697&fr=" "Mozilla/4.0 (compatible; MSIE 6.0; Windows NT 5.1; SV1)"
219.153.74.114 - - [28/Jun/2009:00:02:50 +0800] "GET /newscenter/2009-05/30/content_16657668.htm HTTP/1.0" 304 - "-" "Mozilla/4.0 (compatible; MSIE 5.01; Windows NT 5.0)"
219.153.74.114 - - [28/Jun/2009:00:02:50 +0800] "GET /newscenter/2009-05/30/content_16657701.htm HTTP/1.0" 304 - "-" "Mozilla/4.0 (compatible; MSIE 5.01; Windows NT 5.0)"
219.153.74.114 - - [28/Jun/2009:00:02:51 +0800] "GET /newscenter/2009-05/30/content_16657329.htm HTTP/1.0" 304 - "-" "Mozilla/4.0 (compatible; MSIE 5.01; Windows NT 5.0)"
219.153.74.114 - - [28/Jun/2009:00:02:51 +0800] "GET /newscenter/2009-05/30/content_16660191.htm HTTP/1.0" 304 - "-" "Mozilla/4.0 (compatible; MSIE 5.01; Windows NT 5.0)"
219.153.74.114 - - [28/Jun/2009:00:02:51 +0800] "GET /newscenter/2009-05/30/content_16657330.htm HTTP/1.0" 304 - "-" "Mozilla/4.0 (compatible; MSIE 5.01; Windows NT 5.0)"
121.14.234.178 - - [28/Jun/2009:00:02:52 +0800] "GET /fwfmweb.rar HTTP/1.0" 404 279 "-" "Mozilla/4.0"
121.14.234.178 - - [28/Jun/2009:00:02:52 +0800] "GET /web.rar HTTP/1.0" 404 275 "-" "Mozilla/4.0"
121.14.234.178 - - [28/Jun/2009:00:02:53 +0800] "GET /web.rar HTTP/1.0" 404 275 "-" "Mozilla/4.0"
222.141.52.126 - - [28/Jun/2009:00:02:54 +0800] "GET /1.htm HTTP/1.0" 304 - "http://mw.0437.gov.cn/bar.asp?id=500&url=http://mw.0437.gov.cn/show/500.html" "Mozilla/4.0 (compatible; MSIE 6.0; Windows NT 5.1; SV1; .NET CLR 1.1.4322)"
72.30.79.39 - - [28/Jun/2009:00:02:55 +0800] "GET /shangye/2006-04/03/content_6635826.htm HTTP/1.0" 200 24429 "-" "Mozilla/5.0 (compatible; Yahoo! Slurp/3.0; http://help.yahoo.com/help/us/ysearch/slurp)"
121.14.234.178 - - [28/Jun/2009:00:02:56 +0800] "GET /jlzw/2006-09/13/content_8022995.htm HTTP/1.0" 304 - "-" "Baiduspider+(+http://www.baidu.com/search/spider.htm)"
203.208.60.108 - - [28/Jun/2009:00:02:57 +0800] "GET /2007shangye/rmyy/sj2ym.htm HTTP/1.1" 304 - "-" "Mozilla/5.0 (compatible; Googlebot/2.1; +http://www.google.com/bot.html)"
123.235.40.242 - - [28/Jun/2009:00:02:58 +0800] "GET /xhsjzkjl/2003/2005-11/15/content_5586815.htm HTTP/1.0" 200 15731 "http://image.baidu.com/i?tn=baiduimage&ct=201326592&cl=2&lm=-1&fr=&pv=&word=%BC%AA%C1%D6%CF%FB%B7%C0%B3%B5&z=0&rn=21&pn=21&ln=111" "Mozilla/4.0 (compatible; MSIE 6.0; Windows NT 5.1; SV1; QQDownload 1.7; .NET CLR 2.0.50727; CIBA)"
221.192.149.81 - - [28/Jun/2009:00:02:58 +0800] "GET /newscenter/yaowen/index.htm HTTP/1.0" 304 - "http://www.jl.xinhuanet.com" "Mozilla/4.0 (compatible; MSIE 6.0; Windows NT 5.1; Qihoo 0.9.6)"
123.235.40.242 - - [28/Jun/2009:00:02:58 +0800] "GET /home/images/style.css HTTP/1.0" 304 - "http://www.jl.xinhuanet.com/xhsjzkjl/2003/2005-11/15/content_5586815.htm" "Mozilla/4.0 (compatible; MSIE 6.0; Windows NT 5.1; SV1; QQDownload 1.7; .NET CLR 2.0.50727; CIBA)"
123.235.40.242 - - [28/Jun/2009:00:02:58 +0800] "GET /xhsjzkjl/2003/2005-11/15/xin_15110215093367294983.jpg HTTP/1.0" 304 - "http://www.jl.xinhuanet.com/xhsjzkjl/2003/2005-11/15/content_5586815.htm" "Mozilla/4.0 (compatible; MSIE 6.0; Windows NT 5.1; SV1; QQDownload 1.7; .NET CLR 2.0.50727; CIBA)"
119.147.104.181 - - [28/Jun/2009:00:02:58 +0800] "GET /home/images/style.css HTTP/1.0" 304 - "http://www.jl.xinhuanet.com/newscenter/2006-12/14/content_8779259.htm" "-"
123.235.40.242 - - [28/Jun/2009:00:02:58 +0800] "GET /mod2006/images/css.css HTTP/1.0" 304 - "http://www.jl.xinhuanet.com/home/top.htm" "Mozilla/4.0 (compatible; MSIE 6.0; Windows NT 5.1; SV1; QQDownload 1.7; .NET CLR 2.0.50727; CIBA)"
121.14.234.178 - - [28/Jun/2009:00:02:58 +0800] "GET /favicon.ico HTTP/1.0" 404 279 "-" "-"
202.160.181.199 - - [28/Jun/2009:00:02:58 +0800] "GET /newscenter/2009-06/19/content_16855267.htm HTTP/1.0" 200 17747 "-" "Mozilla/5.0 (compatible; Yahoo! Slurp China; http://misc.yahoo.com.cn/help.html)"
123.235.40.242 - - [28/Jun/2009:00:02:58 +0800] "GET /home/bottom.htm HTTP/1.0" 304 - "http://www.jl.xinhuanet.com/xhsjzkjl/2003/2005-11/15/content_5586815.htm" "Mozilla/4.0 (compatible; MSIE 6.0; Windows NT 5.1; SV1; QQDownload 1.7; .NET CLR 2.0.50727; CIBA)"
123.235.40.242 - - [28/Jun/2009:00:02:58 +0800] "GET /newscenter/link-news/index.htm HTTP/1.0" 304 - "http://www.jl.xinhuanet.com/xhsjzkjl/2003/2005-11/15/content_5586815.htm" "Mozilla/4.0 (compatible; MSIE 6.0; Windows NT 5.1; SV1; QQDownload 1.7; .NET CLR 2.0.50727; CIBA)"
202.108.251.39 - - [28/Jun/2009:00:03:00 +0800] "GET /shangye/shuma/index.htm HTTP/1.0" 304 - "-" "Baiduspider+(+http://www.baidu.com/search/spider.htm)"
202.108.251.39 - - [28/Jun/2009:00:03:00 +0800] "GET /jlzw/index.htm HTTP/1.0" 304 - "-" "Baiduspider+(+http://www.baidu.com/search/spider.htm)"
59.92.242.248 - - [28/Jun/2009:00:02:58 +0800] "GET /newscenter/2009-01/11/xin_2430106111245281157837.jpg HTTP/1.0" 200 101689 "http://www.e0335.net.cn/gb/adv/2009-4/2/0943185039891_791.html" "Mozilla/4.0 (compatible; MSIE 6.0; Windows NT 5.1; SV1; InfoPath.2)"
202.108.251.39 - - [28/Jun/2009:00:03:00 +0800] "GET /jlzw/jjjs.htm HTTP/1.0" 304 - "-" "Baiduspider+(+http://www.baidu.com/search/spider.htm)"
117.23.204.247 - - [28/Jun/2009:00:03:00 +0800] "GET /shangye/jiaoyu/undefined HTTP/1.0" 404 292 "http://www.jl.xinhuanet.com/shangye/jiaoyu/index.htm" "Mozilla/4.0 (compatible; MSIE 6.0; Windows NT 5.1; SV1)"
65.55.2.48 - - [28/Jun/2009:00:02:58 +0800] "GET / HTTP/1.1" 200 146325 "-" "msnbot-NewsBlogs/1.1 (+http://search.msn.com/msnbot.htm)"
202.108.251.39 - - [28/Jun/2009:00:03:00 +0800] "GET / HTTP/1.1" 200 146325 "-" "-"
202.108.251.39 - - [28/Jun/2009:00:03:00 +0800] "GET / HTTP/1.1" 200 146325 "-" "-"
202.108.251.39 - - [28/Jun/2009:00:03:00 +0800] "GET / HTTP/1.1" 200 146325 "-" "-"
202.108.251.39 - - [28/Jun/2009:00:03:00 +0800] "GET / HTTP/1.1" 200 146325 "-" "-"
123.235.40.243 - - [28/Jun/2009:00:03:00 +0800] "GET / HTTP/1.1" 200 146325 "-" "-"
123.235.40.243 - - [28/Jun/2009:00:03:00 +0800] "GET / HTTP/1.1" 200 146325 "-" "-"
123.235.40.243 - - [28/Jun/2009:00:03:00 +0800] "GET / HTTP/1.1" 200 146325 "-" "-"
123.235.40.243 - - [28/Jun/2009:00:03:00 +0800] "GET / HTTP/1.1" 200 146325 "-" "-"
123.235.40.242 - - [28/Jun/2009:00:03:00 +0800] "GET / HTTP/1.1" 200 146325 "-" "-"
123.235.40.242 - - [28/Jun/2009:00:03:00 +0800] "GET / HTTP/1.1" 200 146325 "-" "-"
123.235.40.242 - - [28/Jun/2009:00:03:00 +0800] "GET / HTTP/1.1" 200 146325 "-" "-"
58.215.110.209 - - [28/Jun/2009:00:03:00 +0800] "GET /newscenter/2007-10/17/xin_4931004171559656238426.jpg HTTP/1.0" 200 25129 "http://image.baidu.com/i?ct=503316480&z=0&tn=baiduimagedetail&word=%CA%C0%BD%E7%C9%CF%D3%D0%CA%AE%B4%F3%C6%E6%D6%ED&in=14450&cl=2&cm=1&sc=0&lm=-1&pn=480&rn=1&di=971238056&ln=2000&fr=" "Mozilla/4.0 (compatible; MSIE 6.0; Windows NT 5.1; SV1)"
123.235.40.242 - - [28/Jun/2009:00:03:00 +0800] "GET / HTTP/1.1" 200 146325 "-" "-"
59.175.131.253 - - [28/Jun/2009:00:03:00 +0800] "GET / HTTP/1.1" 200 146325 "-" "-"
59.175.131.253 - - [28/Jun/2009:00:03:00 +0800] "GET / HTTP/1.1" 200 146325 "-" "-"
221.192.149.81 - - [28/Jun/2009:00:03:00 +0800] "GET /newscenter/fzsh/index.htm HTTP/1.0" 304 - "http://www.jl.xinhuanet.com" "Mozilla/4.0 (compatible; MSIE 6.0; Windows NT 5.1; Qihoo 0.9.6)"
59.175.131.253 - - [28/Jun/2009:00:03:00 +0800] "GET / HTTP/1.1" 200 146325 "-" "-"
59.175.131.253 - - [28/Jun/2009:00:03:00 +0800] "GET / HTTP/1.1" 200 146325 "-" "-"
117.23.204.247 - - [28/Jun/2009:00:03:00 +0800] "GET / HTTP/1.1" 200 146325 "-" "-"
117.23.204.247 - - [28/Jun/2009:00:03:00 +0800] "GET / HTTP/1.1" 200 146325 "-" "-"
117.23.204.247 - - [28/Jun/2009:00:03:00 +0800] "GET / HTTP/1.1" 200 146325 "-" "-"
117.23.204.247 - - [28/Jun/2009:00:03:00 +0800] "GET / HTTP/1.1" 200 146325 "-" "-"
119.147.104.181 - - [28/Jun/2009:00:03:00 +0800] "GET / HTTP/1.1" 200 146325 "-" "-"
119.147.104.181 - - [28/Jun/2009:00:03:00 +0800] "GET / HTTP/1.1" 200 146325 "-" "-"
119.147.104.181 - - [28/Jun/2009:00:03:01 +0800] "GET / HTTP/1.1" 200 146325 "-" "-"
119.147.104.181 - - [28/Jun/2009:00:03:01 +0800] "GET / HTTP/1.1" 200 146325 "-" "-"
203.208.60.17 - - [28/Jun/2009:00:03:01 +0800] "GET /misc/2006-06/15/content_7267884.htm HTTP/1.1" 404 303 "-" "Mozilla/5.0 (compatible; Googlebot/2.1; +http://www.google.com/bot.html)"
219.153.74.114 - - [28/Jun/2009:00:03:01 +0800] "GET / HTTP/1.1" 200 146325 "-" "-"
61.164.61.68 - - [28/Jun/2009:00:03:01 +0800] "GET / HTTP/1.1" 200 146325 "-" "-"
219.153.74.114 - - [28/Jun/2009:00:03:01 +0800] "GET / HTTP/1.1" 200 146325 "-" "-"
121.14.234.178 - - [28/Jun/2009:00:03:01 +0800] "GET / HTTP/1.1" 200 146325 "-" "-"
219.153.74.114 - - [28/Jun/2009:00:03:01 +0800] "GET / HTTP/1.1" 200 146325 "-" "-"
61.164.61.68 - - [28/Jun/2009:00:03:01 +0800] "GET / HTTP/1.1" 200 146325 "-" "-"
61.164.61.68 - - [28/Jun/2009:00:03:01 +0800] "GET / HTTP/1.1" 200 146325 "-" "-"
58.215.110.209 - - [28/Jun/2009:00:03:01 +0800] "GET / HTTP/1.1" 200 146325 "-" "-"
58.215.110.209 - - [28/Jun/2009:00:03:01 +0800] "GET / HTTP/1.1" 200 146325 "-" "-"
61.164.61.68 - - [28/Jun/2009:00:03:01 +0800] "GET / HTTP/1.1" 200 146325 "-" "-"
58.215.110.209 - - [28/Jun/2009:00:03:01 +0800] "GET / HTTP/1.1" 200 146325 "-" "-"
121.14.234.178 - - [28/Jun/2009:00:03:01 +0800] "GET / HTTP/1.1" 200 146325 "-" "-"
58.215.110.209 - - [28/Jun/2009:00:03:01 +0800] "GET / HTTP/1.1" 200 146325 "-" "-"
121.14.234.178 - - [28/Jun/2009:00:03:01 +0800] "GET / HTTP/1.1" 200 146325 "-" "-"
221.192.149.81 - - [28/Jun/2009:00:03:01 +0800] "GET / HTTP/1.1" 200 146325 "-" "-"
219.153.74.114 - - [28/Jun/2009:00:03:01 +0800] "GET / HTTP/1.1" 200 146325 "-" "-"
121.14.234.178 - - [28/Jun/2009:00:03:01 +0800] "GET / HTTP/1.1" 200 146325 "-" "-"
221.192.149.81 - - [28/Jun/2009:00:03:01 +0800] "GET / HTTP/1.1" 200 146325 "-" "-"
222.141.52.126 - - [28/Jun/2009:00:03:01 +0800] "GET / HTTP/1.1" 200 146325 "-" "-"
221.192.149.81 - - [28/Jun/2009:00:03:01 +0800] "GET / HTTP/1.1" 200 146325 "-" "-"
218.213.69.115 - - [28/Jun/2009:00:03:01 +0800] "GET / HTTP/1.1" 200 146325 "-" "-"
218.213.69.115 - - [28/Jun/2009:00:03:01 +0800] "GET / HTTP/1.1" 200 146325 "-" "-"
222.141.52.126 - - [28/Jun/2009:00:03:01 +0800] "GET / HTTP/1.1" 200 146325 "-" "-"
221.192.149.81 - - [28/Jun/2009:00:03:01 +0800] "GET / HTTP/1.1" 200 146325 "-" "-"
222.141.52.126 - - [28/Jun/2009:00:03:01 +0800] "GET / HTTP/1.1" 200 146325 "-" "-"
123.235.40.243 - - [28/Jun/2009:00:03:01 +0800] "GET /2006shangye/2009-06/16/content_16819236.htm HTTP/1.0" 304 - "http://www.baidu.com/s?wd=%CC%EE%B1%A8%D6%BE%D4%B8%BC%BC%C7%C9&oq=%CC%EE%B1%A8%D6%BE%D4%B8&f=3&rsp=4" "Mozilla/4.0 (compatible; MSIE 6.0; Windows NT 5.1; SV1)"
222.141.52.126 - - [28/Jun/2009:00:03:01 +0800] "GET / HTTP/1.1" 200 146325 "-" "-"
218.213.69.115 - - [28/Jun/2009:00:03:01 +0800] "GET / HTTP/1.1" 200 146325 "-" "-"
123.235.40.243 - - [28/Jun/2009:00:03:01 +0800] "GET /home/images/style.css HTTP/1.0" 304 - "http://www.jl.xinhuanet.com/2006shangye/2009-06/16/content_16819236.htm" "Mozilla/4.0 (compatible; MSIE 6.0; Windows NT 5.1; SV1)"
218.213.69.115 - - [28/Jun/2009:00:03:02 +0800] "GET / HTTP/1.1" 200 146325 "-" "-"
72.30.79.39 - - [28/Jun/2009:00:03:01 +0800] "GET /newscenter/2008-07/15/content_13821221.htm HTTP/1.0" 200 16591 "-" "Mozilla/5.0 (compatible; Yahoo! Slurp/3.0; http://help.yahoo.com/help/us/ysearch/slurp)"
123.235.40.243 - - [28/Jun/2009:00:03:02 +0800] "GET /mod2006/top.htm HTTP/1.0" 304 - "http://www.jl.xinhuanet.com/2006shangye/2009-06/16/content_16819236.htm" "Mozilla/4.0 (compatible; MSIE 6.0; Windows NT 5.1; SV1)"
123.235.40.243 - - [28/Jun/2009:00:03:02 +0800] "GET /mod2006/images/css.css HTTP/1.0" 304 - "http://www.jl.xinhuanet.com/mod2006/top.htm" "Mozilla/4.0 (compatible; MSIE 6.0; Windows NT 5.1; SV1)"
123.235.40.243 - - [28/Jun/2009:00:03:03 +0800] "GET /home/bottom.htm HTTP/1.0" 304 - "http://www.jl.xinhuanet.com/2006shangye/2009-06/16/content_16819236.htm" "Mozilla/4.0 (compatible; MSIE 6.0; Windows NT 5.1; SV1)"
221.192.149.81 - - [28/Jun/2009:00:03:03 +0800] "GET /newscenter/2005-05/17/content_4247688_14.htm HTTP/1.0" 200 16726 "-" "Mozilla/5.0 (compatible; Yahoo! Slurp China; http://misc.yahoo.com.cn/help.html)"
123.235.40.243 - - [28/Jun/2009:00:03:03 +0800] "GET /newscenter/link-news/xin_18306062708397961799817.jpg HTTP/1.0" 304 - "http://www.jl.xinhuanet.com/newscenter/link-news/index.htm" "Mozilla/4.0 (compatible; MSIE 6.0; Windows NT 5.1; SV1)"
123.235.40.243 - - [28/Jun/2009:00:03:03 +0800] "GET /newscenter/link-news/xin_04306062708360151910014.jpg HTTP/1.0" 304 - "http://www.jl.xinhuanet.com/newscenter/link-news/index.htm" "Mozilla/4.0 (compatible; MSIE 6.0; Windows NT 5.1; SV1)"
61.135.220.20 - - [28/Jun/2009:00:03:03 +0800] "GET /xhsjl/news/jiceng/2002/09/mp3files/2002-03-04_GilFronsdal_WakingUp.m3u HTTP/1.1" 404 335 "" "Mozilla/5.0 (compatible; YodaoBot/1.0; http://www.youdao.com/help/webmaster/spider/; )"
117.23.204.247 - - [28/Jun/2009:00:03:05 +0800] "GET /shangye/jiaoyu/undefined HTTP/1.0" 404 292 "http://www.jl.xinhuanet.com/shangye/jiaoyu/index.htm" "Mozilla/4.0 (compatible; MSIE 6.0; Windows NT 5.1; SV1)"
190.16.55.104 - - [28/Jun/2009:00:03:01 +0800] "GET /newscenter/2009-01/11/xin_2430106111245281157837.jpg HTTP/1.1" 200 101689 "http://www.e0335.net.cn/gb/adv/2008-5/5/094318292675029_652.html" "Mozilla/4.0 (compatible; MSIE 7.0; Windows NT 5.1; QQDownload 534; GTB6; Mozilla/4.0 (compatible; MSIE 6.0; Windows NT 5.1; SV1) ; CIBA)"
203.208.60.47 - - [28/Jun/2009:00:03:05 +0800] "GET /main/news/04/20010409-03.htm HTTP/1.1" 200 18600 "-" "Mozilla/5.0 (compatible; Googlebot/2.1; +http://www.google.com/bot.html)"
123.235.40.243 - - [28/Jun/2009:00:03:06 +0800] "GET /shangye/2008-06/25/content_13640469.htm HTTP/1.0" 304 - "-" "Mozilla/5.0 (compatible; Yahoo! Slurp China; http://misc.yahoo.com.cn/help.html)"
219.153.74.114 - - [28/Jun/2009:00:03:09 +0800] "GET /jujiao/bingxue/image/x3.gif HTTP/1.0" 304 - "http://www.in9.cn/read.php?tid=495540" "Mozilla/4.0 (compatible; MSIE 6.0; Windows NT 5.1; SV1; Maxthon)"
203.192.6.86 - - [28/Jun/2009:00:03:09 +0800] "GET /yingshi/2006-12/07/content_8718157.htm HTTP/1.1" 200 23271 "-" "Mozilla/5.0 (Windows; U; Windows NT 5.1; zh-CN; rv:1.9.0.10) Gecko/2009042316 Firefox/3.0.10"
123.235.40.243 - - [28/Jun/2009:00:03:10 +0800] "GET /newscenter/2005-04/27/content_4137390_7.htm HTTP/1.0" 304 - "-" "Mozilla/5.0 (compatible; Yahoo! Slurp China; http://misc.yahoo.com.cn/help.html)"
121.14.234.178 - - [28/Jun/2009:00:03:11 +0800] "GET /newscenter/2006-12/14/content_8779259.htm HTTP/1.0" 304 - "http://www.baidu.com/s?wd=%C1%F9%BA%CF%B2%CA&tn=lin7163862_dg&bar=" "Mozilla/4.0 (compatible; MSIE 6.0; Windows NT 5.1; SV1; GTB6)"
221.192.149.81 - - [28/Jun/2009:00:03:11 +0800] "GET /xhsjl/news/shehui/2002/09/20020927-02.htm HTTP/1.0" 304 - "-" "Mozilla/5.0 (compatible; Yahoo! Slurp China; http://misc.yahoo.com.cn/help.html)"
123.235.40.242 - - [28/Jun/2009:00:03:13 +0800] "GET /newscenter/2005-06/02/xin_12060202112215505441.jpg HTTP/1.0" 200 155988 "http://image.baidu.com/i?ct=503316480&z=0&tn=baiduimagedetail&word=%BC%AA%C1%D6%BB%F0%B3%B5%CF%DF%C2%B7%CD%BC&in=5267&cl=2&cm=1&sc=0&lm=-1&pn=2&rn=1&di=2227634360&ln=927&fr=ala0" "Mozilla/4.0 (compatible; MSIE 6.0; Windows NT 5.1; SV1)"
61.228.101.201 - - [28/Jun/2009:00:03:07 +0800] "GET /newscenter/2009-01/11/xin_2430106111245281157837.jpg HTTP/1.0" 200 101689 "http://www.e0436.net.cn/gb/new/2009-5/6/095721455069377_506.html" "Mozilla/4.0 (compatible; MSIE 7.0; Windows NT 5.1)"
202.108.251.39 - - [28/Jun/2009:00:03:14 +0800] "GET /fangchan/zuixin.htm HTTP/1.0" 304 - "-" "Baiduspider+(+http://www.baidu.com/search/spider.htm)"
202.108.251.39 - - [28/Jun/2009:00:03:14 +0800] "GET /newscenter/yaowen/index.htm HTTP/1.0" 304 - "-" "Baiduspider+(+http://www.baidu.com/search/spider.htm)"
202.108.251.39 - - [28/Jun/2009:00:03:14 +0800] "GET /newscenter/jiceng/index.htm HTTP/1.0" 304 - "-" "Baiduspider+(+http://www.baidu.com/search/spider.htm)"
117.23.204.247 - - [28/Jun/2009:00:03:14 +0800] "GET /2008/dbdl/images/xjzs1.jpg HTTP/1.0" 200 72681 "http://images.google.cn/imglanding?imgurl=http://www2.nedu.edu.cn/home/user/49/photo_14149.jpg&imgrefurl=http://www2.nedu.edu.cn/home/index.php/6739/action_viewspace_itemid_1386&usg=__JtMBJVLKxjcAhD8XRWASdDKYw98%3D&h=417&w=500&sz=92&hl=zh-CN&tbnid=EeWeH0FPbGqj3M:&tbnh=108&tbnw=130&prev=/images%3Fq%3D%25E4%25B8%259C%25E5%258C%2597%25E7%2594%25B5%25E5%258A%259B%25E5%25A4%25A7%25E5%25AD%25A6%26gbv%3D2%26hl%3Dzh-CN%26sa%3DG%26newwindow%3D1&q=%E4%B8%9C%E5%8C%97%E7%94%B5%E5%8A%9B%E5%A4%A7%E5%AD%A6&gbv=2&sa=G&newwindow=1&start=0" "Mozilla/4.0 (compatible; MSIE 7.0; Windows NT 6.0; SLCC1; .NET CLR 2.0.50727; .NET CLR 3.0.04506)"
202.108.251.39 - - [28/Jun/2009:00:03:15 +0800] "GET /newscenter/2008-11/03/xin_51311050309468431296820.jpg HTTP/1.0" 304 - "http://image.baidu.com/i?ct=503316480&z=0&tn=baiduimagedetail&word=cba%C0%B2%C0%B2%B6%D3&in=17542&cl=2&cm=1&sc=0&lm=-1&pn=0&rn=1&di=2242721&ln=1144&fr=" "Mozilla/4.0 (compatible; MSIE 6.0; Windows NT 5.1; SV1)"
121.14.234.178 - - [28/Jun/2009:00:03:15 +0800] "GET /mod2006/images/xhszb.gif HTTP/1.0" 304 - "http://www.jl.xinhuanet.com/mod2006/top.htm" "Mozilla/4.0 (compatible; MSIE 6.0; Windows NT 5.1; SV1; GTB6)"
121.14.234.178 - - [28/Jun/2009:00:03:15 +0800] "GET /mod2006/images/logo.gif HTTP/1.0" 304 - "http://www.jl.xinhuanet.com/mod2006/top.htm" "Mozilla/4.0 (compatible; MSIE 6.0; Windows NT 5.1; SV1; GTB6)"
117.23.204.247 - - [28/Jun/2009:00:03:15 +0800] "GET /shangye/jiaoyu/undefined HTTP/1.0" 404 292 "http://www.jl.xinhuanet.com/shangye/jiaoyu/index.htm" "Mozilla/4.0 (compatible; MSIE 6.0; Windows NT 5.1; SV1)"
61.164.61.68 - - [28/Jun/2009:00:03:15 +0800] "GET /newscenter/2007-08/27/xin_240804271554296212383.jpg HTTP/1.0" 304 - "http://image.baidu.com/i?ct=503316480&z=0&tn=baiduimagedetail&word=%B9%C5%B5%E4%C3%C0%C5%AE&in=21956&cl=2&cm=1&sc=0&lm=-1&pn=1&rn=1&di=416066528&ln=352&fr=" "Mozilla/4.0 (compatible; MSIE 6.0; Windows NT 5.1; SV1; Sicent; Mozilla/4.0 (compatible; MSIE 6.0; Windows NT 5.1; SV1) ; .NET CLR 2.0.50727)"
121.14.234.178 - - [28/Jun/2009:00:03:15 +0800] "GET /newscenter/link-news/xin_38306062408513433027315.jpg HTTP/1.0" 304 - "http://www.jl.xinhuanet.com/newscenter/link-news/index.htm" "Mozilla/4.0 (compatible; MSIE 6.0; Windows NT 5.1; SV1; GTB6)"
121.14.234.178 - - [28/Jun/2009:00:03:15 +0800] "GET /newscenter/link-news/xin_03306062309032181150419.jpg HTTP/1.0" 304 - "http://www.jl.xinhuanet.com/newscenter/link-news/index.htm" "Mozilla/4.0 (compatible; MSIE 6.0; Windows NT 5.1; SV1; GTB6)"
121.14.234.178 - - [28/Jun/2009:00:03:15 +0800] "GET /home/images/jlpdemail.gif HTTP/1.0" 304 - "http://www.jl.xinhuanet.com/home/bottom.htm" "Mozilla/4.0 (compatible; MSIE 6.0; Windows NT 5.1; SV1; GTB6)"
58.205.216.10 - - [28/Jun/2009:00:03:16 +0800] "GET / HTTP/1.1" 200 146325 "-" "-"
58.205.216.10 - - [28/Jun/2009:00:03:16 +0800] "GET / HTTP/1.1" 200 146325 "-" "-"
58.205.216.10 - - [28/Jun/2009:00:03:16 +0800] "GET / HTTP/1.1" 200 146325 "-" "-"
58.205.216.10 - - [28/Jun/2009:00:03:16 +0800] "GET / HTTP/1.1" 200 146325 "-" "-"
202.108.251.39 - - [28/Jun/2009:00:03:16 +0800] "GET / HTTP/1.0" 304 - "-" "Mozilla/5.0 (compatible; YodaoBot-News/1.0; http://www.youdao.com/help/webmaster/spider/; )"
72.30.79.39 - - [28/Jun/2009:00:03:16 +0800] "GET /newscenter/2005-07/14/content_4637298.htm HTTP/1.0" 200 17238 "-" "Mozilla/5.0 (compatible; Yahoo! Slurp/3.0; http://help.yahoo.com/help/us/ysearch/slurp)"
202.180.34.186 - - [28/Jun/2009:00:03:17 +0800] "GET /leaders/2009-04/24/content_16345645.htm HTTP/1.1" 200 18218 "-" "ICC-Crawler/2.0 (Mozilla-compatible; ; http://kc.nict.go.jp/project1/crawl.html)"
123.235.40.243 - - [28/Jun/2009:00:03:17 +0800] "GET /newscenter/2006-05/19/content_7034654.htm HTTP/1.0" 200 16561 "-" "Mozilla/5.0 (compatible; Yahoo! Slurp China; http://misc.yahoo.com.cn/help.html)"
121.14.234.178 - - [28/Jun/2009:00:03:18 +0800] "GET /mod2006/images/banner.swf HTTP/1.0" 304 - "http://www.jl.xinhuanet.com/mod2006/top.htm" "Mozilla/4.0 (compatible; MSIE 6.0; Windows NT 5.1; SV1; GTB6)"
72.30.79.39 - - [28/Jun/2009:00:03:18 +0800] "GET /jlpd/2004-11/11/content_3201929_5.htm HTTP/1.0" 200 8310 "-" "Mozilla/5.0 (compatible; Yahoo! Slurp/3.0; http://help.yahoo.com/help/us/ysearch/slurp)"
117.23.204.247 - - [28/Jun/2009:00:03:19 +0800] "GET /news/2004-05/12/xin_100501121051437195023.jpg HTTP/1.0" 304 - "http://image.baidu.com/i?ct=503316480&z=0&tn=baiduimagedetail&word=%BB%A4%CA%BF&in=27339&cl=2&cm=1&sc=0&lm=-1&pn=21&rn=1&di=1142355376&ln=2000&fr=" "Mozilla/4.0 (compatible; MSIE 6.0; Windows NT 5.1; SV1; TencentTraveler 4.0)"
203.208.60.130 - - [28/Jun/2009:00:03:20 +0800] "GET /jlzw/wjfg.htm HTTP/1.1" 304 - "-" "Mozilla/5.0 (compatible; Googlebot/2.1; +http://www.google.com/bot.html)"
219.153.74.114 - - [28/Jun/2009:00:03:20 +0800] "GET /1.htm HTTP/1.0" 304 - "http://mw.0437.gov.cn/bar.asp?id=500&url=http://mw.0437.gov.cn/show/500.html" "Mozilla/4.0 (compatible; MSIE 7.0; Windows NT 5.1)"
117.23.204.247 - - [28/Jun/2009:00:03:20 +0800] "GET /shangye/jiaoyu/undefined HTTP/1.0" 404 292 "http://www.jl.xinhuanet.com/shangye/jiaoyu/index.htm" "Mozilla/4.0 (compatible; MSIE 6.0; Windows NT 5.1; SV1)"
61.135.249.220 - - [28/Jun/2009:00:03:21 +0800] "GET /xhsjzkjl/2003/2005-08/06/content_4816700.htm HTTP/1.1" 200 14658 "-" "Mozilla/5.0 (compatible; YoudaoBot/1.0; http://www.youdao.com/help/webmaster/spider/; )"
202.108.59.143 - - [28/Jun/2009:00:03:21 +0800] "GET /jlzw/2007-06/23/content_10381485.htm HTTP/1.1" 404 301 "-" "Mozilla/4.0 (compatible;MSIE 6.0; MSIE 7.0; Windows NT 5.2; .NET CLR 1.1.4322; .NET CLR 2.0.50727; InfoPath.1) Web-Sniffer/1.0.24"
203.208.60.101 - - [28/Jun/2009:00:03:21 +0800] "GET /newscenter/2009-06/15/content_16809326.htm HTTP/1.1" 304 - "-" "Mozilla/5.0 (compatible; Googlebot/2.1; +http://www.google.com/bot.html)"
203.208.60.101 - - [28/Jun/2009:00:03:23 +0800] "GET /jujiao/jujiao.htm HTTP/1.1" 304 - "-" "Mozilla/5.0 (compatible; Googlebot/2.1; +http://www.google.com/bot.html)"
202.108.251.39 - - [28/Jun/2009:00:03:25 +0800] "GET /newscenter/index.htm HTTP/1.0" 304 - "-" "Baiduspider+(+http://www.baidu.com/search/spider.htm)"
202.108.251.39 - - [28/Jun/2009:00:03:25 +0800] "GET /newscenter/picture/index.htm HTTP/1.0" 304 - "-" "Baiduspider+(+http://www.baidu.com/search/spider.htm)"
119.147.104.181 - - [28/Jun/2009:00:03:25 +0800] "GET /1.htm HTTP/1.0" 304 - "http://mw.0437.gov.cn/bar.asp?id=500&url=http://mw.0437.gov.cn/show/500.html" "Mozilla/4.0 (compatible; MSIE 6.0; Windows NT 5.1; SV1)"
203.209.253.35 - - [28/Jun/2009:00:03:27 +0800] "GET /xhsjl/news/news_image/2002/07/photo0707-2.jpg HTTP/1.1" 200 5368 "-" "iearthworm/1.0, iearthworm@yahoo.com.cn"
203.208.60.116 - - [28/Jun/2009:00:03:29 +0800] "GET /xhsjzkjl/2003/2003-07/08/content_683622.htm HTTP/1.1" 200 10479 "-" "Mozilla/5.0 (compatible; Googlebot/2.1; +http://www.google.com/bot.html)"
117.23.204.247 - - [28/Jun/2009:00:03:30 +0800] "GET /shangye/jiaoyu/undefined HTTP/1.0" 404 292 "http://www.jl.xinhuanet.com/shangye/jiaoyu/index.htm" "Mozilla/4.0 (compatible; MSIE 6.0; Windows NT 5.1; SV1)"
119.147.104.181 - - [28/Jun/2009:00:03:31 +0800] "GET /main/news/2001/people/12/20011207-02.htm HTTP/1.0" 200 21227 "-" "Baiduspider+(+http://www.baidu.com/search/spider.htm)"
202.160.181.139 - - [28/Jun/2009:00:03:32 +0800] "GET /newscenter/2009-06/05/content_16720527.htm HTTP/1.0" 200 18095 "-" "Mozilla/5.0 (compatible; Yahoo! Slurp China; http://misc.yahoo.com.cn/help.html)"
172.16.34.109 - - [28/Jun/2009:00:03:32 +0800] "GET / HTTP/1.1" 200 146325 "-" "Mozilla/4.0 (compatible; MSIE 6.0)"
65.55.230.213 - - [28/Jun/2009:00:03:32 +0800] "GET /xhsjzkjl/2003/2007-07/17/content_10595928.htm HTTP/1.1" 200 17973 "-" "msnbot-media/1.1 (+http://search.msn.com/msnbot.htm)"
221.192.149.81 - - [28/Jun/2009:00:03:34 +0800] "GET / HTTP/1.0" 304 - "http://www.xinhuanet.com/" "Mozilla/4.0 (compatible; MSIE 6.0; Windows NT 5.1; SV1)"
221.192.149.81 - - [28/Jun/2009:00:03:34 +0800] "GET /2008/mb/images/images/other_02.jpg HTTP/1.0" 304 - "http://www.jl.xinhuanet.com/" "Mozilla/4.0 (compatible; MSIE 6.0; Windows NT 5.1; SV1)"
221.192.149.81 - - [28/Jun/2009:00:03:34 +0800] "GET /2008/mb/images/images/other_03.jpg HTTP/1.0" 304 - "http://www.jl.xinhuanet.com/" "Mozilla/4.0 (compatible; MSIE 6.0; Windows NT 5.1; SV1)"
221.192.149.81 - - [28/Jun/2009:00:03:34 +0800] "GET /2008/mb/images/images/other_04.jpg HTTP/1.0" 304 - "http://www.jl.xinhuanet.com/" "Mozilla/4.0 (compatible; MSIE 6.0; Windows NT 5.1; SV1)"
221.192.149.81 - - [28/Jun/2009:00:03:34 +0800] "GET /2008/mb/images/images/logo.gif HTTP/1.0" 304 - "http://www.jl.xinhuanet.com/" "Mozilla/4.0 (compatible; MSIE 6.0; Windows NT 5.1; SV1)"
221.192.149.81 - - [28/Jun/2009:00:03:34 +0800] "GET /2008jl/images/shihua1.swf HTTP/1.0" 304 - "http://www.jl.xinhuanet.com/" "Mozilla/4.0 (compatible; MSIE 6.0; Windows NT 5.1; SV1)"
221.192.149.81 - - [28/Jun/2009:00:03:34 +0800] "GET /2008/mb/images/images/titou_04.jpg HTTP/1.0" 304 - "http://www.jl.xinhuanet.com/" "Mozilla/4.0 (compatible; MSIE 6.0; Windows NT 5.1; SV1)"
221.192.149.81 - - [28/Jun/2009:00:03:34 +0800] "GET /xin_5230606270923109775118.gif HTTP/1.0" 304 - "http://www.jl.xinhuanet.com/" "Mozilla/4.0 (compatible; MSIE 6.0; Windows NT 5.1; SV1)"
221.192.149.81 - - [28/Jun/2009:00:03:34 +0800] "GET /2008/mb/images/images/logo130.jpg HTTP/1.0" 304 - "http://www.jl.xinhuanet.com/" "Mozilla/4.0 (compatible; MSIE 6.0; Windows NT 5.1; SV1)"
221.192.149.81 - - [28/Jun/2009:00:03:34 +0800] "GET /pv.swf HTTP/1.0" 304 - "http://www.jl.xinhuanet.com/" "Mozilla/4.0 (compatible; MSIE 6.0; Windows NT 5.1; SV1)"
117.23.204.247 - - [28/Jun/2009:00:03:35 +0800] "GET /shangye/jiaoyu/undefined HTTP/1.0" 404 292 "http://www.jl.xinhuanet.com/shangye/jiaoyu/index.htm" "Mozilla/4.0 (compatible; MSIE 6.0; Windows NT 5.1; SV1)"
221.192.149.81 - - [28/Jun/2009:00:03:35 +0800] "GET /2008/mb/images/images/gclt.jpg HTTP/1.0" 304 - "http://www.jl.xinhuanet.com/" "Mozilla/4.0 (compatible; MSIE 6.0; Windows NT 5.1; SV1)"
221.192.149.81 - - [28/Jun/2009:00:03:35 +0800] "GET /2008/mb/images/images/01_09.jpg HTTP/1.0" 304 - "http://www.jl.xinhuanet.com/" "Mozilla/4.0 (compatible; MSIE 6.0; Windows NT 5.1; SV1)"
202.108.251.39 - - [28/Jun/2009:00:03:36 +0800] "GET /newscenter/2008-11/03/xin_53311050309467341950022.jpg HTTP/1.0" 304 - "http://image.baidu.com/i?ct=503316480&z=0&tn=baiduimagedetail&word=cba%C0%B2%C0%B2%B6%D3&in=17542&cl=2&cm=1&sc=0&lm=-1&pn=0&rn=1&di=2242721&ln=1144&fr=" "Mozilla/4.0 (compatible; MSIE 6.0; Windows NT 5.1; SV1)"
221.192.149.81 - - [28/Jun/2009:00:03:36 +0800] "GET /images_new/images_2006/09_bk_05.jpg HTTP/1.0" 404 303 "http://www.jl.xinhuanet.com/" "Mozilla/4.0 (compatible; MSIE 6.0; Windows NT 5.1; SV1)"
221.192.149.81 - - [28/Jun/2009:00:03:36 +0800] "GET /2008/mb/images/images/ws1.jpg HTTP/1.0" 304 - "http://www.jl.xinhuanet.com/" "Mozilla/4.0 (compatible; MSIE 6.0; Windows NT 5.1; SV1)"
221.192.149.81 - - [28/Jun/2009:00:03:36 +0800] "GET /2008/mb/images/images/09_bn_stop.jpg HTTP/1.0" 304 - "http://www.jl.xinhuanet.com/" "Mozilla/4.0 (compatible; MSIE 6.0; Windows NT 5.1; SV1)"
221.192.149.81 - - [28/Jun/2009:00:03:36 +0800] "GET /2008/mb/images/images/09_bn_player.jpg HTTP/1.0" 304 - "http://www.jl.xinhuanet.com/" "Mozilla/4.0 (compatible; MSIE 6.0; Windows NT 5.1; SV1)"
221.192.149.81 - - [28/Jun/2009:00:03:36 +0800] "GET /2008/mb/images/images/gsyy.swf HTTP/1.0" 304 - "http://www.jl.xinhuanet.com/" "Mozilla/4.0 (compatible; MSIE 6.0; Windows NT 5.1; SV1)"
221.192.149.81 - - [28/Jun/2009:00:03:36 +0800] "GET /2008/mb/images/images/09_bn_pause.jpg HTTP/1.0" 304 - "http://www.jl.xinhuanet.com/" "Mozilla/4.0 (compatible; MSIE 6.0; Windows NT 5.1; SV1)"
123.235.40.243 - - [28/Jun/2009:00:03:36 +0800] "GET /2006shangye/2008-01/03/content_12115600.htm HTTP/1.0" 200 8264 "-" "Mozilla/5.0 (compatible; Yahoo! Slurp China; http://misc.yahoo.com.cn/help.html)"
221.192.149.81 - - [28/Jun/2009:00:03:36 +0800] "GET /2008/mb/images/images/shouji.swf HTTP/1.0" 304 - "http://www.jl.xinhuanet.com/" "Mozilla/4.0 (compatible; MSIE 6.0; Windows NT 5.1; SV1)"
221.192.149.81 - - [28/Jun/2009:00:03:36 +0800] "GET /newscenter/photo_news.htm HTTP/1.0" 304 - "http://www.jl.xinhuanet.com/" "Mozilla/4.0 (compatible; MSIE 6.0; Windows NT 5.1; SV1)"
221.192.149.81 - - [28/Jun/2009:00:03:36 +0800] "GET /2008/mb/images/images/icon_09.gif HTTP/1.0" 304 - "http://www.jl.xinhuanet.com/" "Mozilla/4.0 (compatible; MSIE 6.0; Windows NT 5.1; SV1)"
221.192.149.81 - - [28/Jun/2009:00:03:36 +0800] "GET /2008/mb/images/images/icon_01.gif HTTP/1.0" 304 - "http://www.jl.xinhuanet.com/" "Mozilla/4.0 (compatible; MSIE 6.0; Windows NT 5.1; SV1)"
221.192.149.81 - - [28/Jun/2009:00:03:36 +0800] "GET /2008/mb/images/images/icon_02.gif HTTP/1.0" 304 - "http://www.jl.xinhuanet.com/" "Mozilla/4.0 (compatible; MSIE 6.0; Windows NT 5.1; SV1)"
221.192.149.81 - - [28/Jun/2009:00:03:36 +0800] "GET /2008/mb/images/images/icon_03.gif HTTP/1.0" 304 - "http://www.jl.xinhuanet.com/" "Mozilla/4.0 (compatible; MSIE 6.0; Windows NT 5.1; SV1)"
221.192.149.81 - - [28/Jun/2009:00:03:36 +0800] "GET /2008/mb/images/images/icon_04.gif HTTP/1.0" 304 - "http://www.jl.xinhuanet.com/" "Mozilla/4.0 (compatible; MSIE 6.0; Windows NT 5.1; SV1)"
221.192.149.81 - - [28/Jun/2009:00:03:36 +0800] "GET /2008/mb/images/images/icon_06.gif HTTP/1.0" 304 - "http://www.jl.xinhuanet.com/" "Mozilla/4.0 (compatible; MSIE 6.0; Windows NT 5.1; SV1)"
221.192.149.81 - - [28/Jun/2009:00:03:37 +0800] "GET /2008/mb/images/images/icon_05.gif HTTP/1.0" 304 - "http://www.jl.xinhuanet.com/" "Mozilla/4.0 (compatible; MSIE 6.0; Windows NT 5.1; SV1)"
221.192.149.81 - - [28/Jun/2009:00:03:37 +0800] "GET /2008/mb/images/images/icon_07.gif HTTP/1.0" 304 - "http://www.jl.xinhuanet.com/" "Mozilla/4.0 (compatible; MSIE 6.0; Windows NT 5.1; SV1)"
221.192.149.81 - - [28/Jun/2009:00:03:37 +0800] "GET /2008/mb/images/images/icon_08.gif HTTP/1.0" 304 - "http://www.jl.xinhuanet.com/" "Mozilla/4.0 (compatible; MSIE 6.0; Windows NT 5.1; SV1)"
221.192.149.81 - - [28/Jun/2009:00:03:37 +0800] "GET /2008/mb/images/images/icon_10.gif HTTP/1.0" 304 - "http://www.jl.xinhuanet.com/" "Mozilla/4.0 (compatible; MSIE 6.0; Windows NT 5.1; SV1)"
221.192.149.81 - - [28/Jun/2009:00:03:37 +0800] "GET /2008/mb/images/images/01_05.jpg HTTP/1.0" 304 - "http://www.jl.xinhuanet.com/" "Mozilla/4.0 (compatible; MSIE 6.0; Windows NT 5.1; SV1)"
221.192.149.81 - - [28/Jun/2009:00:03:37 +0800] "GET /2008/mb/images/images/01_07.jpg HTTP/1.0" 304 - "http://www.jl.xinhuanet.com/" "Mozilla/4.0 (compatible; MSIE 6.0; Windows NT 5.1; SV1)"
221.192.149.81 - - [28/Jun/2009:00:03:37 +0800] "GET /2008jl/images/sc.swf HTTP/1.0" 304 - "http://www.jl.xinhuanet.com/" "Mozilla/4.0 (compatible; MSIE 6.0; Windows NT 5.1; SV1)"
221.192.149.81 - - [28/Jun/2009:00:03:37 +0800] "GET /2008/mb/images/images/01_08a.jpg HTTP/1.0" 304 - "http://www.jl.xinhuanet.com/" "Mozilla/4.0 (compatible; MSIE 6.0; Windows NT 5.1; SV1)"
221.192.149.81 - - [28/Jun/2009:00:03:37 +0800] "GET /2008/mb/images/images/02_01.jpg HTTP/1.0" 304 - "http://www.jl.xinhuanet.com/" "Mozilla/4.0 (compatible; MSIE 6.0; Windows NT 5.1; SV1)"
221.192.149.81 - - [28/Jun/2009:00:03:37 +0800] "GET /2008/mb/images/images/02_02.jpg HTTP/1.0" 304 - "http://www.jl.xinhuanet.com/" "Mozilla/4.0 (compatible; MSIE 6.0; Windows NT 5.1; SV1)"
221.192.149.81 - - [28/Jun/2009:00:03:37 +0800] "GET /2008/mb/images/images/ybfq1.jpg HTTP/1.0" 304 - "http://www.jl.xinhuanet.com/" "Mozilla/4.0 (compatible; MSIE 6.0; Windows NT 5.1; SV1)"
123.235.40.243 - - [28/Jun/2009:00:03:37 +0800] "GET /misc/2008-11/27/xin_103110527154398429117.JPG HTTP/1.0" 304 - "http://image.baidu.com/i?ct=503316480&z=0&tn=baiduimagedetail&word=%B3%A4%B4%BA%B4%F3%D1%A7&in=27041&cl=2&cm=1&sc=0&lm=-1&pn=8&rn=1&di=385537208&ln=2000&fr=" "Mozilla/4.0 (compatible; MSIE 6.0; Windows NT 5.1; SV1)"
221.192.149.81 - - [28/Jun/2009:00:03:37 +0800] "GET /2008/mb/images/images/ybfq.jpg HTTP/1.0" 304 - "http://www.jl.xinhuanet.com/" "Mozilla/4.0 (compatible; MSIE 6.0; Windows NT 5.1; SV1)"
221.192.149.81 - - [28/Jun/2009:00:03:38 +0800] "GET /2008/mb/images/images/02_04.jpg HTTP/1.0" 304 - "http://www.jl.xinhuanet.com/" "Mozilla/4.0 (compatible; MSIE 6.0; Windows NT 5.1; SV1)"
221.192.149.81 - - [28/Jun/2009:00:03:38 +0800] "GET /2008/mb/images/images/02_07.jpg HTTP/1.0" 304 - "http://www.jl.xinhuanet.com/" "Mozilla/4.0 (compatible; MSIE 6.0; Windows NT 5.1; SV1)"
221.192.149.81 - - [28/Jun/2009:00:03:38 +0800] "GET /2008/mb/images/images/ty1.jpg HTTP/1.0" 304 - "http://www.jl.xinhuanet.com/" "Mozilla/4.0 (compatible; MSIE 6.0; Windows NT 5.1; SV1)"
221.192.149.81 - - [28/Jun/2009:00:03:38 +0800] "GET /2008/mb/images/images/02_08.jpg HTTP/1.0" 304 - "http://www.jl.xinhuanet.com/" "Mozilla/4.0 (compatible; MSIE 6.0; Windows NT 5.1; SV1)"
221.192.149.81 - - [28/Jun/2009:00:03:38 +0800] "GET /2008/mb/images/images/lc1.jpg HTTP/1.0" 304 - "http://www.jl.xinhuanet.com/" "Mozilla/4.0 (compatible; MSIE 6.0; Windows NT 5.1; SV1)"
221.192.149.81 - - [28/Jun/2009:00:03:39 +0800] "GET /2008/mb/images/images/lc2.jpg HTTP/1.0" 304 - "http://www.jl.xinhuanet.com/" "Mozilla/4.0 (compatible; MSIE 6.0; Windows NT 5.1; SV1)"
221.192.149.81 - - [28/Jun/2009:00:03:39 +0800] "GET /2008/mb/images/images/02_05.jpg HTTP/1.0" 304 - "http://www.jl.xinhuanet.com/" "Mozilla/4.0 (compatible; MSIE 6.0; Windows NT 5.1; SV1)"
221.192.149.81 - - [28/Jun/2009:00:03:39 +0800] "GET /2008/mb/images/images/bt1.jpg HTTP/1.0" 304 - "http://www.jl.xinhuanet.com/" "Mozilla/4.0 (compatible; MSIE 6.0; Windows NT 5.1; SV1)"
221.192.149.81 - - [28/Jun/2009:00:03:39 +0800] "GET /2008/mb/images/images/02_06.jpg HTTP/1.0" 304 - "http://www.jl.xinhuanet.com/" "Mozilla/4.0 (compatible; MSIE 6.0; Windows NT 5.1; SV1)"
221.192.149.81 - - [28/Jun/2009:00:03:39 +0800] "GET /2008/mb/images/images/bt2.jpg HTTP/1.0" 304 - "http://www.jl.xinhuanet.com/" "Mozilla/4.0 (compatible; MSIE 6.0; Windows NT 5.1; SV1)"
221.192.149.81 - - [28/Jun/2009:00:03:39 +0800] "GET /2008/mb/images/images/hw_logo.jpg HTTP/1.0" 304 - "http://www.jl.xinhuanet.com/" "Mozilla/4.0 (compatible; MSIE 6.0; Windows NT 5.1; SV1)"
221.192.149.81 - - [28/Jun/2009:00:03:39 +0800] "GET /2008/mb/images/images/logo119.jpg HTTP/1.0" 304 - "http://www.jl.xinhuanet.com/" "Mozilla/4.0 (compatible; MSIE 6.0; Windows NT 5.1; SV1)"
221.192.149.81 - - [28/Jun/2009:00:03:40 +0800] "GET /newscenter/2006-10/09/content_8204710.htm HTTP/1.0" 304 - "-" "Mozilla/5.0 (compatible; Yahoo! Slurp China; http://misc.yahoo.com.cn/help.html)"
221.192.149.81 - - [28/Jun/2009:00:03:40 +0800] "GET /2008/mb/images/images/dbh-logo.jpg HTTP/1.0" 304 - "http://www.jl.xinhuanet.com/" "Mozilla/4.0 (compatible; MSIE 6.0; Windows NT 5.1; SV1)"
221.192.149.81 - - [28/Jun/2009:00:03:40 +0800] "GET /2008/mb/images/images/logo122.gif HTTP/1.0" 304 - "http://www.jl.xinhuanet.com/" "Mozilla/4.0 (compatible; MSIE 6.0; Windows NT 5.1; SV1)"
221.192.149.81 - - [28/Jun/2009:00:03:40 +0800] "GET /2008/mb/images/images/03_01a.jpg HTTP/1.0" 304 - "http://www.jl.xinhuanet.com/" "Mozilla/4.0 (compatible; MSIE 6.0; Windows NT 5.1; SV1)"
117.23.204.247 - - [28/Jun/2009:00:03:40 +0800] "GET /index/2006-08/23/xin_3408032314527181583310.jpg HTTP/1.0" 304 - "http://image.baidu.com/i?ct=503316480&z=0&tn=baiduimagedetail&word=%BF%AA%C6%BD%C5%AE%C9%FA%CA%DC%C8%E8%CA%C2%BC%FE&in=4866&cl=2&cm=1&sc=0&lm=-1&pn=107&rn=1&di=419067768&ln=246&fr=" "Mozilla/4.0 (compatible; MSIE 7.0; Windows NT 6.0; SLCC1; .NET CLR 2.0.50727; Media Center PC 5.0; .NET CLR 3.0.04506; InfoPath.2)"
221.192.149.81 - - [28/Jun/2009:00:03:40 +0800] "GET /2008/mb/images/images/03_01.jpg HTTP/1.0" 304 - "http://www.jl.xinhuanet.com/" "Mozilla/4.0 (compatible; MSIE 6.0; Windows NT 5.1; SV1)"
221.192.149.81 - - [28/Jun/2009:00:03:41 +0800] "GET /2008/mb/images/images/03_01b.jpg HTTP/1.0" 304 - "http://www.jl.xinhuanet.com/" "Mozilla/4.0 (compatible; MSIE 6.0; Windows NT 5.1; SV1)"
221.192.149.81 - - [28/Jun/2009:00:03:41 +0800] "GET /2008/mb/images/images/ly1.jpg HTTP/1.0" 304 - "http://www.jl.xinhuanet.com/" "Mozilla/4.0 (compatible; MSIE 6.0; Windows NT 5.1; SV1)"
221.192.149.81 - - [28/Jun/2009:00:03:41 +0800] "GET /2008/mb/images/images/ly2.jpg HTTP/1.0" 304 - "http://www.jl.xinhuanet.com/" "Mozilla/4.0 (compatible; MSIE 6.0; Windows NT 5.1; SV1)"
221.192.149.81 - - [28/Jun/2009:00:03:41 +0800] "GET /xin_18306062708397961799817.jpg HTTP/1.0" 304 - "http://www.jl.xinhuanet.com/pv.swf" "Mozilla/4.0 (compatible; MSIE 6.0; Windows NT 5.1; SV1)"
221.192.149.81 - - [28/Jun/2009:00:03:41 +0800] "GET /xin_4030606260913375608422.jpg HTTP/1.0" 304 - "http://www.jl.xinhuanet.com/pv.swf" "Mozilla/4.0 (compatible; MSIE 6.0; Windows NT 5.1; SV1)"
221.192.149.81 - - [28/Jun/2009:00:03:41 +0800] "GET /xin_04306062708360151910014.jpg HTTP/1.0" 304 - "http://www.jl.xinhuanet.com/pv.swf" "Mozilla/4.0 (compatible; MSIE 6.0; Windows NT 5.1; SV1)"
202.108.251.39 - - [28/Jun/2009:00:03:42 +0800] "GET /news/2004-09/17/xin_06090117091790605364.jpg HTTP/1.0" 304 - "http://image.baidu.com/i?ct=503316480&z=0&tn=baiduimagedetail&word=%C8%CB%D1%FD&in=5570&cl=2&cm=1&sc=0&lm=-1&pn=5&rn=1&di=404237480&ln=1298&fr=" "Mozilla/4.0 (compatible; MSIE 6.0; Windows NT 5.1; SV1)"
221.192.149.81 - - [28/Jun/2009:00:03:42 +0800] "GET /xin_51306062508385461829111.jpg HTTP/1.0" 304 - "http://www.jl.xinhuanet.com/pv.swf" "Mozilla/4.0 (compatible; MSIE 6.0; Windows NT 5.1; SV1)"
221.192.149.81 - - [28/Jun/2009:00:03:42 +0800] "GET /2008/mb/images/images/ly3.jpg HTTP/1.0" 304 - "http://www.jl.xinhuanet.com/" "Mozilla/4.0 (compatible; MSIE 6.0; Windows NT 5.1; SV1)"
221.192.149.81 - - [28/Jun/2009:00:03:42 +0800] "GET /2008/mb/images/images/ly4.jpg HTTP/1.0" 304 - "http://www.jl.xinhuanet.com/" "Mozilla/4.0 (compatible; MSIE 6.0; Windows NT 5.1; SV1)"
221.192.149.81 - - [28/Jun/2009:00:03:42 +0800] "GET /2008/mb/images/images/ly5.jpg HTTP/1.0" 304 - "http://www.jl.xinhuanet.com/" "Mozilla/4.0 (compatible; MSIE 6.0; Windows NT 5.1; SV1)"
221.192.149.81 - - [28/Jun/2009:00:03:42 +0800] "GET /newscenter/xin_0830606241055140834119.jpg HTTP/1.0" 304 - "http://www.jl.xinhuanet.com/newscenter/photo_news.htm" "Mozilla/4.0 (compatible; MSIE 6.0; Windows NT 5.1; SV1)"
221.192.149.81 - - [28/Jun/2009:00:03:43 +0800] "GET /newscenter/xin_4030506151422625256034.jpg HTTP/1.0" 304 - "http://www.jl.xinhuanet.com/newscenter/photo_news.htm" "Mozilla/4.0 (compatible; MSIE 6.0; Windows NT 5.1; SV1)"
221.192.149.81 - - [28/Jun/2009:00:03:43 +0800] "GET /newscenter/xin_37305061509075002798717.jpg HTTP/1.0" 304 - "http://www.jl.xinhuanet.com/newscenter/photo_news.htm" "Mozilla/4.0 (compatible; MSIE 6.0; Windows NT 5.1; SV1)"
221.192.149.81 - - [28/Jun/2009:00:03:43 +0800] "GET /newscenter/xin_343050614142343777804.jpg HTTP/1.0" 304 - "http://www.jl.xinhuanet.com/newscenter/photo_news.htm" "Mozilla/4.0 (compatible; MSIE 6.0; Windows NT 5.1; SV1)"
221.192.149.81 - - [28/Jun/2009:00:03:43 +0800] "GET /2008/mb/images/images/sh1.jpg HTTP/1.0" 304 - "http://www.jl.xinhuanet.com/" "Mozilla/4.0 (compatible; MSIE 6.0; Windows NT 5.1; SV1)"
58.215.110.209 - - [28/Jun/2009:00:03:44 +0800] "GET / HTTP/1.0" 304 - "http://www.xinhuanet.com/" "Mozilla/4.0 (compatible; MSIE 7.0; Windows NT 5.1; SV1; GTB6; CIBA; 360SE)"
58.215.110.209 - - [28/Jun/2009:00:03:44 +0800] "GET /2008/mb/images/images/other_02.jpg HTTP/1.0" 304 - "http://www.jl.xinhuanet.com/" "Mozilla/4.0 (compatible; MSIE 7.0; Windows NT 5.1; SV1; GTB6; CIBA; 360SE)"
58.215.110.209 - - [28/Jun/2009:00:03:44 +0800] "GET /2008/mb/images/images/other_04.jpg HTTP/1.0" 304 - "http://www.jl.xinhuanet.com/" "Mozilla/4.0 (compatible; MSIE 7.0; Windows NT 5.1; SV1; GTB6; CIBA; 360SE)"
58.215.110.209 - - [28/Jun/2009:00:03:44 +0800] "GET /2008/mb/images/images/other_03.jpg HTTP/1.0" 304 - "http://www.jl.xinhuanet.com/" "Mozilla/4.0 (compatible; MSIE 7.0; Windows NT 5.1; SV1; GTB6; CIBA; 360SE)"
58.215.110.209 - - [28/Jun/2009:00:03:44 +0800] "GET /2008/mb/images/images/logo.gif HTTP/1.0" 304 - "http://www.jl.xinhuanet.com/" "Mozilla/4.0 (compatible; MSIE 7.0; Windows NT 5.1; SV1; GTB6; CIBA; 360SE)"
58.215.110.209 - - [28/Jun/2009:00:03:44 +0800] "GET /xin_5230606270923109775118.gif HTTP/1.0" 304 - "http://www.jl.xinhuanet.com/" "Mozilla/4.0 (compatible; MSIE 7.0; Windows NT 5.1; SV1; GTB6; CIBA; 360SE)"
58.215.110.209 - - [28/Jun/2009:00:03:44 +0800] "GET /2008/mb/images/images/logo130.jpg HTTP/1.0" 304 - "http://www.jl.xinhuanet.com/" "Mozilla/4.0 (compatible; MSIE 7.0; Windows NT 5.1; SV1; GTB6; CIBA; 360SE)"
58.215.110.209 - - [28/Jun/2009:00:03:44 +0800] "GET /2008jl/images/shihua1.swf HTTP/1.0" 304 - "http://www.jl.xinhuanet.com/" "Mozilla/4.0 (compatible; MSIE 7.0; Windows NT 5.1; SV1; GTB6; CIBA; 360SE)"
58.215.110.209 - - [28/Jun/2009:00:03:44 +0800] "GET /2008/mb/images/images/titou_04.jpg HTTP/1.0" 304 - "http://www.jl.xinhuanet.com/" "Mozilla/4.0 (compatible; MSIE 7.0; Windows NT 5.1; SV1; GTB6; CIBA; 360SE)"
58.215.110.209 - - [28/Jun/2009:00:03:44 +0800] "GET /2008/mb/images/images/gsyy.swf HTTP/1.0" 304 - "http://www.jl.xinhuanet.com/" "Mozilla/4.0 (compatible; MSIE 7.0; Windows NT 5.1; SV1; GTB6; CIBA; 360SE)"
