131.107.0.111 - - [28/Jun/2009:00:00:27 +0800] "GET /home/images/style.css HTTP/1.1" 200 2675 "http://www.jl.xinhuanet.com/xhsjzkjl/2009-06/10/content_16763251.htm" "Mozilla/4.0 (compatible; MSIE 7.0; Windows NT 5.2; .NET CLR 1.1.4322)"
131.107.0.111 - - [28/Jun/2009:00:00:28 +0800] "GET /newscenter/link-news/index.htm HTTP/1.1" 200 6047 "http://www.jl.xinhuanet.com/xhsjzkjl/2009-06/10/content_16763251.htm" "Mozilla/4.0 (compatible; MSIE 7.0; Windows NT 5.2; .NET CLR 1.1.4322)"
131.107.0.111 - - [28/Jun/2009:00:00:27 +0800] "GET /mod2006/top.htm HTTP/1.1" 200 12347 "http://www.jl.xinhuanet.com/xhsjzkjl/2009-06/10/content_16763251.htm" "Mozilla/4.0 (compatible; MSIE 7.0; Windows NT 5.2; .NET CLR 1.1.4322)"
119.147.104.181 - - [28/Jun/2009:00:00:28 +0800] "GET /news/2003-01/08/content_130815.htm HTTP/1.0" 200 14577 "-" "Baiduspider+(+http://www.baidu.com/search/spider.htm)"
131.107.0.111 - - [28/Jun/2009:00:00:28 +0800] "GET /home/bottom.htm HTTP/1.1" 200 1363 "http://www.jl.xinhuanet.com/xhsjzkjl/2009-06/10/content_16763251.htm" "Mozilla/4.0 (compatible; MSIE 7.0; Windows NT 5.2; .NET CLR 1.1.4322)"
131.107.0.111 - - [28/Jun/2009:00:00:28 +0800] "GET /mod2006/images/css.css HTTP/1.1" 200 1043 "http://www.jl.xinhuanet.com/mod2006/top.htm" "Mozilla/4.0 (compatible; MSIE 7.0; Windows NT 5.2; .NET CLR 1.1.4322)"
131.107.0.111 - - [28/Jun/2009:00:00:28 +0800] "GET /home/images/style.css HTTP/1.1" 304 - "http://www.jl.xinhuanet.com/home/bottom.htm" "Mozilla/4.0 (compatible; MSIE 7.0; Windows NT 5.2; .NET CLR 1.1.4322)"
131.107.0.111 - - [28/Jun/2009:00:00:28 +0800] "GET /mod2006/images/banner.swf HTTP/1.1" 200 6760 "http://www.jl.xinhuanet.com/mod2006/top.htm" "Mozilla/4.0 (compatible; MSIE 7.0; Windows NT 5.2; .NET CLR 1.1.4322)"
72.30.79.39 - - [28/Jun/2009:00:00:28 +0800] "GET /fangchan/2005-03/31/content_3979489.htm HTTP/1.0" 200 26514 "-" "Mozilla/5.0 (compatible; Yahoo! Slurp/3.0; http://help.yahoo.com/help/us/ysearch/slurp)"
61.164.61.68 - - [28/Jun/2009:00:00:30 +0800] "GET /newscenter/2006-12/14/content_8779259.htm HTTP/1.0" 304 - "http://www.baidu.com/s?wd=%C1%F9%BA%CF%B2%CA&tn=hongsejingjie_pg&bar=" "Mozilla/4.0 (compatible; MSIE 6.0; Windows NT 5.1; SV1; QQDownload 1.7; GTB6)"
117.23.204.247 - - [28/Jun/2009:00:00:30 +0800] "GET /shangye/jiaoyu/undefined HTTP/1.0" 404 292 "http://www.jl.xinhuanet.com/shangye/jiaoyu/index.htm" "Mozilla/4.0 (compatible; MSIE 6.0; Windows NT 5.1; SV1)"
121.14.234.178 - - [28/Jun/2009:00:00:30 +0800] "GET /shangye/2006-04/05/xin_530403051040281614320.jpg HTTP/1.0" 304 - "http://image.baidu.com/i?z=0&fr=ala0&cl=2&ct=503316480&sn=&lm=-1&cm=1&sc=0&bu=&rn=1&tn=baiduimagedetail_old&word=%B3%C2%B5%C2%C8%DD%C2%ED%BE%B0%CC%CE&pn=8&di=-1" "Mozilla/4.0 (compatible; MSIE 6.0; Windows NT 5.1; SV1)"
61.164.61.68 - - [28/Jun/2009:00:00:31 +0800] "GET /home/images/close_c.gif HTTP/1.0" 304 - "http://www.jl.xinhuanet.com/newscenter/2006-12/14/content_8779259.htm" "Mozilla/4.0 (compatible; MSIE 6.0; Windows NT 5.1; SV1; QQDownload 1.7; GTB6)"
61.164.61.68 - - [28/Jun/2009:00:00:31 +0800] "GET /home/images/print.gif HTTP/1.0" 304 - "http://www.jl.xinhuanet.com/newscenter/2006-12/14/content_8779259.htm" "Mozilla/4.0 (compatible; MSIE 6.0; Windows NT 5.1; SV1; QQDownload 1.7; GTB6)"
61.164.61.68 - - [28/Jun/2009:00:00:31 +0800] "GET /home/images/forum.gif HTTP/1.0" 304 - "http://www.jl.xinhuanet.com/newscenter/2006-12/14/content_8779259.htm" "Mozilla/4.0 (compatible; MSIE 6.0; Windows NT 5.1; SV1; QQDownload 1.7; GTB6)"
61.164.61.68 - - [28/Jun/2009:00:00:31 +0800] "GET /home/images/email.gif HTTP/1.0" 304 - "http://www.jl.xinhuanet.com/newscenter/2006-12/14/content_8779259.htm" "Mozilla/4.0 (compatible; MSIE 6.0; Windows NT 5.1; SV1; QQDownload 1.7; GTB6)"
119.147.104.181 - - [28/Jun/2009:00:00:31 +0800] "GET /newscenter/2009-06/22/content_16872311.htm HTTP/1.0" 304 - "-" "-"
61.164.61.68 - - [28/Jun/2009:00:00:31 +0800] "GET /newscenter/link-news/xin_18306062708397961799817.jpg HTTP/1.0" 304 - "http://www.jl.xinhuanet.com/newscenter/link-news/index.htm" "Mozilla/4.0 (compatible; MSIE 6.0; Windows NT 5.1; SV1; QQDownload 1.7; GTB6)"
61.164.61.68 - - [28/Jun/2009:00:00:31 +0800] "GET /newscenter/link-news/xin_4030606260913375608422.jpg HTTP/1.0" 304 - "http://www.jl.xinhuanet.com/newscenter/link-news/index.htm" "Mozilla/4.0 (compatible; MSIE 6.0; Windows NT 5.1; SV1; QQDownload 1.7; GTB6)"
61.164.61.68 - - [28/Jun/2009:00:00:31 +0800] "GET /newscenter/link-news/xin_38306062408513433027315.jpg HTTP/1.0" 304 - "http://www.jl.xinhuanet.com/newscenter/link-news/index.htm" "Mozilla/4.0 (compatible; MSIE 6.0; Windows NT 5.1; SV1; QQDownload 1.7; GTB6)"
61.164.61.68 - - [28/Jun/2009:00:00:31 +0800] "GET /newscenter/link-news/xin_51306062508385461829111.jpg HTTP/1.0" 304 - "http://www.jl.xinhuanet.com/newscenter/link-news/index.htm" "Mozilla/4.0 (compatible; MSIE 6.0; Windows NT 5.1; SV1; QQDownload 1.7; GTB6)"
61.164.61.68 - - [28/Jun/2009:00:00:31 +0800] "GET /newscenter/link-news/xin_03306062309032181150419.jpg HTTP/1.0" 304 - "http://www.jl.xinhuanet.com/newscenter/link-news/index.htm" "Mozilla/4.0 (compatible; MSIE 6.0; Windows NT 5.1; SV1; QQDownload 1.7; GTB6)"
61.164.61.68 - - [28/Jun/2009:00:00:32 +0800] "GET /home/images/jlpdemail.gif HTTP/1.0" 304 - "http://www.jl.xinhuanet.com/home/bottom.htm" "Mozilla/4.0 (compatible; MSIE 6.0; Windows NT 5.1; SV1; QQDownload 1.7; GTB6)"
61.164.61.68 - - [28/Jun/2009:00:00:32 +0800] "GET /mod2006/images/xhszb.gif HTTP/1.0" 304 - "http://www.jl.xinhuanet.com/mod2006/top.htm" "Mozilla/4.0 (compatible; MSIE 6.0; Windows NT 5.1; SV1; QQDownload 1.7; GTB6)"
217.54.66.170 - - [28/Jun/2009:00:00:29 +0800] "GET /newscenter/2009-01/11/xin_2430106111245281157837.jpg HTTP/1.0" 200 101689 "http://www.e0335.net.cn/gb/adv/2009-2/16/094318184766562_679.html" "Mozilla/4.0 (compatible; MSIE 6.0; Windows NT 5.1; SV1; .NET CLR 2.0.50727)"
61.164.61.68 - - [28/Jun/2009:00:00:32 +0800] "GET /mod2006/images/xhwss01.gif HTTP/1.0" 304 - "http://www.jl.xinhuanet.com/mod2006/top.htm" "Mozilla/4.0 (compatible; MSIE 6.0; Windows NT 5.1; SV1; QQDownload 1.7; GTB6)"
61.164.61.68 - - [28/Jun/2009:00:00:32 +0800] "GET /mod2006/images/logo.gif HTTP/1.0" 304 - "http://www.jl.xinhuanet.com/mod2006/top.htm" "Mozilla/4.0 (compatible; MSIE 6.0; Windows NT 5.1; SV1; QQDownload 1.7; GTB6)"
117.23.204.247 - - [28/Jun/2009:00:00:33 +0800] "GET /xhsjzkjl/2009-02/2009-06/24/content_16897449.htm HTTP/1.0" 404 316 "http://www.jl.xinhuanet.com/xhsjzkjl/2009-02/2009-06/24/content_16897449.htm" "Sosospider+(+http://help.soso.com/webspider.htm)"
61.164.61.68 - - [28/Jun/2009:00:00:33 +0800] "GET /mod2006/images/banner.swf HTTP/1.0" 304 - "http://www.jl.xinhuanet.com/mod2006/top.htm" "Mozilla/4.0 (compatible; MSIE 6.0; Windows NT 5.1; SV1; QQDownload 1.7; GTB6)"
59.175.131.253 - - [28/Jun/2009:00:00:33 +0800] "GET /misc/2008-11/27/xin_1031105271543000165356.JPG HTTP/1.0" 304 - "http://image.baidu.com/i?ct=503316480&z=0&tn=baiduimagedetail&word=%B3%A4%B4%BA%B4%F3%D1%A7&in=27041&cl=2&cm=1&sc=0&lm=-1&pn=6&rn=1&di=465914848&ln=1997&fr=" "Mozilla/4.0 (compatible; MSIE 6.0; Windows NT 5.1; SV1; GTB5)"
202.160.180.103 - - [28/Jun/2009:00:00:34 +0800] "GET /news/2004-05/26/content_2195356.htm HTTP/1.0" 200 14808 "-" "Mozilla/5.0 (compatible; Yahoo! Slurp China; http://misc.yahoo.com.cn/help.html)"
123.117.114.59 - - [28/Jun/2009:00:00:34 +0800] "GET /main/2001005/huinan/huinan-index.htm HTTP/1.1" 200 1205 "http://www.jl.gov.cn/zxjl/" "Mozilla/4.0 (compatible; MSIE 5.0; Windows NT; DigExt)"
117.23.204.247 - - [28/Jun/2009:00:00:35 +0800] "GET /shangye/jiaoyu/undefined HTTP/1.0" 404 292 "http://www.jl.xinhuanet.com/shangye/jiaoyu/index.htm" "Mozilla/4.0 (compatible; MSIE 6.0; Windows NT 5.1; SV1)"
203.208.60.101 - - [28/Jun/2009:00:00:35 +0800] "GET /news/kejiao/kejiao.htm HTTP/1.1" 304 - "-" "Mozilla/5.0 (compatible; Googlebot/2.1; +http://www.google.com/bot.html)"
59.175.131.253 - - [28/Jun/2009:00:00:35 +0800] "GET /misc/2008-11/27/xin_143110527154356259329.JPG HTTP/1.0" 304 - "http://image.baidu.com/i?ct=503316480&z=0&tn=baiduimagedetail&word=%B3%A4%B4%BA%B4%F3%D1%A7&in=27041&cl=2&cm=1&sc=0&lm=-1&pn=6&rn=1&di=465914848&ln=1997&fr=" "Mozilla/4.0 (compatible; MSIE 6.0; Windows NT 5.1; SV1; GTB5)"
123.235.40.242 - - [28/Jun/2009:00:00:36 +0800] "GET /yingshi/2006-11/10/xin_390902231450264251454.jpg HTTP/1.0" 304 - "http://image.baidu.com/i?ct=503316480&z=0&tn=baiduimagedetail&word=%C5%CB%D4%AA%BC%D7&in=5805&cl=2&cm=1&sc=0&lm=-1&pn=0&rn=1&di=1478498961&ln=49&fr=" "Mozilla/4.0 (compatible; MSIE 6.0; Windows NT 5.1; SV1)"
72.30.79.39 - - [28/Jun/2009:00:00:37 +0800] "GET /xhsjzkjl/2003/2005-08/05/content_4815259.htm HTTP/1.0" 200 14928 "-" "Mozilla/5.0 (compatible; Yahoo! Slurp/3.0; http://help.yahoo.com/help/us/ysearch/slurp)"
221.192.149.81 - - [28/Jun/2009:00:00:39 +0800] "GET /newscenter/2009-06/03/content_16695750.htm HTTP/1.0" 304 - "-" "Mozilla/5.0 (compatible; Yahoo! Slurp China; http://misc.yahoo.com.cn/help.html)"
222.141.52.126 - - [28/Jun/2009:00:00:40 +0800] "GET /news/2004-05/12/xin_08050112105118706491.jpg HTTP/1.0" 304 - "http://image.baidu.com/i?ct=503316480&z=0&tn=baiduimagedetail&word=%BB%A4%CA%BF&in=8470&cl=2&cm=1&sc=0&lm=-1&pn=11&rn=1&di=712718692&ln=2000&fr=" "Mozilla/4.0 (compatible; MSIE 6.0; Windows NT 5.1; SV1; .NET CLR 1.1.4322; .NET CLR 2.0.50727)"
218.170.48.107 - - [28/Jun/2009:00:00:39 +0800] "GET /newscenter/2009-01/11/xin_2430106111245281157837.jpg HTTP/1.0" 200 101689 "http://www.e0436.net.cn/gb/new/2009-2/13/0941818013678231_474.html" "Mozilla/4.0 (compatible; MSIE 6.0; Windows NT 5.1; SV1; GTB6)"
123.235.40.243 - - [28/Jun/2009:00:00:42 +0800] "GET /newscenter/2009-05/31/content_16669407.htm HTTP/1.0" 304 - "-" "Mozilla/5.0 (compatible; Yahoo! Slurp China; http://misc.yahoo.com.cn/help.html)"
119.147.104.181 - - [28/Jun/2009:00:00:42 +0800] "GET /favicon.ico HTTP/1.0" 404 279 "-" "Mozilla/4.0 (compatible; MSIE 6.0; Windows NT 5.1; SV1; Mozilla/4.0 (compatible; MSIE 6.0; Windows NT 5.1; SV1) ; TheWorld; TheWorld)"
59.175.131.253 - - [28/Jun/2009:00:00:43 +0800] "GET /misc/2008-11/27/xin_103110527154398429117.JPG HTTP/1.0" 304 - "http://image.baidu.com/i?ct=503316480&z=0&tn=baiduimagedetail&word=%B3%A4%B4%BA%B4%F3%D1%A7&in=27041&cl=2&cm=1&sc=0&lm=-1&pn=6&rn=1&di=465914848&ln=1997&fr=" "Mozilla/4.0 (compatible; MSIE 6.0; Windows NT 5.1; SV1; GTB5)"
38.99.13.118 - - [28/Jun/2009:00:00:44 +0800] "GET /main/news/2001/jilin/11/20011118-09.htm HTTP/1.0" 200 21196 "-" "Mozilla/5.0 (Twiceler-0.9 http://www.cuil.com/twiceler/robot.html)"
117.23.204.247 - - [28/Jun/2009:00:00:45 +0800] "GET /shangye/jiaoyu/undefined HTTP/1.0" 404 292 "http://www.jl.xinhuanet.com/shangye/jiaoyu/index.htm" "Mozilla/4.0 (compatible; MSIE 6.0; Windows NT 5.1; SV1)"
202.108.251.39 - - [28/Jun/2009:00:00:45 +0800] "GET /1.htm HTTP/1.0" 304 - "http://mw.0437.gov.cn/bar.asp?id=500&url=http://mw.0437.gov.cn/show/500.html" "Mozilla/4.0 (compatible; MSIE 7.0; Windows NT 5.1; Mozilla/4.0 (compatible; MSIE 6.0; Windows NT 5.1; SV1) ; .NET CLR 2.0.50727; InfoPath.2)"
61.164.61.68 - - [28/Jun/2009:00:00:45 +0800] "GET /xhsjzkjl/2009-06/20/content_16866830.htm HTTP/1.0" 304 - "-" "Mozilla/4.0 (compatible; MSIE 6.0; Windows NT 5.2; SV1; .NET CLR 1.1.4322)"
203.208.60.146 - - [28/Jun/2009:00:00:46 +0800] "GET /newscenter/rdwp/index.htm HTTP/1.1" 304 - "-" "Mozilla/5.0 (compatible; Googlebot/2.1; +http://www.google.com/bot.html)"
59.175.131.253 - - [28/Jun/2009:00:00:46 +0800] "GET /misc/2008-11/27/xin_16311052715439682486611.JPG HTTP/1.0" 304 - "http://image.baidu.com/i?ct=503316480&z=0&tn=baiduimagedetail&word=%B3%A4%B4%BA%B4%F3%D1%A7&in=27041&cl=2&cm=1&sc=0&lm=-1&pn=6&rn=1&di=465914848&ln=1997&fr=" "Mozilla/4.0 (compatible; MSIE 6.0; Windows NT 5.1; SV1; GTB5)"
203.208.60.148 - - [28/Jun/2009:00:00:46 +0800] "GET /jujiao/more.htm HTTP/1.1" 304 - "-" "Mozilla/5.0 (compatible; Googlebot/2.1; +http://www.google.com/bot.html)"
123.235.40.242 - - [28/Jun/2009:00:00:48 +0800] "GET /newscenter/2005-08/13/content_4875007.htm HTTP/1.0" 200 17097 "http://news.baidu.com/ns?word=%C2%E3%CC%E5%CA%D3%C6%B5&tn=news&sc=hao123" "Mozilla/4.0 (compatible; MSIE 6.0; Windows NT 5.1; SV1; CNCDialer)"
59.175.131.253 - - [28/Jun/2009:00:00:49 +0800] "GET /misc/2008-11/27/xin_0831105271543218121014.JPG HTTP/1.0" 304 - "http://image.baidu.com/i?ct=503316480&z=0&tn=baiduimagedetail&word=%B3%A4%B4%BA%B4%F3%D1%A7&in=27041&cl=2&cm=1&sc=0&lm=-1&pn=6&rn=1&di=465914848&ln=1997&fr=" "Mozilla/4.0 (compatible; MSIE 6.0; Windows NT 5.1; SV1; GTB5)"
124.115.0.20 - - [28/Jun/2009:00:00:49 +0800] "HEAD /newscenter/2009-03/26/content_16064184.htm HTTP/1.1" 200 - "http://www.jl.xinhua.org/newscenter/2009-03/26/content_16064184.htm" "Sosospider+(+http://help.soso.com/webspider.htm)"
124.115.0.20 - - [28/Jun/2009:00:00:49 +0800] "GET /newscenter/2009-03/26/content_16064184.htm HTTP/1.1" 200 20096 "http://www.jl.xinhua.org/newscenter/2009-03/26/content_16064184.htm" "Sosospider+(+http://help.soso.com/webspider.htm)"
117.23.204.247 - - [28/Jun/2009:00:00:50 +0800] "GET /shangye/jiaoyu/undefined HTTP/1.0" 404 292 "http://www.jl.xinhuanet.com/shangye/jiaoyu/index.htm" "Mozilla/4.0 (compatible; MSIE 6.0; Windows NT 5.1; SV1)"
123.235.40.243 - - [28/Jun/2009:00:00:50 +0800] "GET /newscenter/jiceng/index.htm HTTP/1.0" 304 - "-" "Mozilla/4.0 (compatible; MSIE 6.0; Windows NT 5.1; SV1; .NET CLR 1.1.4322)"
59.175.131.253 - - [28/Jun/2009:00:00:51 +0800] "GET /misc/2008-11/27/xin_17311052715437183219712.JPG HTTP/1.0" 304 - "http://image.baidu.com/i?ct=503316480&z=0&tn=baiduimagedetail&word=%B3%A4%B4%BA%B4%F3%D1%A7&in=27041&cl=2&cm=1&sc=0&lm=-1&pn=6&rn=1&di=465914848&ln=1997&fr=" "Mozilla/4.0 (compatible; MSIE 6.0; Windows NT 5.1; SV1; GTB5)"
127.0.0.1 - - [28/Jun/2009:00:00:51 +0800] "GET / HTTP/1.0" 200 146325 "-" "Apache (internal dummy connection)"
203.208.60.101 - - [28/Jun/2009:00:00:52 +0800] "GET /newscenter/2009-06/18/content_16851291.htm HTTP/1.1" 304 - "-" "Mozilla/5.0 (compatible; Googlebot/2.1; +http://www.google.com/bot.html)"
122.168.195.129 - - [28/Jun/2009:00:00:39 +0800] "GET /newscenter/2009-01/11/xin_2430106111245281157837.jpg HTTP/1.0" 200 101689 "http://www.e0436.net.cn/gb/new/2009-2/16/0941817354186890_103.html" "Mozilla/4.0 (compatible; MSIE 6.0; Windows NT 5.2; .NET CLR 1.1.4322)"
59.175.131.253 - - [28/Jun/2009:00:00:53 +0800] "GET /misc/2008-11/27/xin_1331105271543875221938.JPG HTTP/1.0" 304 - "http://image.baidu.com/i?ct=503316480&z=0&tn=baiduimagedetail&word=%B3%A4%B4%BA%B4%F3%D1%A7&in=27041&cl=2&cm=1&sc=0&lm=-1&pn=6&rn=1&di=465914848&ln=1997&fr=" "Mozilla/4.0 (compatible; MSIE 6.0; Windows NT 5.1; SV1; GTB5)"
72.30.79.39 - - [28/Jun/2009:00:00:54 +0800] "GET /2007ztzb/17da/llpl.htm HTTP/1.0" 304 - "-" "Mozilla/5.0 (compatible; Yahoo! Slurp; http://help.yahoo.com/help/us/ysearch/slurp)"
61.135.220.20 - - [28/Jun/2009:00:00:55 +0800] "GET /media/Keynote_Bernard_Herman/audio.ogg.m3u HTTP/1.1" 404 307 "" "Mozilla/5.0 (compatible; YodaoBot/1.0; http://www.youdao.com/help/webmaster/spider/; )"
59.175.131.253 - - [28/Jun/2009:00:00:55 +0800] "GET /misc/2008-11/27/xin_15311052715439061589810.JPG HTTP/1.0" 304 - "http://image.baidu.com/i?ct=503316480&z=0&tn=baiduimagedetail&word=%B3%A4%B4%BA%B4%F3%D1%A7&in=27041&cl=2&cm=1&sc=0&lm=-1&pn=6&rn=1&di=465914848&ln=1997&fr=" "Mozilla/4.0 (compatible; MSIE 6.0; Windows NT 5.1; SV1; GTB5)"
74.6.18.229 - - [28/Jun/2009:00:00:54 +0800] "GET /xhsjl/news/jiceng/2002/10/20021022-06.htm HTTP/1.0" 200 19182 "-" "Mozilla/5.0 (compatible; Yahoo! Slurp/3.0; http://help.yahoo.com/help/us/ysearch/slurp)"
123.235.40.243 - - [28/Jun/2009:00:00:55 +0800] "GET /shangye/2009-03/13/content_15943575.htm HTTP/1.0" 304 - "-" "Mozilla/5.0 (compatible; Yahoo! Slurp China; http://misc.yahoo.com.cn/help.html)"
202.160.180.177 - - [28/Jun/2009:00:00:56 +0800] "GET /newscenter/2008-11/12/content_14891898.htm HTTP/1.0" 200 17588 "-" "Mozilla/5.0 (compatible; Yahoo! Slurp China; http://misc.yahoo.com.cn/help.html)"
121.14.234.178 - - [28/Jun/2009:00:00:56 +0800] "GET /newscenter/2009-06/22/content_16872311.htm HTTP/1.0" 304 - "-" "-"
118.122.113.6 - - [28/Jun/2009:00:00:57 +0800] "GET /1.htm HTTP/1.1" 200 309 "http://mw.0437.gov.cn/bar.asp?id=500&url=http://mw.0437.gov.cn/show/500.html" "Mozilla/4.0 (compatible; MSIE 8.0; Windows NT 5.1; Trident/4.0; QQDownload 1.7; .NET CLR 2.0.50727; .NET CLR 3.0.4506.2152; .NET CLR 3.5.30729)"
123.235.40.243 - - [28/Jun/2009:00:00:57 +0800] "GET /newscenter/yaowen/index.htm HTTP/1.0" 304 - "-" "Mozilla/4.0 (compatible; MSIE 6.0; Windows NT 5.1; SV1; .NET CLR 1.1.4322)"
119.147.104.181 - - [28/Jun/2009:00:00:58 +0800] "GET /news/2002-12/25/content_108092.htm HTTP/1.0" 304 - "-" "Baiduspider+(+http://www.baidu.com/search/spider.htm)"
123.235.40.243 - - [28/Jun/2009:00:00:59 +0800] "GET /xhsjzkjl/index.htm HTTP/1.0" 304 - "-" "Mozilla/4.0 (compatible; MSIE 6.0; Windows NT 5.1; SV1; .NET CLR 1.1.4322)"
202.156.10.12 - - [28/Jun/2009:00:00:59 +0800] "GET /newscenter/2009-01/11/xin_2430106111245281157837.jpg HTTP/1.1" 304 - "http://www.e0436.net.cn/gb/new/2009-2/16/0941817354186890_103.html" "Mozilla/4.0 (compatible; MSIE 6.0; Windows NT 5.1; SV1)"
202.108.251.39 - - [28/Jun/2009:00:00:59 +0800] "GET /news/zongheng/zongheng.htm HTTP/1.0" 304 - "-" "Mozilla/5.0 (compatible; Googlebot/2.1; +http://www.google.com/bot.html)"
203.208.60.18 - - [28/Jun/2009:00:01:00 +0800] "GET /newscenter/yljd/index.htm HTTP/1.1" 304 - "-" "Mozilla/5.0 (compatible; Googlebot/2.1; +http://www.google.com/bot.html)"
117.23.204.247 - - [28/Jun/2009:00:01:00 +0800] "GET /shangye/jiaoyu/undefined HTTP/1.0" 404 292 "http://www.jl.xinhuanet.com/shangye/jiaoyu/index.htm" "Mozilla/4.0 (compatible; MSIE 6.0; Windows NT 5.1; SV1)"
123.235.40.243 - - [28/Jun/2009:00:01:00 +0800] "GET / HTTP/1.1" 200 146325 "-" "-"
123.235.40.243 - - [28/Jun/2009:00:01:00 +0800] "GET / HTTP/1.1" 200 146325 "-" "-"
123.235.40.243 - - [28/Jun/2009:00:01:00 +0800] "GET / HTTP/1.1" 200 146325 "-" "-"
123.235.40.243 - - [28/Jun/2009:00:01:00 +0800] "GET / HTTP/1.1" 200 146325 "-" "-"
123.235.40.242 - - [28/Jun/2009:00:01:00 +0800] "GET / HTTP/1.1" 200 146325 "-" "-"
123.235.40.242 - - [28/Jun/2009:00:01:00 +0800] "GET / HTTP/1.1" 200 146325 "-" "-"
123.235.40.242 - - [28/Jun/2009:00:01:00 +0800] "GET / HTTP/1.1" 200 146325 "-" "-"
123.235.40.242 - - [28/Jun/2009:00:01:00 +0800] "GET / HTTP/1.1" 200 146325 "-" "-"
202.108.251.39 - - [28/Jun/2009:00:01:00 +0800] "GET / HTTP/1.1" 200 146325 "-" "-"
202.108.251.39 - - [28/Jun/2009:00:01:00 +0800] "GET / HTTP/1.1" 200 146325 "-" "-"
202.108.251.39 - - [28/Jun/2009:00:01:00 +0800] "GET / HTTP/1.1" 200 146325 "-" "-"
202.108.251.39 - - [28/Jun/2009:00:01:00 +0800] "GET / HTTP/1.1" 200 146325 "-" "-"
59.175.131.253 - - [28/Jun/2009:00:01:00 +0800] "GET / HTTP/1.1" 200 146325 "-" "-"
59.175.131.253 - - [28/Jun/2009:00:01:00 +0800] "GET / HTTP/1.1" 200 146325 "-" "-"
117.23.204.247 - - [28/Jun/2009:00:01:00 +0800] "GET / HTTP/1.1" 200 146325 "-" "-"
59.175.131.253 - - [28/Jun/2009:00:01:00 +0800] "GET / HTTP/1.1" 200 146325 "-" "-"
117.23.204.247 - - [28/Jun/2009:00:01:00 +0800] "GET / HTTP/1.1" 200 146325 "-" "-"
59.175.131.253 - - [28/Jun/2009:00:01:00 +0800] "GET / HTTP/1.1" 200 146325 "-" "-"
121.14.234.178 - - [28/Jun/2009:00:01:00 +0800] "GET / HTTP/1.1" 200 146325 "-" "-"
121.14.234.178 - - [28/Jun/2009:00:01:00 +0800] "GET /jlzw/2006-11/24/content_8606737.htm HTTP/1.0" 200 30722 "-" "Baiduspider+(+http://www.baidu.com/search/spider.htm)"
117.23.204.247 - - [28/Jun/2009:00:01:00 +0800] "GET / HTTP/1.1" 200 146325 "-" "-"
117.23.204.247 - - [28/Jun/2009:00:01:00 +0800] "GET / HTTP/1.1" 200 146325 "-" "-"
121.14.234.178 - - [28/Jun/2009:00:01:00 +0800] "GET / HTTP/1.1" 200 146325 "-" "-"
119.147.104.181 - - [28/Jun/2009:00:01:00 +0800] "GET / HTTP/1.1" 200 146325 "-" "-"
121.14.234.178 - - [28/Jun/2009:00:01:00 +0800] "GET / HTTP/1.1" 200 146325 "-" "-"
119.147.104.181 - - [28/Jun/2009:00:01:01 +0800] "GET / HTTP/1.1" 200 146325 "-" "-"
119.147.104.181 - - [28/Jun/2009:00:01:01 +0800] "GET / HTTP/1.1" 200 146325 "-" "-"
121.14.234.178 - - [28/Jun/2009:00:01:01 +0800] "GET / HTTP/1.1" 200 146325 "-" "-"
119.147.104.181 - - [28/Jun/2009:00:01:01 +0800] "GET / HTTP/1.1" 200 146325 "-" "-"
219.153.74.114 - - [28/Jun/2009:00:01:01 +0800] "GET / HTTP/1.1" 200 146325 "-" "-"
202.108.251.39 - - [28/Jun/2009:00:01:01 +0800] "GET /newscenter/2009-06/23/content_16884564.htm HTTP/1.0" 404 310 "-" "Mozilla/4.0+(compatible;+MSIE+7.0;+Windows+NT+5.1;+.NET+CLR+2.0.50727)"
221.192.149.81 - - [28/Jun/2009:00:01:01 +0800] "GET / HTTP/1.1" 200 146325 "-" "-"
219.153.74.114 - - [28/Jun/2009:00:01:01 +0800] "GET / HTTP/1.1" 200 146325 "-" "-"
222.141.52.126 - - [28/Jun/2009:00:01:01 +0800] "GET / HTTP/1.1" 200 146325 "-" "-"
219.153.74.114 - - [28/Jun/2009:00:01:01 +0800] "GET / HTTP/1.1" 200 146325 "-" "-"
221.192.149.81 - - [28/Jun/2009:00:01:01 +0800] "GET / HTTP/1.1" 200 146325 "-" "-"
221.192.149.81 - - [28/Jun/2009:00:01:01 +0800] "GET / HTTP/1.1" 200 146325 "-" "-"
221.192.149.81 - - [28/Jun/2009:00:01:01 +0800] "GET / HTTP/1.1" 200 146325 "-" "-"
219.153.74.114 - - [28/Jun/2009:00:01:01 +0800] "GET / HTTP/1.1" 200 146325 "-" "-"
222.141.52.126 - - [28/Jun/2009:00:01:01 +0800] "GET / HTTP/1.1" 200 146325 "-" "-"
58.215.110.209 - - [28/Jun/2009:00:01:01 +0800] "GET / HTTP/1.1" 200 146325 "-" "-"
58.215.110.209 - - [28/Jun/2009:00:01:01 +0800] "GET / HTTP/1.1" 200 146325 "-" "-"
58.215.110.209 - - [28/Jun/2009:00:01:01 +0800] "GET / HTTP/1.1" 200 146325 "-" "-"
58.215.110.209 - - [28/Jun/2009:00:01:01 +0800] "GET / HTTP/1.1" 200 146325 "-" "-"
222.141.52.126 - - [28/Jun/2009:00:01:01 +0800] "GET / HTTP/1.1" 200 146325 "-" "-"
61.164.61.68 - - [28/Jun/2009:00:01:01 +0800] "GET / HTTP/1.1" 200 146325 "-" "-"
61.164.61.68 - - [28/Jun/2009:00:01:01 +0800] "GET / HTTP/1.1" 200 146325 "-" "-"
61.164.61.68 - - [28/Jun/2009:00:01:01 +0800] "GET / HTTP/1.1" 200 146325 "-" "-"
222.141.52.126 - - [28/Jun/2009:00:01:01 +0800] "GET / HTTP/1.1" 200 146325 "-" "-"
61.164.61.68 - - [28/Jun/2009:00:01:01 +0800] "GET / HTTP/1.1" 200 146325 "-" "-"
218.213.69.115 - - [28/Jun/2009:00:01:01 +0800] "GET / HTTP/1.1" 200 146325 "-" "-"
218.213.69.115 - - [28/Jun/2009:00:01:02 +0800] "GET / HTTP/1.1" 200 146325 "-" "-"
218.213.69.115 - - [28/Jun/2009:00:01:02 +0800] "GET / HTTP/1.1" 200 146325 "-" "-"
218.213.69.115 - - [28/Jun/2009:00:01:02 +0800] "GET / HTTP/1.1" 200 146325 "-" "-"
216.129.119.10 - - [28/Jun/2009:00:01:02 +0800] "GET /newscenter/2009-06/24/content_16897239.htm HTTP/1.0" 200 18154 "-" "Mozilla/5.0 (Twiceler-0.9 http://www.cuil.com/twiceler/robot.html)"
203.192.6.76 - - [28/Jun/2009:00:01:02 +0800] "GET /jujiao/jujiao.htm HTTP/1.1" 304 - "-" "Mozilla/5.0 (compatible; Googlebot/2.1; +http://www.google.com/bot.html)"
127.0.0.1 - - [28/Jun/2009:00:01:04 +0800] "GET / HTTP/1.0" 200 146325 "-" "Apache (internal dummy connection)"
123.235.40.242 - - [28/Jun/2009:00:01:04 +0800] "GET /2006shangye/2009-03/06/content_15873599.htm HTTP/1.0" 304 - "http://www.baidu.com/s?tn=sitehao123&ie=gb2312&bs=mp3%D2%F4%C0%D6%B2%A5%B7%C5%BB%FA&sr=&z=&cl=3&f=8&wd=mp5%D2%F4%C0%D6%B2%A5%B7%C5%BB%FA&ct=0" "Mozilla/4.0 (compatible; MSIE 6.0; Windows NT 5.1; SV1; Mozilla/4.0 (compatible; MSIE 6.0; Windows NT 5.1; SV1) ; .NET CLR 1.1.4322)"
117.23.204.247 - - [28/Jun/2009:00:01:05 +0800] "GET /shangye/jiaoyu/undefined HTTP/1.0" 404 292 "http://www.jl.xinhuanet.com/shangye/jiaoyu/index.htm" "Mozilla/4.0 (compatible; MSIE 6.0; Windows NT 5.1; SV1)"
127.0.0.1 - - [28/Jun/2009:00:01:05 +0800] "GET / HTTP/1.0" 200 146325 "-" "Apache (internal dummy connection)"
123.235.40.243 - - [28/Jun/2009:00:01:06 +0800] "GET /jujiao/more.htm HTTP/1.0" 304 - "-" "Mozilla/4.0 (compatible; MSIE 6.0; Windows NT 5.1; SV1; .NET CLR 1.1.4322)"
123.235.40.243 - - [28/Jun/2009:00:01:07 +0800] "GET /shangye/qiaolian/qiye.htm HTTP/1.0" 200 11183 "-" "Mozilla/5.0 (compatible; Yahoo! Slurp China; http://misc.yahoo.com.cn/help.html)"
221.192.149.81 - - [28/Jun/2009:00:01:07 +0800] "GET /shangye/2005-01/11/xin_430102110915121249292.jpg HTTP/1.0" 200 14967 "http://image.baidu.com/i?ct=503316480&z=0&tn=baiduimagedetail&word=%C6%AF%C1%C1%D0%A1%C3%C0%C5%AE&in=20036&cl=2&cm=1&sc=0&lm=-1&pn=22&rn=1&di=406442968&ln=2000&fr=" "Mozilla/4.0 (compatible; MSIE 7.0; Windows NT 6.0; Trident/4.0; QQDownload 1.7; SLCC1; .NET CLR 2.0.50727; .NET CLR 3.0.04506; MAXTHON 2.0)"
72.30.79.39 - - [28/Jun/2009:00:01:09 +0800] "GET /shangye/lxqg/index.htm HTTP/1.0" 304 - "-" "Mozilla/5.0 (compatible; Yahoo! Slurp/3.0; http://help.yahoo.com/help/us/ysearch/slurp)"
202.108.251.39 - - [28/Jun/2009:00:01:10 +0800] "GET /newscenter/2009-06/22/xin_2030606220817437177808.gif HTTP/1.0" 404 320 "-" "-"
117.23.204.247 - - [28/Jun/2009:00:01:15 +0800] "GET /shangye/jiaoyu/undefined HTTP/1.0" 404 292 "http://www.jl.xinhuanet.com/shangye/jiaoyu/index.htm" "Mozilla/4.0 (compatible; MSIE 6.0; Windows NT 5.1; SV1)"
202.108.251.39 - - [28/Jun/2009:00:01:15 +0800] "GET / HTTP/1.0" 304 - "-" "Mozilla/5.0 (compatible; YodaoBot-News/1.0; http://www.youdao.com/help/webmaster/spider/; )"
58.205.216.10 - - [28/Jun/2009:00:01:16 +0800] "GET / HTTP/1.1" 200 146325 "-" "-"
58.205.216.10 - - [28/Jun/2009:00:01:16 +0800] "GET / HTTP/1.1" 200 146325 "-" "-"
58.205.216.10 - - [28/Jun/2009:00:01:16 +0800] "GET / HTTP/1.1" 200 146325 "-" "-"
58.205.216.10 - - [28/Jun/2009:00:01:16 +0800] "GET / HTTP/1.1" 200 146325 "-" "-"
202.180.34.186 - - [28/Jun/2009:00:01:17 +0800] "GET /shangye/2009-03/13/content_15943703.htm HTTP/1.1" 200 6927 "-" "ICC-Crawler/2.0 (Mozilla-compatible; ; http://kc.nict.go.jp/project1/crawl.html)"
74.6.18.229 - - [28/Jun/2009:00:01:18 +0800] "GET /2006shangye/2009-05/13/content_16506460.htm HTTP/1.0" 200 18277 "-" "Mozilla/5.0 (compatible; Yahoo! Slurp/3.0; http://help.yahoo.com/help/us/ysearch/slurp)"
117.23.204.247 - - [28/Jun/2009:00:01:20 +0800] "GET /shangye/jiaoyu/undefined HTTP/1.0" 404 292 "http://www.jl.xinhuanet.com/shangye/jiaoyu/index.htm" "Mozilla/4.0 (compatible; MSIE 6.0; Windows NT 5.1; SV1)"
203.208.60.9 - - [28/Jun/2009:00:01:21 +0800] "GET /news/meiti/meiti.htm HTTP/1.1" 304 - "-" "Mozilla/5.0 (compatible; Googlebot/2.1; +http://www.google.com/bot.html)"
202.108.59.143 - - [28/Jun/2009:00:01:21 +0800] "GET /jlzw/2007-06/23/content_10381485.htm HTTP/1.1" 404 301 "-" "Mozilla/4.0 (compatible;MSIE 6.0; MSIE 7.0; Windows NT 5.2; .NET CLR 1.1.4322; .NET CLR 2.0.50727; InfoPath.1) Web-Sniffer/1.0.24"
202.108.251.39 - - [28/Jun/2009:00:01:24 +0800] "GET /home/images/forum.gif HTTP/1.0" 304 - "http://cache.baidu.com/c?m=9f65cb4a8c8507ed4fece763105392230e54f73b62c0d062358fcf12d43707160171e3cc767f4f198f92392650f8151abdb02b7235012ba09bbe8a4bc0b897357ed57b722740c05615a71aa8c04326c426954de9d843a1e5e477ceee84dcc82452dd20036df0f69c2a7303cb1fe76236f4d79e5f142f07cceb2715fb&p=882a9f378a904eaf09bac6291e&user=baidu" "Mozilla/4.0 (compatible; MSIE 7.0; Windows NT 5.1; .NET CLR 2.0.50727)"
202.108.251.39 - - [28/Jun/2009:00:01:24 +0800] "GET /newscenter/link-news/xin_18306062708397961799817.jpg HTTP/1.0" 304 - "http://www.jl.xinhuanet.com/newscenter/link-news/index.htm" "Mozilla/4.0 (compatible; MSIE 7.0; Windows NT 5.1; .NET CLR 2.0.50727)"
202.108.251.39 - - [28/Jun/2009:00:01:24 +0800] "GET /home/images/jlpdemail.gif HTTP/1.0" 304 - "http://www.jl.xinhuanet.com/home/bottom.htm" "Mozilla/4.0 (compatible; MSIE 7.0; Windows NT 5.1; .NET CLR 2.0.50727)"
202.108.251.39 - - [28/Jun/2009:00:01:24 +0800] "GET /newscenter/link-news/xin_51306062508385461829111.jpg HTTP/1.0" 304 - "http://www.jl.xinhuanet.com/newscenter/link-news/index.htm" "Mozilla/4.0 (compatible; MSIE 7.0; Windows NT 5.1; .NET CLR 2.0.50727)"
202.108.251.39 - - [28/Jun/2009:00:01:24 +0800] "GET /mod2006/images/xhszb.gif HTTP/1.0" 304 - "http://www.jl.xinhuanet.com/mod2006/top.htm" "Mozilla/4.0 (compatible; MSIE 7.0; Windows NT 5.1; .NET CLR 2.0.50727)"
202.108.251.39 - - [28/Jun/2009:00:01:24 +0800] "GET /mod2006/images/xhwss01.gif HTTP/1.0" 304 - "http://www.jl.xinhuanet.com/mod2006/top.htm" "Mozilla/4.0 (compatible; MSIE 7.0; Windows NT 5.1; .NET CLR 2.0.50727)"
121.14.234.178 - - [28/Jun/2009:00:01:27 +0800] "GET /1.htm HTTP/1.0" 304 - "http://mw.0437.gov.cn/bar.asp?id=500&url=http://mw.0437.gov.cn/show/500.html" "Mozilla/4.0 (compatible; MSIE 6.0; Windows NT 5.1; SV1; MSN OptimizedIE8;ZHCN; TencentTraveler 4.0; .NET CLR 2.0.50727; CIBA)"
221.192.149.81 - - [28/Jun/2009:00:01:28 +0800] "GET /starunverse/f013-02.htm HTTP/1.0" 200 349 "-" "Mozilla/5.0 (compatible; Yahoo! Slurp China; http://misc.yahoo.com.cn/help.html)"
119.147.104.181 - - [28/Jun/2009:00:01:29 +0800] "GET /misc/2008-11/11/content_14888775.htm HTTP/1.0" 304 - "-" "Baiduspider+(+http://www.baidu.com/search/spider.htm)"
117.23.204.247 - - [28/Jun/2009:00:01:30 +0800] "GET /shangye/jiaoyu/undefined HTTP/1.0" 404 292 "http://www.jl.xinhuanet.com/shangye/jiaoyu/index.htm" "Mozilla/4.0 (compatible; MSIE 6.0; Windows NT 5.1; SV1)"
59.175.131.253 - - [28/Jun/2009:00:01:31 +0800] "GET /1.htm HTTP/1.0" 304 - "http://mw.0437.gov.cn/bar.asp?id=500&url=http://mw.0437.gov.cn/show/500.html" "Mozilla/4.0 (compatible; MSIE 6.0; Windows NT 5.1; SV1)"
123.235.40.243 - - [28/Jun/2009:00:01:31 +0800] "GET /newscenter/2007-01/11/content_9014005.htm HTTP/1.0" 200 17613 "-" "Mozilla/5.0 (compatible; Yahoo! Slurp China; http://misc.yahoo.com.cn/help.html)"
81.196.17.104 - - [28/Jun/2009:00:01:32 +0800] "GET /newscenter/2009-01/11/xin_2430106111245281157837.jpg HTTP/1.0" 200 101689 "http://www.e0335.net.cn/gb/adv/2009-4/2/094318203921034_810.html" "Mozilla/4.0 (compatible; MSIE 6.0; Windows NT 5.1; SV1)"
203.208.60.133 - - [28/Jun/2009:00:01:35 +0800] "GET /newscenter/yaowen/index.htm HTTP/1.1" 304 - "-" "Mozilla/5.0 (compatible; Googlebot/2.1; +http://www.google.com/bot.html)"
124.115.10.25 - - [28/Jun/2009:00:01:35 +0800] "HEAD / HTTP/1.1" 200 - "http://www.jl.xinhua.org/" "Sosonewsspider+(+http://help.soso.com/soso-news-spider.htm)"
221.192.149.81 - - [28/Jun/2009:00:01:35 +0800] "GET /shangye/2006-05/16/content_6995623.htm HTTP/1.0" 304 - "-" "Mozilla/5.0 (compatible; Yahoo! Slurp China; http://misc.yahoo.com.cn/help.html)"
117.23.204.247 - - [28/Jun/2009:00:01:35 +0800] "GET /shangye/jiaoyu/undefined HTTP/1.0" 404 292 "http://www.jl.xinhuanet.com/shangye/jiaoyu/index.htm" "Mozilla/4.0 (compatible; MSIE 6.0; Windows NT 5.1; SV1)"
124.115.10.25 - - [28/Jun/2009:00:01:35 +0800] "GET / HTTP/1.1" 200 146325 "http://www.jl.xinhua.org/" "Sosonewsspider+(+http://help.soso.com/soso-news-spider.htm)"
202.108.251.39 - - [28/Jun/2009:00:01:35 +0800] "GET /qcfy/hyjd/index1.htm HTTP/1.0" 304 - "-" "Mozilla/4.0+(compatible;+MSIE+7.0;+Windows+NT+5.1;+.NET+CLR+2.0.50727)"
203.208.60.34 - - [28/Jun/2009:00:01:35 +0800] "GET /newscenter/fzsh/index.htm HTTP/1.1" 304 - "-" "Mozilla/5.0 (compatible; Googlebot/2.1; +http://www.google.com/bot.html)"
203.208.60.16 - - [28/Jun/2009:00:01:35 +0800] "GET /jlzw/jjjs.htm HTTP/1.1" 304 - "-" "Mozilla/5.0 (compatible; Googlebot/2.1; +http://www.google.com/bot.html)"
203.208.60.147 - - [28/Jun/2009:00:01:36 +0800] "GET /jlzw/rsrm.htm HTTP/1.1" 304 - "-" "Mozilla/5.0 (compatible; Googlebot/2.1; +http://www.google.com/bot.html)"
203.208.60.33 - - [28/Jun/2009:00:01:36 +0800] "GET /news/tushuo/tushuo.htm HTTP/1.1" 304 - "-" "Mozilla/5.0 (compatible; Googlebot/2.1; +http://www.google.com/bot.html)"
219.153.74.114 - - [28/Jun/2009:00:01:37 +0800] "GET /newscenter/2009-01/11/xin_2430106111245281157837.jpg HTTP/1.0" 304 - "http://www.e0436.net.cn/gb/new/2009-2/20/0941818120499772_12.html" "Mozilla/4.0 (compatible; MSIE 6.0; Windows NT 5.1; SV1; .NET CLR 1.1.4322; Alexa Toolbar)"
203.208.60.133 - - [28/Jun/2009:00:01:37 +0800] "GET /newscenter/2009-03/02/content_15836827_2.htm HTTP/1.1" 200 17493 "-" "Mozilla/5.0 (compatible; Googlebot/2.1; +http://www.google.com/bot.html)"
72.30.79.39 - - [28/Jun/2009:00:01:38 +0800] "GET /xhsjzkjl/2002/07/20020717-8.htm HTTP/1.0" 200 6802 "-" "Mozilla/5.0 (compatible; Yahoo! Slurp/3.0; http://help.yahoo.com/help/us/ysearch/slurp)"
202.180.34.186 - - [28/Jun/2009:00:01:38 +0800] "GET /2006shangye/2009-05/26/content_16631761.htm HTTP/1.1" 200 19516 "-" "ICC-Crawler/2.0 (Mozilla-compatible; ; http://kc.nict.go.jp/project1/crawl.html)"
123.235.40.243 - - [28/Jun/2009:00:01:40 +0800] "GET /newscenter/2009-06/08/content_16742038.htm HTTP/1.0" 304 - "-" "Mozilla/5.0 (compatible; Yahoo! Slurp China; http://misc.yahoo.com.cn/help.html)"
71.190.20.113 - - [28/Jun/2009:00:01:41 +0800] "GET /1.htm HTTP/1.1" 200 309 "http://mw.0437.gov.cn/bar.asp?id=500&url=http://mw.0437.gov.cn/show/500.html" "Mozilla/4.0 (compatible; MSIE 7.0; Windows NT 6.0; Trident/4.0; 51Logon.com; SLCC1; .NET CLR 2.0.50727; Media Center PC 5.0; .NET CLR 3.0.04506; InfoPath.2)"
121.14.234.178 - - [28/Jun/2009:00:01:42 +0800] "GET /favicon.ico HTTP/1.0" 404 279 "-" "Mozilla/4.0 (compatible; MSIE 7.0; Windows NT 5.1; Trident/4.0; TencentTraveler 4.0)"
221.192.149.81 - - [28/Jun/2009:00:01:42 +0800] "GET /sqbl/shehui/shehui.htm HTTP/1.0" 304 - "-" "Mozilla/5.0 (compatible; Yahoo! Slurp China; http://misc.yahoo.com.cn/help.html)"
202.160.181.223 - - [28/Jun/2009:00:01:42 +0800] "GET /newscenter/2009-06/19/content_16854958.htm HTTP/1.0" 304 - "-" "Mozilla/5.0 (compatible; Yahoo! Slurp China; http://misc.yahoo.com.cn/help.html)"
222.141.52.126 - - [28/Jun/2009:00:01:43 +0800] "GET /news/2004-06/29/content_2399636.htm HTTP/1.0" 304 - "http://www.baidu.com/s?wd=%BE%FC%BC%EC%CA%D3%C1%A6%B1%ED%CD%BC&lm=0&si=&rn=10&tn=sitehao123&ie=gb2312&ct=0&cl=3&f=1&rsp=1&oq=%BE%FC%BC%EC%B1%EA%D7%BC%CA%D3%C1%A6%B1%ED%CD%BC" "Mozilla/4.0 (compatible; MSIE 6.0; Windows NT 5.1; SV1; .NET CLR 2.0.50727)"
72.30.79.39 - - [28/Jun/2009:00:01:43 +0800] "GET /news/2004-04/10/content_1948579.htm HTTP/1.0" 200 13663 "-" "Mozilla/5.0 (compatible; Yahoo! Slurp/3.0; http://help.yahoo.com/help/us/ysearch/slurp)"
222.141.52.126 - - [28/Jun/2009:00:01:44 +0800] "GET /news/2004-06/29/xin_5206012909360622065711.jpg HTTP/1.0" 304 - "http://www.jl.xinhuanet.com/news/2004-06/29/content_2399636.htm" "Mozilla/4.0 (compatible; MSIE 6.0; Windows NT 5.1; SV1; .NET CLR 2.0.50727)"
222.141.52.126 - - [28/Jun/2009:00:01:44 +0800] "GET /images/date.js HTTP/1.0" 304 - "http://www.jl.xinhuanet.com/news/2004-06/29/content_2399636.htm" "Mozilla/4.0 (compatible; MSIE 6.0; Windows NT 5.1; SV1; .NET CLR 2.0.50727)"
117.23.204.247 - - [28/Jun/2009:00:01:45 +0800] "GET /shangye/jiaoyu/undefined HTTP/1.0" 404 292 "http://www.jl.xinhuanet.com/shangye/jiaoyu/index.htm" "Mozilla/4.0 (compatible; MSIE 6.0; Windows NT 5.1; SV1)"
64.4.54.168 - - [28/Jun/2009:00:01:44 +0800] "GET / HTTP/1.1" 200 146325 "-" "msnbot-NewsBlogs/1.1 (+http://search.msn.com/msnbot.htm)"
123.235.40.243 - - [28/Jun/2009:00:01:48 +0800] "GET /xhsjzkjl/2009-06/26/content_16921582.htm HTTP/1.0" 304 - "-" "Mozilla/5.0 (compatible; Yahoo! Slurp China; http://misc.yahoo.com.cn/help.html)"
127.0.0.1 - - [28/Jun/2009:00:01:48 +0800] "GET / HTTP/1.0" 200 146325 "-" "Apache (internal dummy connection)"
203.208.60.136 - - [28/Jun/2009:00:01:49 +0800] "GET /news/shehui/shehui.htm HTTP/1.1" 304 - "-" "Mozilla/5.0 (compatible; Googlebot/2.1; +http://www.google.com/bot.html)"
117.23.204.247 - - [28/Jun/2009:00:01:50 +0800] "GET /shangye/jiaoyu/undefined HTTP/1.0" 404 292 "http://www.jl.xinhuanet.com/shangye/jiaoyu/index.htm" "Mozilla/4.0 (compatible; MSIE 6.0; Windows NT 5.1; SV1)"
221.192.149.81 - - [28/Jun/2009:00:01:52 +0800] "GET /jlzw/2007-04/02/content_9675149.htm HTTP/1.0" 304 - "-" "Mozilla/5.0 (compatible; Yahoo! Slurp China; http://misc.yahoo.com.cn/help.html)"
58.215.110.209 - - [28/Jun/2009:00:01:52 +0800] "GET / HTTP/1.0" 304 - "-" "Mozilla/4.0 (compatible; MSIE 6.0; Windows NT 5.0)"
117.23.204.247 - - [28/Jun/2009:00:01:52 +0800] "GET /newscenter/link-news/index.htm HTTP/1.0" 304 - "http://www.jl.xinhuanet.com/newscenter/link-news/index.htm" "Sosospider+(+http://help.soso.com/webspider.htm)"
123.235.40.243 - - [28/Jun/2009:00:01:53 +0800] "GET /starunverse/jieju/imgs/meibiao07a.jpg HTTP/1.0" 200 18879 "-" "iearthworm/1.0, iearthworm@yahoo.com.cn"
119.147.104.181 - - [28/Jun/2009:00:01:53 +0800] "GET /misc/2007-03/21/xin_561103131513781270202.jpg HTTP/1.0" 304 - "http://image.baidu.com/i?ct=503316480&z=0&tn=baiduimagedetail&word=%D5%C5%BC%D2%BB%D4%C5%AE%B6%F9&in=16975&cl=2&cm=1&sc=0&lm=-1&pn=43&rn=1&di=318863128&ln=328&fr=ala0" "Mozilla/4.0 (compatible; MSIE 6.0; Windows NT 5.1; SV1; QQDownload 1.7; CIBA)"
118.69.225.230 - - [28/Jun/2009:00:01:51 +0800] "GET /newscenter/2009-01/11/xin_2430106111245281157837.jpg HTTP/1.0" 200 101689 "http://www.e0436.net.cn/gb/new/2009-2/17/0941817472420793_404.html" "Mozilla/4.0 (compatible; MSIE 6.0; Windows NT 5.2; SV1; .NET CLR 1.1.4322; .NET CLR 2.0.50727)"
203.208.60.101 - - [28/Jun/2009:00:01:55 +0800] "GET /newscenter/2009-06/15/content_16807688.htm HTTP/1.1" 304 - "-" "Mozilla/5.0 (compatible; Googlebot/2.1; +http://www.google.com/bot.html)"
221.192.149.81 - - [28/Jun/2009:00:01:56 +0800] "GET /xhsjl/jujiao/images/017.jpg HTTP/1.0" 304 - "http://image.baidu.com/i?ct=503316480&z=0&tn=baiduimagedetail&word=%B6%AB%B1%B1%BB%A2&in=7029&cl=2&cm=1&sc=0&lm=-1&pn=380&rn=1&di=312218008&ln=2000&fr=" "Mozilla/4.0 (compatible; MSIE 6.0; Windows NT 5.1; SV1)"
202.180.34.186 - - [28/Jun/2009:00:01:56 +0800] "GET /2006shangye/2009-04/13/content_16231811.htm HTTP/1.1" 200 19680 "-" "ICC-Crawler/2.0 (Mozilla-compatible; ; http://kc.nict.go.jp/project1/crawl.html)"
221.192.149.81 - - [28/Jun/2009:00:01:57 +0800] "GET /cbs/st_03.htm HTTP/1.0" 304 - "-" "Mozilla/3.0 (compatible; Indy Library)"
217.218.253.16 - - [28/Jun/2009:00:01:38 +0800] "GET / HTTP/1.0" 200 146325 "http://www.sx.xinhuanet.com/" "Mozilla/4.0 (compatible; MSIE 7.0; Windows NT 5.1)"
221.192.149.81 - - [28/Jun/2009:00:01:58 +0800] "POST /cbs/ HTTP/1.0" 200 51411 "-" "Mozilla/3.0 (compatible; Indy Library)"
38.99.13.116 - - [28/Jun/2009:00:01:58 +0800] "GET /shangye/2005-07/15/content_4649704.htm HTTP/1.0" 200 7539 "-" "Mozilla/5.0 (Twiceler-0.9 http://www.cuil.com/twiceler/robot.html)"
58.215.110.209 - - [28/Jun/2009:00:01:58 +0800] "GET /newscenter/2007-10/17/xin_4831004171559343323454.jpg HTTP/1.0" 200 34317 "http://image.baidu.com/i?ct=503316480&z=0&tn=baiduimagedetail&word=%CA%C0%BD%E7%C9%CF%D3%D0%CA%AE%B4%F3%C6%E6%D6%ED&in=14450&cl=2&cm=1&sc=0&lm=-1&pn=480&rn=1&di=971238056&ln=2000&fr=" "Mozilla/4.0 (compatible; MSIE 6.0; Windows NT 5.1; SV1)"
121.14.234.178 - - [28/Jun/2009:00:02:00 +0800] "GET /jlzw/2006-10/27/content_8363315.htm HTTP/1.0" 304 - "-" "Baiduspider+(+http://www.baidu.com/search/spider.htm)"
117.23.204.247 - - [28/Jun/2009:00:02:00 +0800] "GET /shangye/jiaoyu/undefined HTTP/1.0" 404 292 "http://www.jl.xinhuanet.com/shangye/jiaoyu/index.htm" "Mozilla/4.0 (compatible; MSIE 6.0; Windows NT 5.1; SV1)"
123.235.40.243 - - [28/Jun/2009:00:02:00 +0800] "GET / HTTP/1.1" 200 146325 "-" "-"
123.235.40.243 - - [28/Jun/2009:00:02:00 +0800] "GET / HTTP/1.1" 200 146325 "-" "-"
123.235.40.243 - - [28/Jun/2009:00:02:00 +0800] "GET / HTTP/1.1" 200 146325 "-" "-"
123.235.40.243 - - [28/Jun/2009:00:02:00 +0800] "GET / HTTP/1.1" 200 146325 "-" "-"
59.175.131.253 - - [28/Jun/2009:00:02:00 +0800] "GET / HTTP/1.1" 200 146325 "-" "-"
59.175.131.253 - - [28/Jun/2009:00:02:00 +0800] "GET / HTTP/1.1" 200 146325 "-" "-"
59.175.131.253 - - [28/Jun/2009:00:02:00 +0800] "GET / HTTP/1.1" 200 146325 "-" "-"
59.175.131.253 - - [28/Jun/2009:00:02:00 +0800] "GET / HTTP/1.1" 200 146325 "-" "-"
222.141.52.126 - - [28/Jun/2009:00:02:00 +0800] "GET / HTTP/1.1" 200 146325 "-" "-"
222.141.52.126 - - [28/Jun/2009:00:02:00 +0800] "GET / HTTP/1.1" 200 146325 "-" "-"
222.141.52.126 - - [28/Jun/2009:00:02:00 +0800] "GET / HTTP/1.1" 200 146325 "-" "-"
117.23.204.247 - - [28/Jun/2009:00:02:00 +0800] "GET / HTTP/1.1" 200 146325 "-" "-"
117.23.204.247 - - [28/Jun/2009:00:02:00 +0800] "GET / HTTP/1.1" 200 146325 "-" "-"
222.141.52.126 - - [28/Jun/2009:00:02:00 +0800] "GET / HTTP/1.1" 200 146325 "-" "-"
117.23.204.247 - - [28/Jun/2009:00:02:00 +0800] "GET / HTTP/1.1" 200 146325 "-" "-"
121.14.234.178 - - [28/Jun/2009:00:02:00 +0800] "GET / HTTP/1.1" 200 146325 "-" "-"
117.23.204.247 - - [28/Jun/2009:00:02:00 +0800] "GET / HTTP/1.1" 200 146325 "-" "-"
121.14.234.178 - - [28/Jun/2009:00:02:00 +0800] "GET / HTTP/1.1" 200 146325 "-" "-"
121.14.234.178 - - [28/Jun/2009:00:02:00 +0800] "GET / HTTP/1.1" 200 146325 "-" "-"
121.14.234.178 - - [28/Jun/2009:00:02:01 +0800] "GET / HTTP/1.1" 200 146325 "-" "-"
119.147.104.181 - - [28/Jun/2009:00:02:01 +0800] "GET / HTTP/1.1" 200 146325 "-" "-"
119.147.104.181 - - [28/Jun/2009:00:02:01 +0800] "GET / HTTP/1.1" 200 146325 "-" "-"
202.108.251.39 - - [28/Jun/2009:00:02:01 +0800] "GET / HTTP/1.1" 200 146325 "-" "-"
219.153.74.114 - - [28/Jun/2009:00:02:00 +0800] "GET / HTTP/1.1" 200 146325 "-" "-"
219.153.74.114 - - [28/Jun/2009:00:02:01 +0800] "GET / HTTP/1.1" 200 146325 "-" "-"
202.108.251.39 - - [28/Jun/2009:00:02:01 +0800] "GET / HTTP/1.1" 200 146325 "-" "-"
202.108.251.39 - - [28/Jun/2009:00:02:01 +0800] "GET / HTTP/1.1" 200 146325 "-" "-"
219.153.74.114 - - [28/Jun/2009:00:02:01 +0800] "GET / HTTP/1.1" 200 146325 "-" "-"
202.108.251.39 - - [28/Jun/2009:00:02:01 +0800] "GET / HTTP/1.1" 200 146325 "-" "-"
123.235.40.242 - - [28/Jun/2009:00:02:01 +0800] "GET / HTTP/1.1" 200 146325 "-" "-"
119.147.104.181 - - [28/Jun/2009:00:02:01 +0800] "GET / HTTP/1.1" 200 146325 "-" "-"
123.235.40.242 - - [28/Jun/2009:00:02:01 +0800] "GET / HTTP/1.1" 200 146325 "-" "-"
119.147.104.181 - - [28/Jun/2009:00:02:01 +0800] "GET / HTTP/1.1" 200 146325 "-" "-"
123.235.40.242 - - [28/Jun/2009:00:02:01 +0800] "GET / HTTP/1.1" 200 146325 "-" "-"
123.235.40.242 - - [28/Jun/2009:00:02:01 +0800] "GET / HTTP/1.1" 200 146325 "-" "-"
219.153.74.114 - - [28/Jun/2009:00:02:01 +0800] "GET / HTTP/1.1" 200 146325 "-" "-"
221.192.149.81 - - [28/Jun/2009:00:02:01 +0800] "GET / HTTP/1.1" 200 146325 "-" "-"
221.192.149.81 - - [28/Jun/2009:00:02:01 +0800] "GET / HTTP/1.1" 200 146325 "-" "-"
221.192.149.81 - - [28/Jun/2009:00:02:01 +0800] "GET / HTTP/1.1" 200 146325 "-" "-"
221.192.149.81 - - [28/Jun/2009:00:02:01 +0800] "GET / HTTP/1.1" 200 146325 "-" "-"
61.164.61.68 - - [28/Jun/2009:00:02:01 +0800] "GET / HTTP/1.1" 200 146325 "-" "-"
61.164.61.68 - - [28/Jun/2009:00:02:01 +0800] "GET / HTTP/1.1" 200 146325 "-" "-"
58.215.110.209 - - [28/Jun/2009:00:02:01 +0800] "GET / HTTP/1.1" 200 146325 "-" "-"
61.164.61.68 - - [28/Jun/2009:00:02:01 +0800] "GET / HTTP/1.1" 200 146325 "-" "-"
58.215.110.209 - - [28/Jun/2009:00:02:01 +0800] "GET / HTTP/1.1" 200 146325 "-" "-"
61.164.61.68 - - [28/Jun/2009:00:02:01 +0800] "GET / HTTP/1.1" 200 146325 "-" "-"
58.215.110.209 - - [28/Jun/2009:00:02:01 +0800] "GET / HTTP/1.1" 200 146325 "-" "-"
58.215.110.209 - - [28/Jun/2009:00:02:01 +0800] "GET / HTTP/1.1" 200 146325 "-" "-"
218.213.69.115 - - [28/Jun/2009:00:02:01 +0800] "GET / HTTP/1.1" 200 146325 "-" "-"
218.213.69.115 - - [28/Jun/2009:00:02:01 +0800] "GET / HTTP/1.1" 200 146325 "-" "-"
123.235.40.242 - - [28/Jun/2009:00:02:02 +0800] "GET /xhsjl/jujiao/erz/image/3-1.jpg HTTP/1.0" 200 3131 "-" "iearthworm/1.0, iearthworm@yahoo.com.cn"
218.213.69.115 - - [28/Jun/2009:00:02:01 +0800] "GET / HTTP/1.1" 200 146325 "-" "-"
218.213.69.115 - - [28/Jun/2009:00:02:02 +0800] "GET / HTTP/1.1" 200 146325 "-" "-"
219.153.74.114 - - [28/Jun/2009:00:02:03 +0800] "GET /newscenter/2006-03/16/xin_48030316103542116363.jpg HTTP/1.0" 304 - "http://image.baidu.com/i?ct=503316480&z=0&tn=baiduimagedetail&word=%BF%D5%BD%E3&in=21012&cl=2&cm=1&sc=0&lm=-1&pn=1&rn=1&di=797034160&ln=2000&fr=ala0" "Mozilla/4.0 (compatible; MSIE 6.0; Windows NT 5.1; SV1; icafe8; .NET CLR 2.0.50727)"
119.147.104.181 - - [28/Jun/2009:00:02:03 +0800] "GET /main/news/2002/jilin/06/20020614-20.htm HTTP/1.0" 304 - "-" "Baiduspider+(+http://www.baidu.com/search/spider.htm)"
58.77.208.110 - - [28/Jun/2009:00:02:03 +0800] "GET /newscenter/2009-01/11/xin_2430106111245281157837.jpg HTTP/1.1" 200 101689 "http://www.e0436.net.cn/gb/new/2008-12/26/09418180954764_646.html" "Mozilla/4.0 (compatible; MSIE 7.0; Windows NT 5.1; Trident/4.0; Mozilla/4.0 (compatible; MSIE 6.0; Windows NT 5.1; SV1) ; .NET CLR 2.0.50727)"
123.235.40.243 - - [28/Jun/2009:00:02:04 +0800] "GET /shangye/2005-11/07/content_5522387.htm HTTP/1.0" 304 - "-" "Mozilla/5.0 (compatible; Yahoo! Slurp China; http://misc.yahoo.com.cn/help.html)"
117.23.204.247 - - [28/Jun/2009:00:02:05 +0800] "GET /shangye/jiaoyu/undefined HTTP/1.0" 404 292 "http://www.jl.xinhuanet.com/shangye/jiaoyu/index.htm" "Mozilla/4.0 (compatible; MSIE 6.0; Windows NT 5.1; SV1)"
61.164.61.68 - - [28/Jun/2009:00:02:05 +0800] "GET /cysh/xin_001103081422484611928.jpg HTTP/1.0" 304 - "http://images.google.cn/imglanding?imgurl=http://i2.ce.cn/sci/fxqy/200901/05/W020090105504169407760.jpg&imgrefurl=http://sci.ce.cn/fxqy/200901/05/t20090105_17873957.shtml&usg=__sDF6A-90uIjS15mUlbPj9uLMckY%3D&h=375&w=500&sz=37&hl=zh-CN&um=1&tbnid=xmabhvM6UQL-2M:&tbnh=98&tbnw=130&prev=/images%3Fq%3D%25E4%25BA%25BA%25E4%25BD%2593%25E6%2591%2584%25E5%25BD%25B1%25E5%259B%25BE%25E7%2589%2587%26ndsp%3D20%26hl%3Dzh-CN%26client%3Dpub-0084673751261698%26channel%3D2000072007%26prog%3Daff%26sa%3DN%26start%3D420%26um%3D1%26newwindow%3D1&q=%E4%BA%BA%E4%BD%93%E6%91%84%E5%BD%B1%E5%9B%BE%E7%89%87&ndsp=20&client=pub-0084673751261698&channel=2000072007&prog=aff&sa=N&start=424&um=1&newwindow=1" "Mozilla/4.0 (compatible; MSIE 6.0; Windows NT 5.1; SV1; InfoPath.1)"
61.164.61.68 - - [28/Jun/2009:00:02:06 +0800] "GET /xcbb/ffcl/index.htm HTTP/1.0" 304 - "-" "Mozilla/4.0 (compatible; MSIE 6.0; Windows NT 5.2; SV1; .NET CLR 1.1.4322; .NET CLR 2.0.50727)"
202.160.180.52 - - [28/Jun/2009:00:02:07 +0800] "GET /newscenter/2005-10/28/content_5453330.htm HTTP/1.0" 200 21558 "-" "Mozilla/5.0 (compatible; Yahoo! Slurp China; http://misc.yahoo.com.cn/help.html)"
66.249.71.163 - - [28/Jun/2009:00:02:11 +0800] "GET /jlzw/gzdt.htm HTTP/1.1" 304 - "-" "Mozilla/5.0 (compatible; Googlebot/2.1; +http://www.google.com/bot.html)"
123.235.40.243 - - [28/Jun/2009:00:02:11 +0800] "GET /main/80/4-009.htm HTTP/1.0" 304 - "-" "Mozilla/5.0 (compatible; Yahoo! Slurp China; http://misc.yahoo.com.cn/help.html)"
123.235.40.242 - - [28/Jun/2009:00:02:12 +0800] "GET /newscenter/2008-06/04/xin_353060504164620307011.jpg HTTP/1.0" 304 - "http://image.baidu.com/i?ct=503316480&z=0&tn=baiduimagedetail&word=%BC%AA%C1%D6%CA%D0%D1%A9%BB%A8%C6%A1%BE%C6%BD%DA&in=9780&cl=2&cm=1&sc=0&lm=-1&pn=2&rn=1&di=50771962&ln=408&fr=" "Mozilla/4.0 (compatible; MSIE 6.0; Windows NT 5.1; SV1; GTB6; .NET CLR 2.0.50727)"
58.215.110.209 - - [28/Jun/2009:00:02:13 +0800] "GET /1.htm HTTP/1.0" 304 - "http://mw.0437.gov.cn/bar.asp?id=500&url=http://mw.0437.gov.cn/show/500.html" "Mozilla/4.0 (compatible; MSIE 6.0; Windows NT 5.1; SV1; Mozilla/4.0 (compatible; MSIE 6.0; Windows NT 5.1; SV1) ; .NET CLR 2.0.50727)"
65.55.234.14 - - [28/Jun/2009:00:02:12 +0800] "GET / HTTP/1.1" 200 146325 "-" "msnbot-NewsBlogs/1.1 (+http://search.msn.com/msnbot.htm)"
117.23.204.247 - - [28/Jun/2009:00:02:15 +0800] "GET /shangye/jiaoyu/undefined HTTP/1.0" 404 292 "http://www.jl.xinhuanet.com/shangye/jiaoyu/index.htm" "Mozilla/4.0 (compatible; MSIE 6.0; Windows NT 5.1; SV1)"
127.0.0.1 - - [28/Jun/2009:00:02:15 +0800] "GET / HTTP/1.0" 200 146325 "-" "Apache (internal dummy connection)"
202.108.251.39 - - [28/Jun/2009:00:02:16 +0800] "GET / HTTP/1.0" 304 - "-" "Mozilla/5.0 (compatible; YodaoBot-News/1.0; http://www.youdao.com/help/webmaster/spider/; )"
58.205.216.10 - - [28/Jun/2009:00:02:16 +0800] "GET / HTTP/1.1" 200 146325 "-" "-"
58.205.216.10 - - [28/Jun/2009:00:02:16 +0800] "GET / HTTP/1.1" 200 146325 "-" "-"
58.205.216.10 - - [28/Jun/2009:00:02:16 +0800] "GET / HTTP/1.1" 200 146325 "-" "-"
58.205.216.10 - - [28/Jun/2009:00:02:16 +0800] "GET / HTTP/1.1" 200 146325 "-" "-"
221.192.149.81 - - [28/Jun/2009:00:02:17 +0800] "GET /temp2/2007-01/19/content_9088235.htm HTTP/1.0" 304 - "-" "Mozilla/5.0 (compatible; Yahoo! Slurp China; http://misc.yahoo.com.cn/help.html)"
38.99.13.118 - - [28/Jun/2009:00:02:19 +0800] "GET /main/news/2001/jilin/07/20010701-04.htm HTTP/1.0" 200 21364 "-" "Mozilla/5.0 (Twiceler-0.9 http://www.cuil.com/twiceler/robot.html)"
117.23.204.247 - - [28/Jun/2009:00:02:20 +0800] "GET /shangye/jiaoyu/undefined HTTP/1.0" 404 292 "http://www.jl.xinhuanet.com/shangye/jiaoyu/index.htm" "Mozilla/4.0 (compatible; MSIE 6.0; Windows NT 5.1; SV1)"
202.108.59.143 - - [28/Jun/2009:00:02:21 +0800] "GET /jlzw/2007-06/23/content_10381485.htm HTTP/1.1" 404 301 "-" "Mozilla/4.0 (compatible;MSIE 6.0; MSIE 7.0; Windows NT 5.2; .NET CLR 1.1.4322; .NET CLR 2.0.50727; InfoPath.1) Web-Sniffer/1.0.24"
219.153.74.114 - - [28/Jun/2009:00:02:23 +0800] "GET /newscenter/yaowen/index.htm HTTP/1.0" 304 - "-" "Mozilla/4.0 (compatible; MSIE 5.01; Windows NT 5.0)"
117.23.204.247 - - [28/Jun/2009:00:02:23 +0800] "HEAD / HTTP/1.0" 304 - "http://www.jl.xinhuanet.com/" "Sosonewsspider+(+http://help.soso.com/soso-news-spider.htm)"
117.23.204.247 - - [28/Jun/2009:00:02:23 +0800] "GET / HTTP/1.0" 304 - "http://www.jl.xinhuanet.com/" "Sosonewsspider+(+http://help.soso.com/soso-news-spider.htm)"
117.23.204.247 - - [28/Jun/2009:00:02:23 +0800] "GET /newscenter/2008-04/2009-06/26/content_16922058.htm HTTP/1.0" 404 318 "http://www.jl.xinhuanet.com/newscenter/2008-04/2009-06/26/content_16922058.htm" "Sosospider+(+http://help.soso.com/webspider.htm)"
203.208.60.101 - - [28/Jun/2009:00:02:24 +0800] "GET /shangye/jkq/zsyz.htm HTTP/1.1" 304 - "-" "Mozilla/5.0 (compatible; Googlebot/2.1; +http://www.google.com/bot.html)"
59.175.131.253 - - [28/Jun/2009:00:02:24 +0800] "GET /newscenter/2005-06/15/content_4445047.htm HTTP/1.0" 200 15859 "http://news.baidu.com/ns?word=6.26%BD%FB%B6%BE%D0%FB%B4%AB%C6%AC%CA%D3%C6%B5&ie=gb2312&bs=6.26%BD%FB%B6%BE%D0%FB%B4%AB%C6%AC&from=news&sr=0&cl=2&rn=20&ct=1&prevct=no&tn=news" "Mozilla/4.0 (compatible; MSIE 6.0; Windows NT 5.1; SV1; Mozilla/4.0 (compatible; MSIE 6.0; Windows NT 5.1; SV1) )"
